Aug 10 10:04:05.627318 dv-cinder-850836-5-smb devstack@c-api.service[111018]: DEBUG dbcounter [-] [111018] Writing DB stats cinder:SELECT=66,cinder:INSERT=6,cinder:UPDATE=28 {{(pid=111018) stat_writer /usr/local/lib/python3.8/dist-packages/dbcounter.py:114}}
Aug 10 10:04:05.635288 dv-cinder-850836-5-smb devstack@c-api.service[111018]: INFO cinder.api.openstack.wsgi [req-9d79e546-0ac6-4a0a-99c2-dc26a723e76e req-0906e196-75de-4089-ad25-11834e886254 tempest-DeleteServersTestJSON-118401360 tempest-DeleteServersTestJSON-118401360-project] http://10.222.0.27/volume/v3/a23a65853a7f427c923d0ee40079b9ec/attachments/1e5ccd91-10ec-4124-a0a1-a702a8d3f351/action returned with HTTP 204
Aug 10 10:04:05.638473 dv-cinder-850836-5-smb devstack@c-api.service[111018]: [pid: 111018|app: 0|req: 195/388] 10.222.0.40 () {64 vars in 1498 bytes} [Wed Aug 10 10:04:05 2022] POST /volume/v3/a23a65853a7f427c923d0ee40079b9ec/attachments/1e5ccd91-10ec-4124-a0a1-a702a8d3f351/action => generated 0 bytes in 168 msecs (HTTP/1.1 204) 7 headers in 292 bytes (2 switches on core 0)
Aug 10 10:04:05.712022 dv-cinder-850836-5-smb devstack@c-api.service[111019]: /usr/local/lib/python3.8/dist-packages/oslo_context/context.py:100: DeprecationWarning: Policy enforcement is depending on the value of is_admin. This key is deprecated. Please update your policy file to use the standard policy values.
Aug 10 10:04:05.712022 dv-cinder-850836-5-smb devstack@c-api.service[111019]: warnings.warn('Policy enforcement is depending on the value of '
Aug 10 10:04:05.736010 dv-cinder-850836-5-smb devstack@c-api.service[111019]: INFO cinder.volume.api [None req-0376e143-e8a5-4dec-9265-4709c3d46809 tempest-DeleteServersTestJSON-118401360 tempest-DeleteServersTestJSON-118401360-project] Volume info retrieved successfully.
Aug 10 10:04:05.787214 dv-cinder-850836-5-smb devstack@c-api.service[111019]: INFO cinder.api.openstack.wsgi [None req-0376e143-e8a5-4dec-9265-4709c3d46809 tempest-DeleteServersTestJSON-118401360 tempest-DeleteServersTestJSON-118401360-project] http://10.222.0.27/volume/v3/a23a65853a7f427c923d0ee40079b9ec/volumes/ba7d2378-5f89-421d-9173-d12e2afb4b2d returned with HTTP 200
Aug 10 10:04:05.810173 dv-cinder-850836-5-smb devstack@c-api.service[111019]: [pid: 111019|app: 0|req: 194/389] 10.222.0.27 () {58 vars in 1325 bytes} [Wed Aug 10 10:04:05 2022] GET /volume/v3/a23a65853a7f427c923d0ee40079b9ec/volumes/ba7d2378-5f89-421d-9173-d12e2afb4b2d => generated 1206 bytes in 205 msecs (HTTP/1.1 200) 7 headers in 286 bytes (1 switches on core 0)
Aug 10 10:04:05.828386 dv-cinder-850836-5-smb devstack@c-api.service[111018]: DEBUG cinder.api.middleware.request_id [None req-9b0382b2-fd42-487c-890b-70fe5f2a6354 None None] RequestId filter calling following filter/app {{(pid=111018) _context_setter /opt/stack/cinder/cinder/api/middleware/request_id.py:62}}
Aug 10 10:04:05.832454 dv-cinder-850836-5-smb devstack@c-api.service[111018]: INFO cinder.api.openstack.wsgi [None req-9b0382b2-fd42-487c-890b-70fe5f2a6354 tempest-DeleteServersTestJSON-118401360 tempest-DeleteServersTestJSON-118401360-project] GET http://10.222.0.27/volume/v3/a23a65853a7f427c923d0ee40079b9ec/volumes/ba7d2378-5f89-421d-9173-d12e2afb4b2d
Aug 10 10:04:05.832625 dv-cinder-850836-5-smb devstack@c-api.service[111018]: DEBUG cinder.api.openstack.wsgi [None req-9b0382b2-fd42-487c-890b-70fe5f2a6354 tempest-DeleteServersTestJSON-118401360 tempest-DeleteServersTestJSON-118401360-project] Empty body provided in request {{(pid=111018) get_body /opt/stack/cinder/cinder/api/openstack/wsgi.py:715}}
Aug 10 10:04:05.833001 dv-cinder-850836-5-smb devstack@c-api.service[111018]: DEBUG cinder.api.openstack.wsgi [None req-9b0382b2-fd42-487c-890b-70fe5f2a6354 tempest-DeleteServersTestJSON-118401360 tempest-DeleteServersTestJSON-118401360-project] Calling method 'show' {{(pid=111018) _process_stack /opt/stack/cinder/cinder/api/openstack/wsgi.py:868}}
Aug 10 10:04:05.896243 dv-cinder-850836-5-smb devstack@c-api.service[111018]: /usr/local/lib/python3.8/dist-packages/oslo_context/context.py:100: DeprecationWarning: Policy enforcement is depending on the value of is_admin. This key is deprecated. Please update your policy file to use the standard policy values.
Aug 10 10:04:05.896243 dv-cinder-850836-5-smb devstack@c-api.service[111018]: warnings.warn('Policy enforcement is depending on the value of '
Aug 10 10:04:05.912887 dv-cinder-850836-5-smb devstack@c-api.service[111018]: INFO cinder.volume.api [None req-9b0382b2-fd42-487c-890b-70fe5f2a6354 tempest-DeleteServersTestJSON-118401360 tempest-DeleteServersTestJSON-118401360-project] Volume info retrieved successfully.
Aug 10 10:04:05.933780 dv-cinder-850836-5-smb devstack@c-api.service[111018]: INFO cinder.api.openstack.wsgi [None req-9b0382b2-fd42-487c-890b-70fe5f2a6354 tempest-DeleteServersTestJSON-118401360 tempest-DeleteServersTestJSON-118401360-project] http://10.222.0.27/volume/v3/a23a65853a7f427c923d0ee40079b9ec/volumes/ba7d2378-5f89-421d-9173-d12e2afb4b2d returned with HTTP 200
Aug 10 10:04:05.940144 dv-cinder-850836-5-smb devstack@c-api.service[111019]: DEBUG cinder.api.middleware.request_id [None req-3c253ba6-2f5d-4584-aa7e-4fb496f9011d None None] RequestId filter calling following filter/app {{(pid=111019) _context_setter /opt/stack/cinder/cinder/api/middleware/request_id.py:62}}
Aug 10 10:04:05.943924 dv-cinder-850836-5-smb devstack@c-api.service[111019]: INFO cinder.api.openstack.wsgi [None req-3c253ba6-2f5d-4584-aa7e-4fb496f9011d tempest-VolumeQuotasAdminTestJSON-2007872349 tempest-VolumeQuotasAdminTestJSON-2007872349-project-admin] GET http://10.222.0.27/volume/v3/deb3378212f84df6ab5aadb96e4de624/volumes/34e1f31a-9ac0-46fa-b206-3c72ff1d8fa2
Aug 10 10:04:05.944518 dv-cinder-850836-5-smb devstack@c-api.service[111019]: DEBUG cinder.api.openstack.wsgi [None req-3c253ba6-2f5d-4584-aa7e-4fb496f9011d tempest-VolumeQuotasAdminTestJSON-2007872349 tempest-VolumeQuotasAdminTestJSON-2007872349-project-admin] Empty body provided in request {{(pid=111019) get_body /opt/stack/cinder/cinder/api/openstack/wsgi.py:715}}
Aug 10 10:04:05.945132 dv-cinder-850836-5-smb devstack@c-api.service[111019]: DEBUG cinder.api.openstack.wsgi [None req-3c253ba6-2f5d-4584-aa7e-4fb496f9011d tempest-VolumeQuotasAdminTestJSON-2007872349 tempest-VolumeQuotasAdminTestJSON-2007872349-project-admin] Calling method 'show' {{(pid=111019) _process_stack /opt/stack/cinder/cinder/api/openstack/wsgi.py:868}}
Aug 10 10:04:05.951315 dv-cinder-850836-5-smb devstack@c-api.service[111018]: [pid: 111018|app: 0|req: 196/390] 10.222.0.27 () {58 vars in 1325 bytes} [Wed Aug 10 10:04:05 2022] GET /volume/v3/a23a65853a7f427c923d0ee40079b9ec/volumes/ba7d2378-5f89-421d-9173-d12e2afb4b2d => generated 1206 bytes in 124 msecs (HTTP/1.1 200) 7 headers in 286 bytes (1 switches on core 0)
Aug 10 10:04:05.965216 dv-cinder-850836-5-smb devstack@c-api.service[111019]: INFO cinder.api.openstack.wsgi [None req-3c253ba6-2f5d-4584-aa7e-4fb496f9011d tempest-VolumeQuotasAdminTestJSON-2007872349 tempest-VolumeQuotasAdminTestJSON-2007872349-project-admin] http://10.222.0.27/volume/v3/deb3378212f84df6ab5aadb96e4de624/volumes/34e1f31a-9ac0-46fa-b206-3c72ff1d8fa2 returned with HTTP 404
Aug 10 10:04:05.975227 dv-cinder-850836-5-smb devstack@c-api.service[111018]: DEBUG cinder.api.middleware.request_id [None req-84ca54f4-4017-4721-9f03-6971d8700e31 None None] RequestId filter calling following filter/app {{(pid=111018) _context_setter /opt/stack/cinder/cinder/api/middleware/request_id.py:62}}
Aug 10 10:04:05.981454 dv-cinder-850836-5-smb devstack@c-api.service[111018]: INFO cinder.api.openstack.wsgi [None req-84ca54f4-4017-4721-9f03-6971d8700e31 tempest-VolumeQuotasAdminTestJSON-2007872349 tempest-VolumeQuotasAdminTestJSON-2007872349-project-admin] GET http://10.222.0.27/volume/v3/deb3378212f84df6ab5aadb96e4de624/os-quota-sets/deb3378212f84df6ab5aadb96e4de624?usage=True
Aug 10 10:04:05.984820 dv-cinder-850836-5-smb devstack@c-api.service[111018]: DEBUG cinder.api.openstack.wsgi [None req-84ca54f4-4017-4721-9f03-6971d8700e31 tempest-VolumeQuotasAdminTestJSON-2007872349 tempest-VolumeQuotasAdminTestJSON-2007872349-project-admin] Empty body provided in request {{(pid=111018) get_body /opt/stack/cinder/cinder/api/openstack/wsgi.py:715}}
Aug 10 10:04:05.986192 dv-cinder-850836-5-smb devstack@c-api.service[111018]: DEBUG cinder.api.openstack.wsgi [None req-84ca54f4-4017-4721-9f03-6971d8700e31 tempest-VolumeQuotasAdminTestJSON-2007872349 tempest-VolumeQuotasAdminTestJSON-2007872349-project-admin] Calling method 'show' {{(pid=111018) _process_stack /opt/stack/cinder/cinder/api/openstack/wsgi.py:868}}
Aug 10 10:04:05.991301 dv-cinder-850836-5-smb devstack@c-api.service[111019]: [pid: 111019|app: 0|req: 195/391] 10.222.0.27 () {58 vars in 1325 bytes} [Wed Aug 10 10:04:05 2022] GET /volume/v3/deb3378212f84df6ab5aadb96e4de624/volumes/34e1f31a-9ac0-46fa-b206-3c72ff1d8fa2 => generated 109 bytes in 52 msecs (HTTP/1.1 404) 7 headers in 292 bytes (1 switches on core 0)
Aug 10 10:04:06.024386 dv-cinder-850836-5-smb devstack@c-api.service[111019]: DEBUG cinder.api.middleware.request_id [None req-6a168526-4269-4780-9d69-82840a134976 None None] RequestId filter calling following filter/app {{(pid=111019) _context_setter /opt/stack/cinder/cinder/api/middleware/request_id.py:62}}
Aug 10 10:04:06.078355 dv-cinder-850836-5-smb devstack@c-api.service[111018]: INFO cinder.api.openstack.wsgi [None req-84ca54f4-4017-4721-9f03-6971d8700e31 tempest-VolumeQuotasAdminTestJSON-2007872349 tempest-VolumeQuotasAdminTestJSON-2007872349-project-admin] http://10.222.0.27/volume/v3/deb3378212f84df6ab5aadb96e4de624/os-quota-sets/deb3378212f84df6ab5aadb96e4de624?usage=True returned with HTTP 200
Aug 10 10:04:06.079282 dv-cinder-850836-5-smb devstack@c-api.service[111018]: [pid: 111018|app: 0|req: 197/392] 10.222.0.27 () {58 vars in 1352 bytes} [Wed Aug 10 10:04:05 2022] GET /volume/v3/deb3378212f84df6ab5aadb96e4de624/os-quota-sets/deb3378212f84df6ab5aadb96e4de624?usage=True => generated 868 bytes in 105 msecs (HTTP/1.1 200) 7 headers in 285 bytes (1 switches on core 0)
Aug 10 10:04:06.095236 dv-cinder-850836-5-smb devstack@c-api.service[111018]: DEBUG cinder.api.middleware.request_id [None req-2af2e781-da4e-45a7-b445-f82e82f9ba60 None None] RequestId filter calling following filter/app {{(pid=111018) _context_setter /opt/stack/cinder/cinder/api/middleware/request_id.py:62}}
Aug 10 10:04:06.102820 dv-cinder-850836-5-smb devstack@c-api.service[111018]: INFO cinder.api.openstack.wsgi [None req-2af2e781-da4e-45a7-b445-f82e82f9ba60 tempest-VolumeQuotasAdminTestJSON-2007872349 tempest-VolumeQuotasAdminTestJSON-2007872349-project-admin] PUT http://10.222.0.27/volume/v3/deb3378212f84df6ab5aadb96e4de624/os-quota-sets/12c28a5bd27943d0925963c84b4e6d28
Aug 10 10:04:06.105897 dv-cinder-850836-5-smb devstack@c-api.service[111018]: DEBUG cinder.api.openstack.wsgi [None req-2af2e781-da4e-45a7-b445-f82e82f9ba60 tempest-VolumeQuotasAdminTestJSON-2007872349 tempest-VolumeQuotasAdminTestJSON-2007872349-project-admin] Action: 'update', calling method: update, body: {"quota_set": {"gigabytes": 1009, "volumes": 11, "snapshots": 11, "backups": 11, "backup_gigabytes": 1009, "per_volume_gigabytes": 1009}} {{(pid=111018) _process_stack /opt/stack/cinder/cinder/api/openstack/wsgi.py:866}}
Aug 10 10:04:06.469943 dv-cinder-850836-5-smb devstack@c-api.service[111019]: INFO cinder.api.openstack.wsgi [None req-6a168526-4269-4780-9d69-82840a134976 tempest-VolumesTransfersV355Test-1717151260 tempest-VolumesTransfersV355Test-1717151260-project] POST http://10.222.0.27/volume/v3/8b5294d83da24048a9c70882df2320ba/volumes
Aug 10 10:04:06.471481 dv-cinder-850836-5-smb devstack@c-api.service[111019]: DEBUG cinder.api.openstack.wsgi [None req-6a168526-4269-4780-9d69-82840a134976 tempest-VolumesTransfersV355Test-1717151260 tempest-VolumesTransfersV355Test-1717151260-project] Action: 'create', calling method: create, body: {"volume": {"size": 1, "name": "tempest-VolumesTransfersV355Test-Volume-690516584"}} {{(pid=111019) _process_stack /opt/stack/cinder/cinder/api/openstack/wsgi.py:866}}
Aug 10 10:04:06.474091 dv-cinder-850836-5-smb devstack@c-api.service[111019]: DEBUG cinder.api.v3.volumes [None req-6a168526-4269-4780-9d69-82840a134976 tempest-VolumesTransfersV355Test-1717151260 tempest-VolumesTransfersV355Test-1717151260-project] Create volume request body: {'volume': {'size': 1, 'name': 'tempest-VolumesTransfersV355Test-Volume-690516584'}} {{(pid=111019) create /opt/stack/cinder/cinder/api/v3/volumes.py:298}}
Aug 10 10:04:06.474620 dv-cinder-850836-5-smb devstack@c-api.service[111019]: INFO cinder.api.v3.volumes [None req-6a168526-4269-4780-9d69-82840a134976 tempest-VolumesTransfersV355Test-1717151260 tempest-VolumesTransfersV355Test-1717151260-project] Create volume of 1 GB
Aug 10 10:04:06.489609 dv-cinder-850836-5-smb devstack@c-api.service[111019]: INFO cinder.volume.api [None req-6a168526-4269-4780-9d69-82840a134976 tempest-VolumesTransfersV355Test-1717151260 tempest-VolumesTransfersV355Test-1717151260-project] Availability Zones retrieved successfully.
Aug 10 10:04:06.509578 dv-cinder-850836-5-smb devstack@c-api.service[111018]: INFO cinder.api.openstack.wsgi [None req-2af2e781-da4e-45a7-b445-f82e82f9ba60 tempest-VolumeQuotasAdminTestJSON-2007872349 tempest-VolumeQuotasAdminTestJSON-2007872349-project-admin] http://10.222.0.27/volume/v3/deb3378212f84df6ab5aadb96e4de624/os-quota-sets/12c28a5bd27943d0925963c84b4e6d28 returned with HTTP 200
Aug 10 10:04:06.516622 dv-cinder-850836-5-smb devstack@c-api.service[111018]: [pid: 111018|app: 0|req: 198/393] 10.222.0.27 () {60 vars in 1352 bytes} [Wed Aug 10 10:04:06 2022] PUT /volume/v3/deb3378212f84df6ab5aadb96e4de624/os-quota-sets/12c28a5bd27943d0925963c84b4e6d28 => generated 321 bytes in 417 msecs (HTTP/1.1 200) 7 headers in 285 bytes (1 switches on core 0)
Aug 10 10:04:06.518085 dv-cinder-850836-5-smb devstack@c-api.service[111018]: DEBUG cinder.api.middleware.request_id [None req-28d7e4f4-3433-4d2f-bc01-dec7d03cbcf3 None None] RequestId filter calling following filter/app {{(pid=111018) _context_setter /opt/stack/cinder/cinder/api/middleware/request_id.py:62}}
Aug 10 10:04:06.523535 dv-cinder-850836-5-smb devstack@c-api.service[111018]: INFO cinder.api.openstack.wsgi [None req-28d7e4f4-3433-4d2f-bc01-dec7d03cbcf3 tempest-VolumeQuotasAdminTestJSON-2007872349 tempest-VolumeQuotasAdminTestJSON-2007872349-project-admin] PUT http://10.222.0.27/volume/v3/deb3378212f84df6ab5aadb96e4de624/os-quota-sets/12c28a5bd27943d0925963c84b4e6d28
Aug 10 10:04:06.524462 dv-cinder-850836-5-smb devstack@c-api.service[111018]: DEBUG cinder.api.openstack.wsgi [None req-28d7e4f4-3433-4d2f-bc01-dec7d03cbcf3 tempest-VolumeQuotasAdminTestJSON-2007872349 tempest-VolumeQuotasAdminTestJSON-2007872349-project-admin] Action: 'update', calling method: update, body: {"quota_set": {"volumes": 10, "per_volume_gigabytes": -1, "snapshots": 10, "gigabytes": 1000, "backups": 10, "backup_gigabytes": 1000}} {{(pid=111018) _process_stack /opt/stack/cinder/cinder/api/openstack/wsgi.py:866}}
Aug 10 10:04:06.542596 dv-cinder-850836-5-smb devstack@c-api.service[111019]: DEBUG cinder.volume.api [None req-6a168526-4269-4780-9d69-82840a134976 tempest-VolumesTransfersV355Test-1717151260 tempest-VolumesTransfersV355Test-1717151260-project] Flow 'volume_create_api' (65bacf54-06ce-4afc-94e0-0ed2f2d30142) transitioned into state 'RUNNING' from state 'PENDING' {{(pid=111019) _flow_receiver /usr/local/lib/python3.8/dist-packages/taskflow/listeners/logging.py:141}}
Aug 10 10:04:06.552635 dv-cinder-850836-5-smb devstack@c-api.service[111019]: DEBUG cinder.volume.api [None req-6a168526-4269-4780-9d69-82840a134976 tempest-VolumesTransfersV355Test-1717151260 tempest-VolumesTransfersV355Test-1717151260-project] Task 'cinder.volume.flows.api.create_volume.ExtractVolumeRequestTask;volume:create' (8f369cde-96d4-4b7a-8242-d3a6e0e1de43) transitioned into state 'RUNNING' from state 'PENDING' {{(pid=111019) _task_receiver /usr/local/lib/python3.8/dist-packages/taskflow/listeners/logging.py:190}}
Aug 10 10:04:06.565096 dv-cinder-850836-5-smb devstack@c-api.service[111019]: DEBUG cinder.volume.flows.api.create_volume [None req-6a168526-4269-4780-9d69-82840a134976 tempest-VolumesTransfersV355Test-1717151260 tempest-VolumesTransfersV355Test-1717151260-project] Validating volume size '1' using validate_int {{(pid=111019) _extract_size /opt/stack/cinder/cinder/volume/flows/api/create_volume.py:228}}
Aug 10 10:04:06.627379 dv-cinder-850836-5-smb devstack@c-api.service[111018]: DEBUG dbcounter [-] [111018] Writing DB stats cinder:SELECT=93,cinder:UPDATE=7 {{(pid=111018) stat_writer /usr/local/lib/python3.8/dist-packages/dbcounter.py:114}}
Aug 10 10:04:06.631685 dv-cinder-850836-5-smb devstack@c-api.service[111019]: DEBUG dbcounter [-] [111019] Writing DB stats cinder:SELECT=97,cinder:UPDATE=2,cinder:INSERT=1 {{(pid=111019) stat_writer /usr/local/lib/python3.8/dist-packages/dbcounter.py:114}}
Aug 10 10:04:06.639111 dv-cinder-850836-5-smb devstack@c-api.service[111019]: DEBUG cinder.volume.api [None req-6a168526-4269-4780-9d69-82840a134976 tempest-VolumesTransfersV355Test-1717151260 tempest-VolumesTransfersV355Test-1717151260-project] Task 'cinder.volume.flows.api.create_volume.ExtractVolumeRequestTask;volume:create' (8f369cde-96d4-4b7a-8242-d3a6e0e1de43) transitioned into state 'SUCCESS' from state 'RUNNING' with result '{'size': 1, 'snapshot_id': None, 'source_volid': None, 'volume_type': VolumeType(created_at=2022-08-10T09:53:35Z,deleted=False,deleted_at=None,description='Default Volume Type',extra_specs={},id=9fd8abfb-7754-4beb-b028-8e6bff6fccc9,is_public=True,name='__DEFAULT__',projects=[],qos_specs=,qos_specs_id=None,updated_at=2022-08-10T09:53:35Z), 'volume_type_id': '9fd8abfb-7754-4beb-b028-8e6bff6fccc9', 'encryption_key_id': None, 'qos_specs': None, 'consistencygroup_id': None, 'cgsnapshot_id': None, 'group_id': None, 'replication_status': 'disabled', 'refresh_az': False, 'backup_id': None, 'multiattach': False, 'availability_zones': ['nova']}' {{(pid=111019) _task_receiver /usr/local/lib/python3.8/dist-packages/taskflow/listeners/logging.py:178}}
Aug 10 10:04:06.643043 dv-cinder-850836-5-smb devstack@c-api.service[111019]: DEBUG cinder.volume.api [None req-6a168526-4269-4780-9d69-82840a134976 tempest-VolumesTransfersV355Test-1717151260 tempest-VolumesTransfersV355Test-1717151260-project] Task 'cinder.volume.flows.api.create_volume.QuotaReserveTask;volume:create' (32e72851-04ed-4f81-bbb8-774e395ba518) transitioned into state 'RUNNING' from state 'PENDING' {{(pid=111019) _task_receiver /usr/local/lib/python3.8/dist-packages/taskflow/listeners/logging.py:190}}
Aug 10 10:04:06.801031 dv-cinder-850836-5-smb devstack@c-api.service[111018]: INFO cinder.api.openstack.wsgi [None req-28d7e4f4-3433-4d2f-bc01-dec7d03cbcf3 tempest-VolumeQuotasAdminTestJSON-2007872349 tempest-VolumeQuotasAdminTestJSON-2007872349-project-admin] http://10.222.0.27/volume/v3/deb3378212f84df6ab5aadb96e4de624/os-quota-sets/12c28a5bd27943d0925963c84b4e6d28 returned with HTTP 200
Aug 10 10:04:06.802255 dv-cinder-850836-5-smb devstack@c-api.service[111018]: [pid: 111018|app: 0|req: 199/394] 10.222.0.27 () {60 vars in 1352 bytes} [Wed Aug 10 10:04:06 2022] PUT /volume/v3/deb3378212f84df6ab5aadb96e4de624/os-quota-sets/12c28a5bd27943d0925963c84b4e6d28 => generated 319 bytes in 286 msecs (HTTP/1.1 200) 7 headers in 285 bytes (2 switches on core 0)
Aug 10 10:04:06.804189 dv-cinder-850836-5-smb devstack@c-api.service[111018]: DEBUG cinder.api.middleware.request_id [None req-70c21645-d13e-43af-a3d7-ecf169ba5462 None None] RequestId filter calling following filter/app {{(pid=111018) _context_setter /opt/stack/cinder/cinder/api/middleware/request_id.py:62}}
Aug 10 10:04:06.811098 dv-cinder-850836-5-smb devstack@c-api.service[111018]: INFO cinder.api.openstack.wsgi [None req-70c21645-d13e-43af-a3d7-ecf169ba5462 tempest-VolumesImageMetadata-1632710407 tempest-VolumesImageMetadata-1632710407-project] GET http://10.222.0.27/volume/v3/3f0c9fa63f5e4519be1e4665269617e6/volumes/68d3a376-f01a-4830-ae80-1fa43334fbc4
Aug 10 10:04:06.812158 dv-cinder-850836-5-smb devstack@c-api.service[111018]: DEBUG cinder.api.openstack.wsgi [None req-70c21645-d13e-43af-a3d7-ecf169ba5462 tempest-VolumesImageMetadata-1632710407 tempest-VolumesImageMetadata-1632710407-project] Empty body provided in request {{(pid=111018) get_body /opt/stack/cinder/cinder/api/openstack/wsgi.py:715}}
Aug 10 10:04:06.812849 dv-cinder-850836-5-smb devstack@c-api.service[111018]: DEBUG cinder.api.openstack.wsgi [None req-70c21645-d13e-43af-a3d7-ecf169ba5462 tempest-VolumesImageMetadata-1632710407 tempest-VolumesImageMetadata-1632710407-project] Calling method 'show' {{(pid=111018) _process_stack /opt/stack/cinder/cinder/api/openstack/wsgi.py:868}}
Aug 10 10:04:06.821055 dv-cinder-850836-5-smb devstack@c-api.service[111019]: DEBUG cinder.quota [None req-6a168526-4269-4780-9d69-82840a134976 tempest-VolumesTransfersV355Test-1717151260 tempest-VolumesTransfersV355Test-1717151260-project] Created reservations ['11ee17e6-18a3-417a-8500-3bdfd25ccd27', 'a4843b42-76ff-4db5-869b-c4c480f85e39', '376d5af8-298f-45b0-abca-96a693efbf68', '7ebe622c-16bb-4110-8dfd-4e096911edd2'] {{(pid=111019) reserve /opt/stack/cinder/cinder/quota.py:755}}
Aug 10 10:04:06.823183 dv-cinder-850836-5-smb devstack@c-api.service[111019]: DEBUG cinder.volume.api [None req-6a168526-4269-4780-9d69-82840a134976 tempest-VolumesTransfersV355Test-1717151260 tempest-VolumesTransfersV355Test-1717151260-project] Task 'cinder.volume.flows.api.create_volume.QuotaReserveTask;volume:create' (32e72851-04ed-4f81-bbb8-774e395ba518) transitioned into state 'SUCCESS' from state 'RUNNING' with result '{'reservations': ['11ee17e6-18a3-417a-8500-3bdfd25ccd27', 'a4843b42-76ff-4db5-869b-c4c480f85e39', '376d5af8-298f-45b0-abca-96a693efbf68', '7ebe622c-16bb-4110-8dfd-4e096911edd2']}' {{(pid=111019) _task_receiver /usr/local/lib/python3.8/dist-packages/taskflow/listeners/logging.py:178}}
Aug 10 10:04:06.825228 dv-cinder-850836-5-smb devstack@c-api.service[111019]: DEBUG cinder.volume.api [None req-6a168526-4269-4780-9d69-82840a134976 tempest-VolumesTransfersV355Test-1717151260 tempest-VolumesTransfersV355Test-1717151260-project] Task 'cinder.volume.flows.api.create_volume.EntryCreateTask;volume:create' (08b417c2-2e55-4e35-8461-5cfb037bf5d3) transitioned into state 'RUNNING' from state 'PENDING' {{(pid=111019) _task_receiver /usr/local/lib/python3.8/dist-packages/taskflow/listeners/logging.py:190}}
Aug 10 10:04:06.839200 dv-cinder-850836-5-smb devstack@c-api.service[111018]: /usr/local/lib/python3.8/dist-packages/oslo_context/context.py:100: DeprecationWarning: Policy enforcement is depending on the value of is_admin. This key is deprecated. Please update your policy file to use the standard policy values.
Aug 10 10:04:06.839200 dv-cinder-850836-5-smb devstack@c-api.service[111018]: warnings.warn('Policy enforcement is depending on the value of '
Aug 10 10:04:06.850089 dv-cinder-850836-5-smb devstack@c-api.service[111018]: INFO cinder.volume.api [None req-70c21645-d13e-43af-a3d7-ecf169ba5462 tempest-VolumesImageMetadata-1632710407 tempest-VolumesImageMetadata-1632710407-project] Volume info retrieved successfully.
Aug 10 10:04:06.860265 dv-cinder-850836-5-smb devstack@c-api.service[111019]: DEBUG cinder.volume.api [None req-6a168526-4269-4780-9d69-82840a134976 tempest-VolumesTransfersV355Test-1717151260 tempest-VolumesTransfersV355Test-1717151260-project] Task 'cinder.volume.flows.api.create_volume.EntryCreateTask;volume:create' (08b417c2-2e55-4e35-8461-5cfb037bf5d3) transitioned into state 'SUCCESS' from state 'RUNNING' with result '{'volume_id': '93d2f90d-3082-49d3-8bb1-eb95528e73a5', 'volume_properties': VolumeProperties(attach_status='detached',availability_zone='nova',cgsnapshot_id=None,consistencygroup_id=None,display_description=None,display_name='tempest-VolumesTransfersV355Test-Volume-690516584',encryption_key_id=None,group_id=None,group_type_id=,metadata={},multiattach=False,project_id='8b5294d83da24048a9c70882df2320ba',qos_specs=None,replication_status=,reservations=['11ee17e6-18a3-417a-8500-3bdfd25ccd27','a4843b42-76ff-4db5-869b-c4c480f85e39','376d5af8-298f-45b0-abca-96a693efbf68','7ebe622c-16bb-4110-8dfd-4e096911edd2'],size=1,snapshot_id=None,source_replicaid=,source_volid=None,status='creating',user_id='e5172b1d41db4f7ea707126469306a64',volume_type_id=9fd8abfb-7754-4beb-b028-8e6bff6fccc9), 'volume': Volume(_name_id=None,admin_metadata=,attach_status='detached',availability_zone='nova',bootable=False,cluster=,cluster_name=None,consistencygroup=,consistencygroup_id=None,created_at=2022-08-10T10:04:06Z,deleted=False,deleted_at=None,display_description=None,display_name='tempest-VolumesTransfersV355Test-Volume-690516584',ec2_id=None,encryption_key_id=None,glance_metadata=,group=,group_id=None,host=None,id=93d2f90d-3082-49d3-8bb1-eb95528e73a5,launched_at=None,metadata={},migration_status=None,multiattach=False,previous_status=None,project_id='8b5294d83da24048a9c70882df2320ba',provider_auth=None,provider_geometry=None,provider_id=None,provider_location=None,replication_driver_data=None,replication_extended_status=None,replication_status=None,scheduled_at=None,service_uuid=None,shared_targets=True,size=1,snapshot_id=None,snapshots=,source_volid=None,status='creating',terminated_at=None,updated_at=None,use_quota=True,user_id='e5172b1d41db4f7ea707126469306a64',volume_attachment=VolumeAttachmentList,volume_type=VolumeType(9fd8abfb-7754-4beb-b028-8e6bff6fccc9),volume_type_id=9fd8abfb-7754-4beb-b028-8e6bff6fccc9)}' {{(pid=111019) _task_receiver /usr/local/lib/python3.8/dist-packages/taskflow/listeners/logging.py:178}}
Aug 10 10:04:06.863272 dv-cinder-850836-5-smb devstack@c-api.service[111019]: DEBUG cinder.volume.api [None req-6a168526-4269-4780-9d69-82840a134976 tempest-VolumesTransfersV355Test-1717151260 tempest-VolumesTransfersV355Test-1717151260-project] Task 'cinder.volume.flows.api.create_volume.QuotaCommitTask;volume:create' (102fdcfc-0e23-4abb-b6f9-76da24482c65) transitioned into state 'RUNNING' from state 'PENDING' {{(pid=111019) _task_receiver /usr/local/lib/python3.8/dist-packages/taskflow/listeners/logging.py:190}}
Aug 10 10:04:06.864993 dv-cinder-850836-5-smb devstack@c-api.service[111018]: INFO cinder.api.openstack.wsgi [None req-70c21645-d13e-43af-a3d7-ecf169ba5462 tempest-VolumesImageMetadata-1632710407 tempest-VolumesImageMetadata-1632710407-project] http://10.222.0.27/volume/v3/3f0c9fa63f5e4519be1e4665269617e6/volumes/68d3a376-f01a-4830-ae80-1fa43334fbc4 returned with HTTP 200
Aug 10 10:04:06.879114 dv-cinder-850836-5-smb devstack@c-api.service[111018]: [pid: 111018|app: 0|req: 200/395] 10.222.0.27 () {58 vars in 1325 bytes} [Wed Aug 10 10:04:06 2022] GET /volume/v3/3f0c9fa63f5e4519be1e4665269617e6/volumes/68d3a376-f01a-4830-ae80-1fa43334fbc4 => generated 911 bytes in 75 msecs (HTTP/1.1 200) 7 headers in 285 bytes (1 switches on core 0)
Aug 10 10:04:06.881351 dv-cinder-850836-5-smb devstack@c-api.service[111018]: DEBUG cinder.api.middleware.request_id [None req-2d3bf29b-fc4d-4ee5-a8e4-f8ee6c514b95 None None] RequestId filter calling following filter/app {{(pid=111018) _context_setter /opt/stack/cinder/cinder/api/middleware/request_id.py:62}}
Aug 10 10:04:06.891545 dv-cinder-850836-5-smb devstack@c-api.service[111018]: INFO cinder.api.openstack.wsgi [None req-2d3bf29b-fc4d-4ee5-a8e4-f8ee6c514b95 tempest-VolumeQuotasAdminTestJSON-454207015 tempest-VolumeQuotasAdminTestJSON-454207015-project] DELETE http://10.222.0.27/volume/v3/12c28a5bd27943d0925963c84b4e6d28/volumes/34e1f31a-9ac0-46fa-b206-3c72ff1d8fa2
Aug 10 10:04:06.892849 dv-cinder-850836-5-smb devstack@c-api.service[111018]: DEBUG cinder.api.openstack.wsgi [None req-2d3bf29b-fc4d-4ee5-a8e4-f8ee6c514b95 tempest-VolumeQuotasAdminTestJSON-454207015 tempest-VolumeQuotasAdminTestJSON-454207015-project] Empty body provided in request {{(pid=111018) get_body /opt/stack/cinder/cinder/api/openstack/wsgi.py:715}}
Aug 10 10:04:06.893612 dv-cinder-850836-5-smb devstack@c-api.service[111018]: DEBUG cinder.api.openstack.wsgi [None req-2d3bf29b-fc4d-4ee5-a8e4-f8ee6c514b95 tempest-VolumeQuotasAdminTestJSON-454207015 tempest-VolumeQuotasAdminTestJSON-454207015-project] Calling method 'delete' {{(pid=111018) _process_stack /opt/stack/cinder/cinder/api/openstack/wsgi.py:868}}
Aug 10 10:04:06.897588 dv-cinder-850836-5-smb devstack@c-api.service[111018]: INFO cinder.api.v3.volumes [None req-2d3bf29b-fc4d-4ee5-a8e4-f8ee6c514b95 tempest-VolumeQuotasAdminTestJSON-454207015 tempest-VolumeQuotasAdminTestJSON-454207015-project] Delete volume with id: 34e1f31a-9ac0-46fa-b206-3c72ff1d8fa2
Aug 10 10:04:06.903481 dv-cinder-850836-5-smb devstack@c-api.service[111019]: DEBUG cinder.volume.api [None req-6a168526-4269-4780-9d69-82840a134976 tempest-VolumesTransfersV355Test-1717151260 tempest-VolumesTransfersV355Test-1717151260-project] Task 'cinder.volume.flows.api.create_volume.QuotaCommitTask;volume:create' (102fdcfc-0e23-4abb-b6f9-76da24482c65) transitioned into state 'SUCCESS' from state 'RUNNING' with result '{'volume_properties': VolumeProperties(attach_status='detached',availability_zone='nova',cgsnapshot_id=None,consistencygroup_id=None,display_description=None,display_name='tempest-VolumesTransfersV355Test-Volume-690516584',encryption_key_id=None,group_id=None,group_type_id=,metadata={},multiattach=False,project_id='8b5294d83da24048a9c70882df2320ba',qos_specs=None,replication_status=,reservations=['11ee17e6-18a3-417a-8500-3bdfd25ccd27','a4843b42-76ff-4db5-869b-c4c480f85e39','376d5af8-298f-45b0-abca-96a693efbf68','7ebe622c-16bb-4110-8dfd-4e096911edd2'],size=1,snapshot_id=None,source_replicaid=,source_volid=None,status='creating',user_id='e5172b1d41db4f7ea707126469306a64',volume_type_id=9fd8abfb-7754-4beb-b028-8e6bff6fccc9)}' {{(pid=111019) _task_receiver /usr/local/lib/python3.8/dist-packages/taskflow/listeners/logging.py:178}}
Aug 10 10:04:06.905002 dv-cinder-850836-5-smb devstack@c-api.service[111019]: DEBUG cinder.volume.api [None req-6a168526-4269-4780-9d69-82840a134976 tempest-VolumesTransfersV355Test-1717151260 tempest-VolumesTransfersV355Test-1717151260-project] Task 'cinder.volume.flows.api.create_volume.VolumeCastTask;volume:create' (c409d853-1fe5-490d-bb3f-2d0cf63793c8) transitioned into state 'RUNNING' from state 'PENDING' {{(pid=111019) _task_receiver /usr/local/lib/python3.8/dist-packages/taskflow/listeners/logging.py:190}}
Aug 10 10:04:06.913687 dv-cinder-850836-5-smb devstack@c-api.service[111018]: INFO cinder.api.openstack.wsgi [None req-2d3bf29b-fc4d-4ee5-a8e4-f8ee6c514b95 tempest-VolumeQuotasAdminTestJSON-454207015 tempest-VolumeQuotasAdminTestJSON-454207015-project] http://10.222.0.27/volume/v3/12c28a5bd27943d0925963c84b4e6d28/volumes/34e1f31a-9ac0-46fa-b206-3c72ff1d8fa2 returned with HTTP 404
Aug 10 10:04:06.915142 dv-cinder-850836-5-smb devstack@c-api.service[111018]: [pid: 111018|app: 0|req: 201/396] 10.222.0.27 () {58 vars in 1328 bytes} [Wed Aug 10 10:04:06 2022] DELETE /volume/v3/12c28a5bd27943d0925963c84b4e6d28/volumes/34e1f31a-9ac0-46fa-b206-3c72ff1d8fa2 => generated 109 bytes in 35 msecs (HTTP/1.1 404) 7 headers in 292 bytes (1 switches on core 0)
Aug 10 10:04:06.923782 dv-cinder-850836-5-smb devstack@c-api.service[111018]: DEBUG cinder.api.middleware.request_id [None req-c84e5200-9d64-4bc3-8ae7-5b59d94dda6e None None] RequestId filter calling following filter/app {{(pid=111018) _context_setter /opt/stack/cinder/cinder/api/middleware/request_id.py:62}}
Aug 10 10:04:06.928996 dv-cinder-850836-5-smb devstack@c-api.service[111018]: INFO cinder.api.openstack.wsgi [None req-c84e5200-9d64-4bc3-8ae7-5b59d94dda6e tempest-VolumeQuotasAdminTestJSON-454207015 tempest-VolumeQuotasAdminTestJSON-454207015-project] DELETE http://10.222.0.27/volume/v3/12c28a5bd27943d0925963c84b4e6d28/volumes/b6c97384-5ea9-47d4-b473-3b7a2db081f4
Aug 10 10:04:06.930822 dv-cinder-850836-5-smb devstack@c-api.service[111018]: DEBUG cinder.api.openstack.wsgi [None req-c84e5200-9d64-4bc3-8ae7-5b59d94dda6e tempest-VolumeQuotasAdminTestJSON-454207015 tempest-VolumeQuotasAdminTestJSON-454207015-project] Empty body provided in request {{(pid=111018) get_body /opt/stack/cinder/cinder/api/openstack/wsgi.py:715}}
Aug 10 10:04:06.931492 dv-cinder-850836-5-smb devstack@c-api.service[111018]: DEBUG cinder.api.openstack.wsgi [None req-c84e5200-9d64-4bc3-8ae7-5b59d94dda6e tempest-VolumeQuotasAdminTestJSON-454207015 tempest-VolumeQuotasAdminTestJSON-454207015-project] Calling method 'delete' {{(pid=111018) _process_stack /opt/stack/cinder/cinder/api/openstack/wsgi.py:868}}
Aug 10 10:04:06.932144 dv-cinder-850836-5-smb devstack@c-api.service[111018]: INFO cinder.api.v3.volumes [None req-c84e5200-9d64-4bc3-8ae7-5b59d94dda6e tempest-VolumeQuotasAdminTestJSON-454207015 tempest-VolumeQuotasAdminTestJSON-454207015-project] Delete volume with id: b6c97384-5ea9-47d4-b473-3b7a2db081f4
Aug 10 10:04:06.945232 dv-cinder-850836-5-smb devstack@c-api.service[111019]: DEBUG cinder.volume.api [None req-6a168526-4269-4780-9d69-82840a134976 tempest-VolumesTransfersV355Test-1717151260 tempest-VolumesTransfersV355Test-1717151260-project] Task 'cinder.volume.flows.api.create_volume.VolumeCastTask;volume:create' (c409d853-1fe5-490d-bb3f-2d0cf63793c8) transitioned into state 'SUCCESS' from state 'RUNNING' with result 'None' {{(pid=111019) _task_receiver /usr/local/lib/python3.8/dist-packages/taskflow/listeners/logging.py:178}}
Aug 10 10:04:06.945855 dv-cinder-850836-5-smb devstack@c-api.service[111018]: INFO cinder.api.openstack.wsgi [None req-c84e5200-9d64-4bc3-8ae7-5b59d94dda6e tempest-VolumeQuotasAdminTestJSON-454207015 tempest-VolumeQuotasAdminTestJSON-454207015-project] http://10.222.0.27/volume/v3/12c28a5bd27943d0925963c84b4e6d28/volumes/b6c97384-5ea9-47d4-b473-3b7a2db081f4 returned with HTTP 404
Aug 10 10:04:06.947283 dv-cinder-850836-5-smb devstack@c-api.service[111018]: [pid: 111018|app: 0|req: 202/397] 10.222.0.27 () {58 vars in 1328 bytes} [Wed Aug 10 10:04:06 2022] DELETE /volume/v3/12c28a5bd27943d0925963c84b4e6d28/volumes/b6c97384-5ea9-47d4-b473-3b7a2db081f4 => generated 109 bytes in 28 msecs (HTTP/1.1 404) 7 headers in 292 bytes (1 switches on core 0)
Aug 10 10:04:06.954984 dv-cinder-850836-5-smb devstack@c-api.service[111019]: DEBUG cinder.volume.api [None req-6a168526-4269-4780-9d69-82840a134976 tempest-VolumesTransfersV355Test-1717151260 tempest-VolumesTransfersV355Test-1717151260-project] Flow 'volume_create_api' (65bacf54-06ce-4afc-94e0-0ed2f2d30142) transitioned into state 'SUCCESS' from state 'RUNNING' {{(pid=111019) _flow_receiver /usr/local/lib/python3.8/dist-packages/taskflow/listeners/logging.py:141}}
Aug 10 10:04:06.954984 dv-cinder-850836-5-smb devstack@c-api.service[111019]: INFO cinder.volume.api [None req-6a168526-4269-4780-9d69-82840a134976 tempest-VolumesTransfersV355Test-1717151260 tempest-VolumesTransfersV355Test-1717151260-project] Create volume request issued successfully.
Aug 10 10:04:06.957272 dv-cinder-850836-5-smb devstack@c-api.service[111019]: INFO cinder.api.openstack.wsgi [None req-6a168526-4269-4780-9d69-82840a134976 tempest-VolumesTransfersV355Test-1717151260 tempest-VolumesTransfersV355Test-1717151260-project] http://10.222.0.27/volume/v3/8b5294d83da24048a9c70882df2320ba/volumes returned with HTTP 202
Aug 10 10:04:06.958054 dv-cinder-850836-5-smb devstack@c-api.service[111019]: [pid: 111019|app: 0|req: 196/398] 10.222.0.27 () {62 vars in 1276 bytes} [Wed Aug 10 10:04:06 2022] POST /volume/v3/8b5294d83da24048a9c70882df2320ba/volumes => generated 887 bytes in 935 msecs (HTTP/1.1 202) 7 headers in 292 bytes (2 switches on core 0)
Aug 10 10:04:06.979128 dv-cinder-850836-5-smb devstack@c-api.service[111018]: DEBUG cinder.api.middleware.request_id [None req-b07b51b8-a6c0-4e41-adfa-56e5484fd358 None None] RequestId filter calling following filter/app {{(pid=111018) _context_setter /opt/stack/cinder/cinder/api/middleware/request_id.py:62}}
Aug 10 10:04:06.983795 dv-cinder-850836-5-smb devstack@c-api.service[111018]: INFO cinder.api.openstack.wsgi [None req-b07b51b8-a6c0-4e41-adfa-56e5484fd358 tempest-VolumesTransfersV355Test-1717151260 tempest-VolumesTransfersV355Test-1717151260-project] GET http://10.222.0.27/volume/v3/8b5294d83da24048a9c70882df2320ba/volumes/93d2f90d-3082-49d3-8bb1-eb95528e73a5
Aug 10 10:04:06.984505 dv-cinder-850836-5-smb devstack@c-api.service[111018]: DEBUG cinder.api.openstack.wsgi [None req-b07b51b8-a6c0-4e41-adfa-56e5484fd358 tempest-VolumesTransfersV355Test-1717151260 tempest-VolumesTransfersV355Test-1717151260-project] Empty body provided in request {{(pid=111018) get_body /opt/stack/cinder/cinder/api/openstack/wsgi.py:715}}
Aug 10 10:04:06.985006 dv-cinder-850836-5-smb devstack@c-api.service[111018]: DEBUG cinder.api.openstack.wsgi [None req-b07b51b8-a6c0-4e41-adfa-56e5484fd358 tempest-VolumesTransfersV355Test-1717151260 tempest-VolumesTransfersV355Test-1717151260-project] Calling method 'show' {{(pid=111018) _process_stack /opt/stack/cinder/cinder/api/openstack/wsgi.py:868}}
Aug 10 10:04:07.007435 dv-cinder-850836-5-smb devstack@c-api.service[111018]: /usr/local/lib/python3.8/dist-packages/oslo_context/context.py:100: DeprecationWarning: Policy enforcement is depending on the value of is_admin. This key is deprecated. Please update your policy file to use the standard policy values.
Aug 10 10:04:07.007435 dv-cinder-850836-5-smb devstack@c-api.service[111018]: warnings.warn('Policy enforcement is depending on the value of '
Aug 10 10:04:07.015602 dv-cinder-850836-5-smb devstack@c-api.service[111018]: INFO cinder.volume.api [None req-b07b51b8-a6c0-4e41-adfa-56e5484fd358 tempest-VolumesTransfersV355Test-1717151260 tempest-VolumesTransfersV355Test-1717151260-project] Volume info retrieved successfully.
Aug 10 10:04:07.034875 dv-cinder-850836-5-smb devstack@c-api.service[111018]: INFO cinder.api.openstack.wsgi [None req-b07b51b8-a6c0-4e41-adfa-56e5484fd358 tempest-VolumesTransfersV355Test-1717151260 tempest-VolumesTransfersV355Test-1717151260-project] http://10.222.0.27/volume/v3/8b5294d83da24048a9c70882df2320ba/volumes/93d2f90d-3082-49d3-8bb1-eb95528e73a5 returned with HTTP 200
Aug 10 10:04:07.036073 dv-cinder-850836-5-smb devstack@c-api.service[111018]: [pid: 111018|app: 0|req: 203/399] 10.222.0.27 () {60 vars in 1366 bytes} [Wed Aug 10 10:04:06 2022] GET /volume/v3/8b5294d83da24048a9c70882df2320ba/volumes/93d2f90d-3082-49d3-8bb1-eb95528e73a5 => generated 955 bytes in 65 msecs (HTTP/1.1 200) 7 headers in 286 bytes (1 switches on core 0)
Aug 10 10:04:07.230803 dv-cinder-850836-5-smb devstack@c-api.service[111019]: DEBUG cinder.api.middleware.request_id [None req-ca6f1023-1510-4953-8572-978530ea2302 None None] RequestId filter calling following filter/app {{(pid=111019) _context_setter /opt/stack/cinder/cinder/api/middleware/request_id.py:62}}
Aug 10 10:04:07.456624 dv-cinder-850836-5-smb devstack@c-api.service[111019]: INFO cinder.api.openstack.wsgi [None req-ca6f1023-1510-4953-8572-978530ea2302 tempest-UserMessagesTest-810267585 tempest-UserMessagesTest-810267585-project-admin] POST http://10.222.0.27/volume/v3/8570914b7c904fe78a21c05b38497749/types
Aug 10 10:04:07.457439 dv-cinder-850836-5-smb devstack@c-api.service[111019]: DEBUG cinder.api.openstack.wsgi [None req-ca6f1023-1510-4953-8572-978530ea2302 tempest-UserMessagesTest-810267585 tempest-UserMessagesTest-810267585-project-admin] Action: 'create', calling method: _create, body: {"volume_type": {"name": "tempest-UserMessagesTest-volume-type-110192325", "extra_specs": {"storage_protocol": "tempest-storage_protocol-952024130", "vendor_name": "tempest-vendor_name-1111747669"}}} {{(pid=111019) _process_stack /opt/stack/cinder/cinder/api/openstack/wsgi.py:866}}
Aug 10 10:04:07.459963 dv-cinder-850836-5-smb devstack@c-api.service[111019]: /usr/local/lib/python3.8/dist-packages/oslo_context/context.py:100: DeprecationWarning: Policy enforcement is depending on the value of is_admin. This key is deprecated. Please update your policy file to use the standard policy values.
Aug 10 10:04:07.459963 dv-cinder-850836-5-smb devstack@c-api.service[111019]: warnings.warn('Policy enforcement is depending on the value of '
Aug 10 10:04:07.489948 dv-cinder-850836-5-smb devstack@c-api.service[111019]: INFO cinder.api.openstack.wsgi [None req-ca6f1023-1510-4953-8572-978530ea2302 tempest-UserMessagesTest-810267585 tempest-UserMessagesTest-810267585-project-admin] http://10.222.0.27/volume/v3/8570914b7c904fe78a21c05b38497749/types returned with HTTP 200
Aug 10 10:04:07.491109 dv-cinder-850836-5-smb devstack@c-api.service[111019]: [pid: 111019|app: 0|req: 197/400] 10.222.0.27 () {60 vars in 1230 bytes} [Wed Aug 10 10:04:07 2022] POST /volume/v3/8570914b7c904fe78a21c05b38497749/types => generated 326 bytes in 261 msecs (HTTP/1.1 200) 7 headers in 285 bytes (1 switches on core 0)
Aug 10 10:04:07.499149 dv-cinder-850836-5-smb devstack@c-api.service[111018]: DEBUG cinder.api.middleware.request_id [None req-8b2cb421-c0f8-4cec-9f47-e2e059dd3b47 None None] RequestId filter calling following filter/app {{(pid=111018) _context_setter /opt/stack/cinder/cinder/api/middleware/request_id.py:62}}
Aug 10 10:04:07.620910 dv-cinder-850836-5-smb devstack@c-api.service[111018]: INFO cinder.api.openstack.wsgi [None req-8b2cb421-c0f8-4cec-9f47-e2e059dd3b47 tempest-UserMessagesTest-2072248660 tempest-UserMessagesTest-2072248660-project] POST http://10.222.0.27/volume/v3/8877482e038340e888886276ad127c9a/volumes
Aug 10 10:04:07.621489 dv-cinder-850836-5-smb devstack@c-api.service[111018]: DEBUG cinder.api.openstack.wsgi [None req-8b2cb421-c0f8-4cec-9f47-e2e059dd3b47 tempest-UserMessagesTest-2072248660 tempest-UserMessagesTest-2072248660-project] Action: 'create', calling method: create, body: {"volume": {"volume_type": "4b16ee26-00af-4792-99b7-8348199ce81e", "size": 1, "name": "tempest-UserMessagesTest-Volume-961385616"}} {{(pid=111018) _process_stack /opt/stack/cinder/cinder/api/openstack/wsgi.py:866}}
Aug 10 10:04:07.623868 dv-cinder-850836-5-smb devstack@c-api.service[111018]: DEBUG cinder.api.v3.volumes [None req-8b2cb421-c0f8-4cec-9f47-e2e059dd3b47 tempest-UserMessagesTest-2072248660 tempest-UserMessagesTest-2072248660-project] Create volume request body: {'volume': {'volume_type': '4b16ee26-00af-4792-99b7-8348199ce81e', 'size': 1, 'name': 'tempest-UserMessagesTest-Volume-961385616'}} {{(pid=111018) create /opt/stack/cinder/cinder/api/v3/volumes.py:298}}
Aug 10 10:04:07.640323 dv-cinder-850836-5-smb devstack@c-api.service[111018]: INFO cinder.api.v3.volumes [None req-8b2cb421-c0f8-4cec-9f47-e2e059dd3b47 tempest-UserMessagesTest-2072248660 tempest-UserMessagesTest-2072248660-project] Create volume of 1 GB
Aug 10 10:04:07.641382 dv-cinder-850836-5-smb devstack@c-api.service[111018]: /usr/local/lib/python3.8/dist-packages/oslo_context/context.py:100: DeprecationWarning: Policy enforcement is depending on the value of is_admin. This key is deprecated. Please update your policy file to use the standard policy values.
Aug 10 10:04:07.641382 dv-cinder-850836-5-smb devstack@c-api.service[111018]: warnings.warn('Policy enforcement is depending on the value of '
Aug 10 10:04:07.642769 dv-cinder-850836-5-smb devstack@c-api.service[111018]: INFO cinder.volume.api [None req-8b2cb421-c0f8-4cec-9f47-e2e059dd3b47 tempest-UserMessagesTest-2072248660 tempest-UserMessagesTest-2072248660-project] Availability Zones retrieved successfully.
Aug 10 10:04:07.661295 dv-cinder-850836-5-smb devstack@c-api.service[111018]: DEBUG cinder.volume.api [None req-8b2cb421-c0f8-4cec-9f47-e2e059dd3b47 tempest-UserMessagesTest-2072248660 tempest-UserMessagesTest-2072248660-project] Flow 'volume_create_api' (fe4277e9-c657-4f18-bcbe-e7c158e6ca62) transitioned into state 'RUNNING' from state 'PENDING' {{(pid=111018) _flow_receiver /usr/local/lib/python3.8/dist-packages/taskflow/listeners/logging.py:141}}
Aug 10 10:04:07.665224 dv-cinder-850836-5-smb devstack@c-api.service[111018]: DEBUG cinder.volume.api [None req-8b2cb421-c0f8-4cec-9f47-e2e059dd3b47 tempest-UserMessagesTest-2072248660 tempest-UserMessagesTest-2072248660-project] Task 'cinder.volume.flows.api.create_volume.ExtractVolumeRequestTask;volume:create' (6d8e48c1-45c9-4f13-ab19-9d2009c2d623) transitioned into state 'RUNNING' from state 'PENDING' {{(pid=111018) _task_receiver /usr/local/lib/python3.8/dist-packages/taskflow/listeners/logging.py:190}}
Aug 10 10:04:07.668592 dv-cinder-850836-5-smb devstack@c-api.service[111018]: DEBUG cinder.volume.flows.api.create_volume [None req-8b2cb421-c0f8-4cec-9f47-e2e059dd3b47 tempest-UserMessagesTest-2072248660 tempest-UserMessagesTest-2072248660-project] Validating volume size '1' using validate_int {{(pid=111018) _extract_size /opt/stack/cinder/cinder/volume/flows/api/create_volume.py:228}}
Aug 10 10:04:07.706209 dv-cinder-850836-5-smb devstack@c-api.service[111018]: DEBUG cinder.volume.api [None req-8b2cb421-c0f8-4cec-9f47-e2e059dd3b47 tempest-UserMessagesTest-2072248660 tempest-UserMessagesTest-2072248660-project] Task 'cinder.volume.flows.api.create_volume.ExtractVolumeRequestTask;volume:create' (6d8e48c1-45c9-4f13-ab19-9d2009c2d623) transitioned into state 'SUCCESS' from state 'RUNNING' with result '{'size': 1, 'snapshot_id': None, 'source_volid': None, 'volume_type': VolumeType(created_at=2022-08-10T10:04:07Z,deleted=False,deleted_at=None,description=None,extra_specs={storage_protocol='tempest-storage_protocol-952024130',vendor_name='tempest-vendor_name-1111747669'},id=4b16ee26-00af-4792-99b7-8348199ce81e,is_public=True,name='tempest-UserMessagesTest-volume-type-110192325',projects=[],qos_specs=,qos_specs_id=None,updated_at=None), 'volume_type_id': '4b16ee26-00af-4792-99b7-8348199ce81e', 'encryption_key_id': None, 'qos_specs': None, 'consistencygroup_id': None, 'cgsnapshot_id': None, 'group_id': None, 'replication_status': 'disabled', 'refresh_az': False, 'backup_id': None, 'multiattach': False, 'availability_zones': ['nova']}' {{(pid=111018) _task_receiver /usr/local/lib/python3.8/dist-packages/taskflow/listeners/logging.py:178}}
Aug 10 10:04:07.708907 dv-cinder-850836-5-smb devstack@c-api.service[111018]: DEBUG cinder.volume.api [None req-8b2cb421-c0f8-4cec-9f47-e2e059dd3b47 tempest-UserMessagesTest-2072248660 tempest-UserMessagesTest-2072248660-project] Task 'cinder.volume.flows.api.create_volume.QuotaReserveTask;volume:create' (c92e823d-a84c-41bc-af5d-98080505ed9f) transitioned into state 'RUNNING' from state 'PENDING' {{(pid=111018) _task_receiver /usr/local/lib/python3.8/dist-packages/taskflow/listeners/logging.py:190}}
Aug 10 10:04:07.758501 dv-cinder-850836-5-smb devstack@c-api.service[111018]: WARNING cinder.quota [None req-8b2cb421-c0f8-4cec-9f47-e2e059dd3b47 tempest-UserMessagesTest-2072248660 tempest-UserMessagesTest-2072248660-project] Deprecated: Default quota for resource: volumes_tempest-UserMessagesTest-volume-type-110192325 is set by the default quota flag: quota_volumes_tempest-UserMessagesTest-volume-type-110192325, it is now deprecated. Please use the default quota class for default quota.
Aug 10 10:04:07.759759 dv-cinder-850836-5-smb devstack@c-api.service[111018]: WARNING cinder.quota [None req-8b2cb421-c0f8-4cec-9f47-e2e059dd3b47 tempest-UserMessagesTest-2072248660 tempest-UserMessagesTest-2072248660-project] Deprecated: Default quota for resource: gigabytes_tempest-UserMessagesTest-volume-type-110192325 is set by the default quota flag: quota_gigabytes_tempest-UserMessagesTest-volume-type-110192325, it is now deprecated. Please use the default quota class for default quota.
Aug 10 10:04:07.860433 dv-cinder-850836-5-smb devstack@c-api.service[111018]: DEBUG cinder.quota [None req-8b2cb421-c0f8-4cec-9f47-e2e059dd3b47 tempest-UserMessagesTest-2072248660 tempest-UserMessagesTest-2072248660-project] Created reservations ['3ca35f23-19bf-443c-a223-8274d677114f', 'ee12c6e8-79af-4316-a0ba-4889be61dc93', '89943cb4-2f36-4bcc-981e-52697c0c39a8', 'ad5f7ad2-339a-497b-9f09-167cc9a72f62'] {{(pid=111018) reserve /opt/stack/cinder/cinder/quota.py:755}}
Aug 10 10:04:07.863382 dv-cinder-850836-5-smb devstack@c-api.service[111018]: DEBUG cinder.volume.api [None req-8b2cb421-c0f8-4cec-9f47-e2e059dd3b47 tempest-UserMessagesTest-2072248660 tempest-UserMessagesTest-2072248660-project] Task 'cinder.volume.flows.api.create_volume.QuotaReserveTask;volume:create' (c92e823d-a84c-41bc-af5d-98080505ed9f) transitioned into state 'SUCCESS' from state 'RUNNING' with result '{'reservations': ['3ca35f23-19bf-443c-a223-8274d677114f', 'ee12c6e8-79af-4316-a0ba-4889be61dc93', '89943cb4-2f36-4bcc-981e-52697c0c39a8', 'ad5f7ad2-339a-497b-9f09-167cc9a72f62']}' {{(pid=111018) _task_receiver /usr/local/lib/python3.8/dist-packages/taskflow/listeners/logging.py:178}}
Aug 10 10:04:07.871736 dv-cinder-850836-5-smb devstack@c-api.service[111018]: DEBUG cinder.volume.api [None req-8b2cb421-c0f8-4cec-9f47-e2e059dd3b47 tempest-UserMessagesTest-2072248660 tempest-UserMessagesTest-2072248660-project] Task 'cinder.volume.flows.api.create_volume.EntryCreateTask;volume:create' (4e507f04-6811-45c6-96d8-4e10f11e19fe) transitioned into state 'RUNNING' from state 'PENDING' {{(pid=111018) _task_receiver /usr/local/lib/python3.8/dist-packages/taskflow/listeners/logging.py:190}}
Aug 10 10:04:07.882757 dv-cinder-850836-5-smb devstack@c-api.service[111019]: DEBUG cinder.api.middleware.request_id [None req-9fce7247-959b-4176-a734-e8bb3e377dfd None None] RequestId filter calling following filter/app {{(pid=111019) _context_setter /opt/stack/cinder/cinder/api/middleware/request_id.py:62}}
Aug 10 10:04:07.886686 dv-cinder-850836-5-smb devstack@c-api.service[111019]: INFO cinder.api.openstack.wsgi [None req-9fce7247-959b-4176-a734-e8bb3e377dfd tempest-VolumesImageMetadata-1632710407 tempest-VolumesImageMetadata-1632710407-project] GET http://10.222.0.27/volume/v3/3f0c9fa63f5e4519be1e4665269617e6/volumes/68d3a376-f01a-4830-ae80-1fa43334fbc4
