Aug 03 10:29:16.585871 dv-cinder-850836-2-iscsi devstack@keystone.service[80319]: DEBUG keystone.common.rbac_enforcer.enforcer [None req-9134dcd8-4881-40d8-8b48-b61446612bd0 None admin] RBAC: Authorizing `identity:get_user(user_id=fb1a77890b95445982cf98d4ad77cb92)` {{(pid=80319) enforce_call /opt/stack/keystone/keystone/common/rbac_enforcer/enforcer.py:449}}
Aug 03 10:29:16.588432 dv-cinder-850836-2-iscsi devstack@keystone.service[80319]: DEBUG keystone.common.rbac_enforcer.enforcer [None req-9134dcd8-4881-40d8-8b48-b61446612bd0 None admin] RBAC: Authorization granted {{(pid=80319) enforce_call /opt/stack/keystone/keystone/common/rbac_enforcer/enforcer.py:457}}
Aug 03 10:29:16.590340 dv-cinder-850836-2-iscsi devstack@keystone.service[80319]: [pid: 80319|app: 0|req: 40/81] 10.222.0.47 () {56 vars in 1177 bytes} [Wed Aug 3 10:29:16 2022] GET /identity/v3/users/fb1a77890b95445982cf98d4ad77cb92 => generated 247 bytes in 214 msecs (HTTP/1.1 200) 5 headers in 177 bytes (1 switches on core 0)
Aug 03 10:29:16.591665 dv-cinder-850836-2-iscsi devstack@keystone.service[80319]: DEBUG keystone.server.flask.request_processing.middleware.auth_context [None req-9134dcd8-4881-40d8-8b48-b61446612bd0 None admin] Authenticating user token {{(pid=80319) process_request /usr/local/lib/python3.8/dist-packages/keystonemiddleware/auth_token/__init__.py:407}}
Aug 03 10:29:16.630098 dv-cinder-850836-2-iscsi devstack@keystone.service[80318]: DEBUG keystone.server.flask.request_processing.middleware.auth_context [None req-2dd47465-2fbe-454a-aa29-1243ea364d7c None admin] Validating token access rules against request {{(pid=80318) validate_allowed_request /usr/local/lib/python3.8/dist-packages/keystonemiddleware/auth_token/__init__.py:545}}
Aug 03 10:29:16.683399 dv-cinder-850836-2-iscsi devstack@keystone.service[80318]: DEBUG keystone.server.flask.request_processing.middleware.auth_context [None req-a98ab629-2604-4954-9a14-c172e169b8c0 None admin] RBAC: auth_context: {'token': , 'domain_id': None, 'trust_id': None, 'trustor_id': None, 'trustee_id': None, 'domain_name': None, 'group_ids': [], 'user_id': 'fb1a77890b95445982cf98d4ad77cb92', 'user_domain_id': 'default', 'system_scope': 'all', 'project_id': None, 'project_domain_id': None, 'roles': ['admin', 'member', 'reader'], 'is_admin_project': True, 'service_user_id': None, 'service_user_domain_id': None, 'service_project_id': None, 'service_project_domain_id': None, 'service_roles': []} {{(pid=80318) fill_context /opt/stack/keystone/keystone/server/flask/request_processing/middleware/auth_context.py:478}}
Aug 03 10:29:16.684445 dv-cinder-850836-2-iscsi devstack@keystone.service[80318]: DEBUG keystone.server.flask.request_processing.req_logging [None req-a98ab629-2604-4954-9a14-c172e169b8c0 None admin] REQUEST_METHOD: `GET` {{(pid=80318) log_request_info /opt/stack/keystone/keystone/server/flask/request_processing/req_logging.py:27}}
Aug 03 10:29:16.684692 dv-cinder-850836-2-iscsi devstack@keystone.service[80318]: DEBUG keystone.server.flask.request_processing.req_logging [None req-a98ab629-2604-4954-9a14-c172e169b8c0 None admin] SCRIPT_NAME: `/identity` {{(pid=80318) log_request_info /opt/stack/keystone/keystone/server/flask/request_processing/req_logging.py:28}}
Aug 03 10:29:16.685147 dv-cinder-850836-2-iscsi devstack@keystone.service[80318]: DEBUG keystone.server.flask.request_processing.req_logging [None req-a98ab629-2604-4954-9a14-c172e169b8c0 None admin] PATH_INFO: `/v3/users/3829732fccee407fa473d0c55a5aa1d1` {{(pid=80318) log_request_info /opt/stack/keystone/keystone/server/flask/request_processing/req_logging.py:29}}
Aug 03 10:29:16.687148 dv-cinder-850836-2-iscsi devstack@keystone.service[80318]: DEBUG keystone.common.rbac_enforcer.enforcer [None req-a98ab629-2604-4954-9a14-c172e169b8c0 None admin] RBAC: Authorizing `identity:get_user(user_id=3829732fccee407fa473d0c55a5aa1d1)` {{(pid=80318) enforce_call /opt/stack/keystone/keystone/common/rbac_enforcer/enforcer.py:449}}
Aug 03 10:29:16.689702 dv-cinder-850836-2-iscsi devstack@keystone.service[80318]: DEBUG keystone.common.rbac_enforcer.enforcer [None req-a98ab629-2604-4954-9a14-c172e169b8c0 None admin] RBAC: Authorization granted {{(pid=80318) enforce_call /opt/stack/keystone/keystone/common/rbac_enforcer/enforcer.py:457}}
Aug 03 10:29:16.693077 dv-cinder-850836-2-iscsi devstack@keystone.service[80318]: [pid: 80318|app: 0|req: 42/82] 10.222.0.47 () {56 vars in 1177 bytes} [Wed Aug 3 10:29:16 2022] GET /identity/v3/users/3829732fccee407fa473d0c55a5aa1d1 => generated 275 bytes in 207 msecs (HTTP/1.1 200) 5 headers in 177 bytes (1 switches on core 0)
Aug 03 10:29:16.694472 dv-cinder-850836-2-iscsi devstack@keystone.service[80318]: DEBUG keystone.server.flask.request_processing.middleware.auth_context [None req-a98ab629-2604-4954-9a14-c172e169b8c0 None admin] Authenticating user token {{(pid=80318) process_request /usr/local/lib/python3.8/dist-packages/keystonemiddleware/auth_token/__init__.py:407}}
Aug 03 10:29:16.711415 dv-cinder-850836-2-iscsi devstack@keystone.service[80318]: DEBUG dbcounter [-] [80318] Writing DB stats keystone:SELECT=100 {{(pid=80318) stat_writer /usr/local/lib/python3.8/dist-packages/dbcounter.py:114}}
Aug 03 10:29:16.752734 dv-cinder-850836-2-iscsi devstack@keystone.service[80319]: DEBUG keystone.server.flask.request_processing.middleware.auth_context [None req-9134dcd8-4881-40d8-8b48-b61446612bd0 None admin] Validating token access rules against request {{(pid=80319) validate_allowed_request /usr/local/lib/python3.8/dist-packages/keystonemiddleware/auth_token/__init__.py:545}}
Aug 03 10:29:16.807946 dv-cinder-850836-2-iscsi devstack@keystone.service[80319]: DEBUG keystone.server.flask.request_processing.middleware.auth_context [None req-a0a74aa1-0978-4a0a-9db3-eaa523600ca1 None admin] RBAC: auth_context: {'token': , 'domain_id': None, 'trust_id': None, 'trustor_id': None, 'trustee_id': None, 'domain_name': None, 'group_ids': [], 'user_id': 'fb1a77890b95445982cf98d4ad77cb92', 'user_domain_id': 'default', 'system_scope': 'all', 'project_id': None, 'project_domain_id': None, 'roles': ['admin', 'member', 'reader'], 'is_admin_project': True, 'service_user_id': None, 'service_user_domain_id': None, 'service_project_id': None, 'service_project_domain_id': None, 'service_roles': []} {{(pid=80319) fill_context /opt/stack/keystone/keystone/server/flask/request_processing/middleware/auth_context.py:478}}
Aug 03 10:29:16.808966 dv-cinder-850836-2-iscsi devstack@keystone.service[80319]: DEBUG keystone.server.flask.request_processing.req_logging [None req-a0a74aa1-0978-4a0a-9db3-eaa523600ca1 None admin] REQUEST_METHOD: `GET` {{(pid=80319) log_request_info /opt/stack/keystone/keystone/server/flask/request_processing/req_logging.py:27}}
Aug 03 10:29:16.809426 dv-cinder-850836-2-iscsi devstack@keystone.service[80319]: DEBUG keystone.server.flask.request_processing.req_logging [None req-a0a74aa1-0978-4a0a-9db3-eaa523600ca1 None admin] SCRIPT_NAME: `/identity` {{(pid=80319) log_request_info /opt/stack/keystone/keystone/server/flask/request_processing/req_logging.py:28}}
Aug 03 10:29:16.809888 dv-cinder-850836-2-iscsi devstack@keystone.service[80319]: DEBUG keystone.server.flask.request_processing.req_logging [None req-a0a74aa1-0978-4a0a-9db3-eaa523600ca1 None admin] PATH_INFO: `/v3/domains/default` {{(pid=80319) log_request_info /opt/stack/keystone/keystone/server/flask/request_processing/req_logging.py:29}}
Aug 03 10:29:16.811670 dv-cinder-850836-2-iscsi devstack@keystone.service[80319]: DEBUG keystone.common.rbac_enforcer.enforcer [None req-a0a74aa1-0978-4a0a-9db3-eaa523600ca1 None admin] RBAC: Authorizing `identity:get_domain(domain_id=default)` {{(pid=80319) enforce_call /opt/stack/keystone/keystone/common/rbac_enforcer/enforcer.py:449}}
Aug 03 10:29:16.814076 dv-cinder-850836-2-iscsi devstack@keystone.service[80319]: DEBUG keystone.common.rbac_enforcer.enforcer [None req-a0a74aa1-0978-4a0a-9db3-eaa523600ca1 None admin] RBAC: Authorization granted {{(pid=80319) enforce_call /opt/stack/keystone/keystone/common/rbac_enforcer/enforcer.py:457}}
Aug 03 10:29:16.817442 dv-cinder-850836-2-iscsi devstack@keystone.service[80319]: [pid: 80319|app: 0|req: 41/83] 10.222.0.47 () {56 vars in 1108 bytes} [Wed Aug 3 10:29:16 2022] GET /identity/v3/domains/default => generated 199 bytes in 227 msecs (HTTP/1.1 200) 5 headers in 177 bytes (1 switches on core 0)
Aug 03 10:29:16.818464 dv-cinder-850836-2-iscsi devstack@keystone.service[80319]: DEBUG keystone.server.flask.request_processing.middleware.auth_context [None req-a0a74aa1-0978-4a0a-9db3-eaa523600ca1 None admin] Authenticating user token {{(pid=80319) process_request /usr/local/lib/python3.8/dist-packages/keystonemiddleware/auth_token/__init__.py:407}}
Aug 03 10:29:16.842444 dv-cinder-850836-2-iscsi devstack@keystone.service[80319]: DEBUG dbcounter [-] [80319] Writing DB stats keystone:SELECT=100 {{(pid=80319) stat_writer /usr/local/lib/python3.8/dist-packages/dbcounter.py:114}}
Aug 03 10:29:16.846982 dv-cinder-850836-2-iscsi devstack@keystone.service[80318]: DEBUG keystone.server.flask.request_processing.middleware.auth_context [None req-a98ab629-2604-4954-9a14-c172e169b8c0 None admin] Validating token access rules against request {{(pid=80318) validate_allowed_request /usr/local/lib/python3.8/dist-packages/keystonemiddleware/auth_token/__init__.py:545}}
Aug 03 10:29:16.907502 dv-cinder-850836-2-iscsi devstack@keystone.service[80318]: DEBUG keystone.server.flask.request_processing.middleware.auth_context [None req-d9920965-e656-45ea-9938-c30d7222361c None admin] RBAC: auth_context: {'token': , 'domain_id': None, 'trust_id': None, 'trustor_id': None, 'trustee_id': None, 'domain_name': None, 'group_ids': [], 'user_id': 'fb1a77890b95445982cf98d4ad77cb92', 'user_domain_id': 'default', 'system_scope': 'all', 'project_id': None, 'project_domain_id': None, 'roles': ['admin', 'member', 'reader'], 'is_admin_project': True, 'service_user_id': None, 'service_user_domain_id': None, 'service_project_id': None, 'service_project_domain_id': None, 'service_roles': []} {{(pid=80318) fill_context /opt/stack/keystone/keystone/server/flask/request_processing/middleware/auth_context.py:478}}
Aug 03 10:29:16.908626 dv-cinder-850836-2-iscsi devstack@keystone.service[80318]: DEBUG keystone.server.flask.request_processing.req_logging [None req-d9920965-e656-45ea-9938-c30d7222361c None admin] REQUEST_METHOD: `GET` {{(pid=80318) log_request_info /opt/stack/keystone/keystone/server/flask/request_processing/req_logging.py:27}}
Aug 03 10:29:16.909135 dv-cinder-850836-2-iscsi devstack@keystone.service[80318]: DEBUG keystone.server.flask.request_processing.req_logging [None req-d9920965-e656-45ea-9938-c30d7222361c None admin] SCRIPT_NAME: `/identity` {{(pid=80318) log_request_info /opt/stack/keystone/keystone/server/flask/request_processing/req_logging.py:28}}
Aug 03 10:29:16.909669 dv-cinder-850836-2-iscsi devstack@keystone.service[80318]: DEBUG keystone.server.flask.request_processing.req_logging [None req-d9920965-e656-45ea-9938-c30d7222361c None admin] PATH_INFO: `/v3/roles/member` {{(pid=80318) log_request_info /opt/stack/keystone/keystone/server/flask/request_processing/req_logging.py:29}}
Aug 03 10:29:16.929572 dv-cinder-850836-2-iscsi devstack@keystone.service[80318]: DEBUG keystone.common.rbac_enforcer.enforcer [None req-d9920965-e656-45ea-9938-c30d7222361c None admin] Extracting inferred target data resulted in "NOT FOUND (404)". {{(pid=80318) enforce_call /opt/stack/keystone/keystone/common/rbac_enforcer/enforcer.py:409}}
Aug 03 10:29:16.939027 dv-cinder-850836-2-iscsi devstack@keystone.service[80319]: DEBUG keystone.server.flask.request_processing.middleware.auth_context [None req-a0a74aa1-0978-4a0a-9db3-eaa523600ca1 None admin] Validating token access rules against request {{(pid=80319) validate_allowed_request /usr/local/lib/python3.8/dist-packages/keystonemiddleware/auth_token/__init__.py:545}}
Aug 03 10:29:16.939276 dv-cinder-850836-2-iscsi devstack@keystone.service[80318]: ERROR keystone.server.flask.application [None req-d9920965-e656-45ea-9938-c30d7222361c None admin] Could not find role: member.: keystone.exception.RoleNotFound: Could not find role: member.
Aug 03 10:29:16.939276 dv-cinder-850836-2-iscsi devstack@keystone.service[80318]: ERROR keystone.server.flask.application
Traceback (most recent call last):
Aug 03 10:29:16.939276 dv-cinder-850836-2-iscsi devstack@keystone.service[80318]: ERROR keystone.server.flask.application
File "/usr/local/lib/python3.8/dist-packages/flask/app.py", line 1517, in full_dispatch_request
Aug 03 10:29:16.939276 dv-cinder-850836-2-iscsi devstack@keystone.service[80318]: ERROR keystone.server.flask.application rv = self.dispatch_request()
Aug 03 10:29:16.939276 dv-cinder-850836-2-iscsi devstack@keystone.service[80318]: ERROR keystone.server.flask.application
File "/usr/local/lib/python3.8/dist-packages/flask/app.py", line 1503, in dispatch_request
Aug 03 10:29:16.939276 dv-cinder-850836-2-iscsi devstack@keystone.service[80318]: ERROR keystone.server.flask.application return self.ensure_sync(self.view_functions[rule.endpoint])(**req.view_args)
Aug 03 10:29:16.939276 dv-cinder-850836-2-iscsi devstack@keystone.service[80318]: ERROR keystone.server.flask.application
File "/usr/local/lib/python3.8/dist-packages/flask_restful/__init__.py", line 467, in wrapper
Aug 03 10:29:16.939276 dv-cinder-850836-2-iscsi devstack@keystone.service[80318]: ERROR keystone.server.flask.application resp = resource(*args, **kwargs)
Aug 03 10:29:16.939276 dv-cinder-850836-2-iscsi devstack@keystone.service[80318]: ERROR keystone.server.flask.application
File "/usr/local/lib/python3.8/dist-packages/flask/views.py", line 84, in view
Aug 03 10:29:16.939276 dv-cinder-850836-2-iscsi devstack@keystone.service[80318]: ERROR keystone.server.flask.application return current_app.ensure_sync(self.dispatch_request)(*args, **kwargs)
Aug 03 10:29:16.939276 dv-cinder-850836-2-iscsi devstack@keystone.service[80318]: ERROR keystone.server.flask.application
File "/usr/local/lib/python3.8/dist-packages/flask_restful/__init__.py", line 582, in dispatch_request
Aug 03 10:29:16.939276 dv-cinder-850836-2-iscsi devstack@keystone.service[80318]: ERROR keystone.server.flask.application resp = meth(*args, **kwargs)
Aug 03 10:29:16.939276 dv-cinder-850836-2-iscsi devstack@keystone.service[80318]: ERROR keystone.server.flask.application
File "/opt/stack/keystone/keystone/api/roles.py", line 50, in get
Aug 03 10:29:16.939276 dv-cinder-850836-2-iscsi devstack@keystone.service[80318]: ERROR keystone.server.flask.application return self._get_role(role_id)
Aug 03 10:29:16.939276 dv-cinder-850836-2-iscsi devstack@keystone.service[80318]: ERROR keystone.server.flask.application
File "/opt/stack/keystone/keystone/api/roles.py", line 70, in _get_role
Aug 03 10:29:16.939276 dv-cinder-850836-2-iscsi devstack@keystone.service[80318]: ERROR keystone.server.flask.application ENFORCER.enforce_call(action='identity:get_role')
Aug 03 10:29:16.940767 dv-cinder-850836-2-iscsi devstack@keystone.service[80318]: ERROR keystone.server.flask.application
File "/opt/stack/keystone/keystone/common/rbac_enforcer/enforcer.py", line 402, in enforce_call
Aug 03 10:29:16.940767 dv-cinder-850836-2-iscsi devstack@keystone.service[80318]: ERROR keystone.server.flask.application policy_dict.update(cls._extract_member_target_data(
Aug 03 10:29:16.940767 dv-cinder-850836-2-iscsi devstack@keystone.service[80318]: ERROR keystone.server.flask.application
File "/opt/stack/keystone/keystone/common/rbac_enforcer/enforcer.py", line 234, in _extract_member_target_data
Aug 03 10:29:16.940767 dv-cinder-850836-2-iscsi devstack@keystone.service[80318]: ERROR keystone.server.flask.application member_name: func(flask.request.view_args[key])
Aug 03 10:29:16.940767 dv-cinder-850836-2-iscsi devstack@keystone.service[80318]: ERROR keystone.server.flask.application
File "/opt/stack/keystone/keystone/common/manager.py", line 115, in wrapped
Aug 03 10:29:16.940767 dv-cinder-850836-2-iscsi devstack@keystone.service[80318]: ERROR keystone.server.flask.application __ret_val = __f(*args, **kwargs)
Aug 03 10:29:16.940767 dv-cinder-850836-2-iscsi devstack@keystone.service[80318]: ERROR keystone.server.flask.application
File "/usr/local/lib/python3.8/dist-packages/decorator.py", line 232, in fun
Aug 03 10:29:16.940767 dv-cinder-850836-2-iscsi devstack@keystone.service[80318]: ERROR keystone.server.flask.application return caller(func, *(extras + args), **kw)
Aug 03 10:29:16.940767 dv-cinder-850836-2-iscsi devstack@keystone.service[80318]: ERROR keystone.server.flask.application
File "/usr/local/lib/python3.8/dist-packages/dogpile/cache/region.py", line 1577, in get_or_create_for_user_func
Aug 03 10:29:16.940767 dv-cinder-850836-2-iscsi devstack@keystone.service[80318]: ERROR keystone.server.flask.application return self.get_or_create(
Aug 03 10:29:16.940767 dv-cinder-850836-2-iscsi devstack@keystone.service[80318]: ERROR keystone.server.flask.application
File "/usr/local/lib/python3.8/dist-packages/dogpile/cache/region.py", line 1042, in get_or_create
Aug 03 10:29:16.940767 dv-cinder-850836-2-iscsi devstack@keystone.service[80318]: ERROR keystone.server.flask.application with Lock(
Aug 03 10:29:16.940767 dv-cinder-850836-2-iscsi devstack@keystone.service[80318]: ERROR keystone.server.flask.application
File "/usr/local/lib/python3.8/dist-packages/dogpile/lock.py", line 185, in __enter__
Aug 03 10:29:16.940767 dv-cinder-850836-2-iscsi devstack@keystone.service[80318]: ERROR keystone.server.flask.application return self._enter()
Aug 03 10:29:16.940767 dv-cinder-850836-2-iscsi devstack@keystone.service[80318]: ERROR keystone.server.flask.application
File "/usr/local/lib/python3.8/dist-packages/dogpile/lock.py", line 94, in _enter
Aug 03 10:29:16.940767 dv-cinder-850836-2-iscsi devstack@keystone.service[80318]: ERROR keystone.server.flask.application generated = self._enter_create(value, createdtime)
Aug 03 10:29:16.942140 dv-cinder-850836-2-iscsi devstack@keystone.service[80318]: ERROR keystone.server.flask.application
File "/usr/local/lib/python3.8/dist-packages/dogpile/lock.py", line 178, in _enter_create
Aug 03 10:29:16.942140 dv-cinder-850836-2-iscsi devstack@keystone.service[80318]: ERROR keystone.server.flask.application return self.creator()
Aug 03 10:29:16.942140 dv-cinder-850836-2-iscsi devstack@keystone.service[80318]: ERROR keystone.server.flask.application
File "/usr/local/lib/python3.8/dist-packages/dogpile/cache/region.py", line 995, in gen_value
Aug 03 10:29:16.942140 dv-cinder-850836-2-iscsi devstack@keystone.service[80318]: ERROR keystone.server.flask.application created_value = creator(
Aug 03 10:29:16.942140 dv-cinder-850836-2-iscsi devstack@keystone.service[80318]: ERROR keystone.server.flask.application
File "/opt/stack/keystone/keystone/assignment/core.py", line 1276, in get_role
Aug 03 10:29:16.942140 dv-cinder-850836-2-iscsi devstack@keystone.service[80318]: ERROR keystone.server.flask.application return self.driver.get_role(role_id)
Aug 03 10:29:16.942140 dv-cinder-850836-2-iscsi devstack@keystone.service[80318]: ERROR keystone.server.flask.application
File "/opt/stack/keystone/keystone/assignment/role_backends/sql.py", line 70, in get_role
Aug 03 10:29:16.942140 dv-cinder-850836-2-iscsi devstack@keystone.service[80318]: ERROR keystone.server.flask.application return self._get_role(session, role_id).to_dict()
Aug 03 10:29:16.942140 dv-cinder-850836-2-iscsi devstack@keystone.service[80318]: ERROR keystone.server.flask.application
File "/opt/stack/keystone/keystone/assignment/role_backends/sql.py", line 65, in _get_role
Aug 03 10:29:16.942140 dv-cinder-850836-2-iscsi devstack@keystone.service[80318]: ERROR keystone.server.flask.application raise exception.RoleNotFound(role_id=role_id)
Aug 03 10:29:16.942140 dv-cinder-850836-2-iscsi devstack@keystone.service[80318]: ERROR keystone.server.flask.application keystone.exception.RoleNotFound: Could not find role: member.
Aug 03 10:29:16.942140 dv-cinder-850836-2-iscsi devstack@keystone.service[80318]: ERROR keystone.server.flask.application
Aug 03 10:29:16.942140 dv-cinder-850836-2-iscsi devstack@keystone.service[80318]: [pid: 80318|app: 0|req: 43/84] 10.222.0.47 () {56 vars in 1099 bytes} [Wed Aug 3 10:29:16 2022] GET /identity/v3/roles/member => generated 84 bytes in 248 msecs (HTTP/1.1 404) 5 headers in 183 bytes (1 switches on core 0)
Aug 03 10:29:16.944444 dv-cinder-850836-2-iscsi devstack@keystone.service[80318]: DEBUG keystone.server.flask.request_processing.middleware.auth_context [None req-d9920965-e656-45ea-9938-c30d7222361c None admin] Authenticating user token {{(pid=80318) process_request /usr/local/lib/python3.8/dist-packages/keystonemiddleware/auth_token/__init__.py:407}}
Aug 03 10:29:16.980843 dv-cinder-850836-2-iscsi devstack@keystone.service[80319]: DEBUG keystone.server.flask.request_processing.middleware.auth_context [None req-4236a8a2-0f1a-457f-9cc5-eb71f1741ca6 None admin] RBAC: auth_context: {'token': , 'domain_id': None, 'trust_id': None, 'trustor_id': None, 'trustee_id': None, 'domain_name': None, 'group_ids': [], 'user_id': 'fb1a77890b95445982cf98d4ad77cb92', 'user_domain_id': 'default', 'system_scope': 'all', 'project_id': None, 'project_domain_id': None, 'roles': ['admin', 'member', 'reader'], 'is_admin_project': True, 'service_user_id': None, 'service_user_domain_id': None, 'service_project_id': None, 'service_project_domain_id': None, 'service_roles': []} {{(pid=80319) fill_context /opt/stack/keystone/keystone/server/flask/request_processing/middleware/auth_context.py:478}}
Aug 03 10:29:16.981505 dv-cinder-850836-2-iscsi devstack@keystone.service[80319]: DEBUG keystone.server.flask.request_processing.req_logging [None req-4236a8a2-0f1a-457f-9cc5-eb71f1741ca6 None admin] REQUEST_METHOD: `GET` {{(pid=80319) log_request_info /opt/stack/keystone/keystone/server/flask/request_processing/req_logging.py:27}}
Aug 03 10:29:16.981790 dv-cinder-850836-2-iscsi devstack@keystone.service[80319]: DEBUG keystone.server.flask.request_processing.req_logging [None req-4236a8a2-0f1a-457f-9cc5-eb71f1741ca6 None admin] SCRIPT_NAME: `/identity` {{(pid=80319) log_request_info /opt/stack/keystone/keystone/server/flask/request_processing/req_logging.py:28}}
Aug 03 10:29:16.982072 dv-cinder-850836-2-iscsi devstack@keystone.service[80319]: DEBUG keystone.server.flask.request_processing.req_logging [None req-4236a8a2-0f1a-457f-9cc5-eb71f1741ca6 None admin] PATH_INFO: `/v3/role_assignments` {{(pid=80319) log_request_info /opt/stack/keystone/keystone/server/flask/request_processing/req_logging.py:29}}
Aug 03 10:29:16.982884 dv-cinder-850836-2-iscsi devstack@keystone.service[80319]: DEBUG keystone.common.rbac_enforcer.enforcer [None req-4236a8a2-0f1a-457f-9cc5-eb71f1741ca6 None admin] RBAC: Adding query filter params (role.id=82be5cfedcb3407f8d14522ef87247ac, scope.project.id=998a52ff5527415da541925c79fddaab, user.id=3829732fccee407fa473d0c55a5aa1d1) {{(pid=80319) _extract_filter_values /opt/stack/keystone/keystone/common/rbac_enforcer/enforcer.py:167}}
Aug 03 10:29:16.983199 dv-cinder-850836-2-iscsi devstack@keystone.service[80319]: DEBUG keystone.common.rbac_enforcer.enforcer [None req-4236a8a2-0f1a-457f-9cc5-eb71f1741ca6 None admin] RBAC: Authorizing `identity:list_role_assignments()` {{(pid=80319) enforce_call /opt/stack/keystone/keystone/common/rbac_enforcer/enforcer.py:449}}
Aug 03 10:29:16.984685 dv-cinder-850836-2-iscsi devstack@keystone.service[80319]: DEBUG keystone.common.rbac_enforcer.enforcer [None req-4236a8a2-0f1a-457f-9cc5-eb71f1741ca6 None admin] RBAC: Authorization granted {{(pid=80319) enforce_call /opt/stack/keystone/keystone/common/rbac_enforcer/enforcer.py:457}}
Aug 03 10:29:16.990981 dv-cinder-850836-2-iscsi devstack@keystone.service[80319]: [pid: 80319|app: 0|req: 42/85] 10.222.0.47 () {56 vars in 1374 bytes} [Wed Aug 3 10:29:16 2022] GET /identity/v3/role_assignments?user.id=3829732fccee407fa473d0c55a5aa1d1&scope.project.id=998a52ff5527415da541925c79fddaab&role.id=82be5cfedcb3407f8d14522ef87247ac => generated 259 bytes in 173 msecs (HTTP/1.1 200) 5 headers in 177 bytes (1 switches on core 0)
Aug 03 10:29:16.991847 dv-cinder-850836-2-iscsi devstack@keystone.service[80319]: DEBUG keystone.server.flask.request_processing.middleware.auth_context [None req-4236a8a2-0f1a-457f-9cc5-eb71f1741ca6 None admin] Authenticating user token {{(pid=80319) process_request /usr/local/lib/python3.8/dist-packages/keystonemiddleware/auth_token/__init__.py:407}}
Aug 03 10:29:17.059780 dv-cinder-850836-2-iscsi devstack@keystone.service[80318]: DEBUG dbcounter [-] [80318] Writing DB stats keystone:SELECT=100 {{(pid=80318) stat_writer /usr/local/lib/python3.8/dist-packages/dbcounter.py:114}}
Aug 03 10:29:17.129796 dv-cinder-850836-2-iscsi devstack@keystone.service[80318]: DEBUG keystone.server.flask.request_processing.middleware.auth_context [None req-d9920965-e656-45ea-9938-c30d7222361c None admin] Validating token access rules against request {{(pid=80318) validate_allowed_request /usr/local/lib/python3.8/dist-packages/keystonemiddleware/auth_token/__init__.py:545}}
Aug 03 10:29:17.143618 dv-cinder-850836-2-iscsi devstack@keystone.service[80319]: DEBUG dbcounter [-] [80319] Writing DB stats keystone:SELECT=100 {{(pid=80319) stat_writer /usr/local/lib/python3.8/dist-packages/dbcounter.py:114}}
Aug 03 10:29:17.172705 dv-cinder-850836-2-iscsi devstack@keystone.service[80319]: DEBUG keystone.server.flask.request_processing.middleware.auth_context [None req-4236a8a2-0f1a-457f-9cc5-eb71f1741ca6 None admin] Validating token access rules against request {{(pid=80319) validate_allowed_request /usr/local/lib/python3.8/dist-packages/keystonemiddleware/auth_token/__init__.py:545}}
Aug 03 10:29:17.199233 dv-cinder-850836-2-iscsi devstack@keystone.service[80318]: DEBUG keystone.server.flask.request_processing.middleware.auth_context [None req-720e38eb-6656-4d64-9552-9ad44aae27c8 None admin] RBAC: auth_context: {'token': , 'domain_id': None, 'trust_id': None, 'trustor_id': None, 'trustee_id': None, 'domain_name': None, 'group_ids': [], 'user_id': 'fb1a77890b95445982cf98d4ad77cb92', 'user_domain_id': 'default', 'system_scope': 'all', 'project_id': None, 'project_domain_id': None, 'roles': ['admin', 'member', 'reader'], 'is_admin_project': True, 'service_user_id': None, 'service_user_domain_id': None, 'service_project_id': None, 'service_project_domain_id': None, 'service_roles': []} {{(pid=80318) fill_context /opt/stack/keystone/keystone/server/flask/request_processing/middleware/auth_context.py:478}}
Aug 03 10:29:17.200423 dv-cinder-850836-2-iscsi devstack@keystone.service[80318]: DEBUG keystone.server.flask.request_processing.req_logging [None req-720e38eb-6656-4d64-9552-9ad44aae27c8 None admin] REQUEST_METHOD: `GET` {{(pid=80318) log_request_info /opt/stack/keystone/keystone/server/flask/request_processing/req_logging.py:27}}
Aug 03 10:29:17.200718 dv-cinder-850836-2-iscsi devstack@keystone.service[80318]: DEBUG keystone.server.flask.request_processing.req_logging [None req-720e38eb-6656-4d64-9552-9ad44aae27c8 None admin] SCRIPT_NAME: `/identity` {{(pid=80318) log_request_info /opt/stack/keystone/keystone/server/flask/request_processing/req_logging.py:28}}
Aug 03 10:29:17.200995 dv-cinder-850836-2-iscsi devstack@keystone.service[80318]: DEBUG keystone.server.flask.request_processing.req_logging [None req-720e38eb-6656-4d64-9552-9ad44aae27c8 None admin] PATH_INFO: `/v3/auth/tokens` {{(pid=80318) log_request_info /opt/stack/keystone/keystone/server/flask/request_processing/req_logging.py:29}}
Aug 03 10:29:17.231534 dv-cinder-850836-2-iscsi devstack@keystone.service[80319]: DEBUG keystone.server.flask.request_processing.middleware.auth_context [None req-a53acac2-0722-42df-ac53-544b9899d6d4 None admin] RBAC: auth_context: {'token': , 'domain_id': None, 'trust_id': None, 'trustor_id': None, 'trustee_id': None, 'domain_name': None, 'group_ids': [], 'user_id': 'fb1a77890b95445982cf98d4ad77cb92', 'user_domain_id': 'default', 'system_scope': 'all', 'project_id': None, 'project_domain_id': None, 'roles': ['admin', 'member', 'reader'], 'is_admin_project': True, 'service_user_id': None, 'service_user_domain_id': None, 'service_project_id': None, 'service_project_domain_id': None, 'service_roles': []} {{(pid=80319) fill_context /opt/stack/keystone/keystone/server/flask/request_processing/middleware/auth_context.py:478}}
Aug 03 10:29:17.232584 dv-cinder-850836-2-iscsi devstack@keystone.service[80319]: DEBUG keystone.server.flask.request_processing.req_logging [None req-a53acac2-0722-42df-ac53-544b9899d6d4 None admin] REQUEST_METHOD: `GET` {{(pid=80319) log_request_info /opt/stack/keystone/keystone/server/flask/request_processing/req_logging.py:27}}
Aug 03 10:29:17.232998 dv-cinder-850836-2-iscsi devstack@keystone.service[80319]: DEBUG keystone.server.flask.request_processing.req_logging [None req-a53acac2-0722-42df-ac53-544b9899d6d4 None admin] SCRIPT_NAME: `/identity` {{(pid=80319) log_request_info /opt/stack/keystone/keystone/server/flask/request_processing/req_logging.py:28}}
Aug 03 10:29:17.233436 dv-cinder-850836-2-iscsi devstack@keystone.service[80319]: DEBUG keystone.server.flask.request_processing.req_logging [None req-a53acac2-0722-42df-ac53-544b9899d6d4 None admin] PATH_INFO: `/v3/auth/tokens` {{(pid=80319) log_request_info /opt/stack/keystone/keystone/server/flask/request_processing/req_logging.py:29}}
Aug 03 10:29:17.329745 dv-cinder-850836-2-iscsi devstack@keystone.service[80319]: DEBUG keystone.common.rbac_enforcer.enforcer [None req-a53acac2-0722-42df-ac53-544b9899d6d4 None admin] RBAC: Authorizing `identity:validate_token()` {{(pid=80319) enforce_call /opt/stack/keystone/keystone/common/rbac_enforcer/enforcer.py:449}}
Aug 03 10:29:17.331370 dv-cinder-850836-2-iscsi devstack@keystone.service[80318]: DEBUG keystone.common.rbac_enforcer.enforcer [None req-720e38eb-6656-4d64-9552-9ad44aae27c8 None admin] RBAC: Authorizing `identity:validate_token()` {{(pid=80318) enforce_call /opt/stack/keystone/keystone/common/rbac_enforcer/enforcer.py:449}}
Aug 03 10:29:17.332696 dv-cinder-850836-2-iscsi devstack@keystone.service[80319]: DEBUG keystone.common.rbac_enforcer.enforcer [None req-a53acac2-0722-42df-ac53-544b9899d6d4 None admin] RBAC: Authorization granted {{(pid=80319) enforce_call /opt/stack/keystone/keystone/common/rbac_enforcer/enforcer.py:457}}
Aug 03 10:29:17.333406 dv-cinder-850836-2-iscsi devstack@keystone.service[80318]: DEBUG keystone.common.rbac_enforcer.enforcer [None req-720e38eb-6656-4d64-9552-9ad44aae27c8 None admin] RBAC: Authorization granted {{(pid=80318) enforce_call /opt/stack/keystone/keystone/common/rbac_enforcer/enforcer.py:457}}
Aug 03 10:29:17.450160 dv-cinder-850836-2-iscsi devstack@keystone.service[80318]: DEBUG dbcounter [-] [80318] Writing DB stats keystone:SELECT=100 {{(pid=80318) stat_writer /usr/local/lib/python3.8/dist-packages/dbcounter.py:114}}
Aug 03 10:29:17.451584 dv-cinder-850836-2-iscsi devstack@keystone.service[80319]: DEBUG dbcounter [-] [80319] Writing DB stats keystone:SELECT=100 {{(pid=80319) stat_writer /usr/local/lib/python3.8/dist-packages/dbcounter.py:114}}
Aug 03 10:29:17.484199 dv-cinder-850836-2-iscsi devstack@keystone.service[80319]: [pid: 80319|app: 0|req: 43/86] 10.222.0.47 () {58 vars in 1282 bytes} [Wed Aug 3 10:29:16 2022] GET /identity/v3/auth/tokens => generated 799 bytes in 493 msecs (HTTP/1.1 200) 6 headers in 358 bytes (1 switches on core 0)
Aug 03 10:29:17.485181 dv-cinder-850836-2-iscsi devstack@keystone.service[80319]: DEBUG keystone.server.flask.request_processing.middleware.auth_context [None req-a53acac2-0722-42df-ac53-544b9899d6d4 None admin] Authenticating user token {{(pid=80319) process_request /usr/local/lib/python3.8/dist-packages/keystonemiddleware/auth_token/__init__.py:407}}
Aug 03 10:29:17.510809 dv-cinder-850836-2-iscsi devstack@keystone.service[80318]: [pid: 80318|app: 0|req: 44/87] 10.222.0.47 () {58 vars in 1282 bytes} [Wed Aug 3 10:29:16 2022] GET /identity/v3/auth/tokens => generated 799 bytes in 569 msecs (HTTP/1.1 200) 6 headers in 358 bytes (1 switches on core 0)
Aug 03 10:29:17.515109 dv-cinder-850836-2-iscsi devstack@keystone.service[80318]: DEBUG keystone.server.flask.request_processing.middleware.auth_context [None req-720e38eb-6656-4d64-9552-9ad44aae27c8 None admin] Authenticating user token {{(pid=80318) process_request /usr/local/lib/python3.8/dist-packages/keystonemiddleware/auth_token/__init__.py:407}}
Aug 03 10:29:17.652899 dv-cinder-850836-2-iscsi devstack@keystone.service[80319]: DEBUG keystone.server.flask.request_processing.middleware.auth_context [None req-a53acac2-0722-42df-ac53-544b9899d6d4 None admin] Validating token access rules against request {{(pid=80319) validate_allowed_request /usr/local/lib/python3.8/dist-packages/keystonemiddleware/auth_token/__init__.py:545}}
Aug 03 10:29:17.673662 dv-cinder-850836-2-iscsi devstack@keystone.service[80318]: DEBUG keystone.server.flask.request_processing.middleware.auth_context [None req-720e38eb-6656-4d64-9552-9ad44aae27c8 None admin] Validating token access rules against request {{(pid=80318) validate_allowed_request /usr/local/lib/python3.8/dist-packages/keystonemiddleware/auth_token/__init__.py:545}}
Aug 03 10:29:17.702348 dv-cinder-850836-2-iscsi devstack@keystone.service[80319]: DEBUG keystone.server.flask.request_processing.middleware.auth_context [None req-c76e29fc-bc19-4a00-ade8-a3ddc6084bcf None admin] RBAC: auth_context: {'token': , 'domain_id': None, 'trust_id': None, 'trustor_id': None, 'trustee_id': None, 'domain_name': None, 'group_ids': [], 'user_id': 'fb1a77890b95445982cf98d4ad77cb92', 'user_domain_id': 'default', 'system_scope': 'all', 'project_id': None, 'project_domain_id': None, 'roles': ['admin', 'member', 'reader'], 'is_admin_project': True, 'service_user_id': None, 'service_user_domain_id': None, 'service_project_id': None, 'service_project_domain_id': None, 'service_roles': []} {{(pid=80319) fill_context /opt/stack/keystone/keystone/server/flask/request_processing/middleware/auth_context.py:478}}
Aug 03 10:29:17.702995 dv-cinder-850836-2-iscsi devstack@keystone.service[80319]: DEBUG keystone.server.flask.request_processing.req_logging [None req-c76e29fc-bc19-4a00-ade8-a3ddc6084bcf None admin] REQUEST_METHOD: `POST` {{(pid=80319) log_request_info /opt/stack/keystone/keystone/server/flask/request_processing/req_logging.py:27}}
Aug 03 10:29:17.703293 dv-cinder-850836-2-iscsi devstack@keystone.service[80319]: DEBUG keystone.server.flask.request_processing.req_logging [None req-c76e29fc-bc19-4a00-ade8-a3ddc6084bcf None admin] SCRIPT_NAME: `/identity` {{(pid=80319) log_request_info /opt/stack/keystone/keystone/server/flask/request_processing/req_logging.py:28}}
Aug 03 10:29:17.703578 dv-cinder-850836-2-iscsi devstack@keystone.service[80319]: DEBUG keystone.server.flask.request_processing.req_logging [None req-c76e29fc-bc19-4a00-ade8-a3ddc6084bcf None admin] PATH_INFO: `/v3/users` {{(pid=80319) log_request_info /opt/stack/keystone/keystone/server/flask/request_processing/req_logging.py:29}}
Aug 03 10:29:17.704286 dv-cinder-850836-2-iscsi devstack@keystone.service[80319]: DEBUG keystone.common.rbac_enforcer.enforcer [None req-c76e29fc-bc19-4a00-ade8-a3ddc6084bcf None admin] RBAC: Authorizing `identity:create_user()` {{(pid=80319) enforce_call /opt/stack/keystone/keystone/common/rbac_enforcer/enforcer.py:449}}
Aug 03 10:29:17.705797 dv-cinder-850836-2-iscsi devstack@keystone.service[80319]: DEBUG keystone.common.rbac_enforcer.enforcer [None req-c76e29fc-bc19-4a00-ade8-a3ddc6084bcf None admin] RBAC: Authorization granted {{(pid=80319) enforce_call /opt/stack/keystone/keystone/common/rbac_enforcer/enforcer.py:457}}
Aug 03 10:29:17.723220 dv-cinder-850836-2-iscsi devstack@keystone.service[80318]: DEBUG keystone.server.flask.request_processing.middleware.auth_context [None req-5d3bf020-fee6-4055-acc7-a3f5dd585253 None admin] RBAC: auth_context: {'token': , 'domain_id': None, 'trust_id': None, 'trustor_id': None, 'trustee_id': None, 'domain_name': None, 'group_ids': [], 'user_id': 'fb1a77890b95445982cf98d4ad77cb92', 'user_domain_id': 'default', 'system_scope': 'all', 'project_id': None, 'project_domain_id': None, 'roles': ['admin', 'member', 'reader'], 'is_admin_project': True, 'service_user_id': None, 'service_user_domain_id': None, 'service_project_id': None, 'service_project_domain_id': None, 'service_roles': []} {{(pid=80318) fill_context /opt/stack/keystone/keystone/server/flask/request_processing/middleware/auth_context.py:478}}
Aug 03 10:29:17.724743 dv-cinder-850836-2-iscsi devstack@keystone.service[80318]: DEBUG keystone.server.flask.request_processing.req_logging [None req-5d3bf020-fee6-4055-acc7-a3f5dd585253 None admin] REQUEST_METHOD: `GET` {{(pid=80318) log_request_info /opt/stack/keystone/keystone/server/flask/request_processing/req_logging.py:27}}
Aug 03 10:29:17.725290 dv-cinder-850836-2-iscsi devstack@keystone.service[80318]: DEBUG keystone.server.flask.request_processing.req_logging [None req-5d3bf020-fee6-4055-acc7-a3f5dd585253 None admin] SCRIPT_NAME: `/identity` {{(pid=80318) log_request_info /opt/stack/keystone/keystone/server/flask/request_processing/req_logging.py:28}}
Aug 03 10:29:17.725770 dv-cinder-850836-2-iscsi devstack@keystone.service[80318]: DEBUG keystone.server.flask.request_processing.req_logging [None req-5d3bf020-fee6-4055-acc7-a3f5dd585253 None admin] PATH_INFO: `/v3/roles` {{(pid=80318) log_request_info /opt/stack/keystone/keystone/server/flask/request_processing/req_logging.py:29}}
Aug 03 10:29:17.726758 dv-cinder-850836-2-iscsi devstack@keystone.service[80318]: DEBUG keystone.common.rbac_enforcer.enforcer [None req-5d3bf020-fee6-4055-acc7-a3f5dd585253 None admin] RBAC: Adding query filter params (name=member) {{(pid=80318) _extract_filter_values /opt/stack/keystone/keystone/common/rbac_enforcer/enforcer.py:167}}
Aug 03 10:29:17.727297 dv-cinder-850836-2-iscsi devstack@keystone.service[80318]: DEBUG keystone.common.rbac_enforcer.enforcer [None req-5d3bf020-fee6-4055-acc7-a3f5dd585253 None admin] RBAC: Authorizing `identity:list_roles()` {{(pid=80318) enforce_call /opt/stack/keystone/keystone/common/rbac_enforcer/enforcer.py:449}}
Aug 03 10:29:17.729036 dv-cinder-850836-2-iscsi devstack@keystone.service[80318]: DEBUG keystone.common.rbac_enforcer.enforcer [None req-5d3bf020-fee6-4055-acc7-a3f5dd585253 None admin] RBAC: Authorization granted {{(pid=80318) enforce_call /opt/stack/keystone/keystone/common/rbac_enforcer/enforcer.py:457}}
Aug 03 10:29:17.738023 dv-cinder-850836-2-iscsi devstack@keystone.service[80319]: [pid: 80319|app: 0|req: 44/88] 10.222.0.47 () {60 vars in 1132 bytes} [Wed Aug 3 10:29:17 2022] POST /identity/v3/users => generated 289 bytes in 253 msecs (HTTP/1.1 201) 5 headers in 182 bytes (1 switches on core 0)
Aug 03 10:29:17.740609 dv-cinder-850836-2-iscsi devstack@keystone.service[80319]: DEBUG keystone.server.flask.request_processing.middleware.auth_context [None req-c76e29fc-bc19-4a00-ade8-a3ddc6084bcf None admin] Authenticating user token {{(pid=80319) process_request /usr/local/lib/python3.8/dist-packages/keystonemiddleware/auth_token/__init__.py:407}}
Aug 03 10:29:17.745697 dv-cinder-850836-2-iscsi devstack@keystone.service[80318]: [pid: 80318|app: 0|req: 45/89] 10.222.0.47 () {56 vars in 1101 bytes} [Wed Aug 3 10:29:17 2022] GET /identity/v3/roles?name=member => generated 341 bytes in 234 msecs (HTTP/1.1 200) 5 headers in 177 bytes (1 switches on core 0)
Aug 03 10:29:17.746792 dv-cinder-850836-2-iscsi devstack@keystone.service[80318]: DEBUG keystone.server.flask.request_processing.middleware.auth_context [None req-5d3bf020-fee6-4055-acc7-a3f5dd585253 None admin] Authenticating user token {{(pid=80318) process_request /usr/local/lib/python3.8/dist-packages/keystonemiddleware/auth_token/__init__.py:407}}
Aug 03 10:29:17.789386 dv-cinder-850836-2-iscsi devstack@keystone.service[80318]: DEBUG dbcounter [-] [80318] Writing DB stats keystone:SELECT=100 {{(pid=80318) stat_writer /usr/local/lib/python3.8/dist-packages/dbcounter.py:114}}
Aug 03 10:29:17.820061 dv-cinder-850836-2-iscsi devstack@keystone.service[80319]: DEBUG dbcounter [-] [80319] Writing DB stats keystone:SELECT=97,keystone:INSERT=3 {{(pid=80319) stat_writer /usr/local/lib/python3.8/dist-packages/dbcounter.py:114}}
Aug 03 10:29:17.935854 dv-cinder-850836-2-iscsi devstack@keystone.service[80318]: DEBUG keystone.server.flask.request_processing.middleware.auth_context [None req-5d3bf020-fee6-4055-acc7-a3f5dd585253 None admin] Validating token access rules against request {{(pid=80318) validate_allowed_request /usr/local/lib/python3.8/dist-packages/keystonemiddleware/auth_token/__init__.py:545}}
Aug 03 10:29:17.938958 dv-cinder-850836-2-iscsi devstack@keystone.service[80319]: DEBUG keystone.server.flask.request_processing.middleware.auth_context [None req-c76e29fc-bc19-4a00-ade8-a3ddc6084bcf None admin] Validating token access rules against request {{(pid=80319) validate_allowed_request /usr/local/lib/python3.8/dist-packages/keystonemiddleware/auth_token/__init__.py:545}}
Aug 03 10:29:17.994562 dv-cinder-850836-2-iscsi devstack@keystone.service[80318]: DEBUG keystone.server.flask.request_processing.middleware.auth_context [None req-0e038830-3e6f-466d-8e5c-0917e3d9c52a None admin] RBAC: auth_context: {'token': , 'domain_id': None, 'trust_id': None, 'trustor_id': None, 'trustee_id': None, 'domain_name': None, 'group_ids': [], 'user_id': 'fb1a77890b95445982cf98d4ad77cb92', 'user_domain_id': 'default', 'system_scope': 'all', 'project_id': None, 'project_domain_id': None, 'roles': ['admin', 'member', 'reader'], 'is_admin_project': True, 'service_user_id': None, 'service_user_domain_id': None, 'service_project_id': None, 'service_project_domain_id': None, 'service_roles': []} {{(pid=80318) fill_context /opt/stack/keystone/keystone/server/flask/request_processing/middleware/auth_context.py:478}}
Aug 03 10:29:17.995216 dv-cinder-850836-2-iscsi devstack@keystone.service[80318]: DEBUG keystone.server.flask.request_processing.req_logging [None req-0e038830-3e6f-466d-8e5c-0917e3d9c52a None admin] REQUEST_METHOD: `GET` {{(pid=80318) log_request_info /opt/stack/keystone/keystone/server/flask/request_processing/req_logging.py:27}}
Aug 03 10:29:17.995493 dv-cinder-850836-2-iscsi devstack@keystone.service[80318]: DEBUG keystone.server.flask.request_processing.req_logging [None req-0e038830-3e6f-466d-8e5c-0917e3d9c52a None admin] SCRIPT_NAME: `/identity` {{(pid=80318) log_request_info /opt/stack/keystone/keystone/server/flask/request_processing/req_logging.py:28}}
Aug 03 10:29:17.995791 dv-cinder-850836-2-iscsi devstack@keystone.service[80318]: DEBUG keystone.server.flask.request_processing.req_logging [None req-0e038830-3e6f-466d-8e5c-0917e3d9c52a None admin] PATH_INFO: `/v3/projects/998a52ff5527415da541925c79fddaab` {{(pid=80318) log_request_info /opt/stack/keystone/keystone/server/flask/request_processing/req_logging.py:29}}
Aug 03 10:29:17.997055 dv-cinder-850836-2-iscsi devstack@keystone.service[80318]: DEBUG keystone.common.rbac_enforcer.enforcer [None req-0e038830-3e6f-466d-8e5c-0917e3d9c52a None admin] RBAC: Authorizing `identity:get_project(project_id=998a52ff5527415da541925c79fddaab)` {{(pid=80318) enforce_call /opt/stack/keystone/keystone/common/rbac_enforcer/enforcer.py:449}}
Aug 03 10:29:17.998612 dv-cinder-850836-2-iscsi devstack@keystone.service[80318]: DEBUG keystone.common.rbac_enforcer.enforcer [None req-0e038830-3e6f-466d-8e5c-0917e3d9c52a None admin] RBAC: Authorization granted {{(pid=80318) enforce_call /opt/stack/keystone/keystone/common/rbac_enforcer/enforcer.py:457}}
Aug 03 10:29:18.000885 dv-cinder-850836-2-iscsi devstack@keystone.service[80318]: [pid: 80318|app: 0|req: 46/90] 10.222.0.47 () {56 vars in 1186 bytes} [Wed Aug 3 10:29:17 2022] GET /identity/v3/projects/998a52ff5527415da541925c79fddaab => generated 298 bytes in 254 msecs (HTTP/1.1 200) 5 headers in 177 bytes (1 switches on core 0)
Aug 03 10:29:18.001690 dv-cinder-850836-2-iscsi devstack@keystone.service[80318]: DEBUG keystone.server.flask.request_processing.middleware.auth_context [None req-0e038830-3e6f-466d-8e5c-0917e3d9c52a None admin] Authenticating user token {{(pid=80318) process_request /usr/local/lib/python3.8/dist-packages/keystonemiddleware/auth_token/__init__.py:407}}
Aug 03 10:29:18.011580 dv-cinder-850836-2-iscsi devstack@keystone.service[80319]: DEBUG keystone.server.flask.request_processing.middleware.auth_context [None req-c57deec4-8f59-4fbd-8ae3-93bf449fa0eb None admin] RBAC: auth_context: {'token': , 'domain_id': None, 'trust_id': None, 'trustor_id': None, 'trustee_id': None, 'domain_name': None, 'group_ids': [], 'user_id': 'fb1a77890b95445982cf98d4ad77cb92', 'user_domain_id': 'default', 'system_scope': 'all', 'project_id': None, 'project_domain_id': None, 'roles': ['admin', 'member', 'reader'], 'is_admin_project': True, 'service_user_id': None, 'service_user_domain_id': None, 'service_project_id': None, 'service_project_domain_id': None, 'service_roles': []} {{(pid=80319) fill_context /opt/stack/keystone/keystone/server/flask/request_processing/middleware/auth_context.py:478}}
Aug 03 10:29:18.013956 dv-cinder-850836-2-iscsi devstack@keystone.service[80319]: DEBUG keystone.server.flask.request_processing.req_logging [None req-c57deec4-8f59-4fbd-8ae3-93bf449fa0eb None admin] REQUEST_METHOD: `GET` {{(pid=80319) log_request_info /opt/stack/keystone/keystone/server/flask/request_processing/req_logging.py:27}}
Aug 03 10:29:18.014379 dv-cinder-850836-2-iscsi devstack@keystone.service[80319]: DEBUG keystone.server.flask.request_processing.req_logging [None req-c57deec4-8f59-4fbd-8ae3-93bf449fa0eb None admin] SCRIPT_NAME: `/identity` {{(pid=80319) log_request_info /opt/stack/keystone/keystone/server/flask/request_processing/req_logging.py:28}}
Aug 03 10:29:18.014659 dv-cinder-850836-2-iscsi devstack@keystone.service[80319]: DEBUG keystone.server.flask.request_processing.req_logging [None req-c57deec4-8f59-4fbd-8ae3-93bf449fa0eb None admin] PATH_INFO: `/v3/projects/998a52ff5527415da541925c79fddaab` {{(pid=80319) log_request_info /opt/stack/keystone/keystone/server/flask/request_processing/req_logging.py:29}}
Aug 03 10:29:18.016692 dv-cinder-850836-2-iscsi devstack@keystone.service[80319]: DEBUG keystone.common.rbac_enforcer.enforcer [None req-c57deec4-8f59-4fbd-8ae3-93bf449fa0eb None admin] RBAC: Authorizing `identity:get_project(project_id=998a52ff5527415da541925c79fddaab)` {{(pid=80319) enforce_call /opt/stack/keystone/keystone/common/rbac_enforcer/enforcer.py:449}}
Aug 03 10:29:18.019365 dv-cinder-850836-2-iscsi devstack@keystone.service[80319]: DEBUG keystone.common.rbac_enforcer.enforcer [None req-c57deec4-8f59-4fbd-8ae3-93bf449fa0eb None admin] RBAC: Authorization granted {{(pid=80319) enforce_call /opt/stack/keystone/keystone/common/rbac_enforcer/enforcer.py:457}}
Aug 03 10:29:18.022930 dv-cinder-850836-2-iscsi devstack@keystone.service[80319]: [pid: 80319|app: 0|req: 45/91] 10.222.0.47 () {56 vars in 1186 bytes} [Wed Aug 3 10:29:17 2022] GET /identity/v3/projects/998a52ff5527415da541925c79fddaab => generated 298 bytes in 283 msecs (HTTP/1.1 200) 5 headers in 177 bytes (1 switches on core 0)
Aug 03 10:29:18.024367 dv-cinder-850836-2-iscsi devstack@keystone.service[80319]: DEBUG keystone.server.flask.request_processing.middleware.auth_context [None req-c57deec4-8f59-4fbd-8ae3-93bf449fa0eb None admin] Authenticating user token {{(pid=80319) process_request /usr/local/lib/python3.8/dist-packages/keystonemiddleware/auth_token/__init__.py:407}}
Aug 03 10:29:18.178677 dv-cinder-850836-2-iscsi devstack@keystone.service[80318]: DEBUG dbcounter [-] [80318] Writing DB stats keystone:SELECT=100 {{(pid=80318) stat_writer /usr/local/lib/python3.8/dist-packages/dbcounter.py:114}}
Aug 03 10:29:18.183742 dv-cinder-850836-2-iscsi devstack@keystone.service[80318]: DEBUG keystone.server.flask.request_processing.middleware.auth_context [None req-0e038830-3e6f-466d-8e5c-0917e3d9c52a None admin] Validating token access rules against request {{(pid=80318) validate_allowed_request /usr/local/lib/python3.8/dist-packages/keystonemiddleware/auth_token/__init__.py:545}}
Aug 03 10:29:18.191795 dv-cinder-850836-2-iscsi devstack@keystone.service[80319]: DEBUG keystone.server.flask.request_processing.middleware.auth_context [None req-c57deec4-8f59-4fbd-8ae3-93bf449fa0eb None admin] Validating token access rules against request {{(pid=80319) validate_allowed_request /usr/local/lib/python3.8/dist-packages/keystonemiddleware/auth_token/__init__.py:545}}
Aug 03 10:29:18.196383 dv-cinder-850836-2-iscsi devstack@keystone.service[80319]: DEBUG dbcounter [-] [80319] Writing DB stats keystone:SELECT=100 {{(pid=80319) stat_writer /usr/local/lib/python3.8/dist-packages/dbcounter.py:114}}
Aug 03 10:29:18.243050 dv-cinder-850836-2-iscsi devstack@keystone.service[80318]: DEBUG keystone.server.flask.request_processing.middleware.auth_context [None req-2461927a-982e-419a-8388-418b9fcf3088 None admin] RBAC: auth_context: {'token': , 'domain_id': None, 'trust_id': None, 'trustor_id': None, 'trustee_id': None, 'domain_name': None, 'group_ids': [], 'user_id': 'fb1a77890b95445982cf98d4ad77cb92', 'user_domain_id': 'default', 'system_scope': 'all', 'project_id': None, 'project_domain_id': None, 'roles': ['admin', 'member', 'reader'], 'is_admin_project': True, 'service_user_id': None, 'service_user_domain_id': None, 'service_project_id': None, 'service_project_domain_id': None, 'service_roles': []} {{(pid=80318) fill_context /opt/stack/keystone/keystone/server/flask/request_processing/middleware/auth_context.py:478}}
Aug 03 10:29:18.244090 dv-cinder-850836-2-iscsi devstack@keystone.service[80318]: DEBUG keystone.server.flask.request_processing.req_logging [None req-2461927a-982e-419a-8388-418b9fcf3088 None admin] REQUEST_METHOD: `GET` {{(pid=80318) log_request_info /opt/stack/keystone/keystone/server/flask/request_processing/req_logging.py:27}}
