Jul 21 22:30:56.538633 dv-cinder-850698-1-smb neutron-server[103921]: INFO neutron.wsgi [req-b5c214ee-37ba-4b21-a596-f58014e95830 req-ea497028-057f-4826-9ab1-4c4000616fe1 tempest-ServerRescueNegativeTestJSON-990273737 tempest-ServerRescueNegativeTestJSON-990273737-project] 10.222.0.55 "GET /v2.0/security-groups?id=b5d4aeb7-ffe8-45ee-a3e4-55f0475ab9e7&fields=id&fields=name HTTP/1.1" status: 200 len: 286 time: 0.1669512
Jul 21 22:30:56.578815 dv-cinder-850698-1-smb neutron-server[103921]: INFO neutron.wsgi [req-b54cefd9-16bc-45a3-9bb7-50fa9f14cb79 req-bc1082e1-69c5-4402-af2f-188c49c9ebd3 service neutron] 10.222.0.36 "GET /v2.0/networks/d037d169-2a1e-4a44-b96f-2fe9d6652df6?fields=segments HTTP/1.1" status: 200 len: 212 time: 0.2376943
Jul 21 22:30:56.647534 dv-cinder-850698-1-smb neutron-server[103923]: DEBUG neutron.plugins.ml2.plugin [None req-ae4bdcc7-17d0-4a3b-bd83-934088900322 None None] Current status of the port ffef4493-2504-4da6-b05f-9989b57112ea is: BUILD; New status is: ACTIVE {{(pid=103923) _update_individual_port_db_status /opt/stack/neutron/neutron/plugins/ml2/plugin.py:2292}}
Jul 21 22:30:56.647939 dv-cinder-850698-1-smb neutron-server[103923]: DEBUG neutron_lib.callbacks.manager [None req-ae4bdcc7-17d0-4a3b-bd83-934088900322 None None] Publish callbacks ['neutron.plugins.ml2.plugin.SecurityGroupDbMixin._ensure_default_security_group_handler-659462'] for port (ffef4493-2504-4da6-b05f-9989b57112ea), before_update {{(pid=103923) _notify_loop /usr/local/lib/python3.8/dist-packages/neutron_lib/callbacks/manager.py:176}}
Jul 21 22:30:56.651176 dv-cinder-850698-1-smb neutron-server[103923]: DEBUG neutron.plugins.ml2.plugin [None req-ae4bdcc7-17d0-4a3b-bd83-934088900322 None None] Current status of the port 2a2f23aa-8804-4fbc-b95a-2b6ec2b3d908 is: DOWN; New status is: BUILD {{(pid=103923) _update_individual_port_db_status /opt/stack/neutron/neutron/plugins/ml2/plugin.py:2292}}
Jul 21 22:30:56.651546 dv-cinder-850698-1-smb neutron-server[103923]: DEBUG neutron_lib.callbacks.manager [None req-ae4bdcc7-17d0-4a3b-bd83-934088900322 None None] Publish callbacks ['neutron.plugins.ml2.plugin.SecurityGroupDbMixin._ensure_default_security_group_handler-659462'] for port (2a2f23aa-8804-4fbc-b95a-2b6ec2b3d908), before_update {{(pid=103923) _notify_loop /usr/local/lib/python3.8/dist-packages/neutron_lib/callbacks/manager.py:176}}
Jul 21 22:30:56.699762 dv-cinder-850698-1-smb neutron-server[103923]: DEBUG neutron.notifiers.nova [None req-ae4bdcc7-17d0-4a3b-bd83-934088900322 None None] Ignoring state change previous_port_status: DOWN current_port_status: BUILD port_id 2a2f23aa-8804-4fbc-b95a-2b6ec2b3d908 {{(pid=103923) record_port_status_changed /opt/stack/neutron/neutron/notifiers/nova.py:233}}
Jul 21 22:30:56.715294 dv-cinder-850698-1-smb neutron-server[103921]: DEBUG neutron.pecan_wsgi.hooks.policy_enforcement [req-5114088e-91e4-4171-9b85-73d1df859b09 req-cbe83b3c-d4c2-4958-95c6-84ff63b10617 tempest-DeleteServersTestJSON-1905251446 tempest-DeleteServersTestJSON-1905251446-project] Attributes excluded by policy engine: ['standard_attr_id', 'binding:profile', 'binding:host_id', 'binding:vif_type', 'binding:vif_details'] {{(pid=103921) _exclude_attributes_by_policy /opt/stack/neutron/neutron/pecan_wsgi/hooks/policy_enforcement.py:259}}
Jul 21 22:30:56.725130 dv-cinder-850698-1-smb neutron-server[103921]: INFO neutron.wsgi [req-5114088e-91e4-4171-9b85-73d1df859b09 req-cbe83b3c-d4c2-4958-95c6-84ff63b10617 tempest-DeleteServersTestJSON-1905251446 tempest-DeleteServersTestJSON-1905251446-project] 10.222.0.55 "GET /v2.0/ports?device_id=9d035ee0-41dd-40fc-9a0c-6d8e1941367f HTTP/1.1" status: 200 len: 945 time: 0.0616131
Jul 21 22:30:56.736109 dv-cinder-850698-1-smb neutron-server[103921]: DEBUG neutron.wsgi [-] (103921) accepted ('10.222.0.55', 40584) {{(pid=103921) server /usr/local/lib/python3.8/dist-packages/eventlet/wsgi.py:1004}}
Jul 21 22:30:56.763190 dv-cinder-850698-1-smb neutron-server[103923]: DEBUG neutron.plugins.ml2.db [None req-ae4bdcc7-17d0-4a3b-bd83-934088900322 None None] For port 2a2f23aa-8804-4fbc-b95a-2b6ec2b3d908, host hv-cinder-85069, got binding levels [PortBindingLevel(driver='hyperv',host='hv-cinder-85069',level=0,port_id=2a2f23aa-8804-4fbc-b95a-2b6ec2b3d908,segment=NetworkSegment(90372688-86af-488a-bcca-d41c45d8b31c),segment_id=90372688-86af-488a-bcca-d41c45d8b31c)] {{(pid=103923) get_binding_level_objs /opt/stack/neutron/neutron/plugins/ml2/db.py:74}}
Jul 21 22:30:56.775950 dv-cinder-850698-1-smb neutron-server[103923]: DEBUG neutron_lib.callbacks.manager [None req-ae4bdcc7-17d0-4a3b-bd83-934088900322 None None] Publish callbacks ['neutron.plugins.ml2.plugin.SecurityGroupServerNotifierRpcMixin._notify_sg_on_port_change-659527', 'neutron.plugins.ml2.ovo_rpc._ObjectChangeHandler.handle_event-1904969', 'neutron.api.rpc.agentnotifiers.dhcp_rpc_agent_api.DhcpAgentNotifyAPI._native_event_send_dhcp_notification-2063846', 'neutron.db.l3_db.L3RpcNotifierMixin._notify_gateway_port_ip_changed-8759777762506', 'neutron.db.l3_dvrscheduler_db._notify_l3_agent_port_update-8759777398038', 'neutron.db.l3_hascheduler_db._notify_l3_agent_ha_port_update-8759777398056'] for port (2a2f23aa-8804-4fbc-b95a-2b6ec2b3d908), after_update {{(pid=103923) _notify_loop /usr/local/lib/python3.8/dist-packages/neutron_lib/callbacks/manager.py:176}}
Jul 21 22:30:56.809323 dv-cinder-850698-1-smb neutron-server[103921]: DEBUG dbcounter [-] [103921] Writing DB stats neutron:SELECT=100 {{(pid=103921) stat_writer /usr/local/lib/python3.8/dist-packages/dbcounter.py:114}}
Jul 21 22:30:56.847353 dv-cinder-850698-1-smb neutron-server[103923]: DEBUG dbcounter [-] [103923] Writing DB stats neutron:SELECT=98,neutron:DELETE=1,neutron:UPDATE=1 {{(pid=103923) stat_writer /usr/local/lib/python3.8/dist-packages/dbcounter.py:114}}
Jul 21 22:30:56.848409 dv-cinder-850698-1-smb neutron-server[103923]: DEBUG neutron.api.rpc.handlers.resources_rpc [None req-ae4bdcc7-17d0-4a3b-bd83-934088900322 None None] Pushing event updated for resources: {'Port': ['ID=2a2f23aa-8804-4fbc-b95a-2b6ec2b3d908,revision_number=4']} {{(pid=103923) push /opt/stack/neutron/neutron/api/rpc/handlers/resources_rpc.py:237}}
Jul 21 22:30:56.861899 dv-cinder-850698-1-smb neutron-server[103923]: DEBUG neutron.plugins.ml2.db [None req-ae4bdcc7-17d0-4a3b-bd83-934088900322 None None] For port ffef4493-2504-4da6-b05f-9989b57112ea, host hv-cinder-85069, got binding levels [PortBindingLevel(driver='hyperv',host='hv-cinder-85069',level=0,port_id=ffef4493-2504-4da6-b05f-9989b57112ea,segment=NetworkSegment(315bfe92-b661-4060-b634-b0f4a470fdac),segment_id=315bfe92-b661-4060-b634-b0f4a470fdac)] {{(pid=103923) get_binding_level_objs /opt/stack/neutron/neutron/plugins/ml2/db.py:74}}
Jul 21 22:30:56.868414 dv-cinder-850698-1-smb neutron-server[103923]: DEBUG neutron_lib.callbacks.manager [None req-ae4bdcc7-17d0-4a3b-bd83-934088900322 None None] Publish callbacks ['neutron.plugins.ml2.plugin.SecurityGroupServerNotifierRpcMixin._notify_sg_on_port_change-659527', 'neutron.plugins.ml2.ovo_rpc._ObjectChangeHandler.handle_event-1904969', 'neutron.api.rpc.agentnotifiers.dhcp_rpc_agent_api.DhcpAgentNotifyAPI._native_event_send_dhcp_notification-2063846', 'neutron.db.l3_db.L3RpcNotifierMixin._notify_gateway_port_ip_changed-8759777762506', 'neutron.db.l3_dvrscheduler_db._notify_l3_agent_port_update-8759777398038', 'neutron.db.l3_hascheduler_db._notify_l3_agent_ha_port_update-8759777398056'] for port (ffef4493-2504-4da6-b05f-9989b57112ea), after_update {{(pid=103923) _notify_loop /usr/local/lib/python3.8/dist-packages/neutron_lib/callbacks/manager.py:176}}
Jul 21 22:30:56.871467 dv-cinder-850698-1-smb neutron-server[103921]: INFO neutron.wsgi [req-5114088e-91e4-4171-9b85-73d1df859b09 req-93c51b9c-4dc2-4fd7-81d2-e3604af9ace4 tempest-DeleteServersTestJSON-1905251446 tempest-DeleteServersTestJSON-1905251446-project] 10.222.0.55 "GET /v2.0/security-groups?id=41c02939-f1ea-4903-a3b4-e77f8e32d896&fields=id&fields=name HTTP/1.1" status: 200 len: 286 time: 0.1441383
Jul 21 22:30:56.921910 dv-cinder-850698-1-smb neutron-server[103921]: INFO neutron.wsgi [req-b54cefd9-16bc-45a3-9bb7-50fa9f14cb79 req-1e728472-bea0-4953-b21f-07aecdeb43ae service neutron] 10.222.0.36 "GET /v2.0/networks/d037d169-2a1e-4a44-b96f-2fe9d6652df6?fields=provider%3Aphysical_network&fields=provider%3Anetwork_type HTTP/1.1" status: 200 len: 281 time: 0.3262639
Jul 21 22:30:56.930736 dv-cinder-850698-1-smb neutron-server[103923]: DEBUG neutron.api.rpc.handlers.resources_rpc [None req-ae4bdcc7-17d0-4a3b-bd83-934088900322 None None] Pushing event updated for resources: {'Port': ['ID=ffef4493-2504-4da6-b05f-9989b57112ea,revision_number=5']} {{(pid=103923) push /opt/stack/neutron/neutron/api/rpc/handlers/resources_rpc.py:237}}
Jul 21 22:30:56.975953 dv-cinder-850698-1-smb neutron-server[103921]: DEBUG neutron_lib.callbacks.manager [None req-ad30f99e-254e-4ce0-aa7e-7ddd4b4032a4 admin admin] Publish callbacks [] for security_group (None), before_create {{(pid=103921) _notify_loop /usr/local/lib/python3.8/dist-packages/neutron_lib/callbacks/manager.py:176}}
Jul 21 22:30:57.062676 dv-cinder-850698-1-smb neutron-server[103921]: DEBUG neutron.pecan_wsgi.hooks.policy_enforcement [req-a3b75d64-45cc-4446-ae90-0f529827b254 req-6b4be3ef-dda7-401e-a3c6-fa2d8e893e77 tempest-AttachVolumeTestJSON-39103224 tempest-AttachVolumeTestJSON-39103224-project] Attributes excluded by policy engine: ['standard_attr_id', 'binding:profile', 'binding:host_id', 'binding:vif_type', 'binding:vif_details'] {{(pid=103921) _exclude_attributes_by_policy /opt/stack/neutron/neutron/pecan_wsgi/hooks/policy_enforcement.py:259}}
Jul 21 22:30:57.065267 dv-cinder-850698-1-smb neutron-server[103921]: INFO neutron.wsgi [req-a3b75d64-45cc-4446-ae90-0f529827b254 req-6b4be3ef-dda7-401e-a3c6-fa2d8e893e77 tempest-AttachVolumeTestJSON-39103224 tempest-AttachVolumeTestJSON-39103224-project] 10.222.0.55 "GET /v2.0/ports?device_id=cee77946-6c49-4c03-bfbb-547896478e4f HTTP/1.1" status: 200 len: 943 time: 0.0773804
Jul 21 22:30:57.111506 dv-cinder-850698-1-smb neutron-server[103922]: INFO neutron.wsgi [req-3e3a3d7a-335f-4bc0-89e8-28ef2c607951 req-1eca4383-c2e1-4405-8c2a-979ff195c552 tempest-AttachVolumeShelveTestJSON-1826387151 tempest-AttachVolumeShelveTestJSON-1826387151-project] 10.222.0.55 "GET /v2.0/security-groups?id=013d42d6-47c9-4b2b-a698-13b51b88ea25&fields=id&fields=name HTTP/1.1" status: 200 len: 312 time: 1.0940795
Jul 21 22:30:57.112497 dv-cinder-850698-1-smb neutron-server[103922]: DEBUG neutron.pecan_wsgi.hooks.policy_enforcement [req-ecc0b067-1249-4e9e-b6c2-450b332da0f9 req-16fe32cd-ab7c-4039-a675-11d24d27662f service neutron] Attributes excluded by policy engine: ['standard_attr_id'] {{(pid=103922) _exclude_attributes_by_policy /opt/stack/neutron/neutron/pecan_wsgi/hooks/policy_enforcement.py:259}}
Jul 21 22:30:57.114197 dv-cinder-850698-1-smb neutron-server[103922]: INFO neutron.wsgi [req-ecc0b067-1249-4e9e-b6c2-450b332da0f9 req-16fe32cd-ab7c-4039-a675-11d24d27662f service neutron] 10.222.0.36 "GET /v2.0/ports?device_id=b3b8a8d9-5781-431c-b0ad-5e608cd06711 HTTP/1.1" status: 200 len: 1130 time: 1.0778675
Jul 21 22:30:57.154290 dv-cinder-850698-1-smb neutron-server[103921]: INFO neutron.wsgi [req-a3b75d64-45cc-4446-ae90-0f529827b254 req-6dcead76-6ae9-4dfd-8b99-27dc3f966e17 tempest-AttachVolumeTestJSON-39103224 tempest-AttachVolumeTestJSON-39103224-project] 10.222.0.55 "GET /v2.0/security-groups?id=604afeae-45e5-4c81-afb3-5917855dc3ed&fields=id&fields=name HTTP/1.1" status: 200 len: 312 time: 0.0823443
Jul 21 22:30:57.170211 dv-cinder-850698-1-smb neutron-server[103921]: DEBUG neutron_lib.callbacks.manager [None req-ad30f99e-254e-4ce0-aa7e-7ddd4b4032a4 admin admin] Publish callbacks [] for security_group (7251cf86-fd86-4e9c-8d5d-be9603dc9316), precommit_create {{(pid=103921) _notify_loop /usr/local/lib/python3.8/dist-packages/neutron_lib/callbacks/manager.py:176}}
Jul 21 22:30:57.175450 dv-cinder-850698-1-smb neutron-server[103921]: DEBUG neutron_lib.callbacks.manager [None req-ad30f99e-254e-4ce0-aa7e-7ddd4b4032a4 admin admin] Publish callbacks ['neutron.plugins.ml2.ovo_rpc._ObjectChangeHandler.handle_event-2024758'] for security_group (7251cf86-fd86-4e9c-8d5d-be9603dc9316), after_create {{(pid=103921) _notify_loop /usr/local/lib/python3.8/dist-packages/neutron_lib/callbacks/manager.py:176}}
Jul 21 22:30:57.192856 dv-cinder-850698-1-smb neutron-server[103923]: DEBUG neutron.plugins.ml2.db [None req-ae4bdcc7-17d0-4a3b-bd83-934088900322 None None] get_ports_and_sgs() called for port_ids ['2a2f23aa-8804-4fbc-b95a-2b6ec2b3d908'] {{(pid=103923) get_ports_and_sgs /opt/stack/neutron/neutron/plugins/ml2/db.py:156}}
Jul 21 22:30:57.200889 dv-cinder-850698-1-smb neutron-server[103922]: DEBUG neutron_lib.callbacks.manager [req-ecc0b067-1249-4e9e-b6c2-450b332da0f9 req-1e04189d-e14a-44be-a72f-f7b40391bad4 service neutron] Publish callbacks [] for security_group (None), before_create {{(pid=103922) _notify_loop /usr/local/lib/python3.8/dist-packages/neutron_lib/callbacks/manager.py:176}}
Jul 21 22:30:57.219650 dv-cinder-850698-1-smb neutron-server[103921]: INFO neutron.wsgi [None req-ad30f99e-254e-4ce0-aa7e-7ddd4b4032a4 admin admin] 10.222.0.55 "GET /v2.0/security-groups?tenant_id=e937fbb43d934af8af7622619a247dba&name=default HTTP/1.1" status: 200 len: 2996 time: 0.4820757
Jul 21 22:30:57.220813 dv-cinder-850698-1-smb neutron-server[103921]: DEBUG neutron.api.rpc.handlers.resources_rpc [None req-ad30f99e-254e-4ce0-aa7e-7ddd4b4032a4 admin admin] Pushing event updated for resources: {'SecurityGroup': ['ID=7251cf86-fd86-4e9c-8d5d-be9603dc9316,revision_number=1']} {{(pid=103921) push /opt/stack/neutron/neutron/api/rpc/handlers/resources_rpc.py:237}}
Jul 21 22:30:57.223474 dv-cinder-850698-1-smb neutron-server[103921]: DEBUG neutron.wsgi [-] (103921) accepted ('10.222.0.55', 40600) {{(pid=103921) server /usr/local/lib/python3.8/dist-packages/eventlet/wsgi.py:1004}}
Jul 21 22:30:57.225025 dv-cinder-850698-1-smb neutron-server[103923]: DEBUG dbcounter [-] [103923] Writing DB stats neutron:SELECT=94,neutron:UPDATE=6 {{(pid=103923) stat_writer /usr/local/lib/python3.8/dist-packages/dbcounter.py:114}}
Jul 21 22:30:57.241421 dv-cinder-850698-1-smb neutron-server[103922]: INFO neutron.wsgi [req-ae7ecd52-8869-4419-8889-1c21a4e9e107 req-943c5d52-509d-412f-8abd-1e02f3c0bb89 service neutron] 10.222.0.36 "GET /v2.0/networks/248e6ea7-6253-4c22-9d66-5f0581dca67b?fields=provider%3Aphysical_network&fields=provider%3Anetwork_type HTTP/1.1" status: 200 len: 281 time: 1.2227728
Jul 21 22:30:57.268918 dv-cinder-850698-1-smb neutron-server[103922]: INFO neutron.wsgi [req-8a1f65a5-537c-4d4e-b11c-3ba1d4856438 req-2721add5-b66c-44c7-8b4b-b96d04d9988e service neutron] 10.222.0.36 "GET /v2.0/networks/74738710-199f-4846-b853-8210bae1c94d?fields=provider%3Aphysical_network&fields=provider%3Anetwork_type HTTP/1.1" status: 200 len: 281 time: 0.2473330
Jul 21 22:30:57.313283 dv-cinder-850698-1-smb neutron-server[103923]: DEBUG neutron_lib.callbacks.manager [None req-ae4bdcc7-17d0-4a3b-bd83-934088900322 None None] Publish callbacks ['neutron.services.segments.db._update_segment_host_mapping_for_agent-8759777867834', 'neutron.plugins.ml2.plugin.Ml2Plugin._retry_binding_revived_agents-733301'] for agent (7063cb9b-3d3c-4ae6-a1a3-6bd09b9c55d1), after_update {{(pid=103923) _notify_loop /usr/local/lib/python3.8/dist-packages/neutron_lib/callbacks/manager.py:176}}
Jul 21 22:30:57.329725 dv-cinder-850698-1-smb neutron-server[103921]: DEBUG neutron_lib.callbacks.manager [None req-771b0528-fe71-4fc5-8164-a55850594d4b admin admin] Publish callbacks [] for security_group (7251cf86-fd86-4e9c-8d5d-be9603dc9316), before_delete {{(pid=103921) _notify_loop /usr/local/lib/python3.8/dist-packages/neutron_lib/callbacks/manager.py:176}}
Jul 21 22:30:57.334562 dv-cinder-850698-1-smb neutron-server[103921]: DEBUG dbcounter [-] [103921] Writing DB stats neutron:SELECT=94,neutron:INSERT=5,neutron:UPDATE=1 {{(pid=103921) stat_writer /usr/local/lib/python3.8/dist-packages/dbcounter.py:114}}
Jul 21 22:30:57.370144 dv-cinder-850698-1-smb neutron-server[103921]: DEBUG neutron_lib.callbacks.manager [None req-771b0528-fe71-4fc5-8164-a55850594d4b admin admin] Publish callbacks [] for security_group (7251cf86-fd86-4e9c-8d5d-be9603dc9316), precommit_delete {{(pid=103921) _notify_loop /usr/local/lib/python3.8/dist-packages/neutron_lib/callbacks/manager.py:176}}
Jul 21 22:30:57.370762 dv-cinder-850698-1-smb neutron-server[103922]: DEBUG neutron_lib.callbacks.manager [req-ecc0b067-1249-4e9e-b6c2-450b332da0f9 req-1e04189d-e14a-44be-a72f-f7b40391bad4 service neutron] Publish callbacks [] for security_group (7724a403-daf3-446a-b9e1-f4200267ee44), precommit_create {{(pid=103922) _notify_loop /usr/local/lib/python3.8/dist-packages/neutron_lib/callbacks/manager.py:176}}
Jul 21 22:30:57.378139 dv-cinder-850698-1-smb neutron-server[103922]: DEBUG neutron_lib.callbacks.manager [req-ecc0b067-1249-4e9e-b6c2-450b332da0f9 req-1e04189d-e14a-44be-a72f-f7b40391bad4 service neutron] Publish callbacks ['neutron.plugins.ml2.ovo_rpc._ObjectChangeHandler.handle_event-2024758'] for security_group (7724a403-daf3-446a-b9e1-f4200267ee44), after_create {{(pid=103922) _notify_loop /usr/local/lib/python3.8/dist-packages/neutron_lib/callbacks/manager.py:176}}
Jul 21 22:30:57.413195 dv-cinder-850698-1-smb neutron-server[103923]: DEBUG neutron.notifiers.nova [-] Sending events: [{'server_uuid': '9d035ee0-41dd-40fc-9a0c-6d8e1941367f', 'name': 'network-vif-plugged', 'status': 'completed', 'tag': 'ffef4493-2504-4da6-b05f-9989b57112ea'}] {{(pid=103923) send_events /opt/stack/neutron/neutron/notifiers/nova.py:271}}
Jul 21 22:30:57.415838 dv-cinder-850698-1-smb neutron-server[103923]: DEBUG novaclient.v2.client [-] REQ: curl -g -i --cacert "/opt/stack/data/ca-bundle.pem" -X POST http://10.222.0.55/compute/v2.1/os-server-external-events -H "Accept: application/json" -H "Content-Type: application/json" -H "User-Agent: python-novaclient" -H "X-Auth-Token: {SHA256}299aac9a24f62222747bbffadf16552af3bd14d52c8d5cad9a6e90239c9c8819" -H "X-OpenStack-Nova-API-Version: 2.1" -H "X-OpenStack-Request-ID: req-f9899fb2-cff2-49c8-9d24-feb5584b1de1" -d '{"events": [{"server_uuid": "9d035ee0-41dd-40fc-9a0c-6d8e1941367f", "name": "network-vif-plugged", "status": "completed", "tag": "ffef4493-2504-4da6-b05f-9989b57112ea"}]}' {{(pid=103923) _http_log_request /usr/local/lib/python3.8/dist-packages/keystoneauth1/session.py:519}}
Jul 21 22:30:57.443555 dv-cinder-850698-1-smb neutron-server[103921]: DEBUG neutron_lib.callbacks.manager [None req-771b0528-fe71-4fc5-8164-a55850594d4b admin admin] Publish callbacks ['neutron.plugins.ml2.ovo_rpc._ObjectChangeHandler.handle_event-2024758'] for security_group (7251cf86-fd86-4e9c-8d5d-be9603dc9316), after_delete {{(pid=103921) _notify_loop /usr/local/lib/python3.8/dist-packages/neutron_lib/callbacks/manager.py:176}}
Jul 21 22:30:57.446428 dv-cinder-850698-1-smb neutron-server[103921]: DEBUG neutron_lib.callbacks.manager [None req-771b0528-fe71-4fc5-8164-a55850594d4b admin admin] Publish callbacks [] for security_group (None), before_response {{(pid=103921) _notify_loop /usr/local/lib/python3.8/dist-packages/neutron_lib/callbacks/manager.py:176}}
Jul 21 22:30:57.463072 dv-cinder-850698-1-smb neutron-server[103921]: INFO neutron.wsgi [None req-771b0528-fe71-4fc5-8164-a55850594d4b admin admin] 10.222.0.55 "DELETE /v2.0/security-groups/7251cf86-fd86-4e9c-8d5d-be9603dc9316 HTTP/1.1" status: 204 len: 168 time: 0.2214320
Jul 21 22:30:57.478730 dv-cinder-850698-1-smb neutron-server[103922]: INFO neutron.wsgi [req-ecc0b067-1249-4e9e-b6c2-450b332da0f9 req-1e04189d-e14a-44be-a72f-f7b40391bad4 service neutron] 10.222.0.36 "GET /v2.0/security-groups?id=b5d4aeb7-ffe8-45ee-a3e4-55f0475ab9e7&fields=id&fields=name HTTP/1.1" status: 200 len: 286 time: 0.3347926
Jul 21 22:30:57.481205 dv-cinder-850698-1-smb neutron-server[103922]: DEBUG neutron.api.rpc.handlers.resources_rpc [None req-1e04189d-e14a-44be-a72f-f7b40391bad4 service neutron] Pushing event updated for resources: {'SecurityGroup': ['ID=7724a403-daf3-446a-b9e1-f4200267ee44,revision_number=1']} {{(pid=103922) push /opt/stack/neutron/neutron/api/rpc/handlers/resources_rpc.py:237}}
Jul 21 22:30:57.484374 dv-cinder-850698-1-smb neutron-server[103923]: DEBUG novaclient.v2.client [-] RESP: [200] Connection: close Content-Length: 183 Content-Type: application/json Date: Thu, 21 Jul 2022 22:30:57 GMT OpenStack-API-Version: compute 2.1 Server: Apache/2.4.41 (Ubuntu) Vary: OpenStack-API-Version,X-OpenStack-Nova-API-Version X-OpenStack-Nova-API-Version: 2.1 x-compute-request-id: req-4f896125-9a21-4b36-b6ad-c51872d792ff x-openstack-request-id: req-4f896125-9a21-4b36-b6ad-c51872d792ff {{(pid=103923) _http_log_response /usr/local/lib/python3.8/dist-packages/keystoneauth1/session.py:550}}
Jul 21 22:30:57.484662 dv-cinder-850698-1-smb neutron-server[103923]: DEBUG novaclient.v2.client [-] RESP BODY: {"events": [{"server_uuid": "9d035ee0-41dd-40fc-9a0c-6d8e1941367f", "name": "network-vif-plugged", "status": "completed", "tag": "ffef4493-2504-4da6-b05f-9989b57112ea", "code": 200}]} {{(pid=103923) _http_log_response /usr/local/lib/python3.8/dist-packages/keystoneauth1/session.py:582}}
Jul 21 22:30:57.484915 dv-cinder-850698-1-smb neutron-server[103923]: DEBUG novaclient.v2.client [-] POST call to compute for http://10.222.0.55/compute/v2.1/os-server-external-events used request id req-4f896125-9a21-4b36-b6ad-c51872d792ff {{(pid=103923) request /usr/local/lib/python3.8/dist-packages/keystoneauth1/session.py:954}}
Jul 21 22:30:57.485046 dv-cinder-850698-1-smb neutron-server[103921]: DEBUG neutron.api.rpc.handlers.resources_rpc [None req-771b0528-fe71-4fc5-8164-a55850594d4b admin admin] Pushing event deleted for resources: {'SecurityGroup': ['ID=7251cf86-fd86-4e9c-8d5d-be9603dc9316,revision_number=None']} {{(pid=103921) push /opt/stack/neutron/neutron/api/rpc/handlers/resources_rpc.py:237}}
Jul 21 22:30:57.485381 dv-cinder-850698-1-smb neutron-server[103923]: INFO neutron.notifiers.nova [-] Nova event matching ['req-4f896125-9a21-4b36-b6ad-c51872d792ff'] response: {'server_uuid': '9d035ee0-41dd-40fc-9a0c-6d8e1941367f', 'name': 'network-vif-plugged', 'status': 'completed', 'tag': 'ffef4493-2504-4da6-b05f-9989b57112ea', 'code': 200}
Jul 21 22:30:57.663771 dv-cinder-850698-1-smb neutron-server[103921]: DEBUG neutron.pecan_wsgi.hooks.policy_enforcement [req-aa2e1566-f0a4-47d3-a488-c2e6ab2b070b req-f566dea7-3518-4aa1-a22d-e356d67aab3c tempest-ServerRescueNegativeTestJSON-990273737 tempest-ServerRescueNegativeTestJSON-990273737-project] Attributes excluded by policy engine: ['standard_attr_id', 'binding:profile', 'binding:host_id', 'binding:vif_type', 'binding:vif_details'] {{(pid=103921) _exclude_attributes_by_policy /opt/stack/neutron/neutron/pecan_wsgi/hooks/policy_enforcement.py:259}}
Jul 21 22:30:57.665556 dv-cinder-850698-1-smb neutron-server[103921]: INFO neutron.wsgi [req-aa2e1566-f0a4-47d3-a488-c2e6ab2b070b req-f566dea7-3518-4aa1-a22d-e356d67aab3c tempest-ServerRescueNegativeTestJSON-990273737 tempest-ServerRescueNegativeTestJSON-990273737-project] 10.222.0.55 "GET /v2.0/ports?device_id=60564dc4-bee5-40b9-8ae5-bdca719a5cef HTTP/1.1" status: 200 len: 943 time: 0.0545266
Jul 21 22:30:57.750831 dv-cinder-850698-1-smb neutron-server[103921]: INFO neutron.wsgi [req-aa2e1566-f0a4-47d3-a488-c2e6ab2b070b req-c955fa77-e624-4842-9d39-b070ba26321c tempest-ServerRescueNegativeTestJSON-990273737 tempest-ServerRescueNegativeTestJSON-990273737-project] 10.222.0.55 "GET /v2.0/security-groups?id=b5d4aeb7-ffe8-45ee-a3e4-55f0475ab9e7&fields=id&fields=name HTTP/1.1" status: 200 len: 286 time: 0.0687284
Jul 21 22:30:57.862113 dv-cinder-850698-1-smb neutron-server[103921]: DEBUG neutron.wsgi [-] (103921) accepted ('10.222.0.55', 40630) {{(pid=103921) server /usr/local/lib/python3.8/dist-packages/eventlet/wsgi.py:1004}}
Jul 21 22:30:57.876321 dv-cinder-850698-1-smb neutron-server[103921]: DEBUG neutron_lib.callbacks.manager [None req-bf7d8239-5ae7-4567-9b48-3f8d88193683 admin admin] Publish callbacks [] for security_group (None), before_create {{(pid=103921) _notify_loop /usr/local/lib/python3.8/dist-packages/neutron_lib/callbacks/manager.py:176}}
Jul 21 22:30:57.934194 dv-cinder-850698-1-smb neutron-server[103923]: DEBUG neutron_lib.callbacks.manager [None req-6c6e8222-d457-47ad-9588-42e5f0fe1c10 None None] Publish callbacks ['neutron.services.segments.db._update_segment_host_mapping_for_agent-8759777867834', 'neutron.plugins.ml2.plugin.Ml2Plugin._retry_binding_revived_agents-733301'] for agent (33a7e571-747b-4186-81cf-44d357a0075d), after_update {{(pid=103923) _notify_loop /usr/local/lib/python3.8/dist-packages/neutron_lib/callbacks/manager.py:176}}
Jul 21 22:30:57.955801 dv-cinder-850698-1-smb neutron-server[103922]: DEBUG neutron.wsgi [-] (103922) accepted ('10.222.0.55', 40634) {{(pid=103922) server /usr/local/lib/python3.8/dist-packages/eventlet/wsgi.py:1004}}
Jul 21 22:30:57.986475 dv-cinder-850698-1-smb neutron-server[103921]: DEBUG neutron_lib.callbacks.manager [None req-bf7d8239-5ae7-4567-9b48-3f8d88193683 admin admin] Publish callbacks [] for security_group (3f159395-3507-4621-b528-737826e3446e), precommit_create {{(pid=103921) _notify_loop /usr/local/lib/python3.8/dist-packages/neutron_lib/callbacks/manager.py:176}}
Jul 21 22:30:57.991908 dv-cinder-850698-1-smb neutron-server[103921]: DEBUG neutron_lib.callbacks.manager [None req-bf7d8239-5ae7-4567-9b48-3f8d88193683 admin admin] Publish callbacks ['neutron.plugins.ml2.ovo_rpc._ObjectChangeHandler.handle_event-2024758'] for security_group (3f159395-3507-4621-b528-737826e3446e), after_create {{(pid=103921) _notify_loop /usr/local/lib/python3.8/dist-packages/neutron_lib/callbacks/manager.py:176}}
Jul 21 22:30:58.010911 dv-cinder-850698-1-smb neutron-server[103922]: DEBUG neutron.pecan_wsgi.hooks.policy_enforcement [req-be28e85c-e10e-4180-9e70-f7a0d280130c req-2eb37f5f-b2e7-435d-9fe9-9c3486ddcd7f tempest-DeleteServersTestJSON-1905251446 tempest-DeleteServersTestJSON-1905251446-project] Attributes excluded by policy engine: ['standard_attr_id', 'binding:profile', 'binding:host_id', 'binding:vif_type', 'binding:vif_details'] {{(pid=103922) _exclude_attributes_by_policy /opt/stack/neutron/neutron/pecan_wsgi/hooks/policy_enforcement.py:259}}
Jul 21 22:30:58.013063 dv-cinder-850698-1-smb neutron-server[103922]: INFO neutron.wsgi [req-be28e85c-e10e-4180-9e70-f7a0d280130c req-2eb37f5f-b2e7-435d-9fe9-9c3486ddcd7f tempest-DeleteServersTestJSON-1905251446 tempest-DeleteServersTestJSON-1905251446-project] 10.222.0.55 "GET /v2.0/ports?device_id=9d035ee0-41dd-40fc-9a0c-6d8e1941367f HTTP/1.1" status: 200 len: 946 time: 0.0710480
Jul 21 22:30:58.033150 dv-cinder-850698-1-smb neutron-server[103921]: INFO neutron.wsgi [None req-bf7d8239-5ae7-4567-9b48-3f8d88193683 admin admin] 10.222.0.55 "GET /v2.0/security-groups?tenant_id=9f04eee442e1436688a853375f36a1fe&name=default HTTP/1.1" status: 200 len: 2996 time: 0.1677282
Jul 21 22:30:58.037474 dv-cinder-850698-1-smb neutron-server[103921]: DEBUG neutron.wsgi [-] (103921) accepted ('10.222.0.55', 40644) {{(pid=103921) server /usr/local/lib/python3.8/dist-packages/eventlet/wsgi.py:1004}}
Jul 21 22:30:58.060907 dv-cinder-850698-1-smb neutron-server[103922]: DEBUG dbcounter [-] [103922] Writing DB stats neutron:SELECT=97,neutron:INSERT=3 {{(pid=103922) stat_writer /usr/local/lib/python3.8/dist-packages/dbcounter.py:114}}
Jul 21 22:30:58.073447 dv-cinder-850698-1-smb neutron-server[103921]: DEBUG neutron.api.rpc.handlers.resources_rpc [None req-bf7d8239-5ae7-4567-9b48-3f8d88193683 admin admin] Pushing event updated for resources: {'SecurityGroup': ['ID=3f159395-3507-4621-b528-737826e3446e,revision_number=1']} {{(pid=103921) push /opt/stack/neutron/neutron/api/rpc/handlers/resources_rpc.py:237}}
Jul 21 22:30:58.098291 dv-cinder-850698-1-smb neutron-server[103922]: INFO neutron.wsgi [req-be28e85c-e10e-4180-9e70-f7a0d280130c req-81c10aed-6393-4207-ae2b-da265e3ddf69 tempest-DeleteServersTestJSON-1905251446 tempest-DeleteServersTestJSON-1905251446-project] 10.222.0.55 "GET /v2.0/security-groups?id=41c02939-f1ea-4903-a3b4-e77f8e32d896&fields=id&fields=name HTTP/1.1" status: 200 len: 286 time: 0.0768561
Jul 21 22:30:58.110334 dv-cinder-850698-1-smb neutron-server[103921]: DEBUG neutron_lib.callbacks.manager [None req-8564a892-9c8f-4222-9b57-0390d156f22d admin admin] Publish callbacks [] for security_group (3f159395-3507-4621-b528-737826e3446e), before_delete {{(pid=103921) _notify_loop /usr/local/lib/python3.8/dist-packages/neutron_lib/callbacks/manager.py:176}}
Jul 21 22:30:58.145726 dv-cinder-850698-1-smb neutron-server[103921]: DEBUG neutron_lib.callbacks.manager [None req-8564a892-9c8f-4222-9b57-0390d156f22d admin admin] Publish callbacks [] for security_group (3f159395-3507-4621-b528-737826e3446e), precommit_delete {{(pid=103921) _notify_loop /usr/local/lib/python3.8/dist-packages/neutron_lib/callbacks/manager.py:176}}
Jul 21 22:30:58.187146 dv-cinder-850698-1-smb neutron-server[103921]: DEBUG dbcounter [-] [103921] Writing DB stats neutron:SELECT=82,neutron:INSERT=12,neutron:DELETE=5,neutron:UPDATE=1 {{(pid=103921) stat_writer /usr/local/lib/python3.8/dist-packages/dbcounter.py:114}}
Jul 21 22:30:58.205908 dv-cinder-850698-1-smb neutron-server[103922]: DEBUG neutron_lib.callbacks.manager [None req-f5db203c-9d7a-4c4a-92a3-c34c909a17fd admin admin] Publish callbacks [] for security_group (None), before_create {{(pid=103922) _notify_loop /usr/local/lib/python3.8/dist-packages/neutron_lib/callbacks/manager.py:176}}
Jul 21 22:30:58.238335 dv-cinder-850698-1-smb neutron-server[103921]: DEBUG neutron_lib.callbacks.manager [None req-8564a892-9c8f-4222-9b57-0390d156f22d admin admin] Publish callbacks ['neutron.plugins.ml2.ovo_rpc._ObjectChangeHandler.handle_event-2024758'] for security_group (3f159395-3507-4621-b528-737826e3446e), after_delete {{(pid=103921) _notify_loop /usr/local/lib/python3.8/dist-packages/neutron_lib/callbacks/manager.py:176}}
Jul 21 22:30:58.240861 dv-cinder-850698-1-smb neutron-server[103921]: DEBUG neutron_lib.callbacks.manager [None req-8564a892-9c8f-4222-9b57-0390d156f22d admin admin] Publish callbacks [] for security_group (None), before_response {{(pid=103921) _notify_loop /usr/local/lib/python3.8/dist-packages/neutron_lib/callbacks/manager.py:176}}
Jul 21 22:30:58.242149 dv-cinder-850698-1-smb neutron-server[103921]: INFO neutron.wsgi [None req-8564a892-9c8f-4222-9b57-0390d156f22d admin admin] 10.222.0.55 "DELETE /v2.0/security-groups/3f159395-3507-4621-b528-737826e3446e HTTP/1.1" status: 204 len: 168 time: 0.2036381
Jul 21 22:30:58.255670 dv-cinder-850698-1-smb neutron-server[103921]: DEBUG neutron.api.rpc.handlers.resources_rpc [None req-8564a892-9c8f-4222-9b57-0390d156f22d admin admin] Pushing event deleted for resources: {'SecurityGroup': ['ID=3f159395-3507-4621-b528-737826e3446e,revision_number=None']} {{(pid=103921) push /opt/stack/neutron/neutron/api/rpc/handlers/resources_rpc.py:237}}
Jul 21 22:30:58.273752 dv-cinder-850698-1-smb neutron-server[103921]: DEBUG neutron.pecan_wsgi.hooks.policy_enforcement [req-95963651-9ade-42b8-9ae4-1e08be119643 req-d167abce-a64e-42e8-a1e9-902c49fc6349 tempest-AttachVolumeShelveTestJSON-1826387151 tempest-AttachVolumeShelveTestJSON-1826387151-project] Attributes excluded by policy engine: ['standard_attr_id', 'binding:profile', 'binding:host_id', 'binding:vif_type', 'binding:vif_details'] {{(pid=103921) _exclude_attributes_by_policy /opt/stack/neutron/neutron/pecan_wsgi/hooks/policy_enforcement.py:259}}
Jul 21 22:30:58.275331 dv-cinder-850698-1-smb neutron-server[103921]: INFO neutron.wsgi [req-95963651-9ade-42b8-9ae4-1e08be119643 req-d167abce-a64e-42e8-a1e9-902c49fc6349 tempest-AttachVolumeShelveTestJSON-1826387151 tempest-AttachVolumeShelveTestJSON-1826387151-project] 10.222.0.55 "GET /v2.0/ports?device_id=cd7b43db-3d0b-4e77-9ab0-983ce1b14e03 HTTP/1.1" status: 200 len: 944 time: 0.0684800
Jul 21 22:30:58.322325 dv-cinder-850698-1-smb neutron-server[103923]: DEBUG neutron.plugins.ml2.rpc [None req-ae4bdcc7-17d0-4a3b-bd83-934088900322 None None] Device 2a2f23aa-8804-4fbc-b95a-2b6ec2b3d908 up at agent hyperv_hv-cinder-85069 {{(pid=103923) update_device_up /opt/stack/neutron/neutron/plugins/ml2/rpc.py:296}}
Jul 21 22:30:58.346427 dv-cinder-850698-1-smb neutron-server[103921]: INFO neutron.wsgi [req-95963651-9ade-42b8-9ae4-1e08be119643 req-57827cd0-04aa-4b3c-bdd0-69a3e3841f2c tempest-AttachVolumeShelveTestJSON-1826387151 tempest-AttachVolumeShelveTestJSON-1826387151-project] 10.222.0.55 "GET /v2.0/security-groups?id=013d42d6-47c9-4b2b-a698-13b51b88ea25&fields=id&fields=name HTTP/1.1" status: 200 len: 312 time: 0.0612028
Jul 21 22:30:58.365116 dv-cinder-850698-1-smb neutron-server[103922]: DEBUG neutron.pecan_wsgi.hooks.policy_enforcement [req-43bb16a0-52ab-4bb3-8e9e-f50de2547437 req-389838af-a8a6-4136-8ada-64d2643d5376 tempest-AttachVolumeTestJSON-39103224 tempest-AttachVolumeTestJSON-39103224-project] Attributes excluded by policy engine: ['standard_attr_id', 'binding:profile', 'binding:host_id', 'binding:vif_type', 'binding:vif_details'] {{(pid=103922) _exclude_attributes_by_policy /opt/stack/neutron/neutron/pecan_wsgi/hooks/policy_enforcement.py:259}}
Jul 21 22:30:58.367146 dv-cinder-850698-1-smb neutron-server[103922]: INFO neutron.wsgi [req-43bb16a0-52ab-4bb3-8e9e-f50de2547437 req-389838af-a8a6-4136-8ada-64d2643d5376 tempest-AttachVolumeTestJSON-39103224 tempest-AttachVolumeTestJSON-39103224-project] 10.222.0.55 "GET /v2.0/ports?device_id=cee77946-6c49-4c03-bfbb-547896478e4f HTTP/1.1" status: 200 len: 943 time: 0.1063139
Jul 21 22:30:58.406266 dv-cinder-850698-1-smb neutron-server[103923]: DEBUG neutron.db.provisioning_blocks [None req-ae4bdcc7-17d0-4a3b-bd83-934088900322 None None] Provisioning for port 2a2f23aa-8804-4fbc-b95a-2b6ec2b3d908 completed by entity L2. {{(pid=103923) provisioning_complete /opt/stack/neutron/neutron/db/provisioning_blocks.py:137}}
Jul 21 22:30:58.415077 dv-cinder-850698-1-smb neutron-server[103923]: DEBUG neutron.db.provisioning_blocks [None req-ae4bdcc7-17d0-4a3b-bd83-934088900322 None None] Provisioning complete for port 2a2f23aa-8804-4fbc-b95a-2b6ec2b3d908 triggered by entity L2. {{(pid=103923) provisioning_complete /opt/stack/neutron/neutron/db/provisioning_blocks.py:145}}
Jul 21 22:30:58.416466 dv-cinder-850698-1-smb neutron-server[103923]: DEBUG neutron_lib.callbacks.manager [None req-ae4bdcc7-17d0-4a3b-bd83-934088900322 None None] Publish callbacks ['neutron.plugins.ml2.plugin.Ml2Plugin._port_provisioned-733227'] for port (2a2f23aa-8804-4fbc-b95a-2b6ec2b3d908), provisioning_complete {{(pid=103923) _notify_loop /usr/local/lib/python3.8/dist-packages/neutron_lib/callbacks/manager.py:176}}
Jul 21 22:30:58.431585 dv-cinder-850698-1-smb neutron-server[103922]: DEBUG neutron_lib.callbacks.manager [None req-f5db203c-9d7a-4c4a-92a3-c34c909a17fd admin admin] Publish callbacks [] for security_group (bc8c8272-ce5f-4396-942a-c4df3370c7a4), precommit_create {{(pid=103922) _notify_loop /usr/local/lib/python3.8/dist-packages/neutron_lib/callbacks/manager.py:176}}
Jul 21 22:30:58.438876 dv-cinder-850698-1-smb neutron-server[103922]: DEBUG neutron_lib.callbacks.manager [None req-f5db203c-9d7a-4c4a-92a3-c34c909a17fd admin admin] Publish callbacks ['neutron.plugins.ml2.ovo_rpc._ObjectChangeHandler.handle_event-2024758'] for security_group (bc8c8272-ce5f-4396-942a-c4df3370c7a4), after_create {{(pid=103922) _notify_loop /usr/local/lib/python3.8/dist-packages/neutron_lib/callbacks/manager.py:176}}
Jul 21 22:30:58.469973 dv-cinder-850698-1-smb neutron-server[103922]: INFO neutron.wsgi [req-43bb16a0-52ab-4bb3-8e9e-f50de2547437 req-2b8a706e-b95b-40e3-a339-82f58164bf09 tempest-AttachVolumeTestJSON-39103224 tempest-AttachVolumeTestJSON-39103224-project] 10.222.0.55 "GET /v2.0/security-groups?id=604afeae-45e5-4c81-afb3-5917855dc3ed&fields=id&fields=name HTTP/1.1" status: 200 len: 312 time: 0.0954294
Jul 21 22:30:58.504205 dv-cinder-850698-1-smb neutron-server[103922]: DEBUG neutron.api.rpc.handlers.resources_rpc [None req-f5db203c-9d7a-4c4a-92a3-c34c909a17fd admin admin] Pushing event updated for resources: {'SecurityGroup': ['ID=bc8c8272-ce5f-4396-942a-c4df3370c7a4,revision_number=1']} {{(pid=103922) push /opt/stack/neutron/neutron/api/rpc/handlers/resources_rpc.py:237}}
Jul 21 22:30:58.509424 dv-cinder-850698-1-smb neutron-server[103923]: DEBUG neutron.plugins.ml2.plugin [None req-ae4bdcc7-17d0-4a3b-bd83-934088900322 None None] Current status of the port 2a2f23aa-8804-4fbc-b95a-2b6ec2b3d908 is: BUILD; New status is: ACTIVE {{(pid=103923) _update_individual_port_db_status /opt/stack/neutron/neutron/plugins/ml2/plugin.py:2292}}
Jul 21 22:30:58.510314 dv-cinder-850698-1-smb neutron-server[103923]: DEBUG neutron_lib.callbacks.manager [None req-ae4bdcc7-17d0-4a3b-bd83-934088900322 None None] Publish callbacks ['neutron.plugins.ml2.plugin.SecurityGroupDbMixin._ensure_default_security_group_handler-659462'] for port (2a2f23aa-8804-4fbc-b95a-2b6ec2b3d908), before_update {{(pid=103923) _notify_loop /usr/local/lib/python3.8/dist-packages/neutron_lib/callbacks/manager.py:176}}
Jul 21 22:30:58.524731 dv-cinder-850698-1-smb neutron-server[103922]: INFO neutron.wsgi [None req-f5db203c-9d7a-4c4a-92a3-c34c909a17fd admin admin] 10.222.0.55 "GET /v2.0/security-groups?tenant_id=ac5310607b314aff878b3f091b753aa7&name=default HTTP/1.1" status: 200 len: 2996 time: 0.5682328
Jul 21 22:30:58.532227 dv-cinder-850698-1-smb neutron-server[103921]: DEBUG neutron.wsgi [-] (103921) accepted ('10.222.0.55', 40660) {{(pid=103921) server /usr/local/lib/python3.8/dist-packages/eventlet/wsgi.py:1004}}
Jul 21 22:30:58.550190 dv-cinder-850698-1-smb neutron-server[103923]: DEBUG neutron.plugins.ml2.db [None req-ae4bdcc7-17d0-4a3b-bd83-934088900322 None None] For port 2a2f23aa-8804-4fbc-b95a-2b6ec2b3d908, host hv-cinder-85069, got binding levels [PortBindingLevel(driver='hyperv',host='hv-cinder-85069',level=0,port_id=2a2f23aa-8804-4fbc-b95a-2b6ec2b3d908,segment=NetworkSegment(90372688-86af-488a-bcca-d41c45d8b31c),segment_id=90372688-86af-488a-bcca-d41c45d8b31c)] {{(pid=103923) get_binding_level_objs /opt/stack/neutron/neutron/plugins/ml2/db.py:74}}
Jul 21 22:30:58.557939 dv-cinder-850698-1-smb neutron-server[103923]: DEBUG neutron_lib.callbacks.manager [None req-ae4bdcc7-17d0-4a3b-bd83-934088900322 None None] Publish callbacks ['neutron.plugins.ml2.plugin.SecurityGroupServerNotifierRpcMixin._notify_sg_on_port_change-659527', 'neutron.plugins.ml2.ovo_rpc._ObjectChangeHandler.handle_event-1904969', 'neutron.api.rpc.agentnotifiers.dhcp_rpc_agent_api.DhcpAgentNotifyAPI._native_event_send_dhcp_notification-2063846', 'neutron.db.l3_db.L3RpcNotifierMixin._notify_gateway_port_ip_changed-8759777762506', 'neutron.db.l3_dvrscheduler_db._notify_l3_agent_port_update-8759777398038', 'neutron.db.l3_hascheduler_db._notify_l3_agent_ha_port_update-8759777398056'] for port (2a2f23aa-8804-4fbc-b95a-2b6ec2b3d908), after_update {{(pid=103923) _notify_loop /usr/local/lib/python3.8/dist-packages/neutron_lib/callbacks/manager.py:176}}
Jul 21 22:30:58.582564 dv-cinder-850698-1-smb neutron-server[103921]: DEBUG neutron_lib.callbacks.manager [None req-030a525f-5297-430b-a1b9-7be9e0fecf73 admin admin] Publish callbacks [] for security_group (bc8c8272-ce5f-4396-942a-c4df3370c7a4), before_delete {{(pid=103921) _notify_loop /usr/local/lib/python3.8/dist-packages/neutron_lib/callbacks/manager.py:176}}
Jul 21 22:30:58.605690 dv-cinder-850698-1-smb neutron-server[103922]: DEBUG neutron.wsgi [-] (103922) accepted ('10.222.0.55', 40666) {{(pid=103922) server /usr/local/lib/python3.8/dist-packages/eventlet/wsgi.py:1004}}
Jul 21 22:30:58.609653 dv-cinder-850698-1-smb neutron-server[103921]: DEBUG neutron_lib.callbacks.manager [None req-030a525f-5297-430b-a1b9-7be9e0fecf73 admin admin] Publish callbacks [] for security_group (bc8c8272-ce5f-4396-942a-c4df3370c7a4), precommit_delete {{(pid=103921) _notify_loop /usr/local/lib/python3.8/dist-packages/neutron_lib/callbacks/manager.py:176}}
Jul 21 22:30:58.623934 dv-cinder-850698-1-smb neutron-server[103923]: DEBUG neutron.api.rpc.handlers.resources_rpc [None req-ae4bdcc7-17d0-4a3b-bd83-934088900322 None None] Pushing event updated for resources: {'Port': ['ID=2a2f23aa-8804-4fbc-b95a-2b6ec2b3d908,revision_number=5']} {{(pid=103923) push /opt/stack/neutron/neutron/api/rpc/handlers/resources_rpc.py:237}}
Jul 21 22:30:58.669153 dv-cinder-850698-1-smb neutron-server[103921]: DEBUG neutron_lib.callbacks.manager [None req-030a525f-5297-430b-a1b9-7be9e0fecf73 admin admin] Publish callbacks ['neutron.plugins.ml2.ovo_rpc._ObjectChangeHandler.handle_event-2024758'] for security_group (bc8c8272-ce5f-4396-942a-c4df3370c7a4), after_delete {{(pid=103921) _notify_loop /usr/local/lib/python3.8/dist-packages/neutron_lib/callbacks/manager.py:176}}
Jul 21 22:30:58.671903 dv-cinder-850698-1-smb neutron-server[103921]: DEBUG neutron_lib.callbacks.manager [None req-030a525f-5297-430b-a1b9-7be9e0fecf73 admin admin] Publish callbacks [] for security_group (None), before_response {{(pid=103921) _notify_loop /usr/local/lib/python3.8/dist-packages/neutron_lib/callbacks/manager.py:176}}
Jul 21 22:30:58.673236 dv-cinder-850698-1-smb neutron-server[103921]: INFO neutron.wsgi [None req-030a525f-5297-430b-a1b9-7be9e0fecf73 admin admin] 10.222.0.55 "DELETE /v2.0/security-groups/bc8c8272-ce5f-4396-942a-c4df3370c7a4 HTTP/1.1" status: 204 len: 168 time: 0.1436849
Jul 21 22:30:58.681537 dv-cinder-850698-1-smb neutron-server[103921]: DEBUG neutron.api.rpc.handlers.resources_rpc [None req-030a525f-5297-430b-a1b9-7be9e0fecf73 admin admin] Pushing event deleted for resources: {'SecurityGroup': ['ID=bc8c8272-ce5f-4396-942a-c4df3370c7a4,revision_number=None']} {{(pid=103921) push /opt/stack/neutron/neutron/api/rpc/handlers/resources_rpc.py:237}}
Jul 21 22:30:58.736871 dv-cinder-850698-1-smb neutron-server[103922]: DEBUG neutron_lib.callbacks.manager [None req-61553f4a-db90-431d-a0a4-9a7b2f5b209f admin admin] Publish callbacks [] for security_group (None), before_create {{(pid=103922) _notify_loop /usr/local/lib/python3.8/dist-packages/neutron_lib/callbacks/manager.py:176}}
Jul 21 22:30:58.865014 dv-cinder-850698-1-smb neutron-server[103922]: DEBUG neutron_lib.callbacks.manager [None req-61553f4a-db90-431d-a0a4-9a7b2f5b209f admin admin] Publish callbacks [] for security_group (5ef93a63-2d26-4bf9-b67e-21f7814de313), precommit_create {{(pid=103922) _notify_loop /usr/local/lib/python3.8/dist-packages/neutron_lib/callbacks/manager.py:176}}
Jul 21 22:30:58.866114 dv-cinder-850698-1-smb neutron-server[103922]: DEBUG dbcounter [-] [103922] Writing DB stats neutron:SELECT=74,neutron:INSERT=24,neutron:UPDATE=2 {{(pid=103922) stat_writer /usr/local/lib/python3.8/dist-packages/dbcounter.py:114}}
Jul 21 22:30:58.872538 dv-cinder-850698-1-smb neutron-server[103922]: DEBUG neutron_lib.callbacks.manager [None req-61553f4a-db90-431d-a0a4-9a7b2f5b209f admin admin] Publish callbacks ['neutron.plugins.ml2.ovo_rpc._ObjectChangeHandler.handle_event-2024758'] for security_group (5ef93a63-2d26-4bf9-b67e-21f7814de313), after_create {{(pid=103922) _notify_loop /usr/local/lib/python3.8/dist-packages/neutron_lib/callbacks/manager.py:176}}
Jul 21 22:30:58.879193 dv-cinder-850698-1-smb neutron-server[103921]: DEBUG dbcounter [-] [103921] Writing DB stats neutron:SELECT=91,neutron:INSERT=5,neutron:DELETE=4 {{(pid=103921) stat_writer /usr/local/lib/python3.8/dist-packages/dbcounter.py:114}}
Jul 21 22:30:58.901846 dv-cinder-850698-1-smb neutron-server[103921]: DEBUG neutron.pecan_wsgi.hooks.policy_enforcement [req-47853b5d-af94-4cd9-aaac-b15e765cea42 req-6698dc44-47db-4dbb-bee6-45b9633e7dda tempest-ServerRescueNegativeTestJSON-990273737 tempest-ServerRescueNegativeTestJSON-990273737-project] Attributes excluded by policy engine: ['standard_attr_id', 'binding:profile', 'binding:host_id', 'binding:vif_type', 'binding:vif_details'] {{(pid=103921) _exclude_attributes_by_policy /opt/stack/neutron/neutron/pecan_wsgi/hooks/policy_enforcement.py:259}}
Jul 21 22:30:58.904512 dv-cinder-850698-1-smb neutron-server[103921]: INFO neutron.wsgi [req-47853b5d-af94-4cd9-aaac-b15e765cea42 req-6698dc44-47db-4dbb-bee6-45b9633e7dda tempest-ServerRescueNegativeTestJSON-990273737 tempest-ServerRescueNegativeTestJSON-990273737-project] 10.222.0.55 "GET /v2.0/ports?device_id=60564dc4-bee5-40b9-8ae5-bdca719a5cef HTTP/1.1" status: 200 len: 943 time: 0.0742662
Jul 21 22:30:58.936900 dv-cinder-850698-1-smb neutron-server[103922]: DEBUG neutron.api.rpc.handlers.resources_rpc [None req-61553f4a-db90-431d-a0a4-9a7b2f5b209f admin admin] Pushing event updated for resources: {'SecurityGroup': ['ID=5ef93a63-2d26-4bf9-b67e-21f7814de313,revision_number=1']} {{(pid=103922) push /opt/stack/neutron/neutron/api/rpc/handlers/resources_rpc.py:237}}
Jul 21 22:30:58.970288 dv-cinder-850698-1-smb neutron-server[103922]: INFO neutron.wsgi [None req-61553f4a-db90-431d-a0a4-9a7b2f5b209f admin admin] 10.222.0.55 "GET /v2.0/security-groups?tenant_id=35bb8d491ba4446986dae5a397a7f9f6&name=default HTTP/1.1" status: 200 len: 2996 time: 0.3612669
Jul 21 22:30:58.973331 dv-cinder-850698-1-smb neutron-server[103922]: DEBUG neutron.wsgi [-] (103922) accepted ('10.222.0.55', 40692) {{(pid=103922) server /usr/local/lib/python3.8/dist-packages/eventlet/wsgi.py:1004}}
Jul 21 22:30:58.992529 dv-cinder-850698-1-smb neutron-server[103923]: DEBUG neutron_lib.callbacks.manager [None req-9ff0fa1b-3ea5-43d1-9424-15cdb667c98f None None] Publish callbacks ['neutron.services.segments.db._update_segment_host_mapping_for_agent-8759777867834', 'neutron.plugins.ml2.plugin.Ml2Plugin._retry_binding_revived_agents-733301'] for agent (417a4f46-fb9a-426a-b3d8-6739034d98a9), after_update {{(pid=103923) _notify_loop /usr/local/lib/python3.8/dist-packages/neutron_lib/callbacks/manager.py:176}}
Jul 21 22:30:59.022764 dv-cinder-850698-1-smb neutron-server[103921]: INFO neutron.wsgi [req-47853b5d-af94-4cd9-aaac-b15e765cea42 req-130d0fb3-9a78-4b59-9b6a-14b615a6a69d tempest-ServerRescueNegativeTestJSON-990273737 tempest-ServerRescueNegativeTestJSON-990273737-project] 10.222.0.55 "GET /v2.0/security-groups?id=b5d4aeb7-ffe8-45ee-a3e4-55f0475ab9e7&fields=id&fields=name HTTP/1.1" status: 200 len: 286 time: 0.1102624
Jul 21 22:30:59.049780 dv-cinder-850698-1-smb neutron-server[103922]: DEBUG neutron_lib.callbacks.manager [None req-da27ef58-ef1f-4563-9b99-49de002b9ff9 admin admin] Publish callbacks [] for security_group (5ef93a63-2d26-4bf9-b67e-21f7814de313), before_delete {{(pid=103922) _notify_loop /usr/local/lib/python3.8/dist-packages/neutron_lib/callbacks/manager.py:176}}
Jul 21 22:30:59.079053 dv-cinder-850698-1-smb neutron-server[103922]: DEBUG neutron_lib.callbacks.manager [None req-da27ef58-ef1f-4563-9b99-49de002b9ff9 admin admin] Publish callbacks [] for security_group (5ef93a63-2d26-4bf9-b67e-21f7814de313), precommit_delete {{(pid=103922) _notify_loop /usr/local/lib/python3.8/dist-packages/neutron_lib/callbacks/manager.py:176}}
Jul 21 22:30:59.154005 dv-cinder-850698-1-smb neutron-server[103922]: DEBUG neutron_lib.callbacks.manager [None req-da27ef58-ef1f-4563-9b99-49de002b9ff9 admin admin] Publish callbacks ['neutron.plugins.ml2.ovo_rpc._ObjectChangeHandler.handle_event-2024758'] for security_group (5ef93a63-2d26-4bf9-b67e-21f7814de313), after_delete {{(pid=103922) _notify_loop /usr/local/lib/python3.8/dist-packages/neutron_lib/callbacks/manager.py:176}}
Jul 21 22:30:59.157308 dv-cinder-850698-1-smb neutron-server[103922]: DEBUG neutron_lib.callbacks.manager [None req-da27ef58-ef1f-4563-9b99-49de002b9ff9 admin admin] Publish callbacks [] for security_group (None), before_response {{(pid=103922) _notify_loop /usr/local/lib/python3.8/dist-packages/neutron_lib/callbacks/manager.py:176}}
Jul 21 22:30:59.162847 dv-cinder-850698-1-smb neutron-server[103922]: INFO neutron.wsgi [None req-da27ef58-ef1f-4563-9b99-49de002b9ff9 admin admin] 10.222.0.55 "DELETE /v2.0/security-groups/5ef93a63-2d26-4bf9-b67e-21f7814de313 HTTP/1.1" status: 204 len: 168 time: 0.1875284
Jul 21 22:30:59.175245 dv-cinder-850698-1-smb neutron-server[103922]: DEBUG neutron.api.rpc.handlers.resources_rpc [None req-da27ef58-ef1f-4563-9b99-49de002b9ff9 admin admin] Pushing event deleted for resources: {'SecurityGroup': ['ID=5ef93a63-2d26-4bf9-b67e-21f7814de313,revision_number=None']} {{(pid=103922) push /opt/stack/neutron/neutron/api/rpc/handlers/resources_rpc.py:237}}
Jul 21 22:30:59.258795 dv-cinder-850698-1-smb neutron-server[103922]: DEBUG neutron.pecan_wsgi.hooks.policy_enforcement [req-945e03f6-9491-4542-91ff-5979b019bf6d req-48184603-772f-4d46-ad3e-d64dafd2d802 tempest-DeleteServersTestJSON-1905251446 tempest-DeleteServersTestJSON-1905251446-project] Attributes excluded by policy engine: ['standard_attr_id', 'binding:profile', 'binding:host_id', 'binding:vif_type', 'binding:vif_details'] {{(pid=103922) _exclude_attributes_by_policy /opt/stack/neutron/neutron/pecan_wsgi/hooks/policy_enforcement.py:259}}
Jul 21 22:30:59.261325 dv-cinder-850698-1-smb neutron-server[103922]: INFO neutron.wsgi [req-945e03f6-9491-4542-91ff-5979b019bf6d req-48184603-772f-4d46-ad3e-d64dafd2d802 tempest-DeleteServersTestJSON-1905251446 tempest-DeleteServersTestJSON-1905251446-project] 10.222.0.55 "GET /v2.0/ports?device_id=9d035ee0-41dd-40fc-9a0c-6d8e1941367f HTTP/1.1" status: 200 len: 946 time: 0.0642138
Jul 21 22:30:59.320469 dv-cinder-850698-1-smb neutron-server[103921]: DEBUG neutron.wsgi [-] (103921) accepted ('10.222.0.55', 40706) {{(pid=103921) server /usr/local/lib/python3.8/dist-packages/eventlet/wsgi.py:1004}}
