Jul 21 22:16:25.384887 dv-cinder-850697-1-smb devstack@keystone.service[80106]: DEBUG dbcounter [-] [80106] Writing DB stats keystone:SELECT=100 {{(pid=80106) stat_writer /usr/local/lib/python3.8/dist-packages/dbcounter.py:114}}
Jul 21 22:16:25.403699 dv-cinder-850697-1-smb devstack@keystone.service[80106]: DEBUG keystone.server.flask.request_processing.middleware.auth_context [None req-4c707641-3eb5-48bc-b06f-632a9288c643 None admin] Validating token access rules against request {{(pid=80106) validate_allowed_request /usr/local/lib/python3.8/dist-packages/keystonemiddleware/auth_token/__init__.py:545}}
Jul 21 22:16:25.453397 dv-cinder-850697-1-smb devstack@keystone.service[80106]: DEBUG keystone.server.flask.request_processing.middleware.auth_context [None req-3398fce5-1908-4a28-a662-e8cf1ad18a85 None admin] RBAC: auth_context: {'token': , 'domain_id': None, 'trust_id': None, 'trustor_id': None, 'trustee_id': None, 'domain_name': None, 'group_ids': [], 'user_id': 'f173d7158e2a4553aa3707927ef2704b', 'user_domain_id': 'default', 'system_scope': 'all', 'project_id': None, 'project_domain_id': None, 'roles': ['admin', 'member', 'reader'], 'is_admin_project': True, 'service_user_id': None, 'service_user_domain_id': None, 'service_project_id': None, 'service_project_domain_id': None, 'service_roles': []} {{(pid=80106) fill_context /opt/stack/keystone/keystone/server/flask/request_processing/middleware/auth_context.py:478}}
Jul 21 22:16:25.455552 dv-cinder-850697-1-smb devstack@keystone.service[80106]: DEBUG keystone.server.flask.request_processing.req_logging [None req-3398fce5-1908-4a28-a662-e8cf1ad18a85 None admin] REQUEST_METHOD: `GET` {{(pid=80106) log_request_info /opt/stack/keystone/keystone/server/flask/request_processing/req_logging.py:27}}
Jul 21 22:16:25.455983 dv-cinder-850697-1-smb devstack@keystone.service[80106]: DEBUG keystone.server.flask.request_processing.req_logging [None req-3398fce5-1908-4a28-a662-e8cf1ad18a85 None admin] SCRIPT_NAME: `/identity` {{(pid=80106) log_request_info /opt/stack/keystone/keystone/server/flask/request_processing/req_logging.py:28}}
Jul 21 22:16:25.456541 dv-cinder-850697-1-smb devstack@keystone.service[80106]: DEBUG keystone.server.flask.request_processing.req_logging [None req-3398fce5-1908-4a28-a662-e8cf1ad18a85 None admin] PATH_INFO: `/v3/roles/admin` {{(pid=80106) log_request_info /opt/stack/keystone/keystone/server/flask/request_processing/req_logging.py:29}}
Jul 21 22:16:25.458963 dv-cinder-850697-1-smb devstack@keystone.service[80107]: DEBUG keystone.server.flask.request_processing.middleware.auth_context [None req-5a64cb50-3aaa-4481-812d-7e8282e46d6b None admin] Validating token access rules against request {{(pid=80107) validate_allowed_request /usr/local/lib/python3.8/dist-packages/keystonemiddleware/auth_token/__init__.py:545}}
Jul 21 22:16:25.471821 dv-cinder-850697-1-smb devstack@keystone.service[80106]: DEBUG keystone.common.rbac_enforcer.enforcer [None req-3398fce5-1908-4a28-a662-e8cf1ad18a85 None admin] Extracting inferred target data resulted in "NOT FOUND (404)". {{(pid=80106) enforce_call /opt/stack/keystone/keystone/common/rbac_enforcer/enforcer.py:409}}
Jul 21 22:16:25.483110 dv-cinder-850697-1-smb devstack@keystone.service[80106]: ERROR keystone.server.flask.application [None req-3398fce5-1908-4a28-a662-e8cf1ad18a85 None admin] Could not find role: admin.: keystone.exception.RoleNotFound: Could not find role: admin.
Jul 21 22:16:25.483110 dv-cinder-850697-1-smb devstack@keystone.service[80106]: ERROR keystone.server.flask.application
Traceback (most recent call last):
Jul 21 22:16:25.483110 dv-cinder-850697-1-smb devstack@keystone.service[80106]: ERROR keystone.server.flask.application
File "/usr/local/lib/python3.8/dist-packages/flask/app.py", line 1523, in full_dispatch_request
Jul 21 22:16:25.483110 dv-cinder-850697-1-smb devstack@keystone.service[80106]: ERROR keystone.server.flask.application rv = self.dispatch_request()
Jul 21 22:16:25.483110 dv-cinder-850697-1-smb devstack@keystone.service[80106]: ERROR keystone.server.flask.application
File "/usr/local/lib/python3.8/dist-packages/flask/app.py", line 1509, in dispatch_request
Jul 21 22:16:25.483110 dv-cinder-850697-1-smb devstack@keystone.service[80106]: ERROR keystone.server.flask.application return self.ensure_sync(self.view_functions[rule.endpoint])(**req.view_args)
Jul 21 22:16:25.483110 dv-cinder-850697-1-smb devstack@keystone.service[80106]: ERROR keystone.server.flask.application
File "/usr/local/lib/python3.8/dist-packages/flask_restful/__init__.py", line 467, in wrapper
Jul 21 22:16:25.483110 dv-cinder-850697-1-smb devstack@keystone.service[80106]: ERROR keystone.server.flask.application resp = resource(*args, **kwargs)
Jul 21 22:16:25.483110 dv-cinder-850697-1-smb devstack@keystone.service[80106]: ERROR keystone.server.flask.application
File "/usr/local/lib/python3.8/dist-packages/flask/views.py", line 84, in view
Jul 21 22:16:25.483110 dv-cinder-850697-1-smb devstack@keystone.service[80106]: ERROR keystone.server.flask.application return current_app.ensure_sync(self.dispatch_request)(*args, **kwargs)
Jul 21 22:16:25.483110 dv-cinder-850697-1-smb devstack@keystone.service[80106]: ERROR keystone.server.flask.application
File "/usr/local/lib/python3.8/dist-packages/flask_restful/__init__.py", line 582, in dispatch_request
Jul 21 22:16:25.483110 dv-cinder-850697-1-smb devstack@keystone.service[80106]: ERROR keystone.server.flask.application resp = meth(*args, **kwargs)
Jul 21 22:16:25.483110 dv-cinder-850697-1-smb devstack@keystone.service[80106]: ERROR keystone.server.flask.application
File "/opt/stack/keystone/keystone/api/roles.py", line 50, in get
Jul 21 22:16:25.483110 dv-cinder-850697-1-smb devstack@keystone.service[80106]: ERROR keystone.server.flask.application return self._get_role(role_id)
Jul 21 22:16:25.483110 dv-cinder-850697-1-smb devstack@keystone.service[80106]: ERROR keystone.server.flask.application
File "/opt/stack/keystone/keystone/api/roles.py", line 70, in _get_role
Jul 21 22:16:25.483110 dv-cinder-850697-1-smb devstack@keystone.service[80106]: ERROR keystone.server.flask.application ENFORCER.enforce_call(action='identity:get_role')
Jul 21 22:16:25.484139 dv-cinder-850697-1-smb devstack@keystone.service[80106]: ERROR keystone.server.flask.application
File "/opt/stack/keystone/keystone/common/rbac_enforcer/enforcer.py", line 402, in enforce_call
Jul 21 22:16:25.484139 dv-cinder-850697-1-smb devstack@keystone.service[80106]: ERROR keystone.server.flask.application policy_dict.update(cls._extract_member_target_data(
Jul 21 22:16:25.484139 dv-cinder-850697-1-smb devstack@keystone.service[80106]: ERROR keystone.server.flask.application
File "/opt/stack/keystone/keystone/common/rbac_enforcer/enforcer.py", line 234, in _extract_member_target_data
Jul 21 22:16:25.484139 dv-cinder-850697-1-smb devstack@keystone.service[80106]: ERROR keystone.server.flask.application member_name: func(flask.request.view_args[key])
Jul 21 22:16:25.484139 dv-cinder-850697-1-smb devstack@keystone.service[80106]: ERROR keystone.server.flask.application
File "/opt/stack/keystone/keystone/common/manager.py", line 115, in wrapped
Jul 21 22:16:25.484139 dv-cinder-850697-1-smb devstack@keystone.service[80106]: ERROR keystone.server.flask.application __ret_val = __f(*args, **kwargs)
Jul 21 22:16:25.484139 dv-cinder-850697-1-smb devstack@keystone.service[80106]: ERROR keystone.server.flask.application
File "/usr/local/lib/python3.8/dist-packages/decorator.py", line 232, in fun
Jul 21 22:16:25.484139 dv-cinder-850697-1-smb devstack@keystone.service[80106]: ERROR keystone.server.flask.application return caller(func, *(extras + args), **kw)
Jul 21 22:16:25.484139 dv-cinder-850697-1-smb devstack@keystone.service[80106]: ERROR keystone.server.flask.application
File "/usr/local/lib/python3.8/dist-packages/dogpile/cache/region.py", line 1577, in get_or_create_for_user_func
Jul 21 22:16:25.484139 dv-cinder-850697-1-smb devstack@keystone.service[80106]: ERROR keystone.server.flask.application return self.get_or_create(
Jul 21 22:16:25.484139 dv-cinder-850697-1-smb devstack@keystone.service[80106]: ERROR keystone.server.flask.application
File "/usr/local/lib/python3.8/dist-packages/dogpile/cache/region.py", line 1042, in get_or_create
Jul 21 22:16:25.484139 dv-cinder-850697-1-smb devstack@keystone.service[80106]: ERROR keystone.server.flask.application with Lock(
Jul 21 22:16:25.484139 dv-cinder-850697-1-smb devstack@keystone.service[80106]: ERROR keystone.server.flask.application
File "/usr/local/lib/python3.8/dist-packages/dogpile/lock.py", line 185, in __enter__
Jul 21 22:16:25.484139 dv-cinder-850697-1-smb devstack@keystone.service[80106]: ERROR keystone.server.flask.application return self._enter()
Jul 21 22:16:25.484139 dv-cinder-850697-1-smb devstack@keystone.service[80106]: ERROR keystone.server.flask.application
File "/usr/local/lib/python3.8/dist-packages/dogpile/lock.py", line 94, in _enter
Jul 21 22:16:25.484139 dv-cinder-850697-1-smb devstack@keystone.service[80106]: ERROR keystone.server.flask.application generated = self._enter_create(value, createdtime)
Jul 21 22:16:25.484954 dv-cinder-850697-1-smb devstack@keystone.service[80106]: ERROR keystone.server.flask.application
File "/usr/local/lib/python3.8/dist-packages/dogpile/lock.py", line 178, in _enter_create
Jul 21 22:16:25.484954 dv-cinder-850697-1-smb devstack@keystone.service[80106]: ERROR keystone.server.flask.application return self.creator()
Jul 21 22:16:25.484954 dv-cinder-850697-1-smb devstack@keystone.service[80106]: ERROR keystone.server.flask.application
File "/usr/local/lib/python3.8/dist-packages/dogpile/cache/region.py", line 995, in gen_value
Jul 21 22:16:25.484954 dv-cinder-850697-1-smb devstack@keystone.service[80106]: ERROR keystone.server.flask.application created_value = creator(
Jul 21 22:16:25.484954 dv-cinder-850697-1-smb devstack@keystone.service[80106]: ERROR keystone.server.flask.application
File "/opt/stack/keystone/keystone/assignment/core.py", line 1276, in get_role
Jul 21 22:16:25.484954 dv-cinder-850697-1-smb devstack@keystone.service[80106]: ERROR keystone.server.flask.application return self.driver.get_role(role_id)
Jul 21 22:16:25.484954 dv-cinder-850697-1-smb devstack@keystone.service[80106]: ERROR keystone.server.flask.application
File "/opt/stack/keystone/keystone/assignment/role_backends/sql.py", line 70, in get_role
Jul 21 22:16:25.484954 dv-cinder-850697-1-smb devstack@keystone.service[80106]: ERROR keystone.server.flask.application return self._get_role(session, role_id).to_dict()
Jul 21 22:16:25.484954 dv-cinder-850697-1-smb devstack@keystone.service[80106]: ERROR keystone.server.flask.application
File "/opt/stack/keystone/keystone/assignment/role_backends/sql.py", line 65, in _get_role
Jul 21 22:16:25.484954 dv-cinder-850697-1-smb devstack@keystone.service[80106]: ERROR keystone.server.flask.application raise exception.RoleNotFound(role_id=role_id)
Jul 21 22:16:25.484954 dv-cinder-850697-1-smb devstack@keystone.service[80106]: ERROR keystone.server.flask.application keystone.exception.RoleNotFound: Could not find role: admin.
Jul 21 22:16:25.484954 dv-cinder-850697-1-smb devstack@keystone.service[80106]: ERROR keystone.server.flask.application
Jul 21 22:16:25.488134 dv-cinder-850697-1-smb devstack@keystone.service[80106]: [pid: 80106|app: 0|req: 191/370] 10.222.0.43 () {56 vars in 1096 bytes} [Thu Jul 21 22:16:25 2022] GET /identity/v3/roles/admin => generated 83 bytes in 236 msecs (HTTP/1.1 404) 5 headers in 183 bytes (1 switches on core 0)
Jul 21 22:16:25.494001 dv-cinder-850697-1-smb devstack@keystone.service[80106]: DEBUG keystone.server.flask.request_processing.middleware.auth_context [None req-3398fce5-1908-4a28-a662-e8cf1ad18a85 None admin] Authenticating user token {{(pid=80106) process_request /usr/local/lib/python3.8/dist-packages/keystonemiddleware/auth_token/__init__.py:407}}
Jul 21 22:16:25.541830 dv-cinder-850697-1-smb devstack@keystone.service[80107]: DEBUG keystone.server.flask.request_processing.middleware.auth_context [None req-29c7f12e-7b42-42ef-aee7-7b28accd2603 None admin] RBAC: auth_context: {'token': , 'domain_id': None, 'trust_id': None, 'trustor_id': None, 'trustee_id': None, 'domain_name': None, 'group_ids': [], 'user_id': 'f173d7158e2a4553aa3707927ef2704b', 'user_domain_id': 'default', 'system_scope': 'all', 'project_id': None, 'project_domain_id': None, 'roles': ['admin', 'member', 'reader'], 'is_admin_project': True, 'service_user_id': None, 'service_user_domain_id': None, 'service_project_id': None, 'service_project_domain_id': None, 'service_roles': []} {{(pid=80107) fill_context /opt/stack/keystone/keystone/server/flask/request_processing/middleware/auth_context.py:478}}
Jul 21 22:16:25.542070 dv-cinder-850697-1-smb devstack@keystone.service[80107]: DEBUG keystone.server.flask.request_processing.req_logging [None req-29c7f12e-7b42-42ef-aee7-7b28accd2603 None admin] REQUEST_METHOD: `GET` {{(pid=80107) log_request_info /opt/stack/keystone/keystone/server/flask/request_processing/req_logging.py:27}}
Jul 21 22:16:25.542322 dv-cinder-850697-1-smb devstack@keystone.service[80107]: DEBUG keystone.server.flask.request_processing.req_logging [None req-29c7f12e-7b42-42ef-aee7-7b28accd2603 None admin] SCRIPT_NAME: `/identity` {{(pid=80107) log_request_info /opt/stack/keystone/keystone/server/flask/request_processing/req_logging.py:28}}
Jul 21 22:16:25.543118 dv-cinder-850697-1-smb devstack@keystone.service[80107]: DEBUG keystone.server.flask.request_processing.req_logging [None req-29c7f12e-7b42-42ef-aee7-7b28accd2603 None admin] PATH_INFO: `/v3/roles` {{(pid=80107) log_request_info /opt/stack/keystone/keystone/server/flask/request_processing/req_logging.py:29}}
Jul 21 22:16:25.543892 dv-cinder-850697-1-smb devstack@keystone.service[80107]: DEBUG keystone.common.rbac_enforcer.enforcer [None req-29c7f12e-7b42-42ef-aee7-7b28accd2603 None admin] RBAC: Adding query filter params (name=anotherrole) {{(pid=80107) _extract_filter_values /opt/stack/keystone/keystone/common/rbac_enforcer/enforcer.py:167}}
Jul 21 22:16:25.544207 dv-cinder-850697-1-smb devstack@keystone.service[80107]: DEBUG keystone.common.rbac_enforcer.enforcer [None req-29c7f12e-7b42-42ef-aee7-7b28accd2603 None admin] RBAC: Authorizing `identity:list_roles()` {{(pid=80107) enforce_call /opt/stack/keystone/keystone/common/rbac_enforcer/enforcer.py:449}}
Jul 21 22:16:25.550053 dv-cinder-850697-1-smb devstack@keystone.service[80107]: DEBUG keystone.common.rbac_enforcer.enforcer [None req-29c7f12e-7b42-42ef-aee7-7b28accd2603 None admin] RBAC: Authorization granted {{(pid=80107) enforce_call /opt/stack/keystone/keystone/common/rbac_enforcer/enforcer.py:457}}
Jul 21 22:16:25.564589 dv-cinder-850697-1-smb devstack@keystone.service[80107]: [pid: 80107|app: 0|req: 180/371] 10.222.0.43 () {56 vars in 1111 bytes} [Thu Jul 21 22:16:25 2022] GET /identity/v3/roles?name=anotherrole => generated 334 bytes in 243 msecs (HTTP/1.1 200) 5 headers in 177 bytes (1 switches on core 0)
Jul 21 22:16:25.574557 dv-cinder-850697-1-smb devstack@keystone.service[80107]: DEBUG keystone.server.flask.request_processing.middleware.auth_context [None req-29c7f12e-7b42-42ef-aee7-7b28accd2603 None admin] Authenticating user token {{(pid=80107) process_request /usr/local/lib/python3.8/dist-packages/keystonemiddleware/auth_token/__init__.py:407}}
Jul 21 22:16:25.577590 dv-cinder-850697-1-smb devstack@keystone.service[80107]: DEBUG dbcounter [-] [80107] Writing DB stats keystone:SELECT=100 {{(pid=80107) stat_writer /usr/local/lib/python3.8/dist-packages/dbcounter.py:114}}
Jul 21 22:16:25.622508 dv-cinder-850697-1-smb devstack@keystone.service[80106]: DEBUG keystone.server.flask.request_processing.middleware.auth_context [None req-3398fce5-1908-4a28-a662-e8cf1ad18a85 None admin] Validating token access rules against request {{(pid=80106) validate_allowed_request /usr/local/lib/python3.8/dist-packages/keystonemiddleware/auth_token/__init__.py:545}}
Jul 21 22:16:25.664186 dv-cinder-850697-1-smb devstack@keystone.service[80106]: DEBUG keystone.server.flask.request_processing.middleware.auth_context [None req-6a1d6b43-9459-454e-8e03-8b7e8159862b None admin] RBAC: auth_context: {'token': , 'domain_id': None, 'trust_id': None, 'trustor_id': None, 'trustee_id': None, 'domain_name': None, 'group_ids': [], 'user_id': 'f173d7158e2a4553aa3707927ef2704b', 'user_domain_id': 'default', 'system_scope': 'all', 'project_id': None, 'project_domain_id': None, 'roles': ['admin', 'member', 'reader'], 'is_admin_project': True, 'service_user_id': None, 'service_user_domain_id': None, 'service_project_id': None, 'service_project_domain_id': None, 'service_roles': []} {{(pid=80106) fill_context /opt/stack/keystone/keystone/server/flask/request_processing/middleware/auth_context.py:478}}
Jul 21 22:16:25.666070 dv-cinder-850697-1-smb devstack@keystone.service[80106]: DEBUG keystone.server.flask.request_processing.req_logging [None req-6a1d6b43-9459-454e-8e03-8b7e8159862b None admin] REQUEST_METHOD: `GET` {{(pid=80106) log_request_info /opt/stack/keystone/keystone/server/flask/request_processing/req_logging.py:27}}
Jul 21 22:16:25.666580 dv-cinder-850697-1-smb devstack@keystone.service[80106]: DEBUG keystone.server.flask.request_processing.req_logging [None req-6a1d6b43-9459-454e-8e03-8b7e8159862b None admin] SCRIPT_NAME: `/identity` {{(pid=80106) log_request_info /opt/stack/keystone/keystone/server/flask/request_processing/req_logging.py:28}}
Jul 21 22:16:25.667062 dv-cinder-850697-1-smb devstack@keystone.service[80106]: DEBUG keystone.server.flask.request_processing.req_logging [None req-6a1d6b43-9459-454e-8e03-8b7e8159862b None admin] PATH_INFO: `/v3/roles` {{(pid=80106) log_request_info /opt/stack/keystone/keystone/server/flask/request_processing/req_logging.py:29}}
Jul 21 22:16:25.668060 dv-cinder-850697-1-smb devstack@keystone.service[80106]: DEBUG keystone.common.rbac_enforcer.enforcer [None req-6a1d6b43-9459-454e-8e03-8b7e8159862b None admin] RBAC: Adding query filter params (name=admin) {{(pid=80106) _extract_filter_values /opt/stack/keystone/keystone/common/rbac_enforcer/enforcer.py:167}}
Jul 21 22:16:25.668559 dv-cinder-850697-1-smb devstack@keystone.service[80106]: DEBUG keystone.common.rbac_enforcer.enforcer [None req-6a1d6b43-9459-454e-8e03-8b7e8159862b None admin] RBAC: Authorizing `identity:list_roles()` {{(pid=80106) enforce_call /opt/stack/keystone/keystone/common/rbac_enforcer/enforcer.py:449}}
Jul 21 22:16:25.670448 dv-cinder-850697-1-smb devstack@keystone.service[80106]: DEBUG keystone.common.rbac_enforcer.enforcer [None req-6a1d6b43-9459-454e-8e03-8b7e8159862b None admin] RBAC: Authorization granted {{(pid=80106) enforce_call /opt/stack/keystone/keystone/common/rbac_enforcer/enforcer.py:457}}
Jul 21 22:16:25.692691 dv-cinder-850697-1-smb devstack@keystone.service[80106]: [pid: 80106|app: 0|req: 192/372] 10.222.0.43 () {56 vars in 1099 bytes} [Thu Jul 21 22:16:25 2022] GET /identity/v3/roles?name=admin => generated 339 bytes in 199 msecs (HTTP/1.1 200) 5 headers in 177 bytes (1 switches on core 0)
Jul 21 22:16:25.699304 dv-cinder-850697-1-smb devstack@keystone.service[80106]: DEBUG keystone.server.flask.request_processing.middleware.auth_context [None req-6a1d6b43-9459-454e-8e03-8b7e8159862b None admin] Authenticating user token {{(pid=80106) process_request /usr/local/lib/python3.8/dist-packages/keystonemiddleware/auth_token/__init__.py:407}}
Jul 21 22:16:25.734419 dv-cinder-850697-1-smb devstack@keystone.service[80106]: DEBUG dbcounter [-] [80106] Writing DB stats keystone:SELECT=100 {{(pid=80106) stat_writer /usr/local/lib/python3.8/dist-packages/dbcounter.py:114}}
Jul 21 22:16:25.827163 dv-cinder-850697-1-smb devstack@keystone.service[80106]: DEBUG keystone.server.flask.request_processing.middleware.auth_context [None req-6a1d6b43-9459-454e-8e03-8b7e8159862b None admin] Validating token access rules against request {{(pid=80106) validate_allowed_request /usr/local/lib/python3.8/dist-packages/keystonemiddleware/auth_token/__init__.py:545}}
Jul 21 22:16:25.867733 dv-cinder-850697-1-smb devstack@keystone.service[80106]: DEBUG keystone.server.flask.request_processing.middleware.auth_context [None req-54b214b6-c24b-4f4a-b10e-2de025092660 None admin] RBAC: auth_context: {'token': , 'domain_id': None, 'trust_id': None, 'trustor_id': None, 'trustee_id': None, 'domain_name': None, 'group_ids': [], 'user_id': 'f173d7158e2a4553aa3707927ef2704b', 'user_domain_id': 'default', 'system_scope': 'all', 'project_id': None, 'project_domain_id': None, 'roles': ['admin', 'member', 'reader'], 'is_admin_project': True, 'service_user_id': None, 'service_user_domain_id': None, 'service_project_id': None, 'service_project_domain_id': None, 'service_roles': []} {{(pid=80106) fill_context /opt/stack/keystone/keystone/server/flask/request_processing/middleware/auth_context.py:478}}
Jul 21 22:16:25.868990 dv-cinder-850697-1-smb devstack@keystone.service[80106]: DEBUG keystone.server.flask.request_processing.req_logging [None req-54b214b6-c24b-4f4a-b10e-2de025092660 None admin] REQUEST_METHOD: `GET` {{(pid=80106) log_request_info /opt/stack/keystone/keystone/server/flask/request_processing/req_logging.py:27}}
Jul 21 22:16:25.869596 dv-cinder-850697-1-smb devstack@keystone.service[80106]: DEBUG keystone.server.flask.request_processing.req_logging [None req-54b214b6-c24b-4f4a-b10e-2de025092660 None admin] SCRIPT_NAME: `/identity` {{(pid=80106) log_request_info /opt/stack/keystone/keystone/server/flask/request_processing/req_logging.py:28}}
Jul 21 22:16:25.870089 dv-cinder-850697-1-smb devstack@keystone.service[80106]: DEBUG keystone.server.flask.request_processing.req_logging [None req-54b214b6-c24b-4f4a-b10e-2de025092660 None admin] PATH_INFO: `/v3/auth/tokens` {{(pid=80106) log_request_info /opt/stack/keystone/keystone/server/flask/request_processing/req_logging.py:29}}
Jul 21 22:16:25.872802 dv-cinder-850697-1-smb devstack@keystone.service[80107]: DEBUG keystone.server.flask.request_processing.middleware.auth_context [None req-29c7f12e-7b42-42ef-aee7-7b28accd2603 None admin] Validating token access rules against request {{(pid=80107) validate_allowed_request /usr/local/lib/python3.8/dist-packages/keystonemiddleware/auth_token/__init__.py:545}}
Jul 21 22:16:25.948463 dv-cinder-850697-1-smb devstack@keystone.service[80106]: DEBUG keystone.common.rbac_enforcer.enforcer [None req-54b214b6-c24b-4f4a-b10e-2de025092660 None admin] RBAC: Authorizing `identity:validate_token()` {{(pid=80106) enforce_call /opt/stack/keystone/keystone/common/rbac_enforcer/enforcer.py:449}}
Jul 21 22:16:25.952028 dv-cinder-850697-1-smb devstack@keystone.service[80106]: DEBUG keystone.common.rbac_enforcer.enforcer [None req-54b214b6-c24b-4f4a-b10e-2de025092660 None admin] RBAC: Authorization granted {{(pid=80106) enforce_call /opt/stack/keystone/keystone/common/rbac_enforcer/enforcer.py:457}}
Jul 21 22:16:25.965736 dv-cinder-850697-1-smb devstack@keystone.service[80107]: DEBUG keystone.server.flask.request_processing.middleware.auth_context [None req-d6b07cba-959b-4642-87bf-616a9fb14396 None admin] RBAC: auth_context: {'token': , 'domain_id': None, 'trust_id': None, 'trustor_id': None, 'trustee_id': None, 'domain_name': None, 'group_ids': [], 'user_id': 'f173d7158e2a4553aa3707927ef2704b', 'user_domain_id': 'default', 'system_scope': 'all', 'project_id': None, 'project_domain_id': None, 'roles': ['admin', 'member', 'reader'], 'is_admin_project': True, 'service_user_id': None, 'service_user_domain_id': None, 'service_project_id': None, 'service_project_domain_id': None, 'service_roles': []} {{(pid=80107) fill_context /opt/stack/keystone/keystone/server/flask/request_processing/middleware/auth_context.py:478}}
Jul 21 22:16:25.966437 dv-cinder-850697-1-smb devstack@keystone.service[80107]: DEBUG keystone.server.flask.request_processing.req_logging [None req-d6b07cba-959b-4642-87bf-616a9fb14396 None admin] REQUEST_METHOD: `GET` {{(pid=80107) log_request_info /opt/stack/keystone/keystone/server/flask/request_processing/req_logging.py:27}}
Jul 21 22:16:25.966682 dv-cinder-850697-1-smb devstack@keystone.service[80107]: DEBUG keystone.server.flask.request_processing.req_logging [None req-d6b07cba-959b-4642-87bf-616a9fb14396 None admin] SCRIPT_NAME: `/identity` {{(pid=80107) log_request_info /opt/stack/keystone/keystone/server/flask/request_processing/req_logging.py:28}}
Jul 21 22:16:25.966960 dv-cinder-850697-1-smb devstack@keystone.service[80107]: DEBUG keystone.server.flask.request_processing.req_logging [None req-d6b07cba-959b-4642-87bf-616a9fb14396 None admin] PATH_INFO: `/v3/auth/tokens` {{(pid=80107) log_request_info /opt/stack/keystone/keystone/server/flask/request_processing/req_logging.py:29}}
Jul 21 22:16:25.968878 dv-cinder-850697-1-smb devstack@keystone.service[80106]: DEBUG dbcounter [-] [80106] Writing DB stats keystone:SELECT=100 {{(pid=80106) stat_writer /usr/local/lib/python3.8/dist-packages/dbcounter.py:114}}
Jul 21 22:16:26.065512 dv-cinder-850697-1-smb devstack@keystone.service[80106]: [pid: 80106|app: 0|req: 193/373] 10.222.0.43 () {58 vars in 1282 bytes} [Thu Jul 21 22:16:25 2022] GET /identity/v3/auth/tokens => generated 799 bytes in 367 msecs (HTTP/1.1 200) 6 headers in 358 bytes (2 switches on core 0)
Jul 21 22:16:26.072297 dv-cinder-850697-1-smb devstack@keystone.service[80106]: DEBUG keystone.server.flask.request_processing.middleware.auth_context [None req-54b214b6-c24b-4f4a-b10e-2de025092660 None admin] Authenticating user token {{(pid=80106) process_request /usr/local/lib/python3.8/dist-packages/keystonemiddleware/auth_token/__init__.py:407}}
Jul 21 22:16:26.085125 dv-cinder-850697-1-smb devstack@keystone.service[80107]: DEBUG keystone.common.rbac_enforcer.enforcer [None req-d6b07cba-959b-4642-87bf-616a9fb14396 None admin] RBAC: Authorizing `identity:validate_token()` {{(pid=80107) enforce_call /opt/stack/keystone/keystone/common/rbac_enforcer/enforcer.py:449}}
Jul 21 22:16:26.086870 dv-cinder-850697-1-smb devstack@keystone.service[80107]: DEBUG keystone.common.rbac_enforcer.enforcer [None req-d6b07cba-959b-4642-87bf-616a9fb14396 None admin] RBAC: Authorization granted {{(pid=80107) enforce_call /opt/stack/keystone/keystone/common/rbac_enforcer/enforcer.py:457}}
Jul 21 22:16:26.092516 dv-cinder-850697-1-smb devstack@keystone.service[80107]: DEBUG dbcounter [-] [80107] Writing DB stats keystone:SELECT=100 {{(pid=80107) stat_writer /usr/local/lib/python3.8/dist-packages/dbcounter.py:114}}
Jul 21 22:16:26.226448 dv-cinder-850697-1-smb devstack@keystone.service[80106]: DEBUG keystone.server.flask.request_processing.middleware.auth_context [None req-54b214b6-c24b-4f4a-b10e-2de025092660 None admin] Validating token access rules against request {{(pid=80106) validate_allowed_request /usr/local/lib/python3.8/dist-packages/keystonemiddleware/auth_token/__init__.py:545}}
Jul 21 22:16:26.245368 dv-cinder-850697-1-smb devstack@keystone.service[80106]: DEBUG dbcounter [-] [80106] Writing DB stats keystone:SELECT=100 {{(pid=80106) stat_writer /usr/local/lib/python3.8/dist-packages/dbcounter.py:114}}
Jul 21 22:16:26.285789 dv-cinder-850697-1-smb devstack@keystone.service[80106]: DEBUG keystone.server.flask.request_processing.middleware.auth_context [None req-9914e48f-c4dd-46bd-97b5-800f47b4e3c5 None admin] RBAC: auth_context: {'token': , 'domain_id': None, 'trust_id': None, 'trustor_id': None, 'trustee_id': None, 'domain_name': None, 'group_ids': [], 'user_id': 'f173d7158e2a4553aa3707927ef2704b', 'user_domain_id': 'default', 'system_scope': 'all', 'project_id': None, 'project_domain_id': None, 'roles': ['admin', 'member', 'reader'], 'is_admin_project': True, 'service_user_id': None, 'service_user_domain_id': None, 'service_project_id': None, 'service_project_domain_id': None, 'service_roles': []} {{(pid=80106) fill_context /opt/stack/keystone/keystone/server/flask/request_processing/middleware/auth_context.py:478}}
Jul 21 22:16:26.286663 dv-cinder-850697-1-smb devstack@keystone.service[80106]: DEBUG keystone.server.flask.request_processing.req_logging [None req-9914e48f-c4dd-46bd-97b5-800f47b4e3c5 None admin] REQUEST_METHOD: `GET` {{(pid=80106) log_request_info /opt/stack/keystone/keystone/server/flask/request_processing/req_logging.py:27}}
Jul 21 22:16:26.286950 dv-cinder-850697-1-smb devstack@keystone.service[80106]: DEBUG keystone.server.flask.request_processing.req_logging [None req-9914e48f-c4dd-46bd-97b5-800f47b4e3c5 None admin] SCRIPT_NAME: `/identity` {{(pid=80106) log_request_info /opt/stack/keystone/keystone/server/flask/request_processing/req_logging.py:28}}
Jul 21 22:16:26.287230 dv-cinder-850697-1-smb devstack@keystone.service[80106]: DEBUG keystone.server.flask.request_processing.req_logging [None req-9914e48f-c4dd-46bd-97b5-800f47b4e3c5 None admin] PATH_INFO: `/v3/projects/cde20a12b28d4325b013339974b4c146` {{(pid=80106) log_request_info /opt/stack/keystone/keystone/server/flask/request_processing/req_logging.py:29}}
Jul 21 22:16:26.288465 dv-cinder-850697-1-smb devstack@keystone.service[80106]: DEBUG keystone.common.rbac_enforcer.enforcer [None req-9914e48f-c4dd-46bd-97b5-800f47b4e3c5 None admin] RBAC: Authorizing `identity:get_project(project_id=cde20a12b28d4325b013339974b4c146)` {{(pid=80106) enforce_call /opt/stack/keystone/keystone/common/rbac_enforcer/enforcer.py:449}}
Jul 21 22:16:26.289946 dv-cinder-850697-1-smb devstack@keystone.service[80106]: DEBUG keystone.common.rbac_enforcer.enforcer [None req-9914e48f-c4dd-46bd-97b5-800f47b4e3c5 None admin] RBAC: Authorization granted {{(pid=80106) enforce_call /opt/stack/keystone/keystone/common/rbac_enforcer/enforcer.py:457}}
Jul 21 22:16:26.291662 dv-cinder-850697-1-smb devstack@keystone.service[80106]: [pid: 80106|app: 0|req: 194/374] 10.222.0.43 () {56 vars in 1186 bytes} [Thu Jul 21 22:16:26 2022] GET /identity/v3/projects/cde20a12b28d4325b013339974b4c146 => generated 344 bytes in 220 msecs (HTTP/1.1 200) 5 headers in 177 bytes (1 switches on core 0)
Jul 21 22:16:26.301004 dv-cinder-850697-1-smb devstack@keystone.service[80106]: DEBUG keystone.server.flask.request_processing.middleware.auth_context [None req-9914e48f-c4dd-46bd-97b5-800f47b4e3c5 None admin] Authenticating user token {{(pid=80106) process_request /usr/local/lib/python3.8/dist-packages/keystonemiddleware/auth_token/__init__.py:407}}
Jul 21 22:16:26.333174 dv-cinder-850697-1-smb devstack@keystone.service[80107]: [pid: 80107|app: 0|req: 181/375] 10.222.0.43 () {58 vars in 1282 bytes} [Thu Jul 21 22:16:25 2022] GET /identity/v3/auth/tokens => generated 799 bytes in 759 msecs (HTTP/1.1 200) 6 headers in 358 bytes (1 switches on core 0)
Jul 21 22:16:26.337226 dv-cinder-850697-1-smb devstack@keystone.service[80107]: DEBUG keystone.server.flask.request_processing.middleware.auth_context [None req-d6b07cba-959b-4642-87bf-616a9fb14396 None admin] Authenticating user token {{(pid=80107) process_request /usr/local/lib/python3.8/dist-packages/keystonemiddleware/auth_token/__init__.py:407}}
Jul 21 22:16:26.454170 dv-cinder-850697-1-smb devstack@keystone.service[80106]: DEBUG keystone.server.flask.request_processing.middleware.auth_context [None req-9914e48f-c4dd-46bd-97b5-800f47b4e3c5 None admin] Validating token access rules against request {{(pid=80106) validate_allowed_request /usr/local/lib/python3.8/dist-packages/keystonemiddleware/auth_token/__init__.py:545}}
Jul 21 22:16:26.478616 dv-cinder-850697-1-smb devstack@keystone.service[80107]: DEBUG keystone.server.flask.request_processing.middleware.auth_context [None req-d6b07cba-959b-4642-87bf-616a9fb14396 None admin] Validating token access rules against request {{(pid=80107) validate_allowed_request /usr/local/lib/python3.8/dist-packages/keystonemiddleware/auth_token/__init__.py:545}}
Jul 21 22:16:26.480674 dv-cinder-850697-1-smb devstack@keystone.service[80107]: DEBUG dbcounter [-] [80107] Writing DB stats keystone:SELECT=100 {{(pid=80107) stat_writer /usr/local/lib/python3.8/dist-packages/dbcounter.py:114}}
Jul 21 22:16:26.499838 dv-cinder-850697-1-smb devstack@keystone.service[80106]: DEBUG keystone.server.flask.request_processing.middleware.auth_context [None req-a9886d29-523c-4736-8721-59f896fcf537 None admin] RBAC: auth_context: {'token': , 'domain_id': None, 'trust_id': None, 'trustor_id': None, 'trustee_id': None, 'domain_name': None, 'group_ids': [], 'user_id': 'f173d7158e2a4553aa3707927ef2704b', 'user_domain_id': 'default', 'system_scope': 'all', 'project_id': None, 'project_domain_id': None, 'roles': ['admin', 'member', 'reader'], 'is_admin_project': True, 'service_user_id': None, 'service_user_domain_id': None, 'service_project_id': None, 'service_project_domain_id': None, 'service_roles': []} {{(pid=80106) fill_context /opt/stack/keystone/keystone/server/flask/request_processing/middleware/auth_context.py:478}}
Jul 21 22:16:26.500709 dv-cinder-850697-1-smb devstack@keystone.service[80106]: DEBUG keystone.server.flask.request_processing.req_logging [None req-a9886d29-523c-4736-8721-59f896fcf537 None admin] REQUEST_METHOD: `GET` {{(pid=80106) log_request_info /opt/stack/keystone/keystone/server/flask/request_processing/req_logging.py:27}}
Jul 21 22:16:26.501024 dv-cinder-850697-1-smb devstack@keystone.service[80106]: DEBUG keystone.server.flask.request_processing.req_logging [None req-a9886d29-523c-4736-8721-59f896fcf537 None admin] SCRIPT_NAME: `/identity` {{(pid=80106) log_request_info /opt/stack/keystone/keystone/server/flask/request_processing/req_logging.py:28}}
Jul 21 22:16:26.501309 dv-cinder-850697-1-smb devstack@keystone.service[80106]: DEBUG keystone.server.flask.request_processing.req_logging [None req-a9886d29-523c-4736-8721-59f896fcf537 None admin] PATH_INFO: `/v3/groups/04209841ab1c4bab822fe85c24410f61` {{(pid=80106) log_request_info /opt/stack/keystone/keystone/server/flask/request_processing/req_logging.py:29}}
Jul 21 22:16:26.513878 dv-cinder-850697-1-smb devstack@keystone.service[80106]: DEBUG keystone.common.rbac_enforcer.enforcer [None req-a9886d29-523c-4736-8721-59f896fcf537 None admin] RBAC: Authorizing `identity:get_group(group_id=04209841ab1c4bab822fe85c24410f61)` {{(pid=80106) enforce_call /opt/stack/keystone/keystone/common/rbac_enforcer/enforcer.py:449}}
Jul 21 22:16:26.515441 dv-cinder-850697-1-smb devstack@keystone.service[80106]: DEBUG keystone.common.rbac_enforcer.enforcer [None req-a9886d29-523c-4736-8721-59f896fcf537 None admin] RBAC: Authorization granted {{(pid=80106) enforce_call /opt/stack/keystone/keystone/common/rbac_enforcer/enforcer.py:457}}
Jul 21 22:16:26.517579 dv-cinder-850697-1-smb devstack@keystone.service[80106]: [pid: 80106|app: 0|req: 195/376] 10.222.0.43 () {56 vars in 1180 bytes} [Thu Jul 21 22:16:26 2022] GET /identity/v3/groups/04209841ab1c4bab822fe85c24410f61 => generated 229 bytes in 218 msecs (HTTP/1.1 200) 5 headers in 177 bytes (1 switches on core 0)
Jul 21 22:16:26.519155 dv-cinder-850697-1-smb devstack@keystone.service[80107]: DEBUG keystone.server.flask.request_processing.middleware.auth_context [None req-d131c25f-1c46-4b7a-8209-e3bb3b9fb140 None admin] RBAC: auth_context: {'token': , 'domain_id': None, 'trust_id': None, 'trustor_id': None, 'trustee_id': None, 'domain_name': None, 'group_ids': [], 'user_id': 'f173d7158e2a4553aa3707927ef2704b', 'user_domain_id': 'default', 'system_scope': 'all', 'project_id': None, 'project_domain_id': None, 'roles': ['admin', 'member', 'reader'], 'is_admin_project': True, 'service_user_id': None, 'service_user_domain_id': None, 'service_project_id': None, 'service_project_domain_id': None, 'service_roles': []} {{(pid=80107) fill_context /opt/stack/keystone/keystone/server/flask/request_processing/middleware/auth_context.py:478}}
Jul 21 22:16:26.520047 dv-cinder-850697-1-smb devstack@keystone.service[80107]: DEBUG keystone.server.flask.request_processing.req_logging [None req-d131c25f-1c46-4b7a-8209-e3bb3b9fb140 None admin] REQUEST_METHOD: `GET` {{(pid=80107) log_request_info /opt/stack/keystone/keystone/server/flask/request_processing/req_logging.py:27}}
Jul 21 22:16:26.520332 dv-cinder-850697-1-smb devstack@keystone.service[80107]: DEBUG keystone.server.flask.request_processing.req_logging [None req-d131c25f-1c46-4b7a-8209-e3bb3b9fb140 None admin] SCRIPT_NAME: `/identity` {{(pid=80107) log_request_info /opt/stack/keystone/keystone/server/flask/request_processing/req_logging.py:28}}
Jul 21 22:16:26.520610 dv-cinder-850697-1-smb devstack@keystone.service[80107]: DEBUG keystone.server.flask.request_processing.req_logging [None req-d131c25f-1c46-4b7a-8209-e3bb3b9fb140 None admin] PATH_INFO: `/v3/projects/bf617240dd564a84b2b9fde284824719` {{(pid=80107) log_request_info /opt/stack/keystone/keystone/server/flask/request_processing/req_logging.py:29}}
Jul 21 22:16:26.521948 dv-cinder-850697-1-smb devstack@keystone.service[80107]: DEBUG keystone.common.rbac_enforcer.enforcer [None req-d131c25f-1c46-4b7a-8209-e3bb3b9fb140 None admin] RBAC: Authorizing `identity:get_project(project_id=bf617240dd564a84b2b9fde284824719)` {{(pid=80107) enforce_call /opt/stack/keystone/keystone/common/rbac_enforcer/enforcer.py:449}}
Jul 21 22:16:26.523511 dv-cinder-850697-1-smb devstack@keystone.service[80106]: DEBUG keystone.server.flask.request_processing.middleware.auth_context [None req-a9886d29-523c-4736-8721-59f896fcf537 None admin] Authenticating user token {{(pid=80106) process_request /usr/local/lib/python3.8/dist-packages/keystonemiddleware/auth_token/__init__.py:407}}
Jul 21 22:16:26.523629 dv-cinder-850697-1-smb devstack@keystone.service[80107]: DEBUG keystone.common.rbac_enforcer.enforcer [None req-d131c25f-1c46-4b7a-8209-e3bb3b9fb140 None admin] RBAC: Authorization granted {{(pid=80107) enforce_call /opt/stack/keystone/keystone/common/rbac_enforcer/enforcer.py:457}}
Jul 21 22:16:26.525628 dv-cinder-850697-1-smb devstack@keystone.service[80107]: [pid: 80107|app: 0|req: 182/377] 10.222.0.43 () {56 vars in 1186 bytes} [Thu Jul 21 22:16:26 2022] GET /identity/v3/projects/bf617240dd564a84b2b9fde284824719 => generated 302 bytes in 189 msecs (HTTP/1.1 200) 5 headers in 177 bytes (1 switches on core 0)
Jul 21 22:16:26.531449 dv-cinder-850697-1-smb devstack@keystone.service[80107]: DEBUG keystone.server.flask.request_processing.middleware.auth_context [None req-d131c25f-1c46-4b7a-8209-e3bb3b9fb140 None admin] Authenticating user token {{(pid=80107) process_request /usr/local/lib/python3.8/dist-packages/keystonemiddleware/auth_token/__init__.py:407}}
Jul 21 22:16:26.601696 dv-cinder-850697-1-smb devstack@keystone.service[80106]: DEBUG dbcounter [-] [80106] Writing DB stats keystone:SELECT=100 {{(pid=80106) stat_writer /usr/local/lib/python3.8/dist-packages/dbcounter.py:114}}
Jul 21 22:16:26.644303 dv-cinder-850697-1-smb devstack@keystone.service[80107]: DEBUG keystone.server.flask.request_processing.middleware.auth_context [None req-d131c25f-1c46-4b7a-8209-e3bb3b9fb140 None admin] Validating token access rules against request {{(pid=80107) validate_allowed_request /usr/local/lib/python3.8/dist-packages/keystonemiddleware/auth_token/__init__.py:545}}
Jul 21 22:16:26.681515 dv-cinder-850697-1-smb devstack@keystone.service[80107]: DEBUG keystone.server.flask.request_processing.middleware.auth_context [None req-3948a161-d274-4de0-8af2-8143066b5495 None admin] RBAC: auth_context: {'token': , 'domain_id': None, 'trust_id': None, 'trustor_id': None, 'trustee_id': None, 'domain_name': None, 'group_ids': [], 'user_id': 'f173d7158e2a4553aa3707927ef2704b', 'user_domain_id': 'default', 'system_scope': 'all', 'project_id': None, 'project_domain_id': None, 'roles': ['admin', 'member', 'reader'], 'is_admin_project': True, 'service_user_id': None, 'service_user_domain_id': None, 'service_project_id': None, 'service_project_domain_id': None, 'service_roles': []} {{(pid=80107) fill_context /opt/stack/keystone/keystone/server/flask/request_processing/middleware/auth_context.py:478}}
Jul 21 22:16:26.682388 dv-cinder-850697-1-smb devstack@keystone.service[80107]: DEBUG keystone.server.flask.request_processing.req_logging [None req-3948a161-d274-4de0-8af2-8143066b5495 None admin] REQUEST_METHOD: `GET` {{(pid=80107) log_request_info /opt/stack/keystone/keystone/server/flask/request_processing/req_logging.py:27}}
Jul 21 22:16:26.682673 dv-cinder-850697-1-smb devstack@keystone.service[80107]: DEBUG keystone.server.flask.request_processing.req_logging [None req-3948a161-d274-4de0-8af2-8143066b5495 None admin] SCRIPT_NAME: `/identity` {{(pid=80107) log_request_info /opt/stack/keystone/keystone/server/flask/request_processing/req_logging.py:28}}
Jul 21 22:16:26.683500 dv-cinder-850697-1-smb devstack@keystone.service[80107]: DEBUG keystone.server.flask.request_processing.req_logging [None req-3948a161-d274-4de0-8af2-8143066b5495 None admin] PATH_INFO: `/v3/groups/a946f3adcb454b468eaf2a2f877f90ff` {{(pid=80107) log_request_info /opt/stack/keystone/keystone/server/flask/request_processing/req_logging.py:29}}
Jul 21 22:16:26.684673 dv-cinder-850697-1-smb devstack@keystone.service[80107]: DEBUG keystone.common.rbac_enforcer.enforcer [None req-3948a161-d274-4de0-8af2-8143066b5495 None admin] RBAC: Authorizing `identity:get_group(group_id=a946f3adcb454b468eaf2a2f877f90ff)` {{(pid=80107) enforce_call /opt/stack/keystone/keystone/common/rbac_enforcer/enforcer.py:449}}
Jul 21 22:16:26.686352 dv-cinder-850697-1-smb devstack@keystone.service[80107]: DEBUG keystone.common.rbac_enforcer.enforcer [None req-3948a161-d274-4de0-8af2-8143066b5495 None admin] RBAC: Authorization granted {{(pid=80107) enforce_call /opt/stack/keystone/keystone/common/rbac_enforcer/enforcer.py:457}}
Jul 21 22:16:26.688752 dv-cinder-850697-1-smb devstack@keystone.service[80107]: [pid: 80107|app: 0|req: 183/378] 10.222.0.43 () {56 vars in 1180 bytes} [Thu Jul 21 22:16:26 2022] GET /identity/v3/groups/a946f3adcb454b468eaf2a2f877f90ff => generated 226 bytes in 158 msecs (HTTP/1.1 200) 5 headers in 177 bytes (1 switches on core 0)
Jul 21 22:16:26.695170 dv-cinder-850697-1-smb devstack@keystone.service[80107]: DEBUG keystone.server.flask.request_processing.middleware.auth_context [None req-3948a161-d274-4de0-8af2-8143066b5495 None admin] Authenticating user token {{(pid=80107) process_request /usr/local/lib/python3.8/dist-packages/keystonemiddleware/auth_token/__init__.py:407}}
Jul 21 22:16:26.738038 dv-cinder-850697-1-smb devstack@keystone.service[80107]: DEBUG dbcounter [-] [80107] Writing DB stats keystone:SELECT=100 {{(pid=80107) stat_writer /usr/local/lib/python3.8/dist-packages/dbcounter.py:114}}
Jul 21 22:16:26.764704 dv-cinder-850697-1-smb devstack@keystone.service[80106]: DEBUG keystone.server.flask.request_processing.middleware.auth_context [None req-a9886d29-523c-4736-8721-59f896fcf537 None admin] Validating token access rules against request {{(pid=80106) validate_allowed_request /usr/local/lib/python3.8/dist-packages/keystonemiddleware/auth_token/__init__.py:545}}
Jul 21 22:16:26.802642 dv-cinder-850697-1-smb devstack@keystone.service[80107]: DEBUG keystone.server.flask.request_processing.middleware.auth_context [None req-3948a161-d274-4de0-8af2-8143066b5495 None admin] Validating token access rules against request {{(pid=80107) validate_allowed_request /usr/local/lib/python3.8/dist-packages/keystonemiddleware/auth_token/__init__.py:545}}
Jul 21 22:16:26.827825 dv-cinder-850697-1-smb devstack@keystone.service[80106]: DEBUG keystone.server.flask.request_processing.middleware.auth_context [None req-b05109b7-f191-4082-a4e1-f298acca4d3a None admin] RBAC: auth_context: {'token': , 'domain_id': None, 'trust_id': None, 'trustor_id': None, 'trustee_id': None, 'domain_name': None, 'group_ids': [], 'user_id': 'f173d7158e2a4553aa3707927ef2704b', 'user_domain_id': 'default', 'system_scope': 'all', 'project_id': None, 'project_domain_id': None, 'roles': ['admin', 'member', 'reader'], 'is_admin_project': True, 'service_user_id': None, 'service_user_domain_id': None, 'service_project_id': None, 'service_project_domain_id': None, 'service_roles': []} {{(pid=80106) fill_context /opt/stack/keystone/keystone/server/flask/request_processing/middleware/auth_context.py:478}}
Jul 21 22:16:26.828853 dv-cinder-850697-1-smb devstack@keystone.service[80106]: DEBUG keystone.server.flask.request_processing.req_logging [None req-b05109b7-f191-4082-a4e1-f298acca4d3a None admin] REQUEST_METHOD: `GET` {{(pid=80106) log_request_info /opt/stack/keystone/keystone/server/flask/request_processing/req_logging.py:27}}
Jul 21 22:16:26.829385 dv-cinder-850697-1-smb devstack@keystone.service[80106]: DEBUG keystone.server.flask.request_processing.req_logging [None req-b05109b7-f191-4082-a4e1-f298acca4d3a None admin] SCRIPT_NAME: `/identity` {{(pid=80106) log_request_info /opt/stack/keystone/keystone/server/flask/request_processing/req_logging.py:28}}
Jul 21 22:16:26.830088 dv-cinder-850697-1-smb devstack@keystone.service[80106]: DEBUG keystone.server.flask.request_processing.req_logging [None req-b05109b7-f191-4082-a4e1-f298acca4d3a None admin] PATH_INFO: `/v3/role_assignments` {{(pid=80106) log_request_info /opt/stack/keystone/keystone/server/flask/request_processing/req_logging.py:29}}
Jul 21 22:16:26.831129 dv-cinder-850697-1-smb devstack@keystone.service[80106]: DEBUG keystone.common.rbac_enforcer.enforcer [None req-b05109b7-f191-4082-a4e1-f298acca4d3a None admin] RBAC: Adding query filter params (group.id=04209841ab1c4bab822fe85c24410f61, role.id=5261a67f0a3d4275bd9bc9c9ba1f763f, scope.project.id=cde20a12b28d4325b013339974b4c146) {{(pid=80106) _extract_filter_values /opt/stack/keystone/keystone/common/rbac_enforcer/enforcer.py:167}}
Jul 21 22:16:26.831660 dv-cinder-850697-1-smb devstack@keystone.service[80106]: DEBUG keystone.common.rbac_enforcer.enforcer [None req-b05109b7-f191-4082-a4e1-f298acca4d3a None admin] RBAC: Authorizing `identity:list_role_assignments()` {{(pid=80106) enforce_call /opt/stack/keystone/keystone/common/rbac_enforcer/enforcer.py:449}}
Jul 21 22:16:26.833394 dv-cinder-850697-1-smb devstack@keystone.service[80106]: DEBUG keystone.common.rbac_enforcer.enforcer [None req-b05109b7-f191-4082-a4e1-f298acca4d3a None admin] RBAC: Authorization granted {{(pid=80106) enforce_call /opt/stack/keystone/keystone/common/rbac_enforcer/enforcer.py:457}}
Jul 21 22:16:26.841038 dv-cinder-850697-1-smb devstack@keystone.service[80107]: DEBUG keystone.server.flask.request_processing.middleware.auth_context [None req-d7d4fc33-3e81-48e1-b75d-f76994d56885 None admin] RBAC: auth_context: {'token': , 'domain_id': None, 'trust_id': None, 'trustor_id': None, 'trustee_id': None, 'domain_name': None, 'group_ids': [], 'user_id': 'f173d7158e2a4553aa3707927ef2704b', 'user_domain_id': 'default', 'system_scope': 'all', 'project_id': None, 'project_domain_id': None, 'roles': ['admin', 'member', 'reader'], 'is_admin_project': True, 'service_user_id': None, 'service_user_domain_id': None, 'service_project_id': None, 'service_project_domain_id': None, 'service_roles': []} {{(pid=80107) fill_context /opt/stack/keystone/keystone/server/flask/request_processing/middleware/auth_context.py:478}}
Jul 21 22:16:26.841038 dv-cinder-850697-1-smb devstack@keystone.service[80107]: DEBUG keystone.server.flask.request_processing.req_logging [None req-d7d4fc33-3e81-48e1-b75d-f76994d56885 None admin] REQUEST_METHOD: `GET` {{(pid=80107) log_request_info /opt/stack/keystone/keystone/server/flask/request_processing/req_logging.py:27}}
Jul 21 22:16:26.841038 dv-cinder-850697-1-smb devstack@keystone.service[80107]: DEBUG keystone.server.flask.request_processing.req_logging [None req-d7d4fc33-3e81-48e1-b75d-f76994d56885 None admin] SCRIPT_NAME: `/identity` {{(pid=80107) log_request_info /opt/stack/keystone/keystone/server/flask/request_processing/req_logging.py:28}}
Jul 21 22:16:26.841038 dv-cinder-850697-1-smb devstack@keystone.service[80107]: DEBUG keystone.server.flask.request_processing.req_logging [None req-d7d4fc33-3e81-48e1-b75d-f76994d56885 None admin] PATH_INFO: `/v3/role_assignments` {{(pid=80107) log_request_info /opt/stack/keystone/keystone/server/flask/request_processing/req_logging.py:29}}
Jul 21 22:16:26.841379 dv-cinder-850697-1-smb devstack@keystone.service[80107]: DEBUG keystone.common.rbac_enforcer.enforcer [None req-d7d4fc33-3e81-48e1-b75d-f76994d56885 None admin] RBAC: Adding query filter params (group.id=a946f3adcb454b468eaf2a2f877f90ff, role.id=ffad03b6b6d1473dba5d5b7296943f18, scope.project.id=bf617240dd564a84b2b9fde284824719) {{(pid=80107) _extract_filter_values /opt/stack/keystone/keystone/common/rbac_enforcer/enforcer.py:167}}
Jul 21 22:16:26.841379 dv-cinder-850697-1-smb devstack@keystone.service[80107]: DEBUG keystone.common.rbac_enforcer.enforcer [None req-d7d4fc33-3e81-48e1-b75d-f76994d56885 None admin] RBAC: Authorizing `identity:list_role_assignments()` {{(pid=80107) enforce_call /opt/stack/keystone/keystone/common/rbac_enforcer/enforcer.py:449}}
Jul 21 22:16:26.842629 dv-cinder-850697-1-smb devstack@keystone.service[80107]: DEBUG keystone.common.rbac_enforcer.enforcer [None req-d7d4fc33-3e81-48e1-b75d-f76994d56885 None admin] RBAC: Authorization granted {{(pid=80107) enforce_call /opt/stack/keystone/keystone/common/rbac_enforcer/enforcer.py:457}}
Jul 21 22:16:26.852182 dv-cinder-850697-1-smb devstack@keystone.service[80106]: [pid: 80106|app: 0|req: 196/379] 10.222.0.43 () {56 vars in 1376 bytes} [Thu Jul 21 22:16:26 2022] GET /identity/v3/role_assignments?group.id=04209841ab1c4bab822fe85c24410f61&scope.project.id=cde20a12b28d4325b013339974b4c146&role.id=5261a67f0a3d4275bd9bc9c9ba1f763f => generated 260 bytes in 325 msecs (HTTP/1.1 200) 5 headers in 177 bytes (2 switches on core 0)
