Jul 21 22:22:17.047603 dv-cinder-850697-1-smb devstack@c-api.service[110721]: INFO cinder.api.openstack.wsgi [req-00d23865-0917-4852-bcaa-eee0ab528e6c req-aa9191c2-f3e1-40fa-9720-b1303606220f admin admin] POST http://10.222.0.43/volume/v3/cde20a12b28d4325b013339974b4c146/types/9ef22998-6df5-4e31-8df5-d27e56124a7a/extra_specs
Jul 21 22:22:17.048784 dv-cinder-850697-1-smb devstack@c-api.service[110721]: DEBUG cinder.api.openstack.wsgi [req-00d23865-0917-4852-bcaa-eee0ab528e6c req-aa9191c2-f3e1-40fa-9720-b1303606220f admin admin] Action: 'create', calling method: create, body: {"extra_specs": {"volume_backend_name": "lvmdriver-1"}} {{(pid=110721) _process_stack /opt/stack/cinder/cinder/api/openstack/wsgi.py:866}}
Jul 21 22:22:17.050880 dv-cinder-850697-1-smb devstack@c-api.service[110721]: /usr/local/lib/python3.8/dist-packages/oslo_context/context.py:100: DeprecationWarning: Policy enforcement is depending on the value of is_admin. This key is deprecated. Please update your policy file to use the standard policy values.
Jul 21 22:22:17.050880 dv-cinder-850697-1-smb devstack@c-api.service[110721]: warnings.warn('Policy enforcement is depending on the value of '
Jul 21 22:22:17.058386 dv-cinder-850697-1-smb devstack@c-api.service[110721]: DEBUG oslo_db.sqlalchemy.engines [req-00d23865-0917-4852-bcaa-eee0ab528e6c req-aa9191c2-f3e1-40fa-9720-b1303606220f admin admin] MySQL server mode set to STRICT_TRANS_TABLES,STRICT_ALL_TABLES,NO_ZERO_IN_DATE,NO_ZERO_DATE,ERROR_FOR_DIVISION_BY_ZERO,TRADITIONAL,NO_ENGINE_SUBSTITUTION {{(pid=110721) _check_effective_sql_mode /usr/local/lib/python3.8/dist-packages/oslo_db/sqlalchemy/engines.py:314}}
Jul 21 22:22:17.176729 dv-cinder-850697-1-smb devstack@c-api.service[110721]: INFO cinder.api.openstack.wsgi [req-00d23865-0917-4852-bcaa-eee0ab528e6c req-aa9191c2-f3e1-40fa-9720-b1303606220f admin admin] http://10.222.0.43/volume/v3/cde20a12b28d4325b013339974b4c146/types/9ef22998-6df5-4e31-8df5-d27e56124a7a/extra_specs returned with HTTP 200
Jul 21 22:22:17.177771 dv-cinder-850697-1-smb devstack@c-api.service[110721]: [pid: 110721|app: 0|req: 2/3] 10.222.0.43 () {62 vars in 1454 bytes} [Thu Jul 21 22:22:16 2022] POST /volume/v3/cde20a12b28d4325b013339974b4c146/types/9ef22998-6df5-4e31-8df5-d27e56124a7a/extra_specs => generated 55 bytes in 761 msecs (HTTP/1.1 200) 7 headers in 284 bytes (1 switches on core 0)
Jul 21 22:22:26.407988 dv-cinder-850697-1-smb devstack@c-api.service[110722]: DEBUG dbcounter [-] [110722] Writing DB stats cinder:SELECT=18,cinder:INSERT=1 {{(pid=110722) stat_writer /usr/local/lib/python3.8/dist-packages/dbcounter.py:114}}
Jul 21 22:22:27.173778 dv-cinder-850697-1-smb devstack@c-api.service[110721]: DEBUG dbcounter [-] [110721] Writing DB stats cinder:SELECT=25,cinder:INSERT=1 {{(pid=110721) stat_writer /usr/local/lib/python3.8/dist-packages/dbcounter.py:114}}
Jul 21 22:22:56.312782 dv-cinder-850697-1-smb devstack@c-api.service[110722]: DEBUG cinder.api.middleware.request_id [None req-7e16c19c-9e3d-48df-b7b8-69bd159f728a None None] RequestId filter calling following filter/app {{(pid=110722) _context_setter /opt/stack/cinder/cinder/api/middleware/request_id.py:62}}
Jul 21 22:22:56.314046 dv-cinder-850697-1-smb devstack@c-api.service[110722]: INFO cinder.api.openstack.wsgi [None req-7e16c19c-9e3d-48df-b7b8-69bd159f728a None None] GET http://10.222.0.43/volume//
Jul 21 22:22:56.314435 dv-cinder-850697-1-smb devstack@c-api.service[110722]: DEBUG cinder.api.openstack.wsgi [None req-7e16c19c-9e3d-48df-b7b8-69bd159f728a None None] Empty body provided in request {{(pid=110722) get_body /opt/stack/cinder/cinder/api/openstack/wsgi.py:715}}
Jul 21 22:22:56.314880 dv-cinder-850697-1-smb devstack@c-api.service[110722]: DEBUG cinder.api.openstack.wsgi [None req-7e16c19c-9e3d-48df-b7b8-69bd159f728a None None] Calling method 'all' {{(pid=110722) _process_stack /opt/stack/cinder/cinder/api/openstack/wsgi.py:868}}
Jul 21 22:22:56.315935 dv-cinder-850697-1-smb devstack@c-api.service[110722]: INFO cinder.api.openstack.wsgi [None req-7e16c19c-9e3d-48df-b7b8-69bd159f728a None None] http://10.222.0.43/volume// returned with HTTP 300
Jul 21 22:22:56.316515 dv-cinder-850697-1-smb devstack@c-api.service[110722]: [pid: 110722|app: 0|req: 2/4] 10.222.0.43 () {56 vars in 1098 bytes} [Thu Jul 21 22:22:56 2022] GET /volume/ => generated 386 bytes in 5 msecs (HTTP/1.1 300) 7 headers in 299 bytes (1 switches on core 0)
Jul 21 22:25:50.328181 dv-cinder-850697-1-smb devstack@c-api.service[110721]: DEBUG cinder.api.middleware.request_id [None req-c2ab13fb-b3d4-494f-8e93-447e522f542d None None] RequestId filter calling following filter/app {{(pid=110721) _context_setter /opt/stack/cinder/cinder/api/middleware/request_id.py:62}}
Jul 21 22:25:50.835197 dv-cinder-850697-1-smb devstack@c-api.service[110721]: INFO cinder.api.openstack.wsgi [None req-c2ab13fb-b3d4-494f-8e93-447e522f542d tempest-verify_tempest_config-1180907141 tempest-verify_tempest_config-1180907141-project] GET http://10.222.0.43/volume/v3/3c5ce784eaf74cf9afd1226e211d4ea5/extensions
Jul 21 22:25:50.835646 dv-cinder-850697-1-smb devstack@c-api.service[110721]: DEBUG cinder.api.openstack.wsgi [None req-c2ab13fb-b3d4-494f-8e93-447e522f542d tempest-verify_tempest_config-1180907141 tempest-verify_tempest_config-1180907141-project] Empty body provided in request {{(pid=110721) get_body /opt/stack/cinder/cinder/api/openstack/wsgi.py:715}}
Jul 21 22:25:50.836094 dv-cinder-850697-1-smb devstack@c-api.service[110721]: DEBUG cinder.api.openstack.wsgi [None req-c2ab13fb-b3d4-494f-8e93-447e522f542d tempest-verify_tempest_config-1180907141 tempest-verify_tempest_config-1180907141-project] Calling method 'index' {{(pid=110721) _process_stack /opt/stack/cinder/cinder/api/openstack/wsgi.py:868}}
Jul 21 22:25:50.836778 dv-cinder-850697-1-smb devstack@c-api.service[110721]: INFO cinder.api.openstack.wsgi [None req-c2ab13fb-b3d4-494f-8e93-447e522f542d tempest-verify_tempest_config-1180907141 tempest-verify_tempest_config-1180907141-project] http://10.222.0.43/volume/v3/3c5ce784eaf74cf9afd1226e211d4ea5/extensions returned with HTTP 200
Jul 21 22:25:50.837519 dv-cinder-850697-1-smb devstack@c-api.service[110721]: [pid: 110721|app: 0|req: 3/5] 10.222.0.43 () {58 vars in 1222 bytes} [Thu Jul 21 22:25:50 2022] GET /volume/v3/3c5ce784eaf74cf9afd1226e211d4ea5/extensions => generated 5245 bytes in 511 msecs (HTTP/1.1 200) 7 headers in 286 bytes (1 switches on core 0)
Jul 21 22:28:04.351928 dv-cinder-850697-1-smb devstack@c-api.service[110722]: DEBUG cinder.api.middleware.request_id [None req-ba40542e-8281-4b4a-9aab-239bb3659745 None None] RequestId filter calling following filter/app {{(pid=110722) _context_setter /opt/stack/cinder/cinder/api/middleware/request_id.py:62}}
Jul 21 22:28:04.469736 dv-cinder-850697-1-smb devstack@c-api.service[110722]: INFO cinder.api.openstack.wsgi [None req-ba40542e-8281-4b4a-9aab-239bb3659745 admin admin] GET http://10.222.0.43/volume/v3/cde20a12b28d4325b013339974b4c146/os-services
Jul 21 22:28:04.470194 dv-cinder-850697-1-smb devstack@c-api.service[110722]: DEBUG cinder.api.openstack.wsgi [None req-ba40542e-8281-4b4a-9aab-239bb3659745 admin admin] Empty body provided in request {{(pid=110722) get_body /opt/stack/cinder/cinder/api/openstack/wsgi.py:715}}
Jul 21 22:28:04.470644 dv-cinder-850697-1-smb devstack@c-api.service[110722]: DEBUG cinder.api.openstack.wsgi [None req-ba40542e-8281-4b4a-9aab-239bb3659745 admin admin] Calling method 'index' {{(pid=110722) _process_stack /opt/stack/cinder/cinder/api/openstack/wsgi.py:868}}
Jul 21 22:28:04.479937 dv-cinder-850697-1-smb devstack@c-api.service[110722]: INFO cinder.api.openstack.wsgi [None req-ba40542e-8281-4b4a-9aab-239bb3659745 admin admin] http://10.222.0.43/volume/v3/cde20a12b28d4325b013339974b4c146/os-services returned with HTTP 200
Jul 21 22:28:04.480647 dv-cinder-850697-1-smb devstack@c-api.service[110722]: [pid: 110722|app: 0|req: 3/6] 10.222.0.43 () {56 vars in 1201 bytes} [Thu Jul 21 22:28:04 2022] GET /volume/v3/cde20a12b28d4325b013339974b4c146/os-services => generated 640 bytes in 130 msecs (HTTP/1.1 200) 7 headers in 285 bytes (1 switches on core 0)
Jul 21 22:28:06.826504 dv-cinder-850697-1-smb devstack@c-api.service[110721]: DEBUG cinder.api.middleware.request_id [None req-152e7a02-fce5-407b-83a6-3fabae488099 None None] RequestId filter calling following filter/app {{(pid=110721) _context_setter /opt/stack/cinder/cinder/api/middleware/request_id.py:62}}
Jul 21 22:28:06.876585 dv-cinder-850697-1-smb devstack@c-api.service[110721]: INFO cinder.api.openstack.wsgi [None req-152e7a02-fce5-407b-83a6-3fabae488099 admin admin] GET http://10.222.0.43/volume/v3/cde20a12b28d4325b013339974b4c146/os-services
Jul 21 22:28:06.877225 dv-cinder-850697-1-smb devstack@c-api.service[110721]: DEBUG cinder.api.openstack.wsgi [None req-152e7a02-fce5-407b-83a6-3fabae488099 admin admin] Empty body provided in request {{(pid=110721) get_body /opt/stack/cinder/cinder/api/openstack/wsgi.py:715}}
Jul 21 22:28:06.877672 dv-cinder-850697-1-smb devstack@c-api.service[110721]: DEBUG cinder.api.openstack.wsgi [None req-152e7a02-fce5-407b-83a6-3fabae488099 admin admin] Calling method 'index' {{(pid=110721) _process_stack /opt/stack/cinder/cinder/api/openstack/wsgi.py:868}}
Jul 21 22:28:06.889648 dv-cinder-850697-1-smb devstack@c-api.service[110721]: INFO cinder.api.openstack.wsgi [None req-152e7a02-fce5-407b-83a6-3fabae488099 admin admin] http://10.222.0.43/volume/v3/cde20a12b28d4325b013339974b4c146/os-services returned with HTTP 200
Jul 21 22:28:06.890415 dv-cinder-850697-1-smb devstack@c-api.service[110721]: [pid: 110721|app: 0|req: 4/7] 10.222.0.43 () {56 vars in 1201 bytes} [Thu Jul 21 22:28:06 2022] GET /volume/v3/cde20a12b28d4325b013339974b4c146/os-services => generated 640 bytes in 65 msecs (HTTP/1.1 200) 7 headers in 285 bytes (1 switches on core 0)
Jul 21 22:28:14.475628 dv-cinder-850697-1-smb devstack@c-api.service[110722]: DEBUG dbcounter [-] [110722] Writing DB stats cinder:SELECT=2 {{(pid=110722) stat_writer /usr/local/lib/python3.8/dist-packages/dbcounter.py:114}}
Jul 21 22:28:16.885242 dv-cinder-850697-1-smb devstack@c-api.service[110721]: DEBUG dbcounter [-] [110721] Writing DB stats cinder:SELECT=2 {{(pid=110721) stat_writer /usr/local/lib/python3.8/dist-packages/dbcounter.py:114}}
Jul 21 22:29:41.379148 dv-cinder-850697-1-smb devstack@c-api.service[110722]: DEBUG cinder.api.middleware.request_id [None req-b4ad0af8-8aa7-4adf-b36a-9bc112bf1e30 None None] RequestId filter calling following filter/app {{(pid=110722) _context_setter /opt/stack/cinder/cinder/api/middleware/request_id.py:62}}
Jul 21 22:29:41.986804 dv-cinder-850697-1-smb devstack@c-api.service[110722]: INFO cinder.api.openstack.wsgi [None req-b4ad0af8-8aa7-4adf-b36a-9bc112bf1e30 tempest-VolumesTestJSON-486235982 tempest-VolumesTestJSON-486235982-project] POST http://10.222.0.43/volume/v3/d4169b85337e4c758716b520fee5db82/volumes
Jul 21 22:29:41.987613 dv-cinder-850697-1-smb devstack@c-api.service[110722]: DEBUG cinder.api.openstack.wsgi [None req-b4ad0af8-8aa7-4adf-b36a-9bc112bf1e30 tempest-VolumesTestJSON-486235982 tempest-VolumesTestJSON-486235982-project] Action: 'create', calling method: create, body: {"volume": {"metadata": {"Type": "work"}, "size": 1, "display_name": "tempest-VolumesTestJSON-volume-1827033324"}} {{(pid=110722) _process_stack /opt/stack/cinder/cinder/api/openstack/wsgi.py:866}}
Jul 21 22:29:41.989364 dv-cinder-850697-1-smb devstack@c-api.service[110722]: DEBUG cinder.api.v3.volumes [None req-b4ad0af8-8aa7-4adf-b36a-9bc112bf1e30 tempest-VolumesTestJSON-486235982 tempest-VolumesTestJSON-486235982-project] Create volume request body: {'volume': {'metadata': {'Type': 'work'}, 'size': 1, 'display_name': 'tempest-VolumesTestJSON-volume-1827033324'}} {{(pid=110722) create /opt/stack/cinder/cinder/api/v3/volumes.py:298}}
Jul 21 22:29:41.990558 dv-cinder-850697-1-smb devstack@c-api.service[110722]: INFO cinder.api.v3.volumes [None req-b4ad0af8-8aa7-4adf-b36a-9bc112bf1e30 tempest-VolumesTestJSON-486235982 tempest-VolumesTestJSON-486235982-project] Create volume of 1 GB
Jul 21 22:29:42.043538 dv-cinder-850697-1-smb devstack@c-api.service[110722]: DEBUG cinder.volume.api [None req-b4ad0af8-8aa7-4adf-b36a-9bc112bf1e30 tempest-VolumesTestJSON-486235982 tempest-VolumesTestJSON-486235982-project] Availability zone cache updated, next update will occur around 2022-07-21 23:29:42.041375. {{(pid=110722) list_availability_zones /opt/stack/cinder/cinder/volume/api.py:153}}
Jul 21 22:29:42.050379 dv-cinder-850697-1-smb devstack@c-api.service[110722]: INFO cinder.volume.api [None req-b4ad0af8-8aa7-4adf-b36a-9bc112bf1e30 tempest-VolumesTestJSON-486235982 tempest-VolumesTestJSON-486235982-project] Availability Zones retrieved successfully.
Jul 21 22:29:42.136336 dv-cinder-850697-1-smb devstack@c-api.service[110722]: DEBUG cinder.volume.api [None req-b4ad0af8-8aa7-4adf-b36a-9bc112bf1e30 tempest-VolumesTestJSON-486235982 tempest-VolumesTestJSON-486235982-project] Flow 'volume_create_api' (f0bd85a6-a76f-457e-b380-2e8d1129c94c) transitioned into state 'RUNNING' from state 'PENDING' {{(pid=110722) _flow_receiver /usr/local/lib/python3.8/dist-packages/taskflow/listeners/logging.py:141}}
Jul 21 22:29:42.140637 dv-cinder-850697-1-smb devstack@c-api.service[110722]: DEBUG cinder.volume.api [None req-b4ad0af8-8aa7-4adf-b36a-9bc112bf1e30 tempest-VolumesTestJSON-486235982 tempest-VolumesTestJSON-486235982-project] Task 'cinder.volume.flows.api.create_volume.ExtractVolumeRequestTask;volume:create' (ac8b4324-7183-4a3b-8ae5-c5f8157d89cb) transitioned into state 'RUNNING' from state 'PENDING' {{(pid=110722) _task_receiver /usr/local/lib/python3.8/dist-packages/taskflow/listeners/logging.py:190}}
Jul 21 22:29:42.144664 dv-cinder-850697-1-smb devstack@c-api.service[110722]: DEBUG cinder.volume.flows.api.create_volume [None req-b4ad0af8-8aa7-4adf-b36a-9bc112bf1e30 tempest-VolumesTestJSON-486235982 tempest-VolumesTestJSON-486235982-project] Validating volume size '1' using validate_int {{(pid=110722) _extract_size /opt/stack/cinder/cinder/volume/flows/api/create_volume.py:228}}
Jul 21 22:29:42.261253 dv-cinder-850697-1-smb devstack@c-api.service[110722]: DEBUG cinder.volume.api [None req-b4ad0af8-8aa7-4adf-b36a-9bc112bf1e30 tempest-VolumesTestJSON-486235982 tempest-VolumesTestJSON-486235982-project] Task 'cinder.volume.flows.api.create_volume.ExtractVolumeRequestTask;volume:create' (ac8b4324-7183-4a3b-8ae5-c5f8157d89cb) transitioned into state 'SUCCESS' from state 'RUNNING' with result '{'size': 1, 'snapshot_id': None, 'source_volid': None, 'volume_type': VolumeType(created_at=2022-07-21T22:19:35Z,deleted=False,deleted_at=None,description='Default Volume Type',extra_specs={},id=0eef2f1f-97e1-42f5-999b-5c837da291c3,is_public=True,name='__DEFAULT__',projects=[],qos_specs=,qos_specs_id=None,updated_at=2022-07-21T22:19:35Z), 'volume_type_id': '0eef2f1f-97e1-42f5-999b-5c837da291c3', 'encryption_key_id': None, 'qos_specs': None, 'consistencygroup_id': None, 'cgsnapshot_id': None, 'group_id': None, 'replication_status': 'disabled', 'refresh_az': False, 'backup_id': None, 'multiattach': False, 'availability_zones': ['nova']}' {{(pid=110722) _task_receiver /usr/local/lib/python3.8/dist-packages/taskflow/listeners/logging.py:178}}
Jul 21 22:29:42.268521 dv-cinder-850697-1-smb devstack@c-api.service[110722]: DEBUG cinder.volume.api [None req-b4ad0af8-8aa7-4adf-b36a-9bc112bf1e30 tempest-VolumesTestJSON-486235982 tempest-VolumesTestJSON-486235982-project] Task 'cinder.volume.flows.api.create_volume.QuotaReserveTask;volume:create' (bd710450-615e-4462-8c80-2d0ad211c021) transitioned into state 'RUNNING' from state 'PENDING' {{(pid=110722) _task_receiver /usr/local/lib/python3.8/dist-packages/taskflow/listeners/logging.py:190}}
Jul 21 22:29:42.342743 dv-cinder-850697-1-smb devstack@c-api.service[110722]: WARNING cinder.quota [None req-b4ad0af8-8aa7-4adf-b36a-9bc112bf1e30 tempest-VolumesTestJSON-486235982 tempest-VolumesTestJSON-486235982-project] Deprecated: Default quota for resource: volumes___DEFAULT__ is set by the default quota flag: quota_volumes___DEFAULT__, it is now deprecated. Please use the default quota class for default quota.
Jul 21 22:29:42.347922 dv-cinder-850697-1-smb devstack@c-api.service[110722]: WARNING cinder.quota [None req-b4ad0af8-8aa7-4adf-b36a-9bc112bf1e30 tempest-VolumesTestJSON-486235982 tempest-VolumesTestJSON-486235982-project] Deprecated: Default quota for resource: gigabytes___DEFAULT__ is set by the default quota flag: quota_gigabytes___DEFAULT__, it is now deprecated. Please use the default quota class for default quota.
Jul 21 22:29:42.566566 dv-cinder-850697-1-smb devstack@c-api.service[110722]: DEBUG cinder.quota [None req-b4ad0af8-8aa7-4adf-b36a-9bc112bf1e30 tempest-VolumesTestJSON-486235982 tempest-VolumesTestJSON-486235982-project] Created reservations ['a7d9dc2c-10f1-4831-974b-b44c7b4902d6', '9e187ed6-29bd-4914-9418-3e8dbc0946a2', 'f389871d-d0a7-4bbc-a500-3eebd5dee3b7', '14f1af05-0501-41dd-a5af-4003ca1e9283'] {{(pid=110722) reserve /opt/stack/cinder/cinder/quota.py:755}}
Jul 21 22:29:42.568652 dv-cinder-850697-1-smb devstack@c-api.service[110722]: DEBUG cinder.volume.api [None req-b4ad0af8-8aa7-4adf-b36a-9bc112bf1e30 tempest-VolumesTestJSON-486235982 tempest-VolumesTestJSON-486235982-project] Task 'cinder.volume.flows.api.create_volume.QuotaReserveTask;volume:create' (bd710450-615e-4462-8c80-2d0ad211c021) transitioned into state 'SUCCESS' from state 'RUNNING' with result '{'reservations': ['a7d9dc2c-10f1-4831-974b-b44c7b4902d6', '9e187ed6-29bd-4914-9418-3e8dbc0946a2', 'f389871d-d0a7-4bbc-a500-3eebd5dee3b7', '14f1af05-0501-41dd-a5af-4003ca1e9283']}' {{(pid=110722) _task_receiver /usr/local/lib/python3.8/dist-packages/taskflow/listeners/logging.py:178}}
Jul 21 22:29:42.573994 dv-cinder-850697-1-smb devstack@c-api.service[110722]: DEBUG cinder.volume.api [None req-b4ad0af8-8aa7-4adf-b36a-9bc112bf1e30 tempest-VolumesTestJSON-486235982 tempest-VolumesTestJSON-486235982-project] Task 'cinder.volume.flows.api.create_volume.EntryCreateTask;volume:create' (9d67cbdf-0af9-4c72-bd8b-b324a37038f1) transitioned into state 'RUNNING' from state 'PENDING' {{(pid=110722) _task_receiver /usr/local/lib/python3.8/dist-packages/taskflow/listeners/logging.py:190}}
Jul 21 22:29:42.796027 dv-cinder-850697-1-smb devstack@c-api.service[110722]: DEBUG cinder.volume.api [None req-b4ad0af8-8aa7-4adf-b36a-9bc112bf1e30 tempest-VolumesTestJSON-486235982 tempest-VolumesTestJSON-486235982-project] Task 'cinder.volume.flows.api.create_volume.EntryCreateTask;volume:create' (9d67cbdf-0af9-4c72-bd8b-b324a37038f1) transitioned into state 'SUCCESS' from state 'RUNNING' with result '{'volume_id': '43c5a758-d336-4f3d-963e-66496e542baf', 'volume_properties': VolumeProperties(attach_status='detached',availability_zone='nova',cgsnapshot_id=None,consistencygroup_id=None,display_description=None,display_name='tempest-VolumesTestJSON-volume-1827033324',encryption_key_id=None,group_id=None,group_type_id=,metadata={Type='work'},multiattach=False,project_id='d4169b85337e4c758716b520fee5db82',qos_specs=None,replication_status=,reservations=['a7d9dc2c-10f1-4831-974b-b44c7b4902d6','9e187ed6-29bd-4914-9418-3e8dbc0946a2','f389871d-d0a7-4bbc-a500-3eebd5dee3b7','14f1af05-0501-41dd-a5af-4003ca1e9283'],size=1,snapshot_id=None,source_replicaid=,source_volid=None,status='creating',user_id='351452a1182d491494aac5e8fdef41db',volume_type_id=0eef2f1f-97e1-42f5-999b-5c837da291c3), 'volume': Volume(_name_id=None,admin_metadata=,attach_status='detached',availability_zone='nova',bootable=False,cluster=,cluster_name=None,consistencygroup=,consistencygroup_id=None,created_at=2022-07-21T22:29:42Z,deleted=False,deleted_at=None,display_description=None,display_name='tempest-VolumesTestJSON-volume-1827033324',ec2_id=None,encryption_key_id=None,glance_metadata=,group=,group_id=None,host=None,id=43c5a758-d336-4f3d-963e-66496e542baf,launched_at=None,metadata={Type='work'},migration_status=None,multiattach=False,previous_status=None,project_id='d4169b85337e4c758716b520fee5db82',provider_auth=None,provider_geometry=None,provider_id=None,provider_location=None,replication_driver_data=None,replication_extended_status=None,replication_status=None,scheduled_at=None,service_uuid=None,shared_targets=True,size=1,snapshot_id=None,snapshots=,source_volid=None,status='creating',terminated_at=None,updated_at=None,use_quota=True,user_id='351452a1182d491494aac5e8fdef41db',volume_attachment=VolumeAttachmentList,volume_type=VolumeType(0eef2f1f-97e1-42f5-999b-5c837da291c3),volume_type_id=0eef2f1f-97e1-42f5-999b-5c837da291c3)}' {{(pid=110722) _task_receiver /usr/local/lib/python3.8/dist-packages/taskflow/listeners/logging.py:178}}
Jul 21 22:29:42.800455 dv-cinder-850697-1-smb devstack@c-api.service[110722]: DEBUG cinder.volume.api [None req-b4ad0af8-8aa7-4adf-b36a-9bc112bf1e30 tempest-VolumesTestJSON-486235982 tempest-VolumesTestJSON-486235982-project] Task 'cinder.volume.flows.api.create_volume.QuotaCommitTask;volume:create' (b92ef7d2-50c1-4475-aa35-6bc3d55cb7fe) transitioned into state 'RUNNING' from state 'PENDING' {{(pid=110722) _task_receiver /usr/local/lib/python3.8/dist-packages/taskflow/listeners/logging.py:190}}
Jul 21 22:29:42.813240 dv-cinder-850697-1-smb devstack@c-api.service[110721]: DEBUG cinder.api.middleware.request_id [None req-72068ee4-a583-4277-a175-52c31211803f None None] RequestId filter calling following filter/app {{(pid=110721) _context_setter /opt/stack/cinder/cinder/api/middleware/request_id.py:62}}
Jul 21 22:29:42.852220 dv-cinder-850697-1-smb devstack@c-api.service[110722]: DEBUG cinder.volume.api [None req-b4ad0af8-8aa7-4adf-b36a-9bc112bf1e30 tempest-VolumesTestJSON-486235982 tempest-VolumesTestJSON-486235982-project] Task 'cinder.volume.flows.api.create_volume.QuotaCommitTask;volume:create' (b92ef7d2-50c1-4475-aa35-6bc3d55cb7fe) transitioned into state 'SUCCESS' from state 'RUNNING' with result '{'volume_properties': VolumeProperties(attach_status='detached',availability_zone='nova',cgsnapshot_id=None,consistencygroup_id=None,display_description=None,display_name='tempest-VolumesTestJSON-volume-1827033324',encryption_key_id=None,group_id=None,group_type_id=,metadata={Type='work'},multiattach=False,project_id='d4169b85337e4c758716b520fee5db82',qos_specs=None,replication_status=,reservations=['a7d9dc2c-10f1-4831-974b-b44c7b4902d6','9e187ed6-29bd-4914-9418-3e8dbc0946a2','f389871d-d0a7-4bbc-a500-3eebd5dee3b7','14f1af05-0501-41dd-a5af-4003ca1e9283'],size=1,snapshot_id=None,source_replicaid=,source_volid=None,status='creating',user_id='351452a1182d491494aac5e8fdef41db',volume_type_id=0eef2f1f-97e1-42f5-999b-5c837da291c3)}' {{(pid=110722) _task_receiver /usr/local/lib/python3.8/dist-packages/taskflow/listeners/logging.py:178}}
Jul 21 22:29:42.856166 dv-cinder-850697-1-smb devstack@c-api.service[110722]: DEBUG cinder.volume.api [None req-b4ad0af8-8aa7-4adf-b36a-9bc112bf1e30 tempest-VolumesTestJSON-486235982 tempest-VolumesTestJSON-486235982-project] Task 'cinder.volume.flows.api.create_volume.VolumeCastTask;volume:create' (e1f17975-b111-400a-a0f8-71c3f143c734) transitioned into state 'RUNNING' from state 'PENDING' {{(pid=110722) _task_receiver /usr/local/lib/python3.8/dist-packages/taskflow/listeners/logging.py:190}}
Jul 21 22:29:42.935084 dv-cinder-850697-1-smb devstack@c-api.service[110722]: DEBUG cinder.volume.api [None req-b4ad0af8-8aa7-4adf-b36a-9bc112bf1e30 tempest-VolumesTestJSON-486235982 tempest-VolumesTestJSON-486235982-project] Task 'cinder.volume.flows.api.create_volume.VolumeCastTask;volume:create' (e1f17975-b111-400a-a0f8-71c3f143c734) transitioned into state 'SUCCESS' from state 'RUNNING' with result 'None' {{(pid=110722) _task_receiver /usr/local/lib/python3.8/dist-packages/taskflow/listeners/logging.py:178}}
Jul 21 22:29:42.937697 dv-cinder-850697-1-smb devstack@c-api.service[110722]: DEBUG cinder.volume.api [None req-b4ad0af8-8aa7-4adf-b36a-9bc112bf1e30 tempest-VolumesTestJSON-486235982 tempest-VolumesTestJSON-486235982-project] Flow 'volume_create_api' (f0bd85a6-a76f-457e-b380-2e8d1129c94c) transitioned into state 'SUCCESS' from state 'RUNNING' {{(pid=110722) _flow_receiver /usr/local/lib/python3.8/dist-packages/taskflow/listeners/logging.py:141}}
Jul 21 22:29:42.938559 dv-cinder-850697-1-smb devstack@c-api.service[110722]: INFO cinder.volume.api [None req-b4ad0af8-8aa7-4adf-b36a-9bc112bf1e30 tempest-VolumesTestJSON-486235982 tempest-VolumesTestJSON-486235982-project] Create volume request issued successfully.
Jul 21 22:29:42.940635 dv-cinder-850697-1-smb devstack@c-api.service[110722]: INFO cinder.api.openstack.wsgi [None req-b4ad0af8-8aa7-4adf-b36a-9bc112bf1e30 tempest-VolumesTestJSON-486235982 tempest-VolumesTestJSON-486235982-project] http://10.222.0.43/volume/v3/d4169b85337e4c758716b520fee5db82/volumes returned with HTTP 202
Jul 21 22:29:42.950990 dv-cinder-850697-1-smb devstack@c-api.service[110722]: [pid: 110722|app: 0|req: 4/8] 10.222.0.43 () {60 vars in 1235 bytes} [Thu Jul 21 22:29:41 2022] POST /volume/v3/d4169b85337e4c758716b520fee5db82/volumes => generated 829 bytes in 1564 msecs (HTTP/1.1 202) 7 headers in 291 bytes (1 switches on core 0)
Jul 21 22:29:42.955284 dv-cinder-850697-1-smb devstack@c-api.service[110722]: DEBUG cinder.api.middleware.request_id [None req-001171b0-237b-4836-823c-e27bc3c92dc7 None None] RequestId filter calling following filter/app {{(pid=110722) _context_setter /opt/stack/cinder/cinder/api/middleware/request_id.py:62}}
Jul 21 22:29:42.961162 dv-cinder-850697-1-smb devstack@c-api.service[110722]: INFO cinder.api.openstack.wsgi [None req-001171b0-237b-4836-823c-e27bc3c92dc7 tempest-VolumesTestJSON-486235982 tempest-VolumesTestJSON-486235982-project] GET http://10.222.0.43/volume/v3/d4169b85337e4c758716b520fee5db82/volumes/43c5a758-d336-4f3d-963e-66496e542baf
Jul 21 22:29:42.961644 dv-cinder-850697-1-smb devstack@c-api.service[110722]: DEBUG cinder.api.openstack.wsgi [None req-001171b0-237b-4836-823c-e27bc3c92dc7 tempest-VolumesTestJSON-486235982 tempest-VolumesTestJSON-486235982-project] Empty body provided in request {{(pid=110722) get_body /opt/stack/cinder/cinder/api/openstack/wsgi.py:715}}
Jul 21 22:29:42.962116 dv-cinder-850697-1-smb devstack@c-api.service[110722]: DEBUG cinder.api.openstack.wsgi [None req-001171b0-237b-4836-823c-e27bc3c92dc7 tempest-VolumesTestJSON-486235982 tempest-VolumesTestJSON-486235982-project] Calling method 'show' {{(pid=110722) _process_stack /opt/stack/cinder/cinder/api/openstack/wsgi.py:868}}
Jul 21 22:29:42.989795 dv-cinder-850697-1-smb devstack@c-api.service[110722]: /usr/local/lib/python3.8/dist-packages/oslo_context/context.py:100: DeprecationWarning: Policy enforcement is depending on the value of is_admin. This key is deprecated. Please update your policy file to use the standard policy values.
Jul 21 22:29:42.989795 dv-cinder-850697-1-smb devstack@c-api.service[110722]: warnings.warn('Policy enforcement is depending on the value of '
Jul 21 22:29:43.017751 dv-cinder-850697-1-smb devstack@c-api.service[110722]: INFO cinder.volume.api [None req-001171b0-237b-4836-823c-e27bc3c92dc7 tempest-VolumesTestJSON-486235982 tempest-VolumesTestJSON-486235982-project] Volume info retrieved successfully.
Jul 21 22:29:43.038060 dv-cinder-850697-1-smb devstack@c-api.service[110722]: INFO cinder.api.openstack.wsgi [None req-001171b0-237b-4836-823c-e27bc3c92dc7 tempest-VolumesTestJSON-486235982 tempest-VolumesTestJSON-486235982-project] http://10.222.0.43/volume/v3/d4169b85337e4c758716b520fee5db82/volumes/43c5a758-d336-4f3d-963e-66496e542baf returned with HTTP 200
Jul 21 22:29:43.039255 dv-cinder-850697-1-smb devstack@c-api.service[110722]: [pid: 110722|app: 0|req: 5/9] 10.222.0.43 () {58 vars in 1324 bytes} [Thu Jul 21 22:29:42 2022] GET /volume/v3/d4169b85337e4c758716b520fee5db82/volumes/43c5a758-d336-4f3d-963e-66496e542baf => generated 897 bytes in 87 msecs (HTTP/1.1 200) 7 headers in 285 bytes (2 switches on core 0)
Jul 21 22:29:43.113861 dv-cinder-850697-1-smb devstack@c-api.service[110721]: INFO cinder.api.openstack.wsgi [None req-72068ee4-a583-4277-a175-52c31211803f tempest-GroupSnapshotsV319Test-1505226247 tempest-GroupSnapshotsV319Test-1505226247-project-admin] POST http://10.222.0.43/volume/v3/90dc47c0420346a3919844402066ae70/types
Jul 21 22:29:43.115052 dv-cinder-850697-1-smb devstack@c-api.service[110721]: DEBUG cinder.api.openstack.wsgi [None req-72068ee4-a583-4277-a175-52c31211803f tempest-GroupSnapshotsV319Test-1505226247 tempest-GroupSnapshotsV319Test-1505226247-project-admin] Action: 'create', calling method: _create, body: {"volume_type": {"name": "tempest-GroupSnapshotsV319Test-volume-type-1722389040"}} {{(pid=110721) _process_stack /opt/stack/cinder/cinder/api/openstack/wsgi.py:866}}
Jul 21 22:29:43.207867 dv-cinder-850697-1-smb devstack@c-api.service[110721]: INFO cinder.api.openstack.wsgi [None req-72068ee4-a583-4277-a175-52c31211803f tempest-GroupSnapshotsV319Test-1505226247 tempest-GroupSnapshotsV319Test-1505226247-project-admin] http://10.222.0.43/volume/v3/90dc47c0420346a3919844402066ae70/types returned with HTTP 200
Jul 21 22:29:43.213133 dv-cinder-850697-1-smb devstack@c-api.service[110721]: [pid: 110721|app: 0|req: 5/10] 10.222.0.43 () {60 vars in 1228 bytes} [Thu Jul 21 22:29:42 2022] POST /volume/v3/90dc47c0420346a3919844402066ae70/types => generated 228 bytes in 402 msecs (HTTP/1.1 200) 7 headers in 285 bytes (1 switches on core 0)
Jul 21 22:29:43.218526 dv-cinder-850697-1-smb devstack@c-api.service[110722]: DEBUG cinder.api.middleware.request_id [None req-6e1c77f1-677a-4eda-b460-d8dbe3966aef None None] RequestId filter calling following filter/app {{(pid=110722) _context_setter /opt/stack/cinder/cinder/api/middleware/request_id.py:62}}
Jul 21 22:29:43.222851 dv-cinder-850697-1-smb devstack@c-api.service[110722]: INFO cinder.api.openstack.wsgi [None req-6e1c77f1-677a-4eda-b460-d8dbe3966aef tempest-GroupSnapshotsV319Test-1505226247 tempest-GroupSnapshotsV319Test-1505226247-project-admin] POST http://10.222.0.43/volume/v3/90dc47c0420346a3919844402066ae70/group_types
Jul 21 22:29:43.223619 dv-cinder-850697-1-smb devstack@c-api.service[110722]: DEBUG cinder.api.openstack.wsgi [None req-6e1c77f1-677a-4eda-b460-d8dbe3966aef tempest-GroupSnapshotsV319Test-1505226247 tempest-GroupSnapshotsV319Test-1505226247-project-admin] Action: 'create', calling method: version_select, body: {"group_type": {"name": "tempest-GroupSnapshotsV319Test-group-type-75875683"}} {{(pid=110722) _process_stack /opt/stack/cinder/cinder/api/openstack/wsgi.py:866}}
Jul 21 22:29:43.324106 dv-cinder-850697-1-smb devstack@c-api.service[110722]: INFO cinder.api.openstack.wsgi [None req-6e1c77f1-677a-4eda-b460-d8dbe3966aef tempest-GroupSnapshotsV319Test-1505226247 tempest-GroupSnapshotsV319Test-1505226247-project-admin] http://10.222.0.43/volume/v3/90dc47c0420346a3919844402066ae70/group_types returned with HTTP 202
Jul 21 22:29:43.325428 dv-cinder-850697-1-smb devstack@c-api.service[110722]: [pid: 110722|app: 0|req: 6/11] 10.222.0.43 () {62 vars in 1287 bytes} [Thu Jul 21 22:29:43 2022] POST /volume/v3/90dc47c0420346a3919844402066ae70/group_types => generated 183 bytes in 108 msecs (HTTP/1.1 202) 7 headers in 292 bytes (1 switches on core 0)
Jul 21 22:29:43.332145 dv-cinder-850697-1-smb devstack@c-api.service[110721]: DEBUG cinder.api.middleware.request_id [None req-51d0583a-04af-41dd-abdf-089560124954 None None] RequestId filter calling following filter/app {{(pid=110721) _context_setter /opt/stack/cinder/cinder/api/middleware/request_id.py:62}}
Jul 21 22:29:43.490940 dv-cinder-850697-1-smb devstack@c-api.service[110721]: INFO cinder.api.openstack.wsgi [None req-51d0583a-04af-41dd-abdf-089560124954 tempest-GroupSnapshotsV319Test-38566990 tempest-GroupSnapshotsV319Test-38566990-project] POST http://10.222.0.43/volume/v3/26ea7972dae048e3882c0542a0295300/groups
Jul 21 22:29:43.491749 dv-cinder-850697-1-smb devstack@c-api.service[110721]: DEBUG cinder.api.openstack.wsgi [None req-51d0583a-04af-41dd-abdf-089560124954 tempest-GroupSnapshotsV319Test-38566990 tempest-GroupSnapshotsV319Test-38566990-project] Action: 'create', calling method: version_select, body: {"group": {"group_type": "d3cf47bd-f0c7-4322-8176-88f387dcf757", "volume_types": ["a6d5bf50-ef3f-4c7e-b53d-a4e3fdd15bcc"], "name": "tempest-GroupSnapshotsV319Test-Group-434466140"}} {{(pid=110721) _process_stack /opt/stack/cinder/cinder/api/openstack/wsgi.py:866}}
Jul 21 22:29:43.492714 dv-cinder-850697-1-smb devstack@c-api.service[110721]: DEBUG cinder.api.v3.groups [None req-51d0583a-04af-41dd-abdf-089560124954 tempest-GroupSnapshotsV319Test-38566990 tempest-GroupSnapshotsV319Test-38566990-project] Creating new group {'group': {'group_type': 'd3cf47bd-f0c7-4322-8176-88f387dcf757', 'volume_types': ['a6d5bf50-ef3f-4c7e-b53d-a4e3fdd15bcc'], 'name': 'tempest-GroupSnapshotsV319Test-Group-434466140'}} {{(pid=110721) create /opt/stack/cinder/cinder/api/v3/groups.py:190}}
Jul 21 22:29:43.607919 dv-cinder-850697-1-smb devstack@c-api.service[110721]: INFO cinder.api.v3.groups [None req-51d0583a-04af-41dd-abdf-089560124954 tempest-GroupSnapshotsV319Test-38566990 tempest-GroupSnapshotsV319Test-38566990-project] Creating group tempest-GroupSnapshotsV319Test-Group-434466140.
Jul 21 22:29:43.674894 dv-cinder-850697-1-smb devstack@c-api.service[110721]: DEBUG cinder.volume.api [None req-51d0583a-04af-41dd-abdf-089560124954 tempest-GroupSnapshotsV319Test-38566990 tempest-GroupSnapshotsV319Test-38566990-project] Availability zone cache updated, next update will occur around 2022-07-21 23:29:43.673997. {{(pid=110721) list_availability_zones /opt/stack/cinder/cinder/volume/api.py:153}}
Jul 21 22:29:43.675183 dv-cinder-850697-1-smb devstack@c-api.service[110721]: INFO cinder.volume.api [None req-51d0583a-04af-41dd-abdf-089560124954 tempest-GroupSnapshotsV319Test-38566990 tempest-GroupSnapshotsV319Test-38566990-project] Availability Zones retrieved successfully.
Jul 21 22:29:43.744416 dv-cinder-850697-1-smb devstack@c-api.service[110721]: DEBUG cinder.quota [None req-51d0583a-04af-41dd-abdf-089560124954 tempest-GroupSnapshotsV319Test-38566990 tempest-GroupSnapshotsV319Test-38566990-project] Created reservations ['320a6089-0b12-462b-a13b-03dc04e13467'] {{(pid=110721) reserve /opt/stack/cinder/cinder/quota.py:755}}
Jul 21 22:29:43.844017 dv-cinder-850697-1-smb devstack@c-api.service[110722]: DEBUG cinder.api.middleware.request_id [req-caea36b4-7a94-47ec-a5cf-51b821fb08a6 req-412772d5-1ead-48f7-ab07-494f2b179e3b None None] RequestId filter calling following filter/app {{(pid=110722) _context_setter /opt/stack/cinder/cinder/api/middleware/request_id.py:62}}
Jul 21 22:29:43.925637 dv-cinder-850697-1-smb devstack@c-api.service[110721]: INFO cinder.api.openstack.wsgi [None req-51d0583a-04af-41dd-abdf-089560124954 tempest-GroupSnapshotsV319Test-38566990 tempest-GroupSnapshotsV319Test-38566990-project] http://10.222.0.43/volume/v3/26ea7972dae048e3882c0542a0295300/groups returned with HTTP 202
Jul 21 22:29:43.927467 dv-cinder-850697-1-smb devstack@c-api.service[110721]: [pid: 110721|app: 0|req: 6/12] 10.222.0.43 () {62 vars in 1273 bytes} [Thu Jul 21 22:29:43 2022] POST /volume/v3/26ea7972dae048e3882c0542a0295300/groups => generated 115 bytes in 596 msecs (HTTP/1.1 202) 7 headers in 292 bytes (1 switches on core 0)
Jul 21 22:29:43.934264 dv-cinder-850697-1-smb devstack@c-api.service[110721]: DEBUG cinder.api.middleware.request_id [None req-55d3c129-fa76-4855-9131-fcc10d82b396 None None] RequestId filter calling following filter/app {{(pid=110721) _context_setter /opt/stack/cinder/cinder/api/middleware/request_id.py:62}}
Jul 21 22:29:43.941135 dv-cinder-850697-1-smb devstack@c-api.service[110722]: WARNING keystonemiddleware.auth_token [req-caea36b4-7a94-47ec-a5cf-51b821fb08a6 req-412772d5-1ead-48f7-ab07-494f2b179e3b None None] A valid token was submitted as a service token, but it was not a valid service token. This is incorrect but backwards compatible behaviour. This will be removed in future releases.
Jul 21 22:29:43.944914 dv-cinder-850697-1-smb devstack@c-api.service[110722]: INFO cinder.api.openstack.wsgi [req-caea36b4-7a94-47ec-a5cf-51b821fb08a6 req-412772d5-1ead-48f7-ab07-494f2b179e3b tempest-VolumesNegativeTest-1501336494 tempest-VolumesNegativeTest-1501336494-project] DELETE http://10.222.0.43/volume/v3/ab913bcc118d4629bc5056cded841663/volumes/tempest-invalid-339967618
Jul 21 22:29:43.946171 dv-cinder-850697-1-smb devstack@c-api.service[110722]: DEBUG cinder.api.openstack.wsgi [req-caea36b4-7a94-47ec-a5cf-51b821fb08a6 req-412772d5-1ead-48f7-ab07-494f2b179e3b tempest-VolumesNegativeTest-1501336494 tempest-VolumesNegativeTest-1501336494-project] Empty body provided in request {{(pid=110722) get_body /opt/stack/cinder/cinder/api/openstack/wsgi.py:715}}
Jul 21 22:29:43.947005 dv-cinder-850697-1-smb devstack@c-api.service[110722]: DEBUG cinder.api.openstack.wsgi [req-caea36b4-7a94-47ec-a5cf-51b821fb08a6 req-412772d5-1ead-48f7-ab07-494f2b179e3b tempest-VolumesNegativeTest-1501336494 tempest-VolumesNegativeTest-1501336494-project] Calling method 'delete' {{(pid=110722) _process_stack /opt/stack/cinder/cinder/api/openstack/wsgi.py:868}}
Jul 21 22:29:43.947694 dv-cinder-850697-1-smb devstack@c-api.service[110722]: INFO cinder.api.v3.volumes [req-caea36b4-7a94-47ec-a5cf-51b821fb08a6 req-412772d5-1ead-48f7-ab07-494f2b179e3b tempest-VolumesNegativeTest-1501336494 tempest-VolumesNegativeTest-1501336494-project] Delete volume with id: tempest-invalid-339967618
Jul 21 22:29:43.957356 dv-cinder-850697-1-smb devstack@c-api.service[110721]: INFO cinder.api.openstack.wsgi [None req-55d3c129-fa76-4855-9131-fcc10d82b396 tempest-GroupSnapshotsV319Test-38566990 tempest-GroupSnapshotsV319Test-38566990-project] GET http://10.222.0.43/volume/v3/26ea7972dae048e3882c0542a0295300/groups/405c2a7c-279b-4c30-9671-374a6d220f76
Jul 21 22:29:43.958643 dv-cinder-850697-1-smb devstack@c-api.service[110721]: DEBUG cinder.api.openstack.wsgi [None req-55d3c129-fa76-4855-9131-fcc10d82b396 tempest-GroupSnapshotsV319Test-38566990 tempest-GroupSnapshotsV319Test-38566990-project] Empty body provided in request {{(pid=110721) get_body /opt/stack/cinder/cinder/api/openstack/wsgi.py:715}}
Jul 21 22:29:43.959762 dv-cinder-850697-1-smb devstack@c-api.service[110721]: DEBUG cinder.api.openstack.wsgi [None req-55d3c129-fa76-4855-9131-fcc10d82b396 tempest-GroupSnapshotsV319Test-38566990 tempest-GroupSnapshotsV319Test-38566990-project] Calling method 'version_select' {{(pid=110721) _process_stack /opt/stack/cinder/cinder/api/openstack/wsgi.py:868}}
Jul 21 22:29:43.960503 dv-cinder-850697-1-smb devstack@c-api.service[110721]: DEBUG cinder.api.v3.groups [None req-55d3c129-fa76-4855-9131-fcc10d82b396 tempest-GroupSnapshotsV319Test-38566990 tempest-GroupSnapshotsV319Test-38566990-project] show called for member 405c2a7c-279b-4c30-9671-374a6d220f76 {{(pid=110721) show /opt/stack/cinder/cinder/api/v3/groups.py:58}}
Jul 21 22:29:43.988077 dv-cinder-850697-1-smb devstack@c-api.service[110721]: /usr/local/lib/python3.8/dist-packages/oslo_context/context.py:100: DeprecationWarning: Policy enforcement is depending on the value of is_admin. This key is deprecated. Please update your policy file to use the standard policy values.
Jul 21 22:29:43.988077 dv-cinder-850697-1-smb devstack@c-api.service[110721]: warnings.warn('Policy enforcement is depending on the value of '
Jul 21 22:29:43.991015 dv-cinder-850697-1-smb devstack@c-api.service[110722]: INFO cinder.api.openstack.wsgi [req-caea36b4-7a94-47ec-a5cf-51b821fb08a6 req-412772d5-1ead-48f7-ab07-494f2b179e3b tempest-VolumesNegativeTest-1501336494 tempest-VolumesNegativeTest-1501336494-project] http://10.222.0.43/volume/v3/ab913bcc118d4629bc5056cded841663/volumes/tempest-invalid-339967618 returned with HTTP 404
Jul 21 22:29:43.994556 dv-cinder-850697-1-smb devstack@c-api.service[110722]: [pid: 110722|app: 0|req: 7/13] 10.222.0.43 () {62 vars in 1567 bytes} [Thu Jul 21 22:29:43 2022] DELETE /volume/v3/ab913bcc118d4629bc5056cded841663/volumes/tempest-invalid-339967618 => generated 98 bytes in 151 msecs (HTTP/1.1 404) 7 headers in 291 bytes (2 switches on core 0)
Jul 21 22:29:44.051829 dv-cinder-850697-1-smb devstack@c-api.service[110722]: DEBUG cinder.api.middleware.request_id [None req-78f83576-ec98-4756-aa0f-fc9fdff72054 None None] RequestId filter calling following filter/app {{(pid=110722) _context_setter /opt/stack/cinder/cinder/api/middleware/request_id.py:62}}
Jul 21 22:29:44.056050 dv-cinder-850697-1-smb devstack@c-api.service[110722]: INFO cinder.api.openstack.wsgi [None req-78f83576-ec98-4756-aa0f-fc9fdff72054 tempest-VolumesTestJSON-486235982 tempest-VolumesTestJSON-486235982-project] GET http://10.222.0.43/volume/v3/d4169b85337e4c758716b520fee5db82/volumes/43c5a758-d336-4f3d-963e-66496e542baf
Jul 21 22:29:44.056747 dv-cinder-850697-1-smb devstack@c-api.service[110722]: DEBUG cinder.api.openstack.wsgi [None req-78f83576-ec98-4756-aa0f-fc9fdff72054 tempest-VolumesTestJSON-486235982 tempest-VolumesTestJSON-486235982-project] Empty body provided in request {{(pid=110722) get_body /opt/stack/cinder/cinder/api/openstack/wsgi.py:715}}
Jul 21 22:29:44.057566 dv-cinder-850697-1-smb devstack@c-api.service[110722]: DEBUG cinder.api.openstack.wsgi [None req-78f83576-ec98-4756-aa0f-fc9fdff72054 tempest-VolumesTestJSON-486235982 tempest-VolumesTestJSON-486235982-project] Calling method 'show' {{(pid=110722) _process_stack /opt/stack/cinder/cinder/api/openstack/wsgi.py:868}}
Jul 21 22:29:44.082636 dv-cinder-850697-1-smb devstack@c-api.service[110721]: INFO cinder.api.openstack.wsgi [None req-55d3c129-fa76-4855-9131-fcc10d82b396 tempest-GroupSnapshotsV319Test-38566990 tempest-GroupSnapshotsV319Test-38566990-project] http://10.222.0.43/volume/v3/26ea7972dae048e3882c0542a0295300/groups/405c2a7c-279b-4c30-9671-374a6d220f76 returned with HTTP 200
Jul 21 22:29:44.085367 dv-cinder-850697-1-smb devstack@c-api.service[110721]: [pid: 110721|app: 0|req: 7/14] 10.222.0.43 () {60 vars in 1362 bytes} [Thu Jul 21 22:29:43 2022] GET /volume/v3/26ea7972dae048e3882c0542a0295300/groups/405c2a7c-279b-4c30-9671-374a6d220f76 => generated 395 bytes in 152 msecs (HTTP/1.1 200) 7 headers in 286 bytes (1 switches on core 0)
Jul 21 22:29:44.087223 dv-cinder-850697-1-smb devstack@c-api.service[110722]: /usr/local/lib/python3.8/dist-packages/oslo_context/context.py:100: DeprecationWarning: Policy enforcement is depending on the value of is_admin. This key is deprecated. Please update your policy file to use the standard policy values.
Jul 21 22:29:44.087223 dv-cinder-850697-1-smb devstack@c-api.service[110722]: warnings.warn('Policy enforcement is depending on the value of '
Jul 21 22:29:44.095968 dv-cinder-850697-1-smb devstack@c-api.service[110722]: INFO cinder.volume.api [None req-78f83576-ec98-4756-aa0f-fc9fdff72054 tempest-VolumesTestJSON-486235982 tempest-VolumesTestJSON-486235982-project] Volume info retrieved successfully.
Jul 21 22:29:44.114645 dv-cinder-850697-1-smb devstack@c-api.service[110722]: INFO cinder.api.openstack.wsgi [None req-78f83576-ec98-4756-aa0f-fc9fdff72054 tempest-VolumesTestJSON-486235982 tempest-VolumesTestJSON-486235982-project] http://10.222.0.43/volume/v3/d4169b85337e4c758716b520fee5db82/volumes/43c5a758-d336-4f3d-963e-66496e542baf returned with HTTP 200
Jul 21 22:29:44.116854 dv-cinder-850697-1-smb devstack@c-api.service[110722]: [pid: 110722|app: 0|req: 8/15] 10.222.0.43 () {58 vars in 1324 bytes} [Thu Jul 21 22:29:44 2022] GET /volume/v3/d4169b85337e4c758716b520fee5db82/volumes/43c5a758-d336-4f3d-963e-66496e542baf => generated 922 bytes in 67 msecs (HTTP/1.1 200) 7 headers in 285 bytes (2 switches on core 0)
Jul 21 22:29:44.147342 dv-cinder-850697-1-smb devstack@c-api.service[110721]: DEBUG cinder.api.middleware.request_id [req-c59572df-0421-422d-aff1-abf488bc4369 req-72511b35-0680-45fa-8a4b-b55c5fb1ef6f None None] RequestId filter calling following filter/app {{(pid=110721) _context_setter /opt/stack/cinder/cinder/api/middleware/request_id.py:62}}
Jul 21 22:29:44.149642 dv-cinder-850697-1-smb devstack@c-api.service[110721]: WARNING keystonemiddleware.auth_token [req-c59572df-0421-422d-aff1-abf488bc4369 req-72511b35-0680-45fa-8a4b-b55c5fb1ef6f None None] A valid token was submitted as a service token, but it was not a valid service token. This is incorrect but backwards compatible behaviour. This will be removed in future releases.
Jul 21 22:29:44.152727 dv-cinder-850697-1-smb devstack@c-api.service[110721]: INFO cinder.api.openstack.wsgi [req-c59572df-0421-422d-aff1-abf488bc4369 req-72511b35-0680-45fa-8a4b-b55c5fb1ef6f tempest-VolumesTestJSON-486235982 tempest-VolumesTestJSON-486235982-project] GET http://10.222.0.43/volume/v3/d4169b85337e4c758716b520fee5db82/volumes/43c5a758-d336-4f3d-963e-66496e542baf
Jul 21 22:29:44.153214 dv-cinder-850697-1-smb devstack@c-api.service[110721]: DEBUG cinder.api.openstack.wsgi [req-c59572df-0421-422d-aff1-abf488bc4369 req-72511b35-0680-45fa-8a4b-b55c5fb1ef6f tempest-VolumesTestJSON-486235982 tempest-VolumesTestJSON-486235982-project] Empty body provided in request {{(pid=110721) get_body /opt/stack/cinder/cinder/api/openstack/wsgi.py:715}}
Jul 21 22:29:44.153737 dv-cinder-850697-1-smb devstack@c-api.service[110721]: DEBUG cinder.api.openstack.wsgi [req-c59572df-0421-422d-aff1-abf488bc4369 req-72511b35-0680-45fa-8a4b-b55c5fb1ef6f tempest-VolumesTestJSON-486235982 tempest-VolumesTestJSON-486235982-project] Calling method 'show' {{(pid=110721) _process_stack /opt/stack/cinder/cinder/api/openstack/wsgi.py:868}}
Jul 21 22:29:44.190810 dv-cinder-850697-1-smb devstack@c-api.service[110722]: DEBUG cinder.api.middleware.request_id [req-0e251880-c6fc-4178-910f-85f173fbdbd6 req-39afd785-13af-4860-8c57-23e1fd1a73e7 None None] RequestId filter calling following filter/app {{(pid=110722) _context_setter /opt/stack/cinder/cinder/api/middleware/request_id.py:62}}
Jul 21 22:29:44.241396 dv-cinder-850697-1-smb devstack@c-api.service[110721]: /usr/local/lib/python3.8/dist-packages/oslo_context/context.py:100: DeprecationWarning: Policy enforcement is depending on the value of is_admin. This key is deprecated. Please update your policy file to use the standard policy values.
Jul 21 22:29:44.241396 dv-cinder-850697-1-smb devstack@c-api.service[110721]: warnings.warn('Policy enforcement is depending on the value of '
Jul 21 22:29:44.259066 dv-cinder-850697-1-smb devstack@c-api.service[110721]: INFO cinder.volume.api [req-c59572df-0421-422d-aff1-abf488bc4369 req-72511b35-0680-45fa-8a4b-b55c5fb1ef6f tempest-VolumesTestJSON-486235982 tempest-VolumesTestJSON-486235982-project] Volume info retrieved successfully.
Jul 21 22:29:44.302853 dv-cinder-850697-1-smb devstack@c-api.service[110721]: INFO cinder.api.openstack.wsgi [req-c59572df-0421-422d-aff1-abf488bc4369 req-72511b35-0680-45fa-8a4b-b55c5fb1ef6f tempest-VolumesTestJSON-486235982 tempest-VolumesTestJSON-486235982-project] http://10.222.0.43/volume/v3/d4169b85337e4c758716b520fee5db82/volumes/43c5a758-d336-4f3d-963e-66496e542baf returned with HTTP 200
Jul 21 22:29:44.304508 dv-cinder-850697-1-smb devstack@c-api.service[110721]: [pid: 110721|app: 0|req: 8/16] 10.222.0.43 () {60 vars in 1578 bytes} [Thu Jul 21 22:29:44 2022] GET /volume/v3/d4169b85337e4c758716b520fee5db82/volumes/43c5a758-d336-4f3d-963e-66496e542baf => generated 922 bytes in 159 msecs (HTTP/1.1 200) 7 headers in 285 bytes (1 switches on core 0)
Jul 21 22:29:44.310019 dv-cinder-850697-1-smb devstack@c-api.service[110722]: INFO cinder.api.openstack.wsgi [req-0e251880-c6fc-4178-910f-85f173fbdbd6 req-39afd785-13af-4860-8c57-23e1fd1a73e7 tempest-VolumesNegativeTest-1501336494 tempest-VolumesNegativeTest-1501336494-project] DELETE http://10.222.0.43/volume/v3/ab913bcc118d4629bc5056cded841663/volumes/83fe903b-f810-4637-a2ea-9336af492b3b
Jul 21 22:29:44.310879 dv-cinder-850697-1-smb devstack@c-api.service[110722]: DEBUG cinder.api.openstack.wsgi [req-0e251880-c6fc-4178-910f-85f173fbdbd6 req-39afd785-13af-4860-8c57-23e1fd1a73e7 tempest-VolumesNegativeTest-1501336494 tempest-VolumesNegativeTest-1501336494-project] Empty body provided in request {{(pid=110722) get_body /opt/stack/cinder/cinder/api/openstack/wsgi.py:715}}
Jul 21 22:29:44.311337 dv-cinder-850697-1-smb devstack@c-api.service[110722]: DEBUG cinder.api.openstack.wsgi [req-0e251880-c6fc-4178-910f-85f173fbdbd6 req-39afd785-13af-4860-8c57-23e1fd1a73e7 tempest-VolumesNegativeTest-1501336494 tempest-VolumesNegativeTest-1501336494-project] Calling method 'delete' {{(pid=110722) _process_stack /opt/stack/cinder/cinder/api/openstack/wsgi.py:868}}
Jul 21 22:29:44.311724 dv-cinder-850697-1-smb devstack@c-api.service[110722]: INFO cinder.api.v3.volumes [req-0e251880-c6fc-4178-910f-85f173fbdbd6 req-39afd785-13af-4860-8c57-23e1fd1a73e7 tempest-VolumesNegativeTest-1501336494 tempest-VolumesNegativeTest-1501336494-project] Delete volume with id: 83fe903b-f810-4637-a2ea-9336af492b3b
Jul 21 22:29:44.317365 dv-cinder-850697-1-smb devstack@c-api.service[110721]: DEBUG cinder.api.middleware.request_id [None req-ea33befe-8769-4964-9d46-3fa8ec50bc65 None None] RequestId filter calling following filter/app {{(pid=110721) _context_setter /opt/stack/cinder/cinder/api/middleware/request_id.py:62}}
Jul 21 22:29:44.321103 dv-cinder-850697-1-smb devstack@c-api.service[110721]: INFO cinder.api.openstack.wsgi [None req-ea33befe-8769-4964-9d46-3fa8ec50bc65 tempest-VolumesTestJSON-486235982 tempest-VolumesTestJSON-486235982-project] POST http://10.222.0.43/volume/v3/d4169b85337e4c758716b520fee5db82/volumes
Jul 21 22:29:44.322186 dv-cinder-850697-1-smb devstack@c-api.service[110721]: DEBUG cinder.api.openstack.wsgi [None req-ea33befe-8769-4964-9d46-3fa8ec50bc65 tempest-VolumesTestJSON-486235982 tempest-VolumesTestJSON-486235982-project] Action: 'create', calling method: create, body: {"volume": {"metadata": {"Type": "work"}, "size": 1, "display_name": "tempest-VolumesTestJSON-volume-303865308"}} {{(pid=110721) _process_stack /opt/stack/cinder/cinder/api/openstack/wsgi.py:866}}
