Jul 21 22:30:27.711274 dv-cinder-850697-1-smb devstack@c-api.service[110722]: DEBUG cinder.api.openstack.wsgi [None req-598757c8-4e98-46bc-b3c0-7a363143d0c8 tempest-QosSpecsTestJSON-1607904056 tempest-QosSpecsTestJSON-1607904056-project-admin] Calling method '_delete' {{(pid=110722) _process_stack /opt/stack/cinder/cinder/api/openstack/wsgi.py:868}}
Jul 21 22:30:27.732214 dv-cinder-850697-1-smb devstack@c-api.service[110721]: /usr/local/lib/python3.8/dist-packages/oslo_context/context.py:100: DeprecationWarning: Policy enforcement is depending on the value of is_admin. This key is deprecated. Please update your policy file to use the standard policy values.
Jul 21 22:30:27.732214 dv-cinder-850697-1-smb devstack@c-api.service[110721]: warnings.warn('Policy enforcement is depending on the value of '
Jul 21 22:30:27.755759 dv-cinder-850697-1-smb devstack@c-api.service[110721]: INFO cinder.volume.api [None req-a4a46edb-19e5-432d-8466-c34eb2f39511 tempest-SnapshotsActionsTest-1085769217 tempest-SnapshotsActionsTest-1085769217-project] Volume info retrieved successfully.
Jul 21 22:30:27.784768 dv-cinder-850697-1-smb devstack@c-api.service[110721]: INFO cinder.api.openstack.wsgi [None req-a4a46edb-19e5-432d-8466-c34eb2f39511 tempest-SnapshotsActionsTest-1085769217 tempest-SnapshotsActionsTest-1085769217-project] http://10.222.0.43/volume/v3/7f8dcc3b82464b1384540b34486b13a9/volumes/1992d909-6f1c-4e18-89bb-c711706e9e0a returned with HTTP 200
Jul 21 22:30:27.796320 dv-cinder-850697-1-smb devstack@c-api.service[110721]: [pid: 110721|app: 0|req: 85/202] 10.222.0.43 () {58 vars in 1324 bytes} [Thu Jul 21 22:30:27 2022] GET /volume/v3/7f8dcc3b82464b1384540b34486b13a9/volumes/1992d909-6f1c-4e18-89bb-c711706e9e0a => generated 888 bytes in 150 msecs (HTTP/1.1 200) 7 headers in 285 bytes (1 switches on core 0)
Jul 21 22:30:27.796320 dv-cinder-850697-1-smb devstack@c-api.service[110721]: DEBUG cinder.api.middleware.request_id [None req-d248cac2-321b-4333-b598-b681f6a1c985 None None] RequestId filter calling following filter/app {{(pid=110721) _context_setter /opt/stack/cinder/cinder/api/middleware/request_id.py:62}}
Jul 21 22:30:27.817282 dv-cinder-850697-1-smb devstack@c-api.service[110721]: INFO cinder.api.openstack.wsgi [None req-d248cac2-321b-4333-b598-b681f6a1c985 tempest-VolumeQuotasNegativeTestJSON-1027719630 tempest-VolumeQuotasNegativeTestJSON-1027719630-project] GET http://10.222.0.43/volume/v3/465fda7e0565420fa8066575a71138b9/volumes/a712b3f2-2ff1-402f-a2f8-46efe70c4f5f
Jul 21 22:30:27.820980 dv-cinder-850697-1-smb devstack@c-api.service[110721]: DEBUG cinder.api.openstack.wsgi [None req-d248cac2-321b-4333-b598-b681f6a1c985 tempest-VolumeQuotasNegativeTestJSON-1027719630 tempest-VolumeQuotasNegativeTestJSON-1027719630-project] Empty body provided in request {{(pid=110721) get_body /opt/stack/cinder/cinder/api/openstack/wsgi.py:715}}
Jul 21 22:30:27.821670 dv-cinder-850697-1-smb devstack@c-api.service[110721]: DEBUG cinder.api.openstack.wsgi [None req-d248cac2-321b-4333-b598-b681f6a1c985 tempest-VolumeQuotasNegativeTestJSON-1027719630 tempest-VolumeQuotasNegativeTestJSON-1027719630-project] Calling method 'show' {{(pid=110721) _process_stack /opt/stack/cinder/cinder/api/openstack/wsgi.py:868}}
Jul 21 22:30:27.841571 dv-cinder-850697-1-smb devstack@c-api.service[110722]: INFO cinder.api.openstack.wsgi [None req-598757c8-4e98-46bc-b3c0-7a363143d0c8 tempest-QosSpecsTestJSON-1607904056 tempest-QosSpecsTestJSON-1607904056-project-admin] http://10.222.0.43/volume/v3/635b7ac2c1d44269bbee29906f331070/types/186d9bec-cb1d-4a80-8068-8ebd4d6e7c97 returned with HTTP 202
Jul 21 22:30:27.844071 dv-cinder-850697-1-smb devstack@c-api.service[110722]: [pid: 110722|app: 0|req: 118/203] 10.222.0.43 () {58 vars in 1321 bytes} [Thu Jul 21 22:30:27 2022] DELETE /volume/v3/635b7ac2c1d44269bbee29906f331070/types/186d9bec-cb1d-4a80-8068-8ebd4d6e7c97 => generated 0 bytes in 163 msecs (HTTP/1.1 202) 6 headers in 233 bytes (1 switches on core 0)
Jul 21 22:30:27.849677 dv-cinder-850697-1-smb devstack@c-api.service[110722]: DEBUG cinder.api.middleware.request_id [None req-0522ca62-0b3d-430b-9f3f-6509e6dca038 None None] RequestId filter calling following filter/app {{(pid=110722) _context_setter /opt/stack/cinder/cinder/api/middleware/request_id.py:62}}
Jul 21 22:30:27.849926 dv-cinder-850697-1-smb devstack@c-api.service[110721]: /usr/local/lib/python3.8/dist-packages/oslo_context/context.py:100: DeprecationWarning: Policy enforcement is depending on the value of is_admin. This key is deprecated. Please update your policy file to use the standard policy values.
Jul 21 22:30:27.849926 dv-cinder-850697-1-smb devstack@c-api.service[110721]: warnings.warn('Policy enforcement is depending on the value of '
Jul 21 22:30:27.855193 dv-cinder-850697-1-smb devstack@c-api.service[110722]: INFO cinder.api.openstack.wsgi [None req-0522ca62-0b3d-430b-9f3f-6509e6dca038 tempest-QosSpecsTestJSON-1607904056 tempest-QosSpecsTestJSON-1607904056-project-admin] GET http://10.222.0.43/volume/v3/635b7ac2c1d44269bbee29906f331070/types/186d9bec-cb1d-4a80-8068-8ebd4d6e7c97
Jul 21 22:30:27.859342 dv-cinder-850697-1-smb devstack@c-api.service[110721]: INFO cinder.volume.api [None req-d248cac2-321b-4333-b598-b681f6a1c985 tempest-VolumeQuotasNegativeTestJSON-1027719630 tempest-VolumeQuotasNegativeTestJSON-1027719630-project] Volume info retrieved successfully.
Jul 21 22:30:27.859532 dv-cinder-850697-1-smb devstack@c-api.service[110722]: DEBUG cinder.api.openstack.wsgi [None req-0522ca62-0b3d-430b-9f3f-6509e6dca038 tempest-QosSpecsTestJSON-1607904056 tempest-QosSpecsTestJSON-1607904056-project-admin] Empty body provided in request {{(pid=110722) get_body /opt/stack/cinder/cinder/api/openstack/wsgi.py:715}}
Jul 21 22:30:27.864970 dv-cinder-850697-1-smb devstack@c-api.service[110722]: DEBUG cinder.api.openstack.wsgi [None req-0522ca62-0b3d-430b-9f3f-6509e6dca038 tempest-QosSpecsTestJSON-1607904056 tempest-QosSpecsTestJSON-1607904056-project-admin] Calling method 'show' {{(pid=110722) _process_stack /opt/stack/cinder/cinder/api/openstack/wsgi.py:868}}
Jul 21 22:30:27.872554 dv-cinder-850697-1-smb devstack@c-api.service[110721]: INFO cinder.api.openstack.wsgi [None req-d248cac2-321b-4333-b598-b681f6a1c985 tempest-VolumeQuotasNegativeTestJSON-1027719630 tempest-VolumeQuotasNegativeTestJSON-1027719630-project] http://10.222.0.43/volume/v3/465fda7e0565420fa8066575a71138b9/volumes/a712b3f2-2ff1-402f-a2f8-46efe70c4f5f returned with HTTP 200
Jul 21 22:30:27.884983 dv-cinder-850697-1-smb devstack@c-api.service[110721]: [pid: 110721|app: 0|req: 86/204] 10.222.0.43 () {58 vars in 1324 bytes} [Thu Jul 21 22:30:27 2022] GET /volume/v3/465fda7e0565420fa8066575a71138b9/volumes/a712b3f2-2ff1-402f-a2f8-46efe70c4f5f => generated 921 bytes in 89 msecs (HTTP/1.1 200) 7 headers in 285 bytes (1 switches on core 0)
Jul 21 22:30:27.888004 dv-cinder-850697-1-smb devstack@c-api.service[110722]: INFO cinder.api.openstack.wsgi [None req-0522ca62-0b3d-430b-9f3f-6509e6dca038 tempest-QosSpecsTestJSON-1607904056 tempest-QosSpecsTestJSON-1607904056-project-admin] http://10.222.0.43/volume/v3/635b7ac2c1d44269bbee29906f331070/types/186d9bec-cb1d-4a80-8068-8ebd4d6e7c97 returned with HTTP 404
Jul 21 22:30:27.888911 dv-cinder-850697-1-smb devstack@c-api.service[110721]: DEBUG cinder.api.middleware.request_id [None req-8715509e-81b5-47f8-9dc7-59b780c20191 None None] RequestId filter calling following filter/app {{(pid=110721) _context_setter /opt/stack/cinder/cinder/api/middleware/request_id.py:62}}
Jul 21 22:30:27.890771 dv-cinder-850697-1-smb devstack@c-api.service[110722]: [pid: 110722|app: 0|req: 119/205] 10.222.0.43 () {58 vars in 1318 bytes} [Thu Jul 21 22:30:27 2022] GET /volume/v3/635b7ac2c1d44269bbee29906f331070/types/186d9bec-cb1d-4a80-8068-8ebd4d6e7c97 => generated 114 bytes in 42 msecs (HTTP/1.1 404) 7 headers in 292 bytes (1 switches on core 0)
Jul 21 22:30:27.894102 dv-cinder-850697-1-smb devstack@c-api.service[110722]: DEBUG cinder.api.middleware.request_id [None req-7f49496b-9771-444d-a159-d0bdb2d8af04 None None] RequestId filter calling following filter/app {{(pid=110722) _context_setter /opt/stack/cinder/cinder/api/middleware/request_id.py:62}}
Jul 21 22:30:27.898478 dv-cinder-850697-1-smb devstack@c-api.service[110721]: INFO cinder.api.openstack.wsgi [None req-8715509e-81b5-47f8-9dc7-59b780c20191 tempest-VolumeQuotasNegativeTestJSON-966943205 tempest-VolumeQuotasNegativeTestJSON-966943205-project-admin] PUT http://10.222.0.43/volume/v3/a63d944e862047aeaad1dce1f27335c0/os-quota-sets/465fda7e0565420fa8066575a71138b9
Jul 21 22:30:27.899150 dv-cinder-850697-1-smb devstack@c-api.service[110722]: INFO cinder.api.openstack.wsgi [None req-7f49496b-9771-444d-a159-d0bdb2d8af04 tempest-QosSpecsTestJSON-1607904056 tempest-QosSpecsTestJSON-1607904056-project-admin] DELETE http://10.222.0.43/volume/v3/635b7ac2c1d44269bbee29906f331070/types/03066104-0f5b-47df-b0c4-c68113978776
Jul 21 22:30:27.899263 dv-cinder-850697-1-smb devstack@c-api.service[110721]: DEBUG cinder.api.openstack.wsgi [None req-8715509e-81b5-47f8-9dc7-59b780c20191 tempest-VolumeQuotasNegativeTestJSON-966943205 tempest-VolumeQuotasNegativeTestJSON-966943205-project-admin] Action: 'update', calling method: update, body: {"quota_set": {"gigabytes": 1, "volumes": -1}} {{(pid=110721) _process_stack /opt/stack/cinder/cinder/api/openstack/wsgi.py:866}}
Jul 21 22:30:27.899592 dv-cinder-850697-1-smb devstack@c-api.service[110722]: DEBUG cinder.api.openstack.wsgi [None req-7f49496b-9771-444d-a159-d0bdb2d8af04 tempest-QosSpecsTestJSON-1607904056 tempest-QosSpecsTestJSON-1607904056-project-admin] Empty body provided in request {{(pid=110722) get_body /opt/stack/cinder/cinder/api/openstack/wsgi.py:715}}
Jul 21 22:30:27.900701 dv-cinder-850697-1-smb devstack@c-api.service[110722]: DEBUG cinder.api.openstack.wsgi [None req-7f49496b-9771-444d-a159-d0bdb2d8af04 tempest-QosSpecsTestJSON-1607904056 tempest-QosSpecsTestJSON-1607904056-project-admin] Calling method '_delete' {{(pid=110722) _process_stack /opt/stack/cinder/cinder/api/openstack/wsgi.py:868}}
Jul 21 22:30:28.012187 dv-cinder-850697-1-smb devstack@c-api.service[110721]: DEBUG dbcounter [-] [110721] Writing DB stats cinder:SELECT=77,cinder:INSERT=11,cinder:UPDATE=12 {{(pid=110721) stat_writer /usr/local/lib/python3.8/dist-packages/dbcounter.py:114}}
Jul 21 22:30:28.038516 dv-cinder-850697-1-smb devstack@c-api.service[110722]: INFO cinder.api.openstack.wsgi [None req-7f49496b-9771-444d-a159-d0bdb2d8af04 tempest-QosSpecsTestJSON-1607904056 tempest-QosSpecsTestJSON-1607904056-project-admin] http://10.222.0.43/volume/v3/635b7ac2c1d44269bbee29906f331070/types/03066104-0f5b-47df-b0c4-c68113978776 returned with HTTP 202
Jul 21 22:30:28.040001 dv-cinder-850697-1-smb devstack@c-api.service[110722]: [pid: 110722|app: 0|req: 120/206] 10.222.0.43 () {58 vars in 1321 bytes} [Thu Jul 21 22:30:27 2022] DELETE /volume/v3/635b7ac2c1d44269bbee29906f331070/types/03066104-0f5b-47df-b0c4-c68113978776 => generated 0 bytes in 147 msecs (HTTP/1.1 202) 6 headers in 233 bytes (1 switches on core 0)
Jul 21 22:30:28.044609 dv-cinder-850697-1-smb devstack@c-api.service[110722]: DEBUG cinder.api.middleware.request_id [None req-c7f2d1ea-c830-4c77-b75f-b4ad4e0fcfee None None] RequestId filter calling following filter/app {{(pid=110722) _context_setter /opt/stack/cinder/cinder/api/middleware/request_id.py:62}}
Jul 21 22:30:28.051748 dv-cinder-850697-1-smb devstack@c-api.service[110722]: INFO cinder.api.openstack.wsgi [None req-c7f2d1ea-c830-4c77-b75f-b4ad4e0fcfee tempest-QosSpecsTestJSON-1607904056 tempest-QosSpecsTestJSON-1607904056-project-admin] GET http://10.222.0.43/volume/v3/635b7ac2c1d44269bbee29906f331070/types/03066104-0f5b-47df-b0c4-c68113978776
Jul 21 22:30:28.052206 dv-cinder-850697-1-smb devstack@c-api.service[110722]: DEBUG cinder.api.openstack.wsgi [None req-c7f2d1ea-c830-4c77-b75f-b4ad4e0fcfee tempest-QosSpecsTestJSON-1607904056 tempest-QosSpecsTestJSON-1607904056-project-admin] Empty body provided in request {{(pid=110722) get_body /opt/stack/cinder/cinder/api/openstack/wsgi.py:715}}
Jul 21 22:30:28.055597 dv-cinder-850697-1-smb devstack@c-api.service[110722]: DEBUG cinder.api.openstack.wsgi [None req-c7f2d1ea-c830-4c77-b75f-b4ad4e0fcfee tempest-QosSpecsTestJSON-1607904056 tempest-QosSpecsTestJSON-1607904056-project-admin] Calling method 'show' {{(pid=110722) _process_stack /opt/stack/cinder/cinder/api/openstack/wsgi.py:868}}
Jul 21 22:30:28.067235 dv-cinder-850697-1-smb devstack@c-api.service[110722]: INFO cinder.api.openstack.wsgi [None req-c7f2d1ea-c830-4c77-b75f-b4ad4e0fcfee tempest-QosSpecsTestJSON-1607904056 tempest-QosSpecsTestJSON-1607904056-project-admin] http://10.222.0.43/volume/v3/635b7ac2c1d44269bbee29906f331070/types/03066104-0f5b-47df-b0c4-c68113978776 returned with HTTP 404
Jul 21 22:30:28.075654 dv-cinder-850697-1-smb devstack@c-api.service[110722]: [pid: 110722|app: 0|req: 121/207] 10.222.0.43 () {58 vars in 1318 bytes} [Thu Jul 21 22:30:28 2022] GET /volume/v3/635b7ac2c1d44269bbee29906f331070/types/03066104-0f5b-47df-b0c4-c68113978776 => generated 114 bytes in 32 msecs (HTTP/1.1 404) 7 headers in 292 bytes (1 switches on core 0)
Jul 21 22:30:28.077028 dv-cinder-850697-1-smb devstack@c-api.service[110722]: DEBUG cinder.api.middleware.request_id [None req-b5a1d495-b183-4c18-b788-eeb122fd8500 None None] RequestId filter calling following filter/app {{(pid=110722) _context_setter /opt/stack/cinder/cinder/api/middleware/request_id.py:62}}
Jul 21 22:30:28.088854 dv-cinder-850697-1-smb devstack@c-api.service[110722]: INFO cinder.api.openstack.wsgi [None req-b5a1d495-b183-4c18-b788-eeb122fd8500 tempest-QosSpecsTestJSON-1607904056 tempest-QosSpecsTestJSON-1607904056-project-admin] DELETE http://10.222.0.43/volume/v3/635b7ac2c1d44269bbee29906f331070/types/e79b6a19-2080-4fda-8d58-ca103a57eb71
Jul 21 22:30:28.089422 dv-cinder-850697-1-smb devstack@c-api.service[110722]: DEBUG cinder.api.openstack.wsgi [None req-b5a1d495-b183-4c18-b788-eeb122fd8500 tempest-QosSpecsTestJSON-1607904056 tempest-QosSpecsTestJSON-1607904056-project-admin] Empty body provided in request {{(pid=110722) get_body /opt/stack/cinder/cinder/api/openstack/wsgi.py:715}}
Jul 21 22:30:28.090073 dv-cinder-850697-1-smb devstack@c-api.service[110722]: DEBUG cinder.api.openstack.wsgi [None req-b5a1d495-b183-4c18-b788-eeb122fd8500 tempest-QosSpecsTestJSON-1607904056 tempest-QosSpecsTestJSON-1607904056-project-admin] Calling method '_delete' {{(pid=110722) _process_stack /opt/stack/cinder/cinder/api/openstack/wsgi.py:868}}
Jul 21 22:30:28.106299 dv-cinder-850697-1-smb devstack@c-api.service[110721]: INFO cinder.api.openstack.wsgi [None req-8715509e-81b5-47f8-9dc7-59b780c20191 tempest-VolumeQuotasNegativeTestJSON-966943205 tempest-VolumeQuotasNegativeTestJSON-966943205-project-admin] http://10.222.0.43/volume/v3/a63d944e862047aeaad1dce1f27335c0/os-quota-sets/465fda7e0565420fa8066575a71138b9 returned with HTTP 200
Jul 21 22:30:28.107615 dv-cinder-850697-1-smb devstack@c-api.service[110721]: [pid: 110721|app: 0|req: 87/208] 10.222.0.43 () {60 vars in 1350 bytes} [Thu Jul 21 22:30:27 2022] PUT /volume/v3/a63d944e862047aeaad1dce1f27335c0/os-quota-sets/465fda7e0565420fa8066575a71138b9 => generated 696 bytes in 219 msecs (HTTP/1.1 200) 7 headers in 285 bytes (2 switches on core 0)
Jul 21 22:30:28.118316 dv-cinder-850697-1-smb devstack@c-api.service[110721]: DEBUG cinder.api.middleware.request_id [None req-24b816a7-2d74-4fbe-91f2-40dd3e2f4e6f None None] RequestId filter calling following filter/app {{(pid=110721) _context_setter /opt/stack/cinder/cinder/api/middleware/request_id.py:62}}
Jul 21 22:30:28.137251 dv-cinder-850697-1-smb devstack@c-api.service[110721]: INFO cinder.api.openstack.wsgi [None req-24b816a7-2d74-4fbe-91f2-40dd3e2f4e6f tempest-VolumeQuotasNegativeTestJSON-1027719630 tempest-VolumeQuotasNegativeTestJSON-1027719630-project] POST http://10.222.0.43/volume/v3/465fda7e0565420fa8066575a71138b9/volumes
Jul 21 22:30:28.137982 dv-cinder-850697-1-smb devstack@c-api.service[110721]: DEBUG cinder.api.openstack.wsgi [None req-24b816a7-2d74-4fbe-91f2-40dd3e2f4e6f tempest-VolumeQuotasNegativeTestJSON-1027719630 tempest-VolumeQuotasNegativeTestJSON-1027719630-project] Action: 'create', calling method: create, body: {"volume": {"size": 2}} {{(pid=110721) _process_stack /opt/stack/cinder/cinder/api/openstack/wsgi.py:866}}
Jul 21 22:30:28.143611 dv-cinder-850697-1-smb devstack@c-api.service[110721]: DEBUG cinder.api.v3.volumes [None req-24b816a7-2d74-4fbe-91f2-40dd3e2f4e6f tempest-VolumeQuotasNegativeTestJSON-1027719630 tempest-VolumeQuotasNegativeTestJSON-1027719630-project] Create volume request body: {'volume': {'size': 2}} {{(pid=110721) create /opt/stack/cinder/cinder/api/v3/volumes.py:298}}
Jul 21 22:30:28.145082 dv-cinder-850697-1-smb devstack@c-api.service[110721]: INFO cinder.api.v3.volumes [None req-24b816a7-2d74-4fbe-91f2-40dd3e2f4e6f tempest-VolumeQuotasNegativeTestJSON-1027719630 tempest-VolumeQuotasNegativeTestJSON-1027719630-project] Create volume of 2 GB
Jul 21 22:30:28.175482 dv-cinder-850697-1-smb devstack@c-api.service[110721]: INFO cinder.volume.api [None req-24b816a7-2d74-4fbe-91f2-40dd3e2f4e6f tempest-VolumeQuotasNegativeTestJSON-1027719630 tempest-VolumeQuotasNegativeTestJSON-1027719630-project] Availability Zones retrieved successfully.
Jul 21 22:30:28.180873 dv-cinder-850697-1-smb devstack@c-api.service[110722]: DEBUG dbcounter [-] [110722] Writing DB stats cinder:SELECT=85,cinder:UPDATE=14,cinder:INSERT=1 {{(pid=110722) stat_writer /usr/local/lib/python3.8/dist-packages/dbcounter.py:114}}
Jul 21 22:30:28.189499 dv-cinder-850697-1-smb devstack@c-api.service[110722]: INFO cinder.api.openstack.wsgi [None req-b5a1d495-b183-4c18-b788-eeb122fd8500 tempest-QosSpecsTestJSON-1607904056 tempest-QosSpecsTestJSON-1607904056-project-admin] http://10.222.0.43/volume/v3/635b7ac2c1d44269bbee29906f331070/types/e79b6a19-2080-4fda-8d58-ca103a57eb71 returned with HTTP 202
Jul 21 22:30:28.196212 dv-cinder-850697-1-smb devstack@c-api.service[110722]: [pid: 110722|app: 0|req: 122/209] 10.222.0.43 () {58 vars in 1321 bytes} [Thu Jul 21 22:30:28 2022] DELETE /volume/v3/635b7ac2c1d44269bbee29906f331070/types/e79b6a19-2080-4fda-8d58-ca103a57eb71 => generated 0 bytes in 120 msecs (HTTP/1.1 202) 6 headers in 233 bytes (1 switches on core 0)
Jul 21 22:30:28.198294 dv-cinder-850697-1-smb devstack@c-api.service[110722]: DEBUG cinder.api.middleware.request_id [None req-24e35a49-77b8-4937-8b8b-545135ec7493 None None] RequestId filter calling following filter/app {{(pid=110722) _context_setter /opt/stack/cinder/cinder/api/middleware/request_id.py:62}}
Jul 21 22:30:28.204613 dv-cinder-850697-1-smb devstack@c-api.service[110722]: INFO cinder.api.openstack.wsgi [None req-24e35a49-77b8-4937-8b8b-545135ec7493 tempest-QosSpecsTestJSON-1607904056 tempest-QosSpecsTestJSON-1607904056-project-admin] GET http://10.222.0.43/volume/v3/635b7ac2c1d44269bbee29906f331070/types/e79b6a19-2080-4fda-8d58-ca103a57eb71
Jul 21 22:30:28.205386 dv-cinder-850697-1-smb devstack@c-api.service[110722]: DEBUG cinder.api.openstack.wsgi [None req-24e35a49-77b8-4937-8b8b-545135ec7493 tempest-QosSpecsTestJSON-1607904056 tempest-QosSpecsTestJSON-1607904056-project-admin] Empty body provided in request {{(pid=110722) get_body /opt/stack/cinder/cinder/api/openstack/wsgi.py:715}}
Jul 21 22:30:28.206301 dv-cinder-850697-1-smb devstack@c-api.service[110722]: DEBUG cinder.api.openstack.wsgi [None req-24e35a49-77b8-4937-8b8b-545135ec7493 tempest-QosSpecsTestJSON-1607904056 tempest-QosSpecsTestJSON-1607904056-project-admin] Calling method 'show' {{(pid=110722) _process_stack /opt/stack/cinder/cinder/api/openstack/wsgi.py:868}}
Jul 21 22:30:28.215952 dv-cinder-850697-1-smb devstack@c-api.service[110722]: INFO cinder.api.openstack.wsgi [None req-24e35a49-77b8-4937-8b8b-545135ec7493 tempest-QosSpecsTestJSON-1607904056 tempest-QosSpecsTestJSON-1607904056-project-admin] http://10.222.0.43/volume/v3/635b7ac2c1d44269bbee29906f331070/types/e79b6a19-2080-4fda-8d58-ca103a57eb71 returned with HTTP 404
Jul 21 22:30:28.221800 dv-cinder-850697-1-smb devstack@c-api.service[110722]: [pid: 110722|app: 0|req: 123/210] 10.222.0.43 () {58 vars in 1318 bytes} [Thu Jul 21 22:30:28 2022] GET /volume/v3/635b7ac2c1d44269bbee29906f331070/types/e79b6a19-2080-4fda-8d58-ca103a57eb71 => generated 114 bytes in 25 msecs (HTTP/1.1 404) 7 headers in 292 bytes (1 switches on core 0)
Jul 21 22:30:28.223518 dv-cinder-850697-1-smb devstack@c-api.service[110722]: DEBUG cinder.api.middleware.request_id [None req-969ec55c-8432-4d59-b069-9d0d565c518e None None] RequestId filter calling following filter/app {{(pid=110722) _context_setter /opt/stack/cinder/cinder/api/middleware/request_id.py:62}}
Jul 21 22:30:28.227125 dv-cinder-850697-1-smb devstack@c-api.service[110721]: DEBUG cinder.volume.api [None req-24b816a7-2d74-4fbe-91f2-40dd3e2f4e6f tempest-VolumeQuotasNegativeTestJSON-1027719630 tempest-VolumeQuotasNegativeTestJSON-1027719630-project] Flow 'volume_create_api' (2d6a05c4-3cc7-49ef-b3db-39b82c5078dd) transitioned into state 'RUNNING' from state 'PENDING' {{(pid=110721) _flow_receiver /usr/local/lib/python3.8/dist-packages/taskflow/listeners/logging.py:141}}
Jul 21 22:30:28.231269 dv-cinder-850697-1-smb devstack@c-api.service[110722]: INFO cinder.api.openstack.wsgi [None req-969ec55c-8432-4d59-b069-9d0d565c518e tempest-QosSpecsTestJSON-1607904056 tempest-QosSpecsTestJSON-1607904056-project-admin] DELETE http://10.222.0.43/volume/v3/635b7ac2c1d44269bbee29906f331070/qos-specs/5696be9f-eccb-43ad-8f6a-28b246af42a2?force=False
Jul 21 22:30:28.233159 dv-cinder-850697-1-smb devstack@c-api.service[110722]: DEBUG cinder.api.openstack.wsgi [None req-969ec55c-8432-4d59-b069-9d0d565c518e tempest-QosSpecsTestJSON-1607904056 tempest-QosSpecsTestJSON-1607904056-project-admin] Empty body provided in request {{(pid=110722) get_body /opt/stack/cinder/cinder/api/openstack/wsgi.py:715}}
Jul 21 22:30:28.233965 dv-cinder-850697-1-smb devstack@c-api.service[110722]: DEBUG cinder.api.openstack.wsgi [None req-969ec55c-8432-4d59-b069-9d0d565c518e tempest-QosSpecsTestJSON-1607904056 tempest-QosSpecsTestJSON-1607904056-project-admin] Calling method 'delete' {{(pid=110722) _process_stack /opt/stack/cinder/cinder/api/openstack/wsgi.py:868}}
Jul 21 22:30:28.234180 dv-cinder-850697-1-smb devstack@c-api.service[110721]: DEBUG cinder.volume.api [None req-24b816a7-2d74-4fbe-91f2-40dd3e2f4e6f tempest-VolumeQuotasNegativeTestJSON-1027719630 tempest-VolumeQuotasNegativeTestJSON-1027719630-project] Task 'cinder.volume.flows.api.create_volume.ExtractVolumeRequestTask;volume:create' (cbea60a3-1570-4969-98be-1ccf9d532fc4) transitioned into state 'RUNNING' from state 'PENDING' {{(pid=110721) _task_receiver /usr/local/lib/python3.8/dist-packages/taskflow/listeners/logging.py:190}}
Jul 21 22:30:28.236353 dv-cinder-850697-1-smb devstack@c-api.service[110722]: DEBUG cinder.api.contrib.qos_specs_manage [None req-969ec55c-8432-4d59-b069-9d0d565c518e tempest-QosSpecsTestJSON-1607904056 tempest-QosSpecsTestJSON-1607904056-project-admin] Delete qos_spec: 5696be9f-eccb-43ad-8f6a-28b246af42a2, force: False {{(pid=110722) delete /opt/stack/cinder/cinder/api/contrib/qos_specs_manage.py:168}}
Jul 21 22:30:28.242045 dv-cinder-850697-1-smb devstack@c-api.service[110721]: DEBUG cinder.volume.flows.api.create_volume [None req-24b816a7-2d74-4fbe-91f2-40dd3e2f4e6f tempest-VolumeQuotasNegativeTestJSON-1027719630 tempest-VolumeQuotasNegativeTestJSON-1027719630-project] Validating volume size '2' using validate_int {{(pid=110721) _extract_size /opt/stack/cinder/cinder/volume/flows/api/create_volume.py:228}}
Jul 21 22:30:28.300962 dv-cinder-850697-1-smb devstack@c-api.service[110722]: INFO cinder.api.openstack.wsgi [None req-969ec55c-8432-4d59-b069-9d0d565c518e tempest-QosSpecsTestJSON-1607904056 tempest-QosSpecsTestJSON-1607904056-project-admin] http://10.222.0.43/volume/v3/635b7ac2c1d44269bbee29906f331070/qos-specs/5696be9f-eccb-43ad-8f6a-28b246af42a2?force=False returned with HTTP 202
Jul 21 22:30:28.308695 dv-cinder-850697-1-smb devstack@c-api.service[110722]: [pid: 110722|app: 0|req: 124/211] 10.222.0.43 () {58 vars in 1356 bytes} [Thu Jul 21 22:30:28 2022] DELETE /volume/v3/635b7ac2c1d44269bbee29906f331070/qos-specs/5696be9f-eccb-43ad-8f6a-28b246af42a2?force=False => generated 0 bytes in 86 msecs (HTTP/1.1 202) 6 headers in 233 bytes (1 switches on core 0)
Jul 21 22:30:28.311296 dv-cinder-850697-1-smb devstack@c-api.service[110722]: DEBUG cinder.api.middleware.request_id [None req-06fca7ba-d91f-4883-8ca9-479c21a2dabf None None] RequestId filter calling following filter/app {{(pid=110722) _context_setter /opt/stack/cinder/cinder/api/middleware/request_id.py:62}}
Jul 21 22:30:28.327696 dv-cinder-850697-1-smb devstack@c-api.service[110722]: INFO cinder.api.openstack.wsgi [None req-06fca7ba-d91f-4883-8ca9-479c21a2dabf tempest-QosSpecsTestJSON-1607904056 tempest-QosSpecsTestJSON-1607904056-project-admin] GET http://10.222.0.43/volume/v3/635b7ac2c1d44269bbee29906f331070/qos-specs/5696be9f-eccb-43ad-8f6a-28b246af42a2
Jul 21 22:30:28.328188 dv-cinder-850697-1-smb devstack@c-api.service[110722]: DEBUG cinder.api.openstack.wsgi [None req-06fca7ba-d91f-4883-8ca9-479c21a2dabf tempest-QosSpecsTestJSON-1607904056 tempest-QosSpecsTestJSON-1607904056-project-admin] Empty body provided in request {{(pid=110722) get_body /opt/stack/cinder/cinder/api/openstack/wsgi.py:715}}
Jul 21 22:30:28.329182 dv-cinder-850697-1-smb devstack@c-api.service[110722]: DEBUG cinder.api.openstack.wsgi [None req-06fca7ba-d91f-4883-8ca9-479c21a2dabf tempest-QosSpecsTestJSON-1607904056 tempest-QosSpecsTestJSON-1607904056-project-admin] Calling method 'show' {{(pid=110722) _process_stack /opt/stack/cinder/cinder/api/openstack/wsgi.py:868}}
Jul 21 22:30:28.330723 dv-cinder-850697-1-smb devstack@c-api.service[110722]: /usr/local/lib/python3.8/dist-packages/oslo_context/context.py:100: DeprecationWarning: Policy enforcement is depending on the value of is_admin. This key is deprecated. Please update your policy file to use the standard policy values.
Jul 21 22:30:28.330723 dv-cinder-850697-1-smb devstack@c-api.service[110722]: warnings.warn('Policy enforcement is depending on the value of '
Jul 21 22:30:28.343878 dv-cinder-850697-1-smb devstack@c-api.service[110722]: INFO cinder.api.openstack.wsgi [None req-06fca7ba-d91f-4883-8ca9-479c21a2dabf tempest-QosSpecsTestJSON-1607904056 tempest-QosSpecsTestJSON-1607904056-project-admin] http://10.222.0.43/volume/v3/635b7ac2c1d44269bbee29906f331070/qos-specs/5696be9f-eccb-43ad-8f6a-28b246af42a2 returned with HTTP 404
Jul 21 22:30:28.348785 dv-cinder-850697-1-smb devstack@c-api.service[110722]: [pid: 110722|app: 0|req: 125/212] 10.222.0.43 () {58 vars in 1330 bytes} [Thu Jul 21 22:30:28 2022] GET /volume/v3/635b7ac2c1d44269bbee29906f331070/qos-specs/5696be9f-eccb-43ad-8f6a-28b246af42a2 => generated 100 bytes in 40 msecs (HTTP/1.1 404) 7 headers in 292 bytes (1 switches on core 0)
Jul 21 22:30:28.354984 dv-cinder-850697-1-smb devstack@c-api.service[110721]: DEBUG cinder.volume.api [None req-24b816a7-2d74-4fbe-91f2-40dd3e2f4e6f tempest-VolumeQuotasNegativeTestJSON-1027719630 tempest-VolumeQuotasNegativeTestJSON-1027719630-project] Task 'cinder.volume.flows.api.create_volume.ExtractVolumeRequestTask;volume:create' (cbea60a3-1570-4969-98be-1ccf9d532fc4) transitioned into state 'SUCCESS' from state 'RUNNING' with result '{'size': 2, 'snapshot_id': None, 'source_volid': None, 'volume_type': VolumeType(created_at=2022-07-21T22:19:35Z,deleted=False,deleted_at=None,description='Default Volume Type',extra_specs={},id=0eef2f1f-97e1-42f5-999b-5c837da291c3,is_public=True,name='__DEFAULT__',projects=[],qos_specs=,qos_specs_id=None,updated_at=2022-07-21T22:19:35Z), 'volume_type_id': '0eef2f1f-97e1-42f5-999b-5c837da291c3', 'encryption_key_id': None, 'qos_specs': None, 'consistencygroup_id': None, 'cgsnapshot_id': None, 'group_id': None, 'replication_status': 'disabled', 'refresh_az': False, 'backup_id': None, 'multiattach': False, 'availability_zones': ['nova']}' {{(pid=110721) _task_receiver /usr/local/lib/python3.8/dist-packages/taskflow/listeners/logging.py:178}}
Jul 21 22:30:28.384516 dv-cinder-850697-1-smb devstack@c-api.service[110721]: DEBUG cinder.volume.api [None req-24b816a7-2d74-4fbe-91f2-40dd3e2f4e6f tempest-VolumeQuotasNegativeTestJSON-1027719630 tempest-VolumeQuotasNegativeTestJSON-1027719630-project] Task 'cinder.volume.flows.api.create_volume.QuotaReserveTask;volume:create' (d7a8da07-3286-43f0-b691-5d5b8e85dc5a) transitioned into state 'RUNNING' from state 'PENDING' {{(pid=110721) _task_receiver /usr/local/lib/python3.8/dist-packages/taskflow/listeners/logging.py:190}}
Jul 21 22:30:28.488910 dv-cinder-850697-1-smb devstack@c-api.service[110721]: WARNING cinder.quota_utils [None req-24b816a7-2d74-4fbe-91f2-40dd3e2f4e6f tempest-VolumeQuotasNegativeTestJSON-1027719630 tempest-VolumeQuotasNegativeTestJSON-1027719630-project] Quota exceeded for 465fda7e0565420fa8066575a71138b9, tried to create 2G volume (1G of 1G already consumed).: cinder.exception.OverQuota: Quota exceeded for resources: ['gigabytes']
Jul 21 22:30:28.550721 dv-cinder-850697-1-smb devstack@c-api.service[110721]: WARNING cinder.volume.api [None req-24b816a7-2d74-4fbe-91f2-40dd3e2f4e6f tempest-VolumeQuotasNegativeTestJSON-1027719630 tempest-VolumeQuotasNegativeTestJSON-1027719630-project] Task 'cinder.volume.flows.api.create_volume.QuotaReserveTask;volume:create' (d7a8da07-3286-43f0-b691-5d5b8e85dc5a) transitioned into state 'FAILURE' from state 'RUNNING'
Jul 21 22:30:28.550721 dv-cinder-850697-1-smb devstack@c-api.service[110721]: Failure: cinder.exception.VolumeSizeExceedsAvailableQuota: Requested volume or snapshot exceeds allowed gigabytes quota. Requested 2G, quota is 1G and 1G has been consumed.
Jul 21 22:30:28.555693 dv-cinder-850697-1-smb devstack@c-api.service[110721]: DEBUG cinder.volume.api [None req-24b816a7-2d74-4fbe-91f2-40dd3e2f4e6f tempest-VolumeQuotasNegativeTestJSON-1027719630 tempest-VolumeQuotasNegativeTestJSON-1027719630-project] Task 'cinder.volume.flows.api.create_volume.QuotaReserveTask;volume:create' (d7a8da07-3286-43f0-b691-5d5b8e85dc5a) transitioned into state 'REVERTING' from state 'FAILURE' {{(pid=110721) _task_receiver /usr/local/lib/python3.8/dist-packages/taskflow/listeners/logging.py:190}}
Jul 21 22:30:28.562991 dv-cinder-850697-1-smb devstack@c-api.service[110721]: WARNING cinder.volume.api [None req-24b816a7-2d74-4fbe-91f2-40dd3e2f4e6f tempest-VolumeQuotasNegativeTestJSON-1027719630 tempest-VolumeQuotasNegativeTestJSON-1027719630-project] Task 'cinder.volume.flows.api.create_volume.QuotaReserveTask;volume:create' (d7a8da07-3286-43f0-b691-5d5b8e85dc5a) transitioned into state 'REVERTED' from state 'REVERTING' with result 'None'
Jul 21 22:30:28.566498 dv-cinder-850697-1-smb devstack@c-api.service[110721]: DEBUG cinder.volume.api [None req-24b816a7-2d74-4fbe-91f2-40dd3e2f4e6f tempest-VolumeQuotasNegativeTestJSON-1027719630 tempest-VolumeQuotasNegativeTestJSON-1027719630-project] Task 'cinder.volume.flows.api.create_volume.ExtractVolumeRequestTask;volume:create' (cbea60a3-1570-4969-98be-1ccf9d532fc4) transitioned into state 'REVERTING' from state 'SUCCESS' {{(pid=110721) _task_receiver /usr/local/lib/python3.8/dist-packages/taskflow/listeners/logging.py:190}}
Jul 21 22:30:28.568353 dv-cinder-850697-1-smb devstack@c-api.service[110721]: WARNING cinder.volume.api [None req-24b816a7-2d74-4fbe-91f2-40dd3e2f4e6f tempest-VolumeQuotasNegativeTestJSON-1027719630 tempest-VolumeQuotasNegativeTestJSON-1027719630-project] Task 'cinder.volume.flows.api.create_volume.ExtractVolumeRequestTask;volume:create' (cbea60a3-1570-4969-98be-1ccf9d532fc4) transitioned into state 'REVERTED' from state 'REVERTING' with result 'None'
Jul 21 22:30:28.576895 dv-cinder-850697-1-smb devstack@c-api.service[110721]: WARNING cinder.volume.api [None req-24b816a7-2d74-4fbe-91f2-40dd3e2f4e6f tempest-VolumeQuotasNegativeTestJSON-1027719630 tempest-VolumeQuotasNegativeTestJSON-1027719630-project] Flow 'volume_create_api' (2d6a05c4-3cc7-49ef-b3db-39b82c5078dd) transitioned into state 'REVERTED' from state 'RUNNING'
Jul 21 22:30:28.579347 dv-cinder-850697-1-smb devstack@c-api.service[110721]: INFO cinder.api.middleware.fault [None req-24b816a7-2d74-4fbe-91f2-40dd3e2f4e6f tempest-VolumeQuotasNegativeTestJSON-1027719630 tempest-VolumeQuotasNegativeTestJSON-1027719630-project] http://10.222.0.43/volume/v3/465fda7e0565420fa8066575a71138b9/volumes returned with HTTP 413
Jul 21 22:30:28.588551 dv-cinder-850697-1-smb devstack@c-api.service[110722]: DEBUG cinder.api.middleware.request_id [None req-6c9b3826-eb28-4098-abca-fcaea80941f1 None None] RequestId filter calling following filter/app {{(pid=110722) _context_setter /opt/stack/cinder/cinder/api/middleware/request_id.py:62}}
Jul 21 22:30:28.595419 dv-cinder-850697-1-smb devstack@c-api.service[110722]: INFO cinder.api.openstack.wsgi [None req-6c9b3826-eb28-4098-abca-fcaea80941f1 tempest-VolumeQuotasNegativeTestJSON-966943205 tempest-VolumeQuotasNegativeTestJSON-966943205-project-admin] PUT http://10.222.0.43/volume/v3/a63d944e862047aeaad1dce1f27335c0/os-quota-sets/465fda7e0565420fa8066575a71138b9
Jul 21 22:30:28.597448 dv-cinder-850697-1-smb devstack@c-api.service[110722]: DEBUG cinder.api.openstack.wsgi [None req-6c9b3826-eb28-4098-abca-fcaea80941f1 tempest-VolumeQuotasNegativeTestJSON-966943205 tempest-VolumeQuotasNegativeTestJSON-966943205-project-admin] Action: 'update', calling method: update, body: {"quota_set": {"volumes": 1, "gigabytes": -1}} {{(pid=110722) _process_stack /opt/stack/cinder/cinder/api/openstack/wsgi.py:866}}
Jul 21 22:30:28.598928 dv-cinder-850697-1-smb devstack@c-api.service[110721]: [pid: 110721|app: 0|req: 88/213] 10.222.0.43 () {60 vars in 1234 bytes} [Thu Jul 21 22:30:28 2022] POST /volume/v3/465fda7e0565420fa8066575a71138b9/volumes => generated 208 bytes in 485 msecs (HTTP/1.1 413) 8 headers in 323 bytes (1 switches on core 0)
Jul 21 22:30:28.757915 dv-cinder-850697-1-smb devstack@c-api.service[110722]: WARNING cinder.quota [None req-6c9b3826-eb28-4098-abca-fcaea80941f1 tempest-VolumeQuotasNegativeTestJSON-966943205 tempest-VolumeQuotasNegativeTestJSON-966943205-project-admin] Deprecated: Default quota for resource: backups is set by the default quota flag: quota_backups, it is now deprecated. Please use the default quota class for default quota.
Jul 21 22:30:28.758847 dv-cinder-850697-1-smb devstack@c-api.service[110722]: WARNING cinder.quota [None req-6c9b3826-eb28-4098-abca-fcaea80941f1 tempest-VolumeQuotasNegativeTestJSON-966943205 tempest-VolumeQuotasNegativeTestJSON-966943205-project-admin] Deprecated: Default quota for resource: backup_gigabytes is set by the default quota flag: quota_backup_gigabytes, it is now deprecated. Please use the default quota class for default quota.
Jul 21 22:30:28.759778 dv-cinder-850697-1-smb devstack@c-api.service[110722]: WARNING cinder.quota [None req-6c9b3826-eb28-4098-abca-fcaea80941f1 tempest-VolumeQuotasNegativeTestJSON-966943205 tempest-VolumeQuotasNegativeTestJSON-966943205-project-admin] Deprecated: Default quota for resource: volumes_lvmdriver-1 is set by the default quota flag: quota_volumes_lvmdriver-1, it is now deprecated. Please use the default quota class for default quota.
Jul 21 22:30:28.760882 dv-cinder-850697-1-smb devstack@c-api.service[110722]: WARNING cinder.quota [None req-6c9b3826-eb28-4098-abca-fcaea80941f1 tempest-VolumeQuotasNegativeTestJSON-966943205 tempest-VolumeQuotasNegativeTestJSON-966943205-project-admin] Deprecated: Default quota for resource: gigabytes_lvmdriver-1 is set by the default quota flag: quota_gigabytes_lvmdriver-1, it is now deprecated. Please use the default quota class for default quota.
Jul 21 22:30:28.761812 dv-cinder-850697-1-smb devstack@c-api.service[110722]: WARNING cinder.quota [None req-6c9b3826-eb28-4098-abca-fcaea80941f1 tempest-VolumeQuotasNegativeTestJSON-966943205 tempest-VolumeQuotasNegativeTestJSON-966943205-project-admin] Deprecated: Default quota for resource: snapshots_lvmdriver-1 is set by the default quota flag: quota_snapshots_lvmdriver-1, it is now deprecated. Please use the default quota class for default quota.
Jul 21 22:30:28.764193 dv-cinder-850697-1-smb devstack@c-api.service[110722]: WARNING cinder.quota [None req-6c9b3826-eb28-4098-abca-fcaea80941f1 tempest-VolumeQuotasNegativeTestJSON-966943205 tempest-VolumeQuotasNegativeTestJSON-966943205-project-admin] Deprecated: Default quota for resource: snapshots___DEFAULT__ is set by the default quota flag: quota_snapshots___DEFAULT__, it is now deprecated. Please use the default quota class for default quota.
Jul 21 22:30:28.784319 dv-cinder-850697-1-smb devstack@c-api.service[110722]: INFO cinder.api.openstack.wsgi [None req-6c9b3826-eb28-4098-abca-fcaea80941f1 tempest-VolumeQuotasNegativeTestJSON-966943205 tempest-VolumeQuotasNegativeTestJSON-966943205-project-admin] http://10.222.0.43/volume/v3/a63d944e862047aeaad1dce1f27335c0/os-quota-sets/465fda7e0565420fa8066575a71138b9 returned with HTTP 200
Jul 21 22:30:28.790258 dv-cinder-850697-1-smb devstack@c-api.service[110722]: [pid: 110722|app: 0|req: 126/214] 10.222.0.43 () {60 vars in 1350 bytes} [Thu Jul 21 22:30:28 2022] PUT /volume/v3/a63d944e862047aeaad1dce1f27335c0/os-quota-sets/465fda7e0565420fa8066575a71138b9 => generated 316 bytes in 203 msecs (HTTP/1.1 200) 7 headers in 285 bytes (1 switches on core 0)
Jul 21 22:30:28.791810 dv-cinder-850697-1-smb devstack@c-api.service[110721]: DEBUG cinder.api.middleware.request_id [None req-64babbb5-01fd-4157-9a99-93881514eb5b None None] RequestId filter calling following filter/app {{(pid=110721) _context_setter /opt/stack/cinder/cinder/api/middleware/request_id.py:62}}
Jul 21 22:30:28.795640 dv-cinder-850697-1-smb devstack@c-api.service[110721]: INFO cinder.api.openstack.wsgi [None req-64babbb5-01fd-4157-9a99-93881514eb5b tempest-VolumeQuotasNegativeTestJSON-1027719630 tempest-VolumeQuotasNegativeTestJSON-1027719630-project] POST http://10.222.0.43/volume/v3/465fda7e0565420fa8066575a71138b9/volumes
Jul 21 22:30:28.798379 dv-cinder-850697-1-smb devstack@c-api.service[110721]: DEBUG cinder.api.openstack.wsgi [None req-64babbb5-01fd-4157-9a99-93881514eb5b tempest-VolumeQuotasNegativeTestJSON-1027719630 tempest-VolumeQuotasNegativeTestJSON-1027719630-project] Action: 'create', calling method: create, body: {"volume": {"size": 1}} {{(pid=110721) _process_stack /opt/stack/cinder/cinder/api/openstack/wsgi.py:866}}
Jul 21 22:30:28.799074 dv-cinder-850697-1-smb devstack@c-api.service[110721]: DEBUG cinder.api.v3.volumes [None req-64babbb5-01fd-4157-9a99-93881514eb5b tempest-VolumeQuotasNegativeTestJSON-1027719630 tempest-VolumeQuotasNegativeTestJSON-1027719630-project] Create volume request body: {'volume': {'size': 1}} {{(pid=110721) create /opt/stack/cinder/cinder/api/v3/volumes.py:298}}
Jul 21 22:30:28.799373 dv-cinder-850697-1-smb devstack@c-api.service[110721]: INFO cinder.api.v3.volumes [None req-64babbb5-01fd-4157-9a99-93881514eb5b tempest-VolumeQuotasNegativeTestJSON-1027719630 tempest-VolumeQuotasNegativeTestJSON-1027719630-project] Create volume of 1 GB
Jul 21 22:30:28.800039 dv-cinder-850697-1-smb devstack@c-api.service[110721]: /usr/local/lib/python3.8/dist-packages/oslo_context/context.py:100: DeprecationWarning: Policy enforcement is depending on the value of is_admin. This key is deprecated. Please update your policy file to use the standard policy values.
Jul 21 22:30:28.800039 dv-cinder-850697-1-smb devstack@c-api.service[110721]: warnings.warn('Policy enforcement is depending on the value of '
Jul 21 22:30:28.802703 dv-cinder-850697-1-smb devstack@c-api.service[110722]: DEBUG cinder.api.middleware.request_id [None req-f4f364fc-86a1-4ae4-b0ce-a073d00b2fae None None] RequestId filter calling following filter/app {{(pid=110722) _context_setter /opt/stack/cinder/cinder/api/middleware/request_id.py:62}}
Jul 21 22:30:28.808056 dv-cinder-850697-1-smb devstack@c-api.service[110722]: INFO cinder.api.openstack.wsgi [None req-f4f364fc-86a1-4ae4-b0ce-a073d00b2fae tempest-SnapshotsActionsTest-1085769217 tempest-SnapshotsActionsTest-1085769217-project] GET http://10.222.0.43/volume/v3/7f8dcc3b82464b1384540b34486b13a9/volumes/1992d909-6f1c-4e18-89bb-c711706e9e0a
Jul 21 22:30:28.808969 dv-cinder-850697-1-smb devstack@c-api.service[110722]: DEBUG cinder.api.openstack.wsgi [None req-f4f364fc-86a1-4ae4-b0ce-a073d00b2fae tempest-SnapshotsActionsTest-1085769217 tempest-SnapshotsActionsTest-1085769217-project] Empty body provided in request {{(pid=110722) get_body /opt/stack/cinder/cinder/api/openstack/wsgi.py:715}}
Jul 21 22:30:28.809868 dv-cinder-850697-1-smb devstack@c-api.service[110722]: DEBUG cinder.api.openstack.wsgi [None req-f4f364fc-86a1-4ae4-b0ce-a073d00b2fae tempest-SnapshotsActionsTest-1085769217 tempest-SnapshotsActionsTest-1085769217-project] Calling method 'show' {{(pid=110722) _process_stack /opt/stack/cinder/cinder/api/openstack/wsgi.py:868}}
Jul 21 22:30:28.833867 dv-cinder-850697-1-smb devstack@c-api.service[110721]: INFO cinder.volume.api [None req-64babbb5-01fd-4157-9a99-93881514eb5b tempest-VolumeQuotasNegativeTestJSON-1027719630 tempest-VolumeQuotasNegativeTestJSON-1027719630-project] Availability Zones retrieved successfully.
Jul 21 22:30:28.835123 dv-cinder-850697-1-smb devstack@c-api.service[110722]: /usr/local/lib/python3.8/dist-packages/oslo_context/context.py:100: DeprecationWarning: Policy enforcement is depending on the value of is_admin. This key is deprecated. Please update your policy file to use the standard policy values.
Jul 21 22:30:28.835123 dv-cinder-850697-1-smb devstack@c-api.service[110722]: warnings.warn('Policy enforcement is depending on the value of '
Jul 21 22:30:28.846553 dv-cinder-850697-1-smb devstack@c-api.service[110722]: INFO cinder.volume.api [None req-f4f364fc-86a1-4ae4-b0ce-a073d00b2fae tempest-SnapshotsActionsTest-1085769217 tempest-SnapshotsActionsTest-1085769217-project] Volume info retrieved successfully.
Jul 21 22:30:28.862997 dv-cinder-850697-1-smb devstack@c-api.service[110722]: INFO cinder.api.openstack.wsgi [None req-f4f364fc-86a1-4ae4-b0ce-a073d00b2fae tempest-SnapshotsActionsTest-1085769217 tempest-SnapshotsActionsTest-1085769217-project] http://10.222.0.43/volume/v3/7f8dcc3b82464b1384540b34486b13a9/volumes/1992d909-6f1c-4e18-89bb-c711706e9e0a returned with HTTP 200
Jul 21 22:30:28.874968 dv-cinder-850697-1-smb devstack@c-api.service[110721]: DEBUG cinder.volume.api [None req-64babbb5-01fd-4157-9a99-93881514eb5b tempest-VolumeQuotasNegativeTestJSON-1027719630 tempest-VolumeQuotasNegativeTestJSON-1027719630-project] Flow 'volume_create_api' (0d5d1dce-c96c-4f46-b048-444edfffd1ac) transitioned into state 'RUNNING' from state 'PENDING' {{(pid=110721) _flow_receiver /usr/local/lib/python3.8/dist-packages/taskflow/listeners/logging.py:141}}
Jul 21 22:30:28.876665 dv-cinder-850697-1-smb devstack@c-api.service[110722]: [pid: 110722|app: 0|req: 127/215] 10.222.0.43 () {58 vars in 1324 bytes} [Thu Jul 21 22:30:28 2022] GET /volume/v3/7f8dcc3b82464b1384540b34486b13a9/volumes/1992d909-6f1c-4e18-89bb-c711706e9e0a => generated 913 bytes in 77 msecs (HTTP/1.1 200) 7 headers in 285 bytes (1 switches on core 0)
Jul 21 22:30:28.878532 dv-cinder-850697-1-smb devstack@c-api.service[110722]: DEBUG cinder.api.middleware.request_id [None req-4cd02f4b-79b5-4fcd-b95f-d6ecfb772315 None None] RequestId filter calling following filter/app {{(pid=110722) _context_setter /opt/stack/cinder/cinder/api/middleware/request_id.py:62}}
Jul 21 22:30:28.881538 dv-cinder-850697-1-smb devstack@c-api.service[110721]: DEBUG cinder.volume.api [None req-64babbb5-01fd-4157-9a99-93881514eb5b tempest-VolumeQuotasNegativeTestJSON-1027719630 tempest-VolumeQuotasNegativeTestJSON-1027719630-project] Task 'cinder.volume.flows.api.create_volume.ExtractVolumeRequestTask;volume:create' (0ac8241e-e21a-4762-a151-b56eb48db82a) transitioned into state 'RUNNING' from state 'PENDING' {{(pid=110721) _task_receiver /usr/local/lib/python3.8/dist-packages/taskflow/listeners/logging.py:190}}
Jul 21 22:30:28.884019 dv-cinder-850697-1-smb devstack@c-api.service[110721]: DEBUG cinder.volume.flows.api.create_volume [None req-64babbb5-01fd-4157-9a99-93881514eb5b tempest-VolumeQuotasNegativeTestJSON-1027719630 tempest-VolumeQuotasNegativeTestJSON-1027719630-project] Validating volume size '1' using validate_int {{(pid=110721) _extract_size /opt/stack/cinder/cinder/volume/flows/api/create_volume.py:228}}
Jul 21 22:30:28.884440 dv-cinder-850697-1-smb devstack@c-api.service[110722]: INFO cinder.api.openstack.wsgi [None req-4cd02f4b-79b5-4fcd-b95f-d6ecfb772315 tempest-SnapshotsActionsTest-1085769217 tempest-SnapshotsActionsTest-1085769217-project] POST http://10.222.0.43/volume/v3/7f8dcc3b82464b1384540b34486b13a9/snapshots
Jul 21 22:30:28.886388 dv-cinder-850697-1-smb devstack@c-api.service[110722]: DEBUG cinder.api.openstack.wsgi [None req-4cd02f4b-79b5-4fcd-b95f-d6ecfb772315 tempest-SnapshotsActionsTest-1085769217 tempest-SnapshotsActionsTest-1085769217-project] Action: 'create', calling method: create, body: {"snapshot": {"volume_id": "1992d909-6f1c-4e18-89bb-c711706e9e0a", "name": "tempest-SnapshotsActionsTest-Snapshot-1334147670"}} {{(pid=110722) _process_stack /opt/stack/cinder/cinder/api/openstack/wsgi.py:866}}
Jul 21 22:30:28.916629 dv-cinder-850697-1-smb devstack@c-api.service[110722]: /usr/local/lib/python3.8/dist-packages/oslo_context/context.py:100: DeprecationWarning: Policy enforcement is depending on the value of is_admin. This key is deprecated. Please update your policy file to use the standard policy values.
Jul 21 22:30:28.916629 dv-cinder-850697-1-smb devstack@c-api.service[110722]: warnings.warn('Policy enforcement is depending on the value of '
Jul 21 22:30:28.920690 dv-cinder-850697-1-smb devstack@c-api.service[110722]: INFO cinder.volume.api [None req-4cd02f4b-79b5-4fcd-b95f-d6ecfb772315 tempest-SnapshotsActionsTest-1085769217 tempest-SnapshotsActionsTest-1085769217-project] Volume info retrieved successfully.
Jul 21 22:30:28.922382 dv-cinder-850697-1-smb devstack@c-api.service[110722]: INFO cinder.api.v3.snapshots [None req-4cd02f4b-79b5-4fcd-b95f-d6ecfb772315 tempest-SnapshotsActionsTest-1085769217 tempest-SnapshotsActionsTest-1085769217-project] Create snapshot from volume 1992d909-6f1c-4e18-89bb-c711706e9e0a
Jul 21 22:30:29.000790 dv-cinder-850697-1-smb devstack@c-api.service[110721]: DEBUG cinder.volume.api [None req-64babbb5-01fd-4157-9a99-93881514eb5b tempest-VolumeQuotasNegativeTestJSON-1027719630 tempest-VolumeQuotasNegativeTestJSON-1027719630-project] Task 'cinder.volume.flows.api.create_volume.ExtractVolumeRequestTask;volume:create' (0ac8241e-e21a-4762-a151-b56eb48db82a) transitioned into state 'SUCCESS' from state 'RUNNING' with result '{'size': 1, 'snapshot_id': None, 'source_volid': None, 'volume_type': VolumeType(created_at=2022-07-21T22:19:35Z,deleted=False,deleted_at=None,description='Default Volume Type',extra_specs={},id=0eef2f1f-97e1-42f5-999b-5c837da291c3,is_public=True,name='__DEFAULT__',projects=[],qos_specs=,qos_specs_id=None,updated_at=2022-07-21T22:19:35Z), 'volume_type_id': '0eef2f1f-97e1-42f5-999b-5c837da291c3', 'encryption_key_id': None, 'qos_specs': None, 'consistencygroup_id': None, 'cgsnapshot_id': None, 'group_id': None, 'replication_status': 'disabled', 'refresh_az': False, 'backup_id': None, 'multiattach': False, 'availability_zones': ['nova']}' {{(pid=110721) _task_receiver /usr/local/lib/python3.8/dist-packages/taskflow/listeners/logging.py:178}}
Jul 21 22:30:29.012210 dv-cinder-850697-1-smb devstack@c-api.service[110721]: DEBUG cinder.volume.api [None req-64babbb5-01fd-4157-9a99-93881514eb5b tempest-VolumeQuotasNegativeTestJSON-1027719630 tempest-VolumeQuotasNegativeTestJSON-1027719630-project] Task 'cinder.volume.flows.api.create_volume.QuotaReserveTask;volume:create' (d6ab2d55-dc9d-44b2-93b5-432ac9eded0d) transitioned into state 'RUNNING' from state 'PENDING' {{(pid=110721) _task_receiver /usr/local/lib/python3.8/dist-packages/taskflow/listeners/logging.py:190}}
Jul 21 22:30:29.080770 dv-cinder-850697-1-smb devstack@c-api.service[110722]: DEBUG cinder.quota [None req-4cd02f4b-79b5-4fcd-b95f-d6ecfb772315 tempest-SnapshotsActionsTest-1085769217 tempest-SnapshotsActionsTest-1085769217-project] Created reservations ['8b59d65e-14a6-46b9-be98-36d39be2b38d', 'e6768de3-e6b1-4a9c-af63-15c217bec730', 'a20b7546-1a51-4e03-a145-9850a3edc4c1', '51dadaed-f251-43e4-97bb-782756f3d85b'] {{(pid=110722) reserve /opt/stack/cinder/cinder/quota.py:755}}
Jul 21 22:30:29.138857 dv-cinder-850697-1-smb devstack@c-api.service[110721]: WARNING cinder.quota_utils [None req-64babbb5-01fd-4157-9a99-93881514eb5b tempest-VolumeQuotasNegativeTestJSON-1027719630 tempest-VolumeQuotasNegativeTestJSON-1027719630-project] Quota exceeded for 465fda7e0565420fa8066575a71138b9, tried to create volume (1 volumes already consumed).: cinder.exception.OverQuota: Quota exceeded for resources: ['volumes']
Jul 21 22:30:29.145390 dv-cinder-850697-1-smb devstack@c-api.service[110721]: WARNING cinder.volume.api [None req-64babbb5-01fd-4157-9a99-93881514eb5b tempest-VolumeQuotasNegativeTestJSON-1027719630 tempest-VolumeQuotasNegativeTestJSON-1027719630-project] Task 'cinder.volume.flows.api.create_volume.QuotaReserveTask;volume:create' (d6ab2d55-dc9d-44b2-93b5-432ac9eded0d) transitioned into state 'FAILURE' from state 'RUNNING'
Jul 21 22:30:29.145390 dv-cinder-850697-1-smb devstack@c-api.service[110721]: Failure: cinder.exception.VolumeLimitExceeded: Maximum number of volumes allowed (1) exceeded for quota 'volumes'.
