Jul 26 14:51:50.915988 dv-cinder-850668-2-smb devstack@g-api.service[124146]: DEBUG glance_store.location [None req-0939181b-c530-4542-9799-470a81614f95 admin admin] Registering scheme swift+https with {'store': , 'location_class': , 'store_entry': 'swift'} {{(pid=124146) register_scheme_map /usr/local/lib/python3.8/dist-packages/glance_store/location.py:146}}
Jul 26 14:51:50.916215 dv-cinder-850668-2-smb devstack@g-api.service[124146]: DEBUG glance_store.location [None req-0939181b-c530-4542-9799-470a81614f95 admin admin] Registering scheme swift with {'store': , 'location_class': , 'store_entry': 'swift'} {{(pid=124146) register_scheme_map /usr/local/lib/python3.8/dist-packages/glance_store/location.py:146}}
Jul 26 14:51:50.916440 dv-cinder-850668-2-smb devstack@g-api.service[124146]: DEBUG glance_store.location [None req-0939181b-c530-4542-9799-470a81614f95 admin admin] Registering scheme swift+http with {'store': , 'location_class': , 'store_entry': 'swift'} {{(pid=124146) register_scheme_map /usr/local/lib/python3.8/dist-packages/glance_store/location.py:146}}
Jul 26 14:51:50.916668 dv-cinder-850668-2-smb devstack@g-api.service[124146]: DEBUG glance_store.location [None req-0939181b-c530-4542-9799-470a81614f95 admin admin] Registering scheme swift+config with {'store': , 'location_class': , 'store_entry': 'swift'} {{(pid=124146) register_scheme_map /usr/local/lib/python3.8/dist-packages/glance_store/location.py:146}}
Jul 26 14:51:51.571602 dv-cinder-850668-2-smb devstack@g-api.service[124146]: INFO swiftclient [None req-0939181b-c530-4542-9799-470a81614f95 admin admin] REQ: curl -i http://10.222.0.86:8080/v1/AUTH_12937bc17f02483285f18c492fe237e3/glance -I -H "X-Auth-Token: gAAAAABi3_-GUMG_..."
Jul 26 14:51:51.572161 dv-cinder-850668-2-smb devstack@g-api.service[124146]: INFO swiftclient [None req-0939181b-c530-4542-9799-470a81614f95 admin admin] RESP STATUS: 404 Not Found
Jul 26 14:51:51.572311 dv-cinder-850668-2-smb devstack@g-api.service[124146]: INFO swiftclient [None req-0939181b-c530-4542-9799-470a81614f95 admin admin] RESP HEADERS: {'Content-Type': 'text/html; charset=UTF-8', 'Content-Length': '0', 'X-Trans-Id': 'txce4d38187c2144dfa0d2a-0062dfff87', 'X-Openstack-Request-Id': 'txce4d38187c2144dfa0d2a-0062dfff87', 'Date': 'Tue, 26 Jul 2022 14:51:51 GMT'}
Jul 26 14:51:51.572896 dv-cinder-850668-2-smb devstack@g-api.service[124146]: INFO glance_store._drivers.swift.store [None req-0939181b-c530-4542-9799-470a81614f95 admin admin] Creating swift container glance
Jul 26 14:51:51.955112 dv-cinder-850668-2-smb devstack@g-api.service[124146]: DEBUG swiftclient [None req-0939181b-c530-4542-9799-470a81614f95 admin admin] REQ: curl -i http://10.222.0.86:8080/v1/AUTH_12937bc17f02483285f18c492fe237e3/glance -X PUT -H "X-Auth-Token: gAAAAABi3_-GUMG_..." -H "Content-Length: 0" {{(pid=124146) http_log /usr/local/lib/python3.8/dist-packages/swiftclient/client.py:157}}
Jul 26 14:51:51.955346 dv-cinder-850668-2-smb devstack@g-api.service[124146]: DEBUG swiftclient [None req-0939181b-c530-4542-9799-470a81614f95 admin admin] RESP STATUS: 201 Created {{(pid=124146) http_log /usr/local/lib/python3.8/dist-packages/swiftclient/client.py:158}}
Jul 26 14:51:51.955782 dv-cinder-850668-2-smb devstack@g-api.service[124146]: DEBUG swiftclient [None req-0939181b-c530-4542-9799-470a81614f95 admin admin] RESP HEADERS: {'Content-Type': 'text/html; charset=UTF-8', 'Content-Length': '0', 'X-Trans-Id': 'txe9fb2855358844c993e3d-0062dfff87', 'X-Openstack-Request-Id': 'txe9fb2855358844c993e3d-0062dfff87', 'Date': 'Tue, 26 Jul 2022 14:51:51 GMT'} {{(pid=124146) http_log /usr/local/lib/python3.8/dist-packages/swiftclient/client.py:159}}
Jul 26 14:51:51.956082 dv-cinder-850668-2-smb devstack@g-api.service[124146]: DEBUG glance_store._drivers.swift.store [None req-0939181b-c530-4542-9799-470a81614f95 admin admin] Adding image object 'b5bc2065-a2cf-483c-8a38-437cebe7203e' to Swift {{(pid=124146) add /usr/local/lib/python3.8/dist-packages/glance_store/_drivers/swift/store.py:941}}
Jul 26 14:52:00.447398 dv-cinder-850668-2-smb devstack@g-api.service[124145]: DEBUG dbcounter [-] [124145] Writing DB stats glance:SELECT=7,glance:INSERT=5 {{(pid=124145) stat_writer /usr/local/lib/python3.8/dist-packages/dbcounter.py:114}}
Jul 26 14:52:00.887600 dv-cinder-850668-2-smb devstack@g-api.service[124146]: DEBUG dbcounter [-] [124146] Writing DB stats glance:SELECT=13,glance:UPDATE=1 {{(pid=124146) stat_writer /usr/local/lib/python3.8/dist-packages/dbcounter.py:114}}
Jul 26 14:52:07.438281 dv-cinder-850668-2-smb devstack@g-api.service[124146]: DEBUG swiftclient [None req-0939181b-c530-4542-9799-470a81614f95 admin admin] REQ: curl -i http://10.222.0.86:8080/v1/AUTH_12937bc17f02483285f18c492fe237e3/glance/b5bc2065-a2cf-483c-8a38-437cebe7203e -X PUT -H "X-Auth-Token: gAAAAABi3_-GUMG_..." -H "Content-Length: 645922816" {{(pid=124146) http_log /usr/local/lib/python3.8/dist-packages/swiftclient/client.py:157}}
Jul 26 14:52:07.438891 dv-cinder-850668-2-smb devstack@g-api.service[124146]: DEBUG swiftclient [None req-0939181b-c530-4542-9799-470a81614f95 admin admin] RESP STATUS: 201 Created {{(pid=124146) http_log /usr/local/lib/python3.8/dist-packages/swiftclient/client.py:158}}
Jul 26 14:52:07.438891 dv-cinder-850668-2-smb devstack@g-api.service[124146]: DEBUG swiftclient [None req-0939181b-c530-4542-9799-470a81614f95 admin admin] RESP HEADERS: {'Content-Type': 'text/html; charset=UTF-8', 'Content-Length': '0', 'Etag': '318f990048c8a194829e52141534610d', 'Last-Modified': 'Tue, 26 Jul 2022 14:51:52 GMT', 'X-Trans-Id': 'tx857ea5e440c147b4bc907-0062dfff87', 'X-Openstack-Request-Id': 'tx857ea5e440c147b4bc907-0062dfff87', 'Date': 'Tue, 26 Jul 2022 14:52:07 GMT'} {{(pid=124146) http_log /usr/local/lib/python3.8/dist-packages/swiftclient/client.py:159}}
Jul 26 14:52:07.439592 dv-cinder-850668-2-smb devstack@g-api.service[124146]: INFO glance.location [None req-0939181b-c530-4542-9799-470a81614f95 admin admin] Image format matched and virtual size computed: 734003200
Jul 26 14:52:07.545698 dv-cinder-850668-2-smb devstack@g-api.service[124146]: DEBUG glance_store.backend [None req-0939181b-c530-4542-9799-470a81614f95 admin admin] Attempting to import store swift {{(pid=124146) _load_store /usr/local/lib/python3.8/dist-packages/glance_store/backend.py:216}}
Jul 26 14:52:07.548538 dv-cinder-850668-2-smb devstack@g-api.service[124146]: DEBUG glance_store.capabilities [None req-0939181b-c530-4542-9799-470a81614f95 admin admin] Store glance_store._drivers.swift.store.SingleTenantStore doesn't support updating dynamic storage capabilities. Please overwrite 'update_capabilities' method of the store to implement updating logics if needed. {{(pid=124146) update_capabilities /usr/local/lib/python3.8/dist-packages/glance_store/capabilities.py:91}}
Jul 26 14:52:07.548796 dv-cinder-850668-2-smb devstack@g-api.service[124146]: DEBUG glance_store.driver [None req-0939181b-c530-4542-9799-470a81614f95 admin admin] Late loading location class glance_store._drivers.swift.store.StoreLocation {{(pid=124146) get_store_location_class /usr/local/lib/python3.8/dist-packages/glance_store/driver.py:116}}
Jul 26 14:52:07.549070 dv-cinder-850668-2-smb devstack@g-api.service[124146]: DEBUG glance_store.location [None req-0939181b-c530-4542-9799-470a81614f95 admin admin] Registering scheme swift+https with {'store': , 'location_class': , 'store_entry': 'swift'} {{(pid=124146) register_scheme_map /usr/local/lib/python3.8/dist-packages/glance_store/location.py:146}}
Jul 26 14:52:07.549321 dv-cinder-850668-2-smb devstack@g-api.service[124146]: DEBUG glance_store.location [None req-0939181b-c530-4542-9799-470a81614f95 admin admin] Registering scheme swift+https with {'store': , 'location_class': , 'store_entry': 'swift'} {{(pid=124146) register_scheme_map /usr/local/lib/python3.8/dist-packages/glance_store/location.py:146}}
Jul 26 14:52:07.549563 dv-cinder-850668-2-smb devstack@g-api.service[124146]: DEBUG glance_store.location [None req-0939181b-c530-4542-9799-470a81614f95 admin admin] Registering scheme swift with {'store': , 'location_class': , 'store_entry': 'swift'} {{(pid=124146) register_scheme_map /usr/local/lib/python3.8/dist-packages/glance_store/location.py:146}}
Jul 26 14:52:07.549805 dv-cinder-850668-2-smb devstack@g-api.service[124146]: DEBUG glance_store.location [None req-0939181b-c530-4542-9799-470a81614f95 admin admin] Registering scheme swift+https with {'store': , 'location_class': , 'store_entry': 'swift'} {{(pid=124146) register_scheme_map /usr/local/lib/python3.8/dist-packages/glance_store/location.py:146}}
Jul 26 14:52:07.550041 dv-cinder-850668-2-smb devstack@g-api.service[124146]: DEBUG glance_store.location [None req-0939181b-c530-4542-9799-470a81614f95 admin admin] Registering scheme swift with {'store': , 'location_class': , 'store_entry': 'swift'} {{(pid=124146) register_scheme_map /usr/local/lib/python3.8/dist-packages/glance_store/location.py:146}}
Jul 26 14:52:07.550841 dv-cinder-850668-2-smb devstack@g-api.service[124146]: DEBUG glance_store.location [None req-0939181b-c530-4542-9799-470a81614f95 admin admin] Registering scheme swift+http with {'store': , 'location_class': , 'store_entry': 'swift'} {{(pid=124146) register_scheme_map /usr/local/lib/python3.8/dist-packages/glance_store/location.py:146}}
Jul 26 14:52:07.551085 dv-cinder-850668-2-smb devstack@g-api.service[124146]: DEBUG glance_store.location [None req-0939181b-c530-4542-9799-470a81614f95 admin admin] Registering scheme swift+https with {'store': , 'location_class': , 'store_entry': 'swift'} {{(pid=124146) register_scheme_map /usr/local/lib/python3.8/dist-packages/glance_store/location.py:146}}
Jul 26 14:52:07.551321 dv-cinder-850668-2-smb devstack@g-api.service[124146]: DEBUG glance_store.location [None req-0939181b-c530-4542-9799-470a81614f95 admin admin] Registering scheme swift with {'store': , 'location_class': , 'store_entry': 'swift'} {{(pid=124146) register_scheme_map /usr/local/lib/python3.8/dist-packages/glance_store/location.py:146}}
Jul 26 14:52:07.551554 dv-cinder-850668-2-smb devstack@g-api.service[124146]: DEBUG glance_store.location [None req-0939181b-c530-4542-9799-470a81614f95 admin admin] Registering scheme swift+http with {'store': , 'location_class': , 'store_entry': 'swift'} {{(pid=124146) register_scheme_map /usr/local/lib/python3.8/dist-packages/glance_store/location.py:146}}
Jul 26 14:52:07.551784 dv-cinder-850668-2-smb devstack@g-api.service[124146]: DEBUG glance_store.location [None req-0939181b-c530-4542-9799-470a81614f95 admin admin] Registering scheme swift+config with {'store': , 'location_class': , 'store_entry': 'swift'} {{(pid=124146) register_scheme_map /usr/local/lib/python3.8/dist-packages/glance_store/location.py:146}}
Jul 26 14:52:07.552026 dv-cinder-850668-2-smb devstack@g-api.service[124146]: DEBUG glance_store.backend [None req-0939181b-c530-4542-9799-470a81614f95 admin admin] Skipping store.set_acls... not implemented. {{(pid=124146) set_acls /usr/local/lib/python3.8/dist-packages/glance_store/backend.py:508}}
Jul 26 14:52:07.554906 dv-cinder-850668-2-smb devstack@g-api.service[124146]: [pid: 124146|app: 0|req: 2/4] 127.0.0.1 () {40 vars in 875 bytes} [Tue Jul 26 14:51:50 2022] PUT /v2/images/b5bc2065-a2cf-483c-8a38-437cebe7203e/file => generated 0 bytes in 17073 msecs (HTTP/1.1 204) 4 headers in 171 bytes (1 switches on core 0)
Jul 26 14:52:17.543619 dv-cinder-850668-2-smb devstack@g-api.service[124146]: DEBUG dbcounter [-] [124146] Writing DB stats glance:SELECT=9,glance:UPDATE=1,glance:INSERT=1 {{(pid=124146) stat_writer /usr/local/lib/python3.8/dist-packages/dbcounter.py:114}}
Jul 26 14:53:17.575078 dv-cinder-850668-2-smb devstack@g-api.service[124145]: DEBUG glance.api.middleware.version_negotiation [None req-f888ed7a-0431-43e5-b674-e3bbf25ae38e admin admin] Determining version of request: GET / Accept: application/json {{(pid=124145) process_request /opt/stack/glance/glance/api/middleware/version_negotiation.py:44}}
Jul 26 14:53:17.575683 dv-cinder-850668-2-smb devstack@g-api.service[124145]: DEBUG glance.api.middleware.version_negotiation [None req-f888ed7a-0431-43e5-b674-e3bbf25ae38e admin admin] Using url versioning {{(pid=124145) process_request /opt/stack/glance/glance/api/middleware/version_negotiation.py:57}}
Jul 26 14:53:17.575683 dv-cinder-850668-2-smb devstack@g-api.service[124145]: DEBUG glance.api.middleware.version_negotiation [None req-f888ed7a-0431-43e5-b674-e3bbf25ae38e admin admin] Unknown version. Returning version choices. {{(pid=124145) process_request /opt/stack/glance/glance/api/middleware/version_negotiation.py:64}}
Jul 26 14:53:17.577250 dv-cinder-850668-2-smb devstack@g-api.service[124145]: [pid: 124145|app: 0|req: 3/5] 127.0.0.1 () {34 vars in 518 bytes} [Tue Jul 26 14:53:17 2022] GET / => generated 1299 bytes in 3 msecs (HTTP/1.1 300) 3 headers in 106 bytes (1 switches on core 0)
Jul 26 14:53:17.588712 dv-cinder-850668-2-smb devstack@g-api.service[124146]: DEBUG glance.api.middleware.version_negotiation [None req-0939181b-c530-4542-9799-470a81614f95 admin admin] Determining version of request: GET /v2/images Accept: application/json {{(pid=124146) process_request /opt/stack/glance/glance/api/middleware/version_negotiation.py:44}}
Jul 26 14:53:17.589152 dv-cinder-850668-2-smb devstack@g-api.service[124146]: DEBUG glance.api.middleware.version_negotiation [None req-0939181b-c530-4542-9799-470a81614f95 admin admin] Using url versioning {{(pid=124146) process_request /opt/stack/glance/glance/api/middleware/version_negotiation.py:57}}
Jul 26 14:53:17.589286 dv-cinder-850668-2-smb devstack@g-api.service[124146]: DEBUG glance.api.middleware.version_negotiation [None req-0939181b-c530-4542-9799-470a81614f95 admin admin] Matched version: v2 {{(pid=124146) process_request /opt/stack/glance/glance/api/middleware/version_negotiation.py:69}}
Jul 26 14:53:17.589563 dv-cinder-850668-2-smb devstack@g-api.service[124146]: DEBUG glance.api.middleware.version_negotiation [None req-0939181b-c530-4542-9799-470a81614f95 admin admin] new path /v2/images {{(pid=124146) process_request /opt/stack/glance/glance/api/middleware/version_negotiation.py:70}}
Jul 26 14:53:18.110884 dv-cinder-850668-2-smb devstack@g-api.service[124146]: [pid: 124146|app: 0|req: 3/6] 127.0.0.1 () {36 vars in 740 bytes} [Tue Jul 26 14:53:17 2022] GET /v2/images => generated 1015 bytes in 523 msecs (HTTP/1.1 200) 4 headers in 158 bytes (1 switches on core 0)
Jul 26 14:53:28.100168 dv-cinder-850668-2-smb devstack@g-api.service[124146]: DEBUG dbcounter [-] [124146] Writing DB stats glance:SELECT=2 {{(pid=124146) stat_writer /usr/local/lib/python3.8/dist-packages/dbcounter.py:114}}
Jul 26 14:55:17.656493 dv-cinder-850668-2-smb devstack@g-api.service[124145]: DEBUG glance.api.middleware.version_negotiation [None req-f888ed7a-0431-43e5-b674-e3bbf25ae38e admin admin] Determining version of request: GET /v1 Accept: application/json {{(pid=124145) process_request /opt/stack/glance/glance/api/middleware/version_negotiation.py:44}}
Jul 26 14:55:17.656926 dv-cinder-850668-2-smb devstack@g-api.service[124145]: DEBUG glance.api.middleware.version_negotiation [None req-f888ed7a-0431-43e5-b674-e3bbf25ae38e admin admin] Using url versioning {{(pid=124145) process_request /opt/stack/glance/glance/api/middleware/version_negotiation.py:57}}
Jul 26 14:55:17.657133 dv-cinder-850668-2-smb devstack@g-api.service[124145]: DEBUG glance.api.middleware.version_negotiation [None req-f888ed7a-0431-43e5-b674-e3bbf25ae38e admin admin] Unknown version. Returning version choices. {{(pid=124145) process_request /opt/stack/glance/glance/api/middleware/version_negotiation.py:64}}
Jul 26 14:55:17.659894 dv-cinder-850668-2-smb devstack@g-api.service[124145]: [pid: 124145|app: 0|req: 4/7] 127.0.0.1 () {38 vars in 698 bytes} [Tue Jul 26 14:55:17 2022] GET /v1 => generated 1299 bytes in 3 msecs (HTTP/1.1 300) 3 headers in 106 bytes (1 switches on core 0)
Jul 26 14:59:47.225657 dv-cinder-850668-2-smb devstack@g-api.service[124146]: DEBUG glance.api.middleware.version_negotiation [None req-1eb2aae5-44c3-462f-99a0-b1cfd1eb43cb admin admin] Determining version of request: GET / Accept: application/json {{(pid=124146) process_request /opt/stack/glance/glance/api/middleware/version_negotiation.py:44}}
Jul 26 14:59:47.226140 dv-cinder-850668-2-smb devstack@g-api.service[124146]: DEBUG glance.api.middleware.version_negotiation [None req-1eb2aae5-44c3-462f-99a0-b1cfd1eb43cb admin admin] Using url versioning {{(pid=124146) process_request /opt/stack/glance/glance/api/middleware/version_negotiation.py:57}}
Jul 26 14:59:47.226863 dv-cinder-850668-2-smb devstack@g-api.service[124146]: DEBUG glance.api.middleware.version_negotiation [None req-1eb2aae5-44c3-462f-99a0-b1cfd1eb43cb admin admin] Unknown version. Returning version choices. {{(pid=124146) process_request /opt/stack/glance/glance/api/middleware/version_negotiation.py:64}}
Jul 26 14:59:47.228581 dv-cinder-850668-2-smb devstack@g-api.service[124146]: [pid: 124146|app: 0|req: 4/8] 127.0.0.1 () {34 vars in 504 bytes} [Tue Jul 26 14:59:47 2022] GET / => generated 1299 bytes in 3 msecs (HTTP/1.1 300) 3 headers in 106 bytes (1 switches on core 0)
Jul 26 14:59:47.236396 dv-cinder-850668-2-smb devstack@g-api.service[124145]: DEBUG glance.api.middleware.version_negotiation [None req-f888ed7a-0431-43e5-b674-e3bbf25ae38e admin admin] Determining version of request: GET /v2/images/b5bc2065-a2cf-483c-8a38-437cebe7203e Accept: */* {{(pid=124145) process_request /opt/stack/glance/glance/api/middleware/version_negotiation.py:44}}
Jul 26 14:59:47.237329 dv-cinder-850668-2-smb devstack@g-api.service[124145]: DEBUG glance.api.middleware.version_negotiation [None req-f888ed7a-0431-43e5-b674-e3bbf25ae38e admin admin] Using url versioning {{(pid=124145) process_request /opt/stack/glance/glance/api/middleware/version_negotiation.py:57}}
Jul 26 14:59:47.237721 dv-cinder-850668-2-smb devstack@g-api.service[124145]: DEBUG glance.api.middleware.version_negotiation [None req-f888ed7a-0431-43e5-b674-e3bbf25ae38e admin admin] Matched version: v2 {{(pid=124145) process_request /opt/stack/glance/glance/api/middleware/version_negotiation.py:69}}
Jul 26 14:59:47.238073 dv-cinder-850668-2-smb devstack@g-api.service[124145]: DEBUG glance.api.middleware.version_negotiation [None req-f888ed7a-0431-43e5-b674-e3bbf25ae38e admin admin] new path /v2/images/b5bc2065-a2cf-483c-8a38-437cebe7203e {{(pid=124145) process_request /opt/stack/glance/glance/api/middleware/version_negotiation.py:70}}
Jul 26 14:59:47.239990 dv-cinder-850668-2-smb devstack@g-api.service[124145]: WARNING keystonemiddleware.auth_token [None req-f888ed7a-0431-43e5-b674-e3bbf25ae38e admin admin] A valid token was submitted as a service token, but it was not a valid service token. This is incorrect but backwards compatible behaviour. This will be removed in future releases.
Jul 26 14:59:47.295582 dv-cinder-850668-2-smb devstack@g-api.service[124145]: [pid: 124145|app: 0|req: 5/9] 127.0.0.1 () {42 vars in 1061 bytes} [Tue Jul 26 14:59:47 2022] GET /v2/images/b5bc2065-a2cf-483c-8a38-437cebe7203e => generated 946 bytes in 59 msecs (HTTP/1.1 200) 4 headers in 157 bytes (1 switches on core 0)
Jul 26 14:59:47.296478 dv-cinder-850668-2-smb devstack@g-api.service[124146]: DEBUG glance.api.middleware.version_negotiation [None req-1eb2aae5-44c3-462f-99a0-b1cfd1eb43cb admin admin] Determining version of request: GET /v2/schemas/image Accept: */* {{(pid=124146) process_request /opt/stack/glance/glance/api/middleware/version_negotiation.py:44}}
Jul 26 14:59:47.296904 dv-cinder-850668-2-smb devstack@g-api.service[124146]: DEBUG glance.api.middleware.version_negotiation [None req-1eb2aae5-44c3-462f-99a0-b1cfd1eb43cb admin admin] Using url versioning {{(pid=124146) process_request /opt/stack/glance/glance/api/middleware/version_negotiation.py:57}}
Jul 26 14:59:47.297285 dv-cinder-850668-2-smb devstack@g-api.service[124146]: DEBUG glance.api.middleware.version_negotiation [None req-1eb2aae5-44c3-462f-99a0-b1cfd1eb43cb admin admin] Matched version: v2 {{(pid=124146) process_request /opt/stack/glance/glance/api/middleware/version_negotiation.py:69}}
Jul 26 14:59:47.297569 dv-cinder-850668-2-smb devstack@g-api.service[124146]: DEBUG glance.api.middleware.version_negotiation [None req-1eb2aae5-44c3-462f-99a0-b1cfd1eb43cb admin admin] new path /v2/schemas/image {{(pid=124146) process_request /opt/stack/glance/glance/api/middleware/version_negotiation.py:70}}
Jul 26 14:59:47.299296 dv-cinder-850668-2-smb devstack@g-api.service[124146]: WARNING keystonemiddleware.auth_token [None req-1eb2aae5-44c3-462f-99a0-b1cfd1eb43cb admin admin] A valid token was submitted as a service token, but it was not a valid service token. This is incorrect but backwards compatible behaviour. This will be removed in future releases.
Jul 26 14:59:47.304084 dv-cinder-850668-2-smb devstack@g-api.service[124146]: [pid: 124146|app: 0|req: 5/10] 127.0.0.1 () {42 vars in 1001 bytes} [Tue Jul 26 14:59:47 2022] GET /v2/schemas/image => generated 6083 bytes in 8 msecs (HTTP/1.1 200) 4 headers in 158 bytes (1 switches on core 0)
Jul 26 14:59:51.910002 dv-cinder-850668-2-smb devstack@g-api.service[124145]: DEBUG glance.api.middleware.version_negotiation [None req-2b0d6c0c-8816-464c-968b-6cf824e981df tempest-ServerRescueNegativeTestJSON-1077869804 tempest-ServerRescueNegativeTestJSON-1077869804-project] Determining version of request: GET /v2/images/b5bc2065-a2cf-483c-8a38-437cebe7203e Accept: */* {{(pid=124145) process_request /opt/stack/glance/glance/api/middleware/version_negotiation.py:44}}
Jul 26 14:59:51.917633 dv-cinder-850668-2-smb devstack@g-api.service[124145]: DEBUG glance.api.middleware.version_negotiation [None req-2b0d6c0c-8816-464c-968b-6cf824e981df tempest-ServerRescueNegativeTestJSON-1077869804 tempest-ServerRescueNegativeTestJSON-1077869804-project] Using url versioning {{(pid=124145) process_request /opt/stack/glance/glance/api/middleware/version_negotiation.py:57}}
Jul 26 14:59:51.917633 dv-cinder-850668-2-smb devstack@g-api.service[124145]: DEBUG glance.api.middleware.version_negotiation [None req-2b0d6c0c-8816-464c-968b-6cf824e981df tempest-ServerRescueNegativeTestJSON-1077869804 tempest-ServerRescueNegativeTestJSON-1077869804-project] Matched version: v2 {{(pid=124145) process_request /opt/stack/glance/glance/api/middleware/version_negotiation.py:69}}
Jul 26 14:59:51.917633 dv-cinder-850668-2-smb devstack@g-api.service[124145]: DEBUG glance.api.middleware.version_negotiation [None req-2b0d6c0c-8816-464c-968b-6cf824e981df tempest-ServerRescueNegativeTestJSON-1077869804 tempest-ServerRescueNegativeTestJSON-1077869804-project] new path /v2/images/b5bc2065-a2cf-483c-8a38-437cebe7203e {{(pid=124145) process_request /opt/stack/glance/glance/api/middleware/version_negotiation.py:70}}
Jul 26 14:59:51.981219 dv-cinder-850668-2-smb devstack@g-api.service[124146]: DEBUG glance.api.middleware.version_negotiation [None req-2b0d6c0c-8816-464c-968b-6cf824e981df tempest-ServerRescueNegativeTestJSON-1077869804 tempest-ServerRescueNegativeTestJSON-1077869804-project] Determining version of request: GET /v2/schemas/image Accept: */* {{(pid=124146) process_request /opt/stack/glance/glance/api/middleware/version_negotiation.py:44}}
Jul 26 14:59:51.981791 dv-cinder-850668-2-smb devstack@g-api.service[124145]: [pid: 124145|app: 0|req: 6/11] 127.0.0.1 () {42 vars in 1061 bytes} [Tue Jul 26 14:59:51 2022] GET /v2/images/b5bc2065-a2cf-483c-8a38-437cebe7203e => generated 946 bytes in 66 msecs (HTTP/1.1 200) 4 headers in 157 bytes (1 switches on core 0)
Jul 26 14:59:51.981960 dv-cinder-850668-2-smb devstack@g-api.service[124146]: DEBUG glance.api.middleware.version_negotiation [None req-2b0d6c0c-8816-464c-968b-6cf824e981df tempest-ServerRescueNegativeTestJSON-1077869804 tempest-ServerRescueNegativeTestJSON-1077869804-project] Using url versioning {{(pid=124146) process_request /opt/stack/glance/glance/api/middleware/version_negotiation.py:57}}
Jul 26 14:59:51.981960 dv-cinder-850668-2-smb devstack@g-api.service[124146]: DEBUG glance.api.middleware.version_negotiation [None req-2b0d6c0c-8816-464c-968b-6cf824e981df tempest-ServerRescueNegativeTestJSON-1077869804 tempest-ServerRescueNegativeTestJSON-1077869804-project] Matched version: v2 {{(pid=124146) process_request /opt/stack/glance/glance/api/middleware/version_negotiation.py:69}}
Jul 26 14:59:51.982122 dv-cinder-850668-2-smb devstack@g-api.service[124146]: DEBUG glance.api.middleware.version_negotiation [None req-2b0d6c0c-8816-464c-968b-6cf824e981df tempest-ServerRescueNegativeTestJSON-1077869804 tempest-ServerRescueNegativeTestJSON-1077869804-project] new path /v2/schemas/image {{(pid=124146) process_request /opt/stack/glance/glance/api/middleware/version_negotiation.py:70}}
Jul 26 14:59:51.986814 dv-cinder-850668-2-smb devstack@g-api.service[124146]: [pid: 124146|app: 0|req: 6/12] 127.0.0.1 () {42 vars in 1001 bytes} [Tue Jul 26 14:59:51 2022] GET /v2/schemas/image => generated 6083 bytes in 6 msecs (HTTP/1.1 200) 4 headers in 158 bytes (1 switches on core 0)
Jul 26 14:59:52.047328 dv-cinder-850668-2-smb devstack@g-api.service[124145]: DEBUG glance.api.middleware.version_negotiation [None req-e44ae6e6-dc63-4984-8e6e-feb431db7b0a tempest-ServerRescueNegativeTestJSON-1077869804 tempest-ServerRescueNegativeTestJSON-1077869804-project] Determining version of request: GET / Accept: application/json {{(pid=124145) process_request /opt/stack/glance/glance/api/middleware/version_negotiation.py:44}}
Jul 26 14:59:52.047869 dv-cinder-850668-2-smb devstack@g-api.service[124145]: DEBUG glance.api.middleware.version_negotiation [None req-e44ae6e6-dc63-4984-8e6e-feb431db7b0a tempest-ServerRescueNegativeTestJSON-1077869804 tempest-ServerRescueNegativeTestJSON-1077869804-project] Using url versioning {{(pid=124145) process_request /opt/stack/glance/glance/api/middleware/version_negotiation.py:57}}
Jul 26 14:59:52.048330 dv-cinder-850668-2-smb devstack@g-api.service[124145]: DEBUG glance.api.middleware.version_negotiation [None req-e44ae6e6-dc63-4984-8e6e-feb431db7b0a tempest-ServerRescueNegativeTestJSON-1077869804 tempest-ServerRescueNegativeTestJSON-1077869804-project] Unknown version. Returning version choices. {{(pid=124145) process_request /opt/stack/glance/glance/api/middleware/version_negotiation.py:64}}
Jul 26 14:59:52.050484 dv-cinder-850668-2-smb devstack@g-api.service[124145]: [pid: 124145|app: 0|req: 7/13] 127.0.0.1 () {34 vars in 504 bytes} [Tue Jul 26 14:59:52 2022] GET / => generated 1299 bytes in 3 msecs (HTTP/1.1 300) 3 headers in 106 bytes (1 switches on core 0)
Jul 26 14:59:52.059216 dv-cinder-850668-2-smb devstack@g-api.service[124146]: DEBUG glance.api.middleware.version_negotiation [None req-e44ae6e6-dc63-4984-8e6e-feb431db7b0a tempest-ServerRescueNegativeTestJSON-1077869804 tempest-ServerRescueNegativeTestJSON-1077869804-project] Determining version of request: GET /v2/images/b5bc2065-a2cf-483c-8a38-437cebe7203e Accept: */* {{(pid=124146) process_request /opt/stack/glance/glance/api/middleware/version_negotiation.py:44}}
Jul 26 14:59:52.059805 dv-cinder-850668-2-smb devstack@g-api.service[124146]: DEBUG glance.api.middleware.version_negotiation [None req-e44ae6e6-dc63-4984-8e6e-feb431db7b0a tempest-ServerRescueNegativeTestJSON-1077869804 tempest-ServerRescueNegativeTestJSON-1077869804-project] Using url versioning {{(pid=124146) process_request /opt/stack/glance/glance/api/middleware/version_negotiation.py:57}}
Jul 26 14:59:52.060257 dv-cinder-850668-2-smb devstack@g-api.service[124146]: DEBUG glance.api.middleware.version_negotiation [None req-e44ae6e6-dc63-4984-8e6e-feb431db7b0a tempest-ServerRescueNegativeTestJSON-1077869804 tempest-ServerRescueNegativeTestJSON-1077869804-project] Matched version: v2 {{(pid=124146) process_request /opt/stack/glance/glance/api/middleware/version_negotiation.py:69}}
Jul 26 14:59:52.060754 dv-cinder-850668-2-smb devstack@g-api.service[124146]: DEBUG glance.api.middleware.version_negotiation [None req-e44ae6e6-dc63-4984-8e6e-feb431db7b0a tempest-ServerRescueNegativeTestJSON-1077869804 tempest-ServerRescueNegativeTestJSON-1077869804-project] new path /v2/images/b5bc2065-a2cf-483c-8a38-437cebe7203e {{(pid=124146) process_request /opt/stack/glance/glance/api/middleware/version_negotiation.py:70}}
Jul 26 14:59:52.116347 dv-cinder-850668-2-smb devstack@g-api.service[124145]: DEBUG glance.api.middleware.version_negotiation [None req-e44ae6e6-dc63-4984-8e6e-feb431db7b0a tempest-ServerRescueNegativeTestJSON-1077869804 tempest-ServerRescueNegativeTestJSON-1077869804-project] Determining version of request: GET /v2/schemas/image Accept: */* {{(pid=124145) process_request /opt/stack/glance/glance/api/middleware/version_negotiation.py:44}}
Jul 26 14:59:52.117475 dv-cinder-850668-2-smb devstack@g-api.service[124145]: DEBUG glance.api.middleware.version_negotiation [None req-e44ae6e6-dc63-4984-8e6e-feb431db7b0a tempest-ServerRescueNegativeTestJSON-1077869804 tempest-ServerRescueNegativeTestJSON-1077869804-project] Using url versioning {{(pid=124145) process_request /opt/stack/glance/glance/api/middleware/version_negotiation.py:57}}
Jul 26 14:59:52.117943 dv-cinder-850668-2-smb devstack@g-api.service[124145]: DEBUG glance.api.middleware.version_negotiation [None req-e44ae6e6-dc63-4984-8e6e-feb431db7b0a tempest-ServerRescueNegativeTestJSON-1077869804 tempest-ServerRescueNegativeTestJSON-1077869804-project] Matched version: v2 {{(pid=124145) process_request /opt/stack/glance/glance/api/middleware/version_negotiation.py:69}}
Jul 26 14:59:52.118535 dv-cinder-850668-2-smb devstack@g-api.service[124145]: DEBUG glance.api.middleware.version_negotiation [None req-e44ae6e6-dc63-4984-8e6e-feb431db7b0a tempest-ServerRescueNegativeTestJSON-1077869804 tempest-ServerRescueNegativeTestJSON-1077869804-project] new path /v2/schemas/image {{(pid=124145) process_request /opt/stack/glance/glance/api/middleware/version_negotiation.py:70}}
Jul 26 14:59:52.130133 dv-cinder-850668-2-smb devstack@g-api.service[124145]: [pid: 124145|app: 0|req: 8/14] 127.0.0.1 () {42 vars in 1001 bytes} [Tue Jul 26 14:59:52 2022] GET /v2/schemas/image => generated 6083 bytes in 14 msecs (HTTP/1.1 200) 4 headers in 158 bytes (1 switches on core 0)
Jul 26 14:59:52.135799 dv-cinder-850668-2-smb devstack@g-api.service[124146]: [pid: 124146|app: 0|req: 7/15] 127.0.0.1 () {42 vars in 1061 bytes} [Tue Jul 26 14:59:52 2022] GET /v2/images/b5bc2065-a2cf-483c-8a38-437cebe7203e => generated 946 bytes in 72 msecs (HTTP/1.1 200) 4 headers in 157 bytes (1 switches on core 0)
Jul 26 14:59:56.094658 dv-cinder-850668-2-smb devstack@g-api.service[124145]: DEBUG glance.api.middleware.version_negotiation [None req-004f1bcc-552f-4b3d-b8a2-ce0ab2d38d44 tempest-AttachVolumeTestJSON-1123690332 tempest-AttachVolumeTestJSON-1123690332-project] Determining version of request: GET /v2/images/b5bc2065-a2cf-483c-8a38-437cebe7203e Accept: */* {{(pid=124145) process_request /opt/stack/glance/glance/api/middleware/version_negotiation.py:44}}
Jul 26 14:59:56.095231 dv-cinder-850668-2-smb devstack@g-api.service[124145]: DEBUG glance.api.middleware.version_negotiation [None req-004f1bcc-552f-4b3d-b8a2-ce0ab2d38d44 tempest-AttachVolumeTestJSON-1123690332 tempest-AttachVolumeTestJSON-1123690332-project] Using url versioning {{(pid=124145) process_request /opt/stack/glance/glance/api/middleware/version_negotiation.py:57}}
Jul 26 14:59:56.095444 dv-cinder-850668-2-smb devstack@g-api.service[124145]: DEBUG glance.api.middleware.version_negotiation [None req-004f1bcc-552f-4b3d-b8a2-ce0ab2d38d44 tempest-AttachVolumeTestJSON-1123690332 tempest-AttachVolumeTestJSON-1123690332-project] Matched version: v2 {{(pid=124145) process_request /opt/stack/glance/glance/api/middleware/version_negotiation.py:69}}
Jul 26 14:59:56.095573 dv-cinder-850668-2-smb devstack@g-api.service[124145]: DEBUG glance.api.middleware.version_negotiation [None req-004f1bcc-552f-4b3d-b8a2-ce0ab2d38d44 tempest-AttachVolumeTestJSON-1123690332 tempest-AttachVolumeTestJSON-1123690332-project] new path /v2/images/b5bc2065-a2cf-483c-8a38-437cebe7203e {{(pid=124145) process_request /opt/stack/glance/glance/api/middleware/version_negotiation.py:70}}
Jul 26 14:59:56.125778 dv-cinder-850668-2-smb devstack@g-api.service[124145]: [pid: 124145|app: 0|req: 9/16] 127.0.0.1 () {42 vars in 1061 bytes} [Tue Jul 26 14:59:56 2022] GET /v2/images/b5bc2065-a2cf-483c-8a38-437cebe7203e => generated 946 bytes in 31 msecs (HTTP/1.1 200) 4 headers in 157 bytes (1 switches on core 0)
Jul 26 14:59:56.131246 dv-cinder-850668-2-smb devstack@g-api.service[124146]: DEBUG glance.api.middleware.version_negotiation [None req-004f1bcc-552f-4b3d-b8a2-ce0ab2d38d44 tempest-AttachVolumeTestJSON-1123690332 tempest-AttachVolumeTestJSON-1123690332-project] Determining version of request: GET /v2/schemas/image Accept: */* {{(pid=124146) process_request /opt/stack/glance/glance/api/middleware/version_negotiation.py:44}}
Jul 26 14:59:56.131246 dv-cinder-850668-2-smb devstack@g-api.service[124146]: DEBUG glance.api.middleware.version_negotiation [None req-004f1bcc-552f-4b3d-b8a2-ce0ab2d38d44 tempest-AttachVolumeTestJSON-1123690332 tempest-AttachVolumeTestJSON-1123690332-project] Using url versioning {{(pid=124146) process_request /opt/stack/glance/glance/api/middleware/version_negotiation.py:57}}
Jul 26 14:59:56.131811 dv-cinder-850668-2-smb devstack@g-api.service[124146]: DEBUG glance.api.middleware.version_negotiation [None req-004f1bcc-552f-4b3d-b8a2-ce0ab2d38d44 tempest-AttachVolumeTestJSON-1123690332 tempest-AttachVolumeTestJSON-1123690332-project] Matched version: v2 {{(pid=124146) process_request /opt/stack/glance/glance/api/middleware/version_negotiation.py:69}}
Jul 26 14:59:56.131811 dv-cinder-850668-2-smb devstack@g-api.service[124146]: DEBUG glance.api.middleware.version_negotiation [None req-004f1bcc-552f-4b3d-b8a2-ce0ab2d38d44 tempest-AttachVolumeTestJSON-1123690332 tempest-AttachVolumeTestJSON-1123690332-project] new path /v2/schemas/image {{(pid=124146) process_request /opt/stack/glance/glance/api/middleware/version_negotiation.py:70}}
Jul 26 14:59:56.137449 dv-cinder-850668-2-smb devstack@g-api.service[124146]: [pid: 124146|app: 0|req: 8/17] 127.0.0.1 () {42 vars in 1001 bytes} [Tue Jul 26 14:59:56 2022] GET /v2/schemas/image => generated 6083 bytes in 7 msecs (HTTP/1.1 200) 4 headers in 158 bytes (1 switches on core 0)
Jul 26 14:59:58.123372 dv-cinder-850668-2-smb devstack@g-api.service[124145]: DEBUG glance.api.middleware.version_negotiation [None req-76fcc156-f619-47b0-8d89-866edddbf7dd tempest-DeleteServersTestJSON-615386813 tempest-DeleteServersTestJSON-615386813-project] Determining version of request: GET /v2/images/b5bc2065-a2cf-483c-8a38-437cebe7203e Accept: */* {{(pid=124145) process_request /opt/stack/glance/glance/api/middleware/version_negotiation.py:44}}
Jul 26 14:59:58.123974 dv-cinder-850668-2-smb devstack@g-api.service[124145]: DEBUG glance.api.middleware.version_negotiation [None req-76fcc156-f619-47b0-8d89-866edddbf7dd tempest-DeleteServersTestJSON-615386813 tempest-DeleteServersTestJSON-615386813-project] Using url versioning {{(pid=124145) process_request /opt/stack/glance/glance/api/middleware/version_negotiation.py:57}}
Jul 26 14:59:58.124128 dv-cinder-850668-2-smb devstack@g-api.service[124145]: DEBUG glance.api.middleware.version_negotiation [None req-76fcc156-f619-47b0-8d89-866edddbf7dd tempest-DeleteServersTestJSON-615386813 tempest-DeleteServersTestJSON-615386813-project] Matched version: v2 {{(pid=124145) process_request /opt/stack/glance/glance/api/middleware/version_negotiation.py:69}}
Jul 26 14:59:58.124305 dv-cinder-850668-2-smb devstack@g-api.service[124145]: DEBUG glance.api.middleware.version_negotiation [None req-76fcc156-f619-47b0-8d89-866edddbf7dd tempest-DeleteServersTestJSON-615386813 tempest-DeleteServersTestJSON-615386813-project] new path /v2/images/b5bc2065-a2cf-483c-8a38-437cebe7203e {{(pid=124145) process_request /opt/stack/glance/glance/api/middleware/version_negotiation.py:70}}
Jul 26 14:59:58.170065 dv-cinder-850668-2-smb devstack@g-api.service[124145]: [pid: 124145|app: 0|req: 10/18] 127.0.0.1 () {40 vars in 854 bytes} [Tue Jul 26 14:59:58 2022] GET /v2/images/b5bc2065-a2cf-483c-8a38-437cebe7203e => generated 946 bytes in 47 msecs (HTTP/1.1 200) 4 headers in 157 bytes (1 switches on core 0)
Jul 26 14:59:58.177410 dv-cinder-850668-2-smb devstack@g-api.service[124146]: DEBUG glance.api.middleware.version_negotiation [None req-76fcc156-f619-47b0-8d89-866edddbf7dd tempest-DeleteServersTestJSON-615386813 tempest-DeleteServersTestJSON-615386813-project] Determining version of request: GET /v2/schemas/image Accept: */* {{(pid=124146) process_request /opt/stack/glance/glance/api/middleware/version_negotiation.py:44}}
Jul 26 14:59:58.177968 dv-cinder-850668-2-smb devstack@g-api.service[124146]: DEBUG glance.api.middleware.version_negotiation [None req-76fcc156-f619-47b0-8d89-866edddbf7dd tempest-DeleteServersTestJSON-615386813 tempest-DeleteServersTestJSON-615386813-project] Using url versioning {{(pid=124146) process_request /opt/stack/glance/glance/api/middleware/version_negotiation.py:57}}
Jul 26 14:59:58.179032 dv-cinder-850668-2-smb devstack@g-api.service[124146]: DEBUG glance.api.middleware.version_negotiation [None req-76fcc156-f619-47b0-8d89-866edddbf7dd tempest-DeleteServersTestJSON-615386813 tempest-DeleteServersTestJSON-615386813-project] Matched version: v2 {{(pid=124146) process_request /opt/stack/glance/glance/api/middleware/version_negotiation.py:69}}
Jul 26 14:59:58.179032 dv-cinder-850668-2-smb devstack@g-api.service[124146]: DEBUG glance.api.middleware.version_negotiation [None req-76fcc156-f619-47b0-8d89-866edddbf7dd tempest-DeleteServersTestJSON-615386813 tempest-DeleteServersTestJSON-615386813-project] new path /v2/schemas/image {{(pid=124146) process_request /opt/stack/glance/glance/api/middleware/version_negotiation.py:70}}
Jul 26 14:59:58.183995 dv-cinder-850668-2-smb devstack@g-api.service[124146]: [pid: 124146|app: 0|req: 9/19] 127.0.0.1 () {40 vars in 794 bytes} [Tue Jul 26 14:59:58 2022] GET /v2/schemas/image => generated 6083 bytes in 8 msecs (HTTP/1.1 200) 4 headers in 158 bytes (1 switches on core 0)
Jul 26 14:59:58.272387 dv-cinder-850668-2-smb devstack@g-api.service[124145]: DEBUG glance.api.middleware.version_negotiation [None req-2b0d6c0c-8816-464c-968b-6cf824e981df tempest-ServerRescueNegativeTestJSON-1077869804 tempest-ServerRescueNegativeTestJSON-1077869804-project] Determining version of request: GET /v2/images/b5bc2065-a2cf-483c-8a38-437cebe7203e Accept: */* {{(pid=124145) process_request /opt/stack/glance/glance/api/middleware/version_negotiation.py:44}}
Jul 26 14:59:58.272811 dv-cinder-850668-2-smb devstack@g-api.service[124145]: DEBUG glance.api.middleware.version_negotiation [None req-2b0d6c0c-8816-464c-968b-6cf824e981df tempest-ServerRescueNegativeTestJSON-1077869804 tempest-ServerRescueNegativeTestJSON-1077869804-project] Using url versioning {{(pid=124145) process_request /opt/stack/glance/glance/api/middleware/version_negotiation.py:57}}
Jul 26 14:59:58.273694 dv-cinder-850668-2-smb devstack@g-api.service[124145]: DEBUG glance.api.middleware.version_negotiation [None req-2b0d6c0c-8816-464c-968b-6cf824e981df tempest-ServerRescueNegativeTestJSON-1077869804 tempest-ServerRescueNegativeTestJSON-1077869804-project] Matched version: v2 {{(pid=124145) process_request /opt/stack/glance/glance/api/middleware/version_negotiation.py:69}}
Jul 26 14:59:58.273986 dv-cinder-850668-2-smb devstack@g-api.service[124145]: DEBUG glance.api.middleware.version_negotiation [None req-2b0d6c0c-8816-464c-968b-6cf824e981df tempest-ServerRescueNegativeTestJSON-1077869804 tempest-ServerRescueNegativeTestJSON-1077869804-project] new path /v2/images/b5bc2065-a2cf-483c-8a38-437cebe7203e {{(pid=124145) process_request /opt/stack/glance/glance/api/middleware/version_negotiation.py:70}}
Jul 26 14:59:58.350717 dv-cinder-850668-2-smb devstack@g-api.service[124145]: [pid: 124145|app: 0|req: 11/20] 127.0.0.1 () {40 vars in 854 bytes} [Tue Jul 26 14:59:58 2022] GET /v2/images/b5bc2065-a2cf-483c-8a38-437cebe7203e => generated 946 bytes in 80 msecs (HTTP/1.1 200) 4 headers in 157 bytes (1 switches on core 0)
Jul 26 14:59:58.361660 dv-cinder-850668-2-smb devstack@g-api.service[124146]: DEBUG glance.api.middleware.version_negotiation [None req-2b0d6c0c-8816-464c-968b-6cf824e981df tempest-ServerRescueNegativeTestJSON-1077869804 tempest-ServerRescueNegativeTestJSON-1077869804-project] Determining version of request: GET /v2/images/b5bc2065-a2cf-483c-8a38-437cebe7203e/file Accept: */* {{(pid=124146) process_request /opt/stack/glance/glance/api/middleware/version_negotiation.py:44}}
Jul 26 14:59:58.362003 dv-cinder-850668-2-smb devstack@g-api.service[124146]: DEBUG glance.api.middleware.version_negotiation [None req-2b0d6c0c-8816-464c-968b-6cf824e981df tempest-ServerRescueNegativeTestJSON-1077869804 tempest-ServerRescueNegativeTestJSON-1077869804-project] Using url versioning {{(pid=124146) process_request /opt/stack/glance/glance/api/middleware/version_negotiation.py:57}}
Jul 26 14:59:58.362333 dv-cinder-850668-2-smb devstack@g-api.service[124146]: DEBUG glance.api.middleware.version_negotiation [None req-2b0d6c0c-8816-464c-968b-6cf824e981df tempest-ServerRescueNegativeTestJSON-1077869804 tempest-ServerRescueNegativeTestJSON-1077869804-project] Matched version: v2 {{(pid=124146) process_request /opt/stack/glance/glance/api/middleware/version_negotiation.py:69}}
Jul 26 14:59:58.362645 dv-cinder-850668-2-smb devstack@g-api.service[124146]: DEBUG glance.api.middleware.version_negotiation [None req-2b0d6c0c-8816-464c-968b-6cf824e981df tempest-ServerRescueNegativeTestJSON-1077869804 tempest-ServerRescueNegativeTestJSON-1077869804-project] new path /v2/images/b5bc2065-a2cf-483c-8a38-437cebe7203e/file {{(pid=124146) process_request /opt/stack/glance/glance/api/middleware/version_negotiation.py:70}}
Jul 26 14:59:58.391848 dv-cinder-850668-2-smb devstack@g-api.service[124146]: DEBUG glance_store.backend [None req-2b0d6c0c-8816-464c-968b-6cf824e981df tempest-ServerRescueNegativeTestJSON-1077869804 tempest-ServerRescueNegativeTestJSON-1077869804-project] Attempting to import store swift {{(pid=124146) _load_store /usr/local/lib/python3.8/dist-packages/glance_store/backend.py:216}}
Jul 26 14:59:58.403763 dv-cinder-850668-2-smb devstack@g-api.service[124146]: DEBUG glance_store.capabilities [None req-2b0d6c0c-8816-464c-968b-6cf824e981df tempest-ServerRescueNegativeTestJSON-1077869804 tempest-ServerRescueNegativeTestJSON-1077869804-project] Store glance_store._drivers.swift.store.SingleTenantStore doesn't support updating dynamic storage capabilities. Please overwrite 'update_capabilities' method of the store to implement updating logics if needed. {{(pid=124146) update_capabilities /usr/local/lib/python3.8/dist-packages/glance_store/capabilities.py:91}}
Jul 26 14:59:58.405140 dv-cinder-850668-2-smb devstack@g-api.service[124146]: DEBUG glance_store.driver [None req-2b0d6c0c-8816-464c-968b-6cf824e981df tempest-ServerRescueNegativeTestJSON-1077869804 tempest-ServerRescueNegativeTestJSON-1077869804-project] Late loading location class glance_store._drivers.swift.store.StoreLocation {{(pid=124146) get_store_location_class /usr/local/lib/python3.8/dist-packages/glance_store/driver.py:116}}
Jul 26 14:59:58.405817 dv-cinder-850668-2-smb devstack@g-api.service[124146]: DEBUG glance_store.location [None req-2b0d6c0c-8816-464c-968b-6cf824e981df tempest-ServerRescueNegativeTestJSON-1077869804 tempest-ServerRescueNegativeTestJSON-1077869804-project] Registering scheme swift+https with {'store': , 'location_class': , 'store_entry': 'swift'} {{(pid=124146) register_scheme_map /usr/local/lib/python3.8/dist-packages/glance_store/location.py:146}}
Jul 26 14:59:58.407638 dv-cinder-850668-2-smb devstack@g-api.service[124146]: DEBUG glance_store.location [None req-2b0d6c0c-8816-464c-968b-6cf824e981df tempest-ServerRescueNegativeTestJSON-1077869804 tempest-ServerRescueNegativeTestJSON-1077869804-project] Registering scheme swift+https with {'store': , 'location_class': , 'store_entry': 'swift'} {{(pid=124146) register_scheme_map /usr/local/lib/python3.8/dist-packages/glance_store/location.py:146}}
Jul 26 14:59:58.408052 dv-cinder-850668-2-smb devstack@g-api.service[124146]: DEBUG glance_store.location [None req-2b0d6c0c-8816-464c-968b-6cf824e981df tempest-ServerRescueNegativeTestJSON-1077869804 tempest-ServerRescueNegativeTestJSON-1077869804-project] Registering scheme swift with {'store': , 'location_class': , 'store_entry': 'swift'} {{(pid=124146) register_scheme_map /usr/local/lib/python3.8/dist-packages/glance_store/location.py:146}}
Jul 26 14:59:58.408515 dv-cinder-850668-2-smb devstack@g-api.service[124146]: DEBUG glance_store.location [None req-2b0d6c0c-8816-464c-968b-6cf824e981df tempest-ServerRescueNegativeTestJSON-1077869804 tempest-ServerRescueNegativeTestJSON-1077869804-project] Registering scheme swift+https with {'store': , 'location_class': , 'store_entry': 'swift'} {{(pid=124146) register_scheme_map /usr/local/lib/python3.8/dist-packages/glance_store/location.py:146}}
Jul 26 14:59:58.408908 dv-cinder-850668-2-smb devstack@g-api.service[124146]: DEBUG glance_store.location [None req-2b0d6c0c-8816-464c-968b-6cf824e981df tempest-ServerRescueNegativeTestJSON-1077869804 tempest-ServerRescueNegativeTestJSON-1077869804-project] Registering scheme swift with {'store': , 'location_class': , 'store_entry': 'swift'} {{(pid=124146) register_scheme_map /usr/local/lib/python3.8/dist-packages/glance_store/location.py:146}}
Jul 26 14:59:58.410368 dv-cinder-850668-2-smb devstack@g-api.service[124146]: DEBUG glance_store.location [None req-2b0d6c0c-8816-464c-968b-6cf824e981df tempest-ServerRescueNegativeTestJSON-1077869804 tempest-ServerRescueNegativeTestJSON-1077869804-project] Registering scheme swift+http with {'store': , 'location_class': , 'store_entry': 'swift'} {{(pid=124146) register_scheme_map /usr/local/lib/python3.8/dist-packages/glance_store/location.py:146}}
Jul 26 14:59:58.410800 dv-cinder-850668-2-smb devstack@g-api.service[124146]: DEBUG glance_store.location [None req-2b0d6c0c-8816-464c-968b-6cf824e981df tempest-ServerRescueNegativeTestJSON-1077869804 tempest-ServerRescueNegativeTestJSON-1077869804-project] Registering scheme swift+https with {'store': , 'location_class': , 'store_entry': 'swift'} {{(pid=124146) register_scheme_map /usr/local/lib/python3.8/dist-packages/glance_store/location.py:146}}
Jul 26 14:59:58.411901 dv-cinder-850668-2-smb devstack@g-api.service[124146]: DEBUG glance_store.location [None req-2b0d6c0c-8816-464c-968b-6cf824e981df tempest-ServerRescueNegativeTestJSON-1077869804 tempest-ServerRescueNegativeTestJSON-1077869804-project] Registering scheme swift with {'store': , 'location_class': , 'store_entry': 'swift'} {{(pid=124146) register_scheme_map /usr/local/lib/python3.8/dist-packages/glance_store/location.py:146}}
Jul 26 14:59:58.412362 dv-cinder-850668-2-smb devstack@g-api.service[124146]: DEBUG glance_store.location [None req-2b0d6c0c-8816-464c-968b-6cf824e981df tempest-ServerRescueNegativeTestJSON-1077869804 tempest-ServerRescueNegativeTestJSON-1077869804-project] Registering scheme swift+http with {'store': , 'location_class': , 'store_entry': 'swift'} {{(pid=124146) register_scheme_map /usr/local/lib/python3.8/dist-packages/glance_store/location.py:146}}
Jul 26 14:59:58.412751 dv-cinder-850668-2-smb devstack@g-api.service[124146]: DEBUG glance_store.location [None req-2b0d6c0c-8816-464c-968b-6cf824e981df tempest-ServerRescueNegativeTestJSON-1077869804 tempest-ServerRescueNegativeTestJSON-1077869804-project] Registering scheme swift+config with {'store': , 'location_class': , 'store_entry': 'swift'} {{(pid=124146) register_scheme_map /usr/local/lib/python3.8/dist-packages/glance_store/location.py:146}}
Jul 26 14:59:58.680219 dv-cinder-850668-2-smb devstack@g-api.service[124145]: DEBUG glance.api.middleware.version_negotiation [None req-2b0d6c0c-8816-464c-968b-6cf824e981df tempest-ServerRescueNegativeTestJSON-1077869804 tempest-ServerRescueNegativeTestJSON-1077869804-project] Determining version of request: GET /v2/images/b5bc2065-a2cf-483c-8a38-437cebe7203e Accept: */* {{(pid=124145) process_request /opt/stack/glance/glance/api/middleware/version_negotiation.py:44}}
Jul 26 14:59:58.680582 dv-cinder-850668-2-smb devstack@g-api.service[124145]: DEBUG glance.api.middleware.version_negotiation [None req-2b0d6c0c-8816-464c-968b-6cf824e981df tempest-ServerRescueNegativeTestJSON-1077869804 tempest-ServerRescueNegativeTestJSON-1077869804-project] Using url versioning {{(pid=124145) process_request /opt/stack/glance/glance/api/middleware/version_negotiation.py:57}}
Jul 26 14:59:58.680981 dv-cinder-850668-2-smb devstack@g-api.service[124145]: DEBUG glance.api.middleware.version_negotiation [None req-2b0d6c0c-8816-464c-968b-6cf824e981df tempest-ServerRescueNegativeTestJSON-1077869804 tempest-ServerRescueNegativeTestJSON-1077869804-project] Matched version: v2 {{(pid=124145) process_request /opt/stack/glance/glance/api/middleware/version_negotiation.py:69}}
Jul 26 14:59:58.681359 dv-cinder-850668-2-smb devstack@g-api.service[124145]: DEBUG glance.api.middleware.version_negotiation [None req-2b0d6c0c-8816-464c-968b-6cf824e981df tempest-ServerRescueNegativeTestJSON-1077869804 tempest-ServerRescueNegativeTestJSON-1077869804-project] new path /v2/images/b5bc2065-a2cf-483c-8a38-437cebe7203e {{(pid=124145) process_request /opt/stack/glance/glance/api/middleware/version_negotiation.py:70}}
Jul 26 14:59:58.730121 dv-cinder-850668-2-smb devstack@g-api.service[124145]: [pid: 124145|app: 0|req: 12/21] 127.0.0.1 () {42 vars in 1061 bytes} [Tue Jul 26 14:59:58 2022] GET /v2/images/b5bc2065-a2cf-483c-8a38-437cebe7203e => generated 946 bytes in 45 msecs (HTTP/1.1 200) 4 headers in 157 bytes (1 switches on core 0)
