Jul 26 15:06:51.014355 dv-cinder-850668-2-iscsi devstack@placement-api.service[116907]: [pid: 116907|app: 0|req: 23/45] 10.222.0.102 () {58 vars in 1391 bytes} [Tue Jul 26 15:06:50 2022] GET /placement/resource_providers/b740d7a3-e875-45bf-a08d-ce0b9eb544ac/allocations => generated 456 bytes in 29 msecs (HTTP/1.1 200) 6 headers in 224 bytes (1 switches on core 0)
Jul 26 15:06:51.340422 dv-cinder-850668-2-iscsi devstack@placement-api.service[116906]: DEBUG placement.handlers.allocation [req-d4d4391d-cc04-4f61-914a-83f06e76fa96 req-996752fb-2952-42b2-a526-2575f2418bf0 service placement] Successfully wrote allocations [, , ] {{(pid=116906) _update_consumers_and_create_allocations /opt/stack/placement/placement/handlers/allocation.py:462}}
Jul 26 15:06:51.486996 dv-cinder-850668-2-iscsi devstack@placement-api.service[116906]: INFO placement.requestlog [req-d4d4391d-cc04-4f61-914a-83f06e76fa96 req-996752fb-2952-42b2-a526-2575f2418bf0 service placement] 10.222.0.94 "PUT /placement/allocations/43a050fd-1d02-47df-b37b-17f496480a78" status: 204 len: 0 microversion: 1.36
Jul 26 15:06:51.487402 dv-cinder-850668-2-iscsi devstack@placement-api.service[116906]: [pid: 116906|app: 0|req: 23/46] 10.222.0.94 () {64 vars in 1433 bytes} [Tue Jul 26 15:06:50 2022] PUT /placement/allocations/43a050fd-1d02-47df-b37b-17f496480a78 => generated 0 bytes in 538 msecs (HTTP/1.1 204) 5 headers in 199 bytes (1 switches on core 0)
Jul 26 15:06:52.496647 dv-cinder-850668-2-iscsi devstack@placement-api.service[116907]: DEBUG placement.requestlog [req-6ef05970-9e3d-4a1a-8838-08eb4157c145 req-598e09f1-95a5-4f43-b7e0-db757e0ec2a6 None None] Starting request: 10.222.0.94 "GET /placement/allocation_candidates?limit=1000&resources=DISK_GB%3A1%2CMEMORY_MB%3A1024%2CVCPU%3A1&root_required=%21COMPUTE_STATUS_DISABLED" {{(pid=116907) __call__ /opt/stack/placement/placement/requestlog.py:55}}
Jul 26 15:06:52.564523 dv-cinder-850668-2-iscsi devstack@placement-api.service[116907]: DEBUG placement.objects.research_context [req-6ef05970-9e3d-4a1a-8838-08eb4157c145 req-598e09f1-95a5-4f43-b7e0-db757e0ec2a6 service placement] getting providers with 1 DISK_GB {{(pid=116907) __init__ /opt/stack/placement/placement/objects/research_context.py:136}}
Jul 26 15:06:52.571854 dv-cinder-850668-2-iscsi devstack@placement-api.service[116907]: DEBUG placement.objects.research_context [req-6ef05970-9e3d-4a1a-8838-08eb4157c145 req-598e09f1-95a5-4f43-b7e0-db757e0ec2a6 service placement] getting providers with 1024 MEMORY_MB {{(pid=116907) __init__ /opt/stack/placement/placement/objects/research_context.py:136}}
Jul 26 15:06:52.578846 dv-cinder-850668-2-iscsi devstack@placement-api.service[116907]: DEBUG placement.objects.research_context [req-6ef05970-9e3d-4a1a-8838-08eb4157c145 req-598e09f1-95a5-4f43-b7e0-db757e0ec2a6 service placement] getting providers with 1 VCPU {{(pid=116907) __init__ /opt/stack/placement/placement/objects/research_context.py:136}}
Jul 26 15:06:52.585775 dv-cinder-850668-2-iscsi devstack@placement-api.service[116906]: DEBUG placement.requestlog [req-d4d4391d-cc04-4f61-914a-83f06e76fa96 req-ba6145b9-c421-462f-a18a-c661edac7412 None None] Starting request: 10.222.0.102 "GET /placement/allocations/43a050fd-1d02-47df-b37b-17f496480a78" {{(pid=116906) __call__ /opt/stack/placement/placement/requestlog.py:55}}
Jul 26 15:06:52.587424 dv-cinder-850668-2-iscsi devstack@placement-api.service[116907]: DEBUG placement.objects.research_context [req-6ef05970-9e3d-4a1a-8838-08eb4157c145 req-598e09f1-95a5-4f43-b7e0-db757e0ec2a6 service placement] found 1 providers with available 1 DISK_GB {{(pid=116907) get_provider_ids_matching /opt/stack/placement/placement/objects/research_context.py:563}}
Jul 26 15:06:52.588185 dv-cinder-850668-2-iscsi devstack@placement-api.service[116907]: DEBUG placement.objects.research_context [req-6ef05970-9e3d-4a1a-8838-08eb4157c145 req-598e09f1-95a5-4f43-b7e0-db757e0ec2a6 service placement] found 1 providers with available 1024 MEMORY_MB {{(pid=116907) get_provider_ids_matching /opt/stack/placement/placement/objects/research_context.py:563}}
Jul 26 15:06:52.588959 dv-cinder-850668-2-iscsi devstack@placement-api.service[116907]: DEBUG placement.objects.research_context [req-6ef05970-9e3d-4a1a-8838-08eb4157c145 req-598e09f1-95a5-4f43-b7e0-db757e0ec2a6 service placement] found 1 providers after filtering by previous result {{(pid=116907) get_provider_ids_matching /opt/stack/placement/placement/objects/research_context.py:594}}
Jul 26 15:06:52.589506 dv-cinder-850668-2-iscsi devstack@placement-api.service[116907]: DEBUG placement.objects.research_context [req-6ef05970-9e3d-4a1a-8838-08eb4157c145 req-598e09f1-95a5-4f43-b7e0-db757e0ec2a6 service placement] found 1 providers with available 1 VCPU {{(pid=116907) get_provider_ids_matching /opt/stack/placement/placement/objects/research_context.py:563}}
Jul 26 15:06:52.590371 dv-cinder-850668-2-iscsi devstack@placement-api.service[116907]: DEBUG placement.objects.research_context [req-6ef05970-9e3d-4a1a-8838-08eb4157c145 req-598e09f1-95a5-4f43-b7e0-db757e0ec2a6 service placement] found 1 providers after filtering by previous result {{(pid=116907) get_provider_ids_matching /opt/stack/placement/placement/objects/research_context.py:594}}
Jul 26 15:06:52.604071 dv-cinder-850668-2-iscsi devstack@placement-api.service[116906]: INFO placement.requestlog [req-d4d4391d-cc04-4f61-914a-83f06e76fa96 req-ba6145b9-c421-462f-a18a-c661edac7412 service placement] 10.222.0.102 "GET /placement/allocations/43a050fd-1d02-47df-b37b-17f496480a78" status: 200 len: 258 microversion: 1.28
Jul 26 15:06:52.604814 dv-cinder-850668-2-iscsi devstack@placement-api.service[116906]: [pid: 116906|app: 0|req: 24/47] 10.222.0.102 () {60 vars in 1378 bytes} [Tue Jul 26 15:06:52 2022] GET /placement/allocations/43a050fd-1d02-47df-b37b-17f496480a78 => generated 258 bytes in 19 msecs (HTTP/1.1 200) 8 headers in 296 bytes (1 switches on core 0)
Jul 26 15:06:52.607000 dv-cinder-850668-2-iscsi devstack@placement-api.service[116907]: DEBUG placement.objects.allocation_candidate [req-6ef05970-9e3d-4a1a-8838-08eb4157c145 req-598e09f1-95a5-4f43-b7e0-db757e0ec2a6 service placement] RequestGroup(use_same_provider=False, resources={DISK_GB:1, MEMORY_MB:1024, VCPU:1}, traits=(), aggregates=[]) (suffix '') returned 1 matches {{(pid=116907) _get_by_requests /opt/stack/placement/placement/objects/allocation_candidate.py:156}}
Jul 26 15:06:52.607604 dv-cinder-850668-2-iscsi devstack@placement-api.service[116907]: DEBUG placement.objects.allocation_candidate [req-6ef05970-9e3d-4a1a-8838-08eb4157c145 req-598e09f1-95a5-4f43-b7e0-db757e0ec2a6 service placement] Merging candidates yields 1 allocation requests and 1 provider summaries {{(pid=116907) _merge_candidates /opt/stack/placement/placement/objects/allocation_candidate.py:809}}
Jul 26 15:06:52.609248 dv-cinder-850668-2-iscsi devstack@placement-api.service[116907]: INFO placement.requestlog [req-6ef05970-9e3d-4a1a-8838-08eb4157c145 req-598e09f1-95a5-4f43-b7e0-db757e0ec2a6 service placement] 10.222.0.94 "GET /placement/allocation_candidates?limit=1000&resources=DISK_GB%3A1%2CMEMORY_MB%3A1024%2CVCPU%3A1&root_required=%21COMPUTE_STATUS_DISABLED" status: 200 len: 767 microversion: 1.36
Jul 26 15:06:52.609727 dv-cinder-850668-2-iscsi devstack@placement-api.service[116907]: [pid: 116907|app: 0|req: 24/48] 10.222.0.94 () {60 vars in 1506 bytes} [Tue Jul 26 15:06:52 2022] GET /placement/allocation_candidates?limit=1000&resources=DISK_GB%3A1%2CMEMORY_MB%3A1024%2CVCPU%3A1&root_required=%21COMPUTE_STATUS_DISABLED => generated 767 bytes in 114 msecs (HTTP/1.1 200) 8 headers in 296 bytes (1 switches on core 0)
Jul 26 15:06:52.648172 dv-cinder-850668-2-iscsi devstack@placement-api.service[116906]: DEBUG placement.requestlog [req-6ef05970-9e3d-4a1a-8838-08eb4157c145 req-ba3beb07-c2a1-42c7-bb9b-9eabdf5c787a None None] Starting request: 10.222.0.94 "GET /placement/allocations/8786fd30-cfed-4d9b-bfa7-eeb64ffe0dde" {{(pid=116906) __call__ /opt/stack/placement/placement/requestlog.py:55}}
Jul 26 15:06:52.659169 dv-cinder-850668-2-iscsi devstack@placement-api.service[116906]: INFO placement.requestlog [req-6ef05970-9e3d-4a1a-8838-08eb4157c145 req-ba3beb07-c2a1-42c7-bb9b-9eabdf5c787a service placement] 10.222.0.94 "GET /placement/allocations/8786fd30-cfed-4d9b-bfa7-eeb64ffe0dde" status: 200 len: 19 microversion: 1.28
Jul 26 15:06:52.659400 dv-cinder-850668-2-iscsi devstack@placement-api.service[116906]: [pid: 116906|app: 0|req: 25/49] 10.222.0.94 () {60 vars in 1380 bytes} [Tue Jul 26 15:06:52 2022] GET /placement/allocations/8786fd30-cfed-4d9b-bfa7-eeb64ffe0dde => generated 19 bytes in 12 msecs (HTTP/1.1 200) 8 headers in 295 bytes (1 switches on core 0)
Jul 26 15:06:52.666584 dv-cinder-850668-2-iscsi devstack@placement-api.service[116907]: DEBUG placement.requestlog [req-6ef05970-9e3d-4a1a-8838-08eb4157c145 req-d1a71823-1d05-4b04-8cc8-d968942a16dc None None] Starting request: 10.222.0.94 "PUT /placement/allocations/8786fd30-cfed-4d9b-bfa7-eeb64ffe0dde" {{(pid=116907) __call__ /opt/stack/placement/placement/requestlog.py:55}}
Jul 26 15:06:52.825772 dv-cinder-850668-2-iscsi devstack@placement-api.service[116907]: DEBUG placement.handlers.allocation [req-6ef05970-9e3d-4a1a-8838-08eb4157c145 req-d1a71823-1d05-4b04-8cc8-d968942a16dc service placement] Successfully wrote allocations [, , ] {{(pid=116907) _update_consumers_and_create_allocations /opt/stack/placement/placement/handlers/allocation.py:462}}
Jul 26 15:06:52.881513 dv-cinder-850668-2-iscsi devstack@placement-api.service[116907]: INFO placement.requestlog [req-6ef05970-9e3d-4a1a-8838-08eb4157c145 req-d1a71823-1d05-4b04-8cc8-d968942a16dc service placement] 10.222.0.94 "PUT /placement/allocations/8786fd30-cfed-4d9b-bfa7-eeb64ffe0dde" status: 204 len: 0 microversion: 1.36
Jul 26 15:06:52.882195 dv-cinder-850668-2-iscsi devstack@placement-api.service[116907]: [pid: 116907|app: 0|req: 25/50] 10.222.0.94 () {64 vars in 1433 bytes} [Tue Jul 26 15:06:52 2022] PUT /placement/allocations/8786fd30-cfed-4d9b-bfa7-eeb64ffe0dde => generated 0 bytes in 216 msecs (HTTP/1.1 204) 5 headers in 199 bytes (1 switches on core 0)
Jul 26 15:06:56.438195 dv-cinder-850668-2-iscsi devstack@placement-api.service[116906]: DEBUG placement.requestlog [req-6ef05970-9e3d-4a1a-8838-08eb4157c145 req-3729e3bc-b5dd-481b-a6e7-d60142cdbb47 None None] Starting request: 10.222.0.102 "GET /placement/allocations/8786fd30-cfed-4d9b-bfa7-eeb64ffe0dde" {{(pid=116906) __call__ /opt/stack/placement/placement/requestlog.py:55}}
Jul 26 15:06:56.455317 dv-cinder-850668-2-iscsi devstack@placement-api.service[116906]: INFO placement.requestlog [req-6ef05970-9e3d-4a1a-8838-08eb4157c145 req-3729e3bc-b5dd-481b-a6e7-d60142cdbb47 service placement] 10.222.0.102 "GET /placement/allocations/8786fd30-cfed-4d9b-bfa7-eeb64ffe0dde" status: 200 len: 259 microversion: 1.28
Jul 26 15:06:56.455778 dv-cinder-850668-2-iscsi devstack@placement-api.service[116906]: [pid: 116906|app: 0|req: 26/51] 10.222.0.102 () {60 vars in 1378 bytes} [Tue Jul 26 15:06:56 2022] GET /placement/allocations/8786fd30-cfed-4d9b-bfa7-eeb64ffe0dde => generated 259 bytes in 18 msecs (HTTP/1.1 200) 8 headers in 296 bytes (1 switches on core 0)
Jul 26 15:07:02.825630 dv-cinder-850668-2-iscsi devstack@placement-api.service[116907]: DEBUG dbcounter [-] [116907] Writing DB stats placement:SELECT=40,placement:DELETE=4,placement:INSERT=4,placement:UPDATE=2 {{(pid=116907) stat_writer /usr/local/lib/python3.8/dist-packages/dbcounter.py:114}}
Jul 26 15:07:06.453026 dv-cinder-850668-2-iscsi devstack@placement-api.service[116906]: DEBUG dbcounter [-] [116906] Writing DB stats placement:SELECT=37,placement:INSERT=6,placement:DELETE=2,placement:UPDATE=2 {{(pid=116906) stat_writer /usr/local/lib/python3.8/dist-packages/dbcounter.py:114}}
Jul 26 15:07:36.595861 dv-cinder-850668-2-iscsi devstack@placement-api.service[116907]: DEBUG placement.requestlog [req-e1574da3-deb5-40bf-82ae-b89baf53d3c3 req-5c3a43e1-9fa4-4849-aca7-22e999c998d1 None None] Starting request: 10.222.0.102 "DELETE /placement/allocations/8786fd30-cfed-4d9b-bfa7-eeb64ffe0dde" {{(pid=116907) __call__ /opt/stack/placement/placement/requestlog.py:55}}
Jul 26 15:07:36.919893 dv-cinder-850668-2-iscsi devstack@placement-api.service[116907]: DEBUG placement.handlers.allocation [req-e1574da3-deb5-40bf-82ae-b89baf53d3c3 req-5c3a43e1-9fa4-4849-aca7-22e999c998d1 service placement] Successfully deleted allocations [, , ] {{(pid=116907) delete_allocations /opt/stack/placement/placement/handlers/allocation.py:627}}
Jul 26 15:07:36.920665 dv-cinder-850668-2-iscsi devstack@placement-api.service[116907]: INFO placement.requestlog [req-e1574da3-deb5-40bf-82ae-b89baf53d3c3 req-5c3a43e1-9fa4-4849-aca7-22e999c998d1 service placement] 10.222.0.102 "DELETE /placement/allocations/8786fd30-cfed-4d9b-bfa7-eeb64ffe0dde" status: 204 len: 0 microversion: 1.0
Jul 26 15:07:36.921491 dv-cinder-850668-2-iscsi devstack@placement-api.service[116907]: [pid: 116907|app: 0|req: 26/52] 10.222.0.102 () {60 vars in 1356 bytes} [Tue Jul 26 15:07:36 2022] DELETE /placement/allocations/8786fd30-cfed-4d9b-bfa7-eeb64ffe0dde => generated 0 bytes in 326 msecs (HTTP/1.1 204) 5 headers in 198 bytes (1 switches on core 0)
Jul 26 15:07:45.492414 dv-cinder-850668-2-iscsi devstack@placement-api.service[116906]: DEBUG placement.requestlog [req-f246bf97-76d2-4b7a-aea3-3fccf269076e req-bca81497-0ad4-41f2-b0ae-e5fff8e8c00e None None] Starting request: 10.222.0.94 "GET /placement/allocation_candidates?limit=1000&resources=DISK_GB%3A1%2CMEMORY_MB%3A1024%2CVCPU%3A1&root_required=%21COMPUTE_STATUS_DISABLED" {{(pid=116906) __call__ /opt/stack/placement/placement/requestlog.py:55}}
Jul 26 15:07:45.541551 dv-cinder-850668-2-iscsi devstack@placement-api.service[116906]: DEBUG placement.objects.research_context [req-f246bf97-76d2-4b7a-aea3-3fccf269076e req-bca81497-0ad4-41f2-b0ae-e5fff8e8c00e service placement] getting providers with 1 DISK_GB {{(pid=116906) __init__ /opt/stack/placement/placement/objects/research_context.py:136}}
Jul 26 15:07:45.547938 dv-cinder-850668-2-iscsi devstack@placement-api.service[116906]: DEBUG placement.objects.research_context [req-f246bf97-76d2-4b7a-aea3-3fccf269076e req-bca81497-0ad4-41f2-b0ae-e5fff8e8c00e service placement] getting providers with 1024 MEMORY_MB {{(pid=116906) __init__ /opt/stack/placement/placement/objects/research_context.py:136}}
Jul 26 15:07:45.554086 dv-cinder-850668-2-iscsi devstack@placement-api.service[116906]: DEBUG placement.objects.research_context [req-f246bf97-76d2-4b7a-aea3-3fccf269076e req-bca81497-0ad4-41f2-b0ae-e5fff8e8c00e service placement] getting providers with 1 VCPU {{(pid=116906) __init__ /opt/stack/placement/placement/objects/research_context.py:136}}
Jul 26 15:07:45.560341 dv-cinder-850668-2-iscsi devstack@placement-api.service[116906]: DEBUG placement.objects.research_context [req-f246bf97-76d2-4b7a-aea3-3fccf269076e req-bca81497-0ad4-41f2-b0ae-e5fff8e8c00e service placement] found 1 providers with available 1 DISK_GB {{(pid=116906) get_provider_ids_matching /opt/stack/placement/placement/objects/research_context.py:563}}
Jul 26 15:07:45.560616 dv-cinder-850668-2-iscsi devstack@placement-api.service[116906]: DEBUG placement.objects.research_context [req-f246bf97-76d2-4b7a-aea3-3fccf269076e req-bca81497-0ad4-41f2-b0ae-e5fff8e8c00e service placement] found 1 providers with available 1024 MEMORY_MB {{(pid=116906) get_provider_ids_matching /opt/stack/placement/placement/objects/research_context.py:563}}
Jul 26 15:07:45.560895 dv-cinder-850668-2-iscsi devstack@placement-api.service[116906]: DEBUG placement.objects.research_context [req-f246bf97-76d2-4b7a-aea3-3fccf269076e req-bca81497-0ad4-41f2-b0ae-e5fff8e8c00e service placement] found 1 providers after filtering by previous result {{(pid=116906) get_provider_ids_matching /opt/stack/placement/placement/objects/research_context.py:594}}
Jul 26 15:07:45.561156 dv-cinder-850668-2-iscsi devstack@placement-api.service[116906]: DEBUG placement.objects.research_context [req-f246bf97-76d2-4b7a-aea3-3fccf269076e req-bca81497-0ad4-41f2-b0ae-e5fff8e8c00e service placement] found 1 providers with available 1 VCPU {{(pid=116906) get_provider_ids_matching /opt/stack/placement/placement/objects/research_context.py:563}}
Jul 26 15:07:45.561417 dv-cinder-850668-2-iscsi devstack@placement-api.service[116906]: DEBUG placement.objects.research_context [req-f246bf97-76d2-4b7a-aea3-3fccf269076e req-bca81497-0ad4-41f2-b0ae-e5fff8e8c00e service placement] found 1 providers after filtering by previous result {{(pid=116906) get_provider_ids_matching /opt/stack/placement/placement/objects/research_context.py:594}}
Jul 26 15:07:45.573362 dv-cinder-850668-2-iscsi devstack@placement-api.service[116906]: DEBUG placement.objects.allocation_candidate [req-f246bf97-76d2-4b7a-aea3-3fccf269076e req-bca81497-0ad4-41f2-b0ae-e5fff8e8c00e service placement] RequestGroup(use_same_provider=False, resources={DISK_GB:1, MEMORY_MB:1024, VCPU:1}, traits=(), aggregates=[]) (suffix '') returned 1 matches {{(pid=116906) _get_by_requests /opt/stack/placement/placement/objects/allocation_candidate.py:156}}
Jul 26 15:07:45.573700 dv-cinder-850668-2-iscsi devstack@placement-api.service[116906]: DEBUG placement.objects.allocation_candidate [req-f246bf97-76d2-4b7a-aea3-3fccf269076e req-bca81497-0ad4-41f2-b0ae-e5fff8e8c00e service placement] Merging candidates yields 1 allocation requests and 1 provider summaries {{(pid=116906) _merge_candidates /opt/stack/placement/placement/objects/allocation_candidate.py:809}}
Jul 26 15:07:45.575169 dv-cinder-850668-2-iscsi devstack@placement-api.service[116906]: INFO placement.requestlog [req-f246bf97-76d2-4b7a-aea3-3fccf269076e req-bca81497-0ad4-41f2-b0ae-e5fff8e8c00e service placement] 10.222.0.94 "GET /placement/allocation_candidates?limit=1000&resources=DISK_GB%3A1%2CMEMORY_MB%3A1024%2CVCPU%3A1&root_required=%21COMPUTE_STATUS_DISABLED" status: 200 len: 767 microversion: 1.36
Jul 26 15:07:45.575572 dv-cinder-850668-2-iscsi devstack@placement-api.service[116906]: [pid: 116906|app: 0|req: 27/53] 10.222.0.94 () {60 vars in 1506 bytes} [Tue Jul 26 15:07:45 2022] GET /placement/allocation_candidates?limit=1000&resources=DISK_GB%3A1%2CMEMORY_MB%3A1024%2CVCPU%3A1&root_required=%21COMPUTE_STATUS_DISABLED => generated 767 bytes in 83 msecs (HTTP/1.1 200) 8 headers in 296 bytes (1 switches on core 0)
Jul 26 15:07:45.618673 dv-cinder-850668-2-iscsi devstack@placement-api.service[116907]: DEBUG placement.requestlog [req-f246bf97-76d2-4b7a-aea3-3fccf269076e req-fa919d2b-6455-4cdd-b274-64ec4247a760 None None] Starting request: 10.222.0.94 "GET /placement/allocations/22db4394-5de8-471c-8738-b0484e5f7032" {{(pid=116907) __call__ /opt/stack/placement/placement/requestlog.py:55}}
Jul 26 15:07:45.633727 dv-cinder-850668-2-iscsi devstack@placement-api.service[116907]: INFO placement.requestlog [req-f246bf97-76d2-4b7a-aea3-3fccf269076e req-fa919d2b-6455-4cdd-b274-64ec4247a760 service placement] 10.222.0.94 "GET /placement/allocations/22db4394-5de8-471c-8738-b0484e5f7032" status: 200 len: 19 microversion: 1.28
Jul 26 15:07:45.634335 dv-cinder-850668-2-iscsi devstack@placement-api.service[116907]: [pid: 116907|app: 0|req: 27/54] 10.222.0.94 () {60 vars in 1380 bytes} [Tue Jul 26 15:07:45 2022] GET /placement/allocations/22db4394-5de8-471c-8738-b0484e5f7032 => generated 19 bytes in 16 msecs (HTTP/1.1 200) 8 headers in 295 bytes (2 switches on core 0)
Jul 26 15:07:45.652362 dv-cinder-850668-2-iscsi devstack@placement-api.service[116906]: DEBUG placement.requestlog [req-f246bf97-76d2-4b7a-aea3-3fccf269076e req-89e021d1-a893-4473-8c86-64a4faeb23c5 None None] Starting request: 10.222.0.94 "PUT /placement/allocations/22db4394-5de8-471c-8738-b0484e5f7032" {{(pid=116906) __call__ /opt/stack/placement/placement/requestlog.py:55}}
Jul 26 15:07:45.822980 dv-cinder-850668-2-iscsi devstack@placement-api.service[116906]: DEBUG placement.handlers.allocation [req-f246bf97-76d2-4b7a-aea3-3fccf269076e req-89e021d1-a893-4473-8c86-64a4faeb23c5 service placement] Successfully wrote allocations [, , ] {{(pid=116906) _update_consumers_and_create_allocations /opt/stack/placement/placement/handlers/allocation.py:462}}
Jul 26 15:07:45.910137 dv-cinder-850668-2-iscsi devstack@placement-api.service[116906]: INFO placement.requestlog [req-f246bf97-76d2-4b7a-aea3-3fccf269076e req-89e021d1-a893-4473-8c86-64a4faeb23c5 service placement] 10.222.0.94 "PUT /placement/allocations/22db4394-5de8-471c-8738-b0484e5f7032" status: 204 len: 0 microversion: 1.36
Jul 26 15:07:45.910836 dv-cinder-850668-2-iscsi devstack@placement-api.service[116906]: [pid: 116906|app: 0|req: 28/55] 10.222.0.94 () {64 vars in 1433 bytes} [Tue Jul 26 15:07:45 2022] PUT /placement/allocations/22db4394-5de8-471c-8738-b0484e5f7032 => generated 0 bytes in 270 msecs (HTTP/1.1 204) 5 headers in 199 bytes (1 switches on core 0)
Jul 26 15:07:48.196014 dv-cinder-850668-2-iscsi devstack@placement-api.service[116907]: DEBUG placement.requestlog [req-be86ed88-331d-45c6-a6d6-d1e81c63d331 req-e2ea15d4-81d8-4fac-a77f-ce3f69d48f7c None None] Starting request: 10.222.0.102 "GET /placement/resource_providers/b740d7a3-e875-45bf-a08d-ce0b9eb544ac/allocations" {{(pid=116907) __call__ /opt/stack/placement/placement/requestlog.py:55}}
Jul 26 15:07:48.488843 dv-cinder-850668-2-iscsi devstack@placement-api.service[116906]: DEBUG placement.requestlog [req-f246bf97-76d2-4b7a-aea3-3fccf269076e req-7068bf59-643c-4d2f-abf0-b6eaaecb0851 None None] Starting request: 10.222.0.102 "GET /placement/allocations/22db4394-5de8-471c-8738-b0484e5f7032" {{(pid=116906) __call__ /opt/stack/placement/placement/requestlog.py:55}}
Jul 26 15:07:48.491437 dv-cinder-850668-2-iscsi devstack@placement-api.service[116907]: INFO placement.requestlog [req-be86ed88-331d-45c6-a6d6-d1e81c63d331 req-e2ea15d4-81d8-4fac-a77f-ce3f69d48f7c service placement] 10.222.0.102 "GET /placement/resource_providers/b740d7a3-e875-45bf-a08d-ce0b9eb544ac/allocations" status: 200 len: 659 microversion: 1.0
Jul 26 15:07:48.492013 dv-cinder-850668-2-iscsi devstack@placement-api.service[116907]: [pid: 116907|app: 0|req: 28/56] 10.222.0.102 () {58 vars in 1391 bytes} [Tue Jul 26 15:07:48 2022] GET /placement/resource_providers/b740d7a3-e875-45bf-a08d-ce0b9eb544ac/allocations => generated 659 bytes in 299 msecs (HTTP/1.1 200) 6 headers in 224 bytes (1 switches on core 0)
Jul 26 15:07:48.520618 dv-cinder-850668-2-iscsi devstack@placement-api.service[116906]: INFO placement.requestlog [req-f246bf97-76d2-4b7a-aea3-3fccf269076e req-7068bf59-643c-4d2f-abf0-b6eaaecb0851 service placement] 10.222.0.102 "GET /placement/allocations/22db4394-5de8-471c-8738-b0484e5f7032" status: 200 len: 259 microversion: 1.28
Jul 26 15:07:48.522571 dv-cinder-850668-2-iscsi devstack@placement-api.service[116906]: [pid: 116906|app: 0|req: 29/57] 10.222.0.102 () {60 vars in 1378 bytes} [Tue Jul 26 15:07:48 2022] GET /placement/allocations/22db4394-5de8-471c-8738-b0484e5f7032 => generated 259 bytes in 33 msecs (HTTP/1.1 200) 8 headers in 296 bytes (1 switches on core 0)
Jul 26 15:07:48.682385 dv-cinder-850668-2-iscsi devstack@placement-api.service[116907]: DEBUG placement.requestlog [req-be86ed88-331d-45c6-a6d6-d1e81c63d331 req-fa836c2c-0f95-4717-9130-6abfa3aca571 None None] Starting request: 10.222.0.102 "GET /placement/resource_providers?in_tree=b740d7a3-e875-45bf-a08d-ce0b9eb544ac" {{(pid=116907) __call__ /opt/stack/placement/placement/requestlog.py:55}}
Jul 26 15:07:48.707590 dv-cinder-850668-2-iscsi devstack@placement-api.service[116907]: INFO placement.requestlog [req-be86ed88-331d-45c6-a6d6-d1e81c63d331 req-fa836c2c-0f95-4717-9130-6abfa3aca571 service placement] 10.222.0.102 "GET /placement/resource_providers?in_tree=b740d7a3-e875-45bf-a08d-ce0b9eb544ac" status: 200 len: 865 microversion: 1.14
Jul 26 15:07:48.709015 dv-cinder-850668-2-iscsi devstack@placement-api.service[116907]: [pid: 116907|app: 0|req: 29/58] 10.222.0.102 () {60 vars in 1377 bytes} [Tue Jul 26 15:07:48 2022] GET /placement/resource_providers?in_tree=b740d7a3-e875-45bf-a08d-ce0b9eb544ac => generated 865 bytes in 27 msecs (HTTP/1.1 200) 6 headers in 225 bytes (1 switches on core 0)
Jul 26 15:07:48.742433 dv-cinder-850668-2-iscsi devstack@placement-api.service[116906]: DEBUG placement.requestlog [req-be86ed88-331d-45c6-a6d6-d1e81c63d331 req-55903f30-fdb1-487d-9ff0-6b46ff8ed93a None None] Starting request: 10.222.0.102 "GET /placement/resource_providers/b740d7a3-e875-45bf-a08d-ce0b9eb544ac/inventories" {{(pid=116906) __call__ /opt/stack/placement/placement/requestlog.py:55}}
Jul 26 15:07:48.765103 dv-cinder-850668-2-iscsi devstack@placement-api.service[116906]: INFO placement.requestlog [req-be86ed88-331d-45c6-a6d6-d1e81c63d331 req-55903f30-fdb1-487d-9ff0-6b46ff8ed93a service placement] 10.222.0.102 "GET /placement/resource_providers/b740d7a3-e875-45bf-a08d-ce0b9eb544ac/inventories" status: 200 len: 398 microversion: 1.0
Jul 26 15:07:48.765707 dv-cinder-850668-2-iscsi devstack@placement-api.service[116906]: [pid: 116906|app: 0|req: 30/59] 10.222.0.102 () {58 vars in 1391 bytes} [Tue Jul 26 15:07:48 2022] GET /placement/resource_providers/b740d7a3-e875-45bf-a08d-ce0b9eb544ac/inventories => generated 398 bytes in 24 msecs (HTTP/1.1 200) 6 headers in 224 bytes (1 switches on core 0)
Jul 26 15:07:48.787696 dv-cinder-850668-2-iscsi devstack@placement-api.service[116907]: DEBUG placement.requestlog [req-be86ed88-331d-45c6-a6d6-d1e81c63d331 req-2acd55e9-1eb3-45ea-a9f3-246e0ccf03f5 None None] Starting request: 10.222.0.102 "GET /placement/resource_providers/b740d7a3-e875-45bf-a08d-ce0b9eb544ac/aggregates" {{(pid=116907) __call__ /opt/stack/placement/placement/requestlog.py:55}}
Jul 26 15:07:48.811647 dv-cinder-850668-2-iscsi devstack@placement-api.service[116907]: INFO placement.requestlog [req-be86ed88-331d-45c6-a6d6-d1e81c63d331 req-2acd55e9-1eb3-45ea-a9f3-246e0ccf03f5 service placement] 10.222.0.102 "GET /placement/resource_providers/b740d7a3-e875-45bf-a08d-ce0b9eb544ac/aggregates" status: 200 len: 54 microversion: 1.19
Jul 26 15:07:48.812222 dv-cinder-850668-2-iscsi devstack@placement-api.service[116907]: [pid: 116907|app: 0|req: 30/60] 10.222.0.102 () {60 vars in 1432 bytes} [Tue Jul 26 15:07:48 2022] GET /placement/resource_providers/b740d7a3-e875-45bf-a08d-ce0b9eb544ac/aggregates => generated 54 bytes in 25 msecs (HTTP/1.1 200) 8 headers in 295 bytes (2 switches on core 0)
Jul 26 15:07:48.821443 dv-cinder-850668-2-iscsi devstack@placement-api.service[116906]: DEBUG placement.requestlog [req-be86ed88-331d-45c6-a6d6-d1e81c63d331 req-f639c019-e0b9-420c-bb1b-89a29285fb0a None None] Starting request: 10.222.0.102 "GET /placement/resource_providers/b740d7a3-e875-45bf-a08d-ce0b9eb544ac/traits" {{(pid=116906) __call__ /opt/stack/placement/placement/requestlog.py:55}}
Jul 26 15:07:48.859817 dv-cinder-850668-2-iscsi devstack@placement-api.service[116906]: INFO placement.requestlog [req-be86ed88-331d-45c6-a6d6-d1e81c63d331 req-f639c019-e0b9-420c-bb1b-89a29285fb0a service placement] 10.222.0.102 "GET /placement/resource_providers/b740d7a3-e875-45bf-a08d-ce0b9eb544ac/traits" status: 200 len: 300 microversion: 1.6
Jul 26 15:07:48.860768 dv-cinder-850668-2-iscsi devstack@placement-api.service[116906]: [pid: 116906|app: 0|req: 31/61] 10.222.0.102 () {60 vars in 1419 bytes} [Tue Jul 26 15:07:48 2022] GET /placement/resource_providers/b740d7a3-e875-45bf-a08d-ce0b9eb544ac/traits => generated 300 bytes in 40 msecs (HTTP/1.1 200) 6 headers in 224 bytes (2 switches on core 0)
Jul 26 15:07:49.892471 dv-cinder-850668-2-iscsi devstack@placement-api.service[116907]: DEBUG placement.requestlog [req-eb014323-ac01-4885-9b10-593822f94367 req-b800df5f-3919-4da4-bf6f-4cd231a921f6 None None] Starting request: 10.222.0.94 "GET /placement/allocation_candidates?limit=1000&resources=DISK_GB%3A1%2CMEMORY_MB%3A1024%2CVCPU%3A1&root_required=%21COMPUTE_STATUS_DISABLED" {{(pid=116907) __call__ /opt/stack/placement/placement/requestlog.py:55}}
Jul 26 15:07:49.972844 dv-cinder-850668-2-iscsi devstack@placement-api.service[116907]: DEBUG placement.objects.research_context [req-eb014323-ac01-4885-9b10-593822f94367 req-b800df5f-3919-4da4-bf6f-4cd231a921f6 service placement] getting providers with 1 DISK_GB {{(pid=116907) __init__ /opt/stack/placement/placement/objects/research_context.py:136}}
Jul 26 15:07:49.989602 dv-cinder-850668-2-iscsi devstack@placement-api.service[116907]: DEBUG placement.objects.research_context [req-eb014323-ac01-4885-9b10-593822f94367 req-b800df5f-3919-4da4-bf6f-4cd231a921f6 service placement] getting providers with 1024 MEMORY_MB {{(pid=116907) __init__ /opt/stack/placement/placement/objects/research_context.py:136}}
Jul 26 15:07:50.009478 dv-cinder-850668-2-iscsi devstack@placement-api.service[116907]: DEBUG placement.objects.research_context [req-eb014323-ac01-4885-9b10-593822f94367 req-b800df5f-3919-4da4-bf6f-4cd231a921f6 service placement] getting providers with 1 VCPU {{(pid=116907) __init__ /opt/stack/placement/placement/objects/research_context.py:136}}
Jul 26 15:07:50.069860 dv-cinder-850668-2-iscsi devstack@placement-api.service[116907]: DEBUG placement.objects.research_context [req-eb014323-ac01-4885-9b10-593822f94367 req-b800df5f-3919-4da4-bf6f-4cd231a921f6 service placement] found 1 providers with available 1 DISK_GB {{(pid=116907) get_provider_ids_matching /opt/stack/placement/placement/objects/research_context.py:563}}
Jul 26 15:07:50.070638 dv-cinder-850668-2-iscsi devstack@placement-api.service[116907]: DEBUG placement.objects.research_context [req-eb014323-ac01-4885-9b10-593822f94367 req-b800df5f-3919-4da4-bf6f-4cd231a921f6 service placement] found 1 providers with available 1024 MEMORY_MB {{(pid=116907) get_provider_ids_matching /opt/stack/placement/placement/objects/research_context.py:563}}
Jul 26 15:07:50.070921 dv-cinder-850668-2-iscsi devstack@placement-api.service[116907]: DEBUG placement.objects.research_context [req-eb014323-ac01-4885-9b10-593822f94367 req-b800df5f-3919-4da4-bf6f-4cd231a921f6 service placement] found 1 providers after filtering by previous result {{(pid=116907) get_provider_ids_matching /opt/stack/placement/placement/objects/research_context.py:594}}
Jul 26 15:07:50.071182 dv-cinder-850668-2-iscsi devstack@placement-api.service[116907]: DEBUG placement.objects.research_context [req-eb014323-ac01-4885-9b10-593822f94367 req-b800df5f-3919-4da4-bf6f-4cd231a921f6 service placement] found 1 providers with available 1 VCPU {{(pid=116907) get_provider_ids_matching /opt/stack/placement/placement/objects/research_context.py:563}}
Jul 26 15:07:50.075290 dv-cinder-850668-2-iscsi devstack@placement-api.service[116907]: DEBUG placement.objects.research_context [req-eb014323-ac01-4885-9b10-593822f94367 req-b800df5f-3919-4da4-bf6f-4cd231a921f6 service placement] found 1 providers after filtering by previous result {{(pid=116907) get_provider_ids_matching /opt/stack/placement/placement/objects/research_context.py:594}}
Jul 26 15:07:50.136065 dv-cinder-850668-2-iscsi devstack@placement-api.service[116907]: DEBUG placement.objects.allocation_candidate [req-eb014323-ac01-4885-9b10-593822f94367 req-b800df5f-3919-4da4-bf6f-4cd231a921f6 service placement] RequestGroup(use_same_provider=False, resources={DISK_GB:1, MEMORY_MB:1024, VCPU:1}, traits=(), aggregates=[]) (suffix '') returned 1 matches {{(pid=116907) _get_by_requests /opt/stack/placement/placement/objects/allocation_candidate.py:156}}
Jul 26 15:07:50.136559 dv-cinder-850668-2-iscsi devstack@placement-api.service[116907]: DEBUG placement.objects.allocation_candidate [req-eb014323-ac01-4885-9b10-593822f94367 req-b800df5f-3919-4da4-bf6f-4cd231a921f6 service placement] Merging candidates yields 1 allocation requests and 1 provider summaries {{(pid=116907) _merge_candidates /opt/stack/placement/placement/objects/allocation_candidate.py:809}}
Jul 26 15:07:50.143079 dv-cinder-850668-2-iscsi devstack@placement-api.service[116907]: INFO placement.requestlog [req-eb014323-ac01-4885-9b10-593822f94367 req-b800df5f-3919-4da4-bf6f-4cd231a921f6 service placement] 10.222.0.94 "GET /placement/allocation_candidates?limit=1000&resources=DISK_GB%3A1%2CMEMORY_MB%3A1024%2CVCPU%3A1&root_required=%21COMPUTE_STATUS_DISABLED" status: 200 len: 767 microversion: 1.36
Jul 26 15:07:50.148261 dv-cinder-850668-2-iscsi devstack@placement-api.service[116907]: [pid: 116907|app: 0|req: 31/62] 10.222.0.94 () {60 vars in 1506 bytes} [Tue Jul 26 15:07:49 2022] GET /placement/allocation_candidates?limit=1000&resources=DISK_GB%3A1%2CMEMORY_MB%3A1024%2CVCPU%3A1&root_required=%21COMPUTE_STATUS_DISABLED => generated 767 bytes in 256 msecs (HTTP/1.1 200) 8 headers in 296 bytes (1 switches on core 0)
Jul 26 15:07:50.218661 dv-cinder-850668-2-iscsi devstack@placement-api.service[116906]: DEBUG placement.requestlog [req-eb014323-ac01-4885-9b10-593822f94367 req-40d88b03-6a3b-420e-aeb2-df1208bb0317 None None] Starting request: 10.222.0.94 "GET /placement/allocations/530f5891-c2f5-4273-8ef0-c733ef667dc3" {{(pid=116906) __call__ /opt/stack/placement/placement/requestlog.py:55}}
Jul 26 15:07:50.232142 dv-cinder-850668-2-iscsi devstack@placement-api.service[116906]: INFO placement.requestlog [req-eb014323-ac01-4885-9b10-593822f94367 req-40d88b03-6a3b-420e-aeb2-df1208bb0317 service placement] 10.222.0.94 "GET /placement/allocations/530f5891-c2f5-4273-8ef0-c733ef667dc3" status: 200 len: 19 microversion: 1.28
Jul 26 15:07:50.238146 dv-cinder-850668-2-iscsi devstack@placement-api.service[116906]: [pid: 116906|app: 0|req: 32/63] 10.222.0.94 () {60 vars in 1380 bytes} [Tue Jul 26 15:07:50 2022] GET /placement/allocations/530f5891-c2f5-4273-8ef0-c733ef667dc3 => generated 19 bytes in 20 msecs (HTTP/1.1 200) 8 headers in 295 bytes (1 switches on core 0)
Jul 26 15:07:50.239835 dv-cinder-850668-2-iscsi devstack@placement-api.service[116907]: DEBUG placement.requestlog [req-eb014323-ac01-4885-9b10-593822f94367 req-d6d30088-7732-4fb7-8898-b7c377df7c87 None None] Starting request: 10.222.0.94 "PUT /placement/allocations/530f5891-c2f5-4273-8ef0-c733ef667dc3" {{(pid=116907) __call__ /opt/stack/placement/placement/requestlog.py:55}}
Jul 26 15:07:50.479670 dv-cinder-850668-2-iscsi devstack@placement-api.service[116907]: DEBUG placement.handlers.allocation [req-eb014323-ac01-4885-9b10-593822f94367 req-d6d30088-7732-4fb7-8898-b7c377df7c87 service placement] Successfully wrote allocations [, , ] {{(pid=116907) _update_consumers_and_create_allocations /opt/stack/placement/placement/handlers/allocation.py:462}}
Jul 26 15:07:50.634535 dv-cinder-850668-2-iscsi devstack@placement-api.service[116907]: INFO placement.requestlog [req-eb014323-ac01-4885-9b10-593822f94367 req-d6d30088-7732-4fb7-8898-b7c377df7c87 service placement] 10.222.0.94 "PUT /placement/allocations/530f5891-c2f5-4273-8ef0-c733ef667dc3" status: 204 len: 0 microversion: 1.36
Jul 26 15:07:50.635525 dv-cinder-850668-2-iscsi devstack@placement-api.service[116907]: [pid: 116907|app: 0|req: 32/64] 10.222.0.94 () {64 vars in 1433 bytes} [Tue Jul 26 15:07:50 2022] PUT /placement/allocations/530f5891-c2f5-4273-8ef0-c733ef667dc3 => generated 0 bytes in 396 msecs (HTTP/1.1 204) 5 headers in 199 bytes (1 switches on core 0)
Jul 26 15:07:52.386880 dv-cinder-850668-2-iscsi devstack@placement-api.service[116906]: DEBUG placement.requestlog [req-eb014323-ac01-4885-9b10-593822f94367 req-a6833cda-591b-4d46-bf26-7ddcd0a35c41 None None] Starting request: 10.222.0.102 "GET /placement/allocations/530f5891-c2f5-4273-8ef0-c733ef667dc3" {{(pid=116906) __call__ /opt/stack/placement/placement/requestlog.py:55}}
Jul 26 15:07:52.445661 dv-cinder-850668-2-iscsi devstack@placement-api.service[116906]: INFO placement.requestlog [req-eb014323-ac01-4885-9b10-593822f94367 req-a6833cda-591b-4d46-bf26-7ddcd0a35c41 service placement] 10.222.0.102 "GET /placement/allocations/530f5891-c2f5-4273-8ef0-c733ef667dc3" status: 200 len: 259 microversion: 1.28
Jul 26 15:07:52.451367 dv-cinder-850668-2-iscsi devstack@placement-api.service[116906]: [pid: 116906|app: 0|req: 33/65] 10.222.0.102 () {60 vars in 1378 bytes} [Tue Jul 26 15:07:52 2022] GET /placement/allocations/530f5891-c2f5-4273-8ef0-c733ef667dc3 => generated 259 bytes in 61 msecs (HTTP/1.1 200) 8 headers in 296 bytes (1 switches on core 0)
Jul 26 15:08:00.478898 dv-cinder-850668-2-iscsi devstack@placement-api.service[116907]: DEBUG dbcounter [-] [116907] Writing DB stats placement:SELECT=47,placement:DELETE=4,placement:INSERT=4,placement:UPDATE=2 {{(pid=116907) stat_writer /usr/local/lib/python3.8/dist-packages/dbcounter.py:114}}
Jul 26 15:08:02.430785 dv-cinder-850668-2-iscsi devstack@placement-api.service[116906]: DEBUG dbcounter [-] [116906] Writing DB stats placement:SELECT=46,placement:INSERT=4,placement:DELETE=2,placement:UPDATE=2 {{(pid=116906) stat_writer /usr/local/lib/python3.8/dist-packages/dbcounter.py:114}}
Jul 26 15:08:35.688197 dv-cinder-850668-2-iscsi devstack@placement-api.service[116907]: DEBUG placement.requestlog [None req-ca3d7f03-87e4-494d-948f-8f6eb83084b0 None None] Starting request: 10.222.0.94 "GET /placement/resource_providers/8ea9a133-9aad-4d76-a935-0a775d9258b5/aggregates" {{(pid=116907) __call__ /opt/stack/placement/placement/requestlog.py:55}}
Jul 26 15:08:35.793116 dv-cinder-850668-2-iscsi devstack@placement-api.service[116907]: INFO placement.requestlog [None req-ca3d7f03-87e4-494d-948f-8f6eb83084b0 service placement] 10.222.0.94 "GET /placement/resource_providers/8ea9a133-9aad-4d76-a935-0a775d9258b5/aggregates" status: 404 len: 235 microversion: 1.1
Jul 26 15:08:35.794361 dv-cinder-850668-2-iscsi devstack@placement-api.service[116907]: [pid: 116907|app: 0|req: 33/66] 10.222.0.94 () {58 vars in 1362 bytes} [Tue Jul 26 15:08:35 2022] GET /placement/resource_providers/8ea9a133-9aad-4d76-a935-0a775d9258b5/aggregates => generated 235 bytes in 106 msecs (HTTP/1.1 404) 5 headers in 202 bytes (1 switches on core 0)
Jul 26 15:08:35.800071 dv-cinder-850668-2-iscsi devstack@placement-api.service[116906]: DEBUG placement.requestlog [None req-1b9b482f-3a37-4617-9506-da26497dedfc None None] Starting request: 10.222.0.94 "DELETE /placement/resource_providers/8ea9a133-9aad-4d76-a935-0a775d9258b5" {{(pid=116906) __call__ /opt/stack/placement/placement/requestlog.py:55}}
Jul 26 15:08:35.811077 dv-cinder-850668-2-iscsi devstack@placement-api.service[116906]: DEBUG placement.wsgi_wrapper [None req-1b9b482f-3a37-4617-9506-da26497dedfc service placement] Placement API returning an error response: No resource provider with uuid 8ea9a133-9aad-4d76-a935-0a775d9258b5 found for delete {{(pid=116906) call_func /opt/stack/placement/placement/wsgi_wrapper.py:31}}
Jul 26 15:08:35.811860 dv-cinder-850668-2-iscsi devstack@placement-api.service[116906]: INFO placement.requestlog [None req-1b9b482f-3a37-4617-9506-da26497dedfc service placement] 10.222.0.94 "DELETE /placement/resource_providers/8ea9a133-9aad-4d76-a935-0a775d9258b5" status: 404 len: 246 microversion: 1.1
Jul 26 15:08:35.812224 dv-cinder-850668-2-iscsi devstack@placement-api.service[116906]: [pid: 116906|app: 0|req: 34/67] 10.222.0.94 () {60 vars in 1351 bytes} [Tue Jul 26 15:08:35 2022] DELETE /placement/resource_providers/8ea9a133-9aad-4d76-a935-0a775d9258b5 => generated 246 bytes in 13 msecs (HTTP/1.1 404) 6 headers in 231 bytes (1 switches on core 0)
Jul 26 15:08:45.789667 dv-cinder-850668-2-iscsi devstack@placement-api.service[116907]: DEBUG dbcounter [-] [116907] Writing DB stats placement:SELECT=2 {{(pid=116907) stat_writer /usr/local/lib/python3.8/dist-packages/dbcounter.py:114}}
Jul 26 15:08:45.810198 dv-cinder-850668-2-iscsi devstack@placement-api.service[116906]: DEBUG dbcounter [-] [116906] Writing DB stats placement:SELECT=2 {{(pid=116906) stat_writer /usr/local/lib/python3.8/dist-packages/dbcounter.py:114}}
Jul 26 15:08:47.183584 dv-cinder-850668-2-iscsi devstack@placement-api.service[116907]: DEBUG placement.requestlog [req-847e6541-1138-4336-b367-53cce44290cf req-373bb5a3-72e8-46b7-aec5-529605fba1c0 None None] Starting request: 10.222.0.94 "GET /placement/allocation_candidates?limit=1000&resources=DISK_GB%3A1%2CMEMORY_MB%3A1024%2CVCPU%3A1&root_required=%21COMPUTE_STATUS_DISABLED" {{(pid=116907) __call__ /opt/stack/placement/placement/requestlog.py:55}}
Jul 26 15:08:47.235637 dv-cinder-850668-2-iscsi devstack@placement-api.service[116907]: DEBUG placement.objects.research_context [req-847e6541-1138-4336-b367-53cce44290cf req-373bb5a3-72e8-46b7-aec5-529605fba1c0 service placement] getting providers with 1 DISK_GB {{(pid=116907) __init__ /opt/stack/placement/placement/objects/research_context.py:136}}
Jul 26 15:08:47.266441 dv-cinder-850668-2-iscsi devstack@placement-api.service[116907]: DEBUG placement.objects.research_context [req-847e6541-1138-4336-b367-53cce44290cf req-373bb5a3-72e8-46b7-aec5-529605fba1c0 service placement] getting providers with 1024 MEMORY_MB {{(pid=116907) __init__ /opt/stack/placement/placement/objects/research_context.py:136}}
Jul 26 15:08:47.273776 dv-cinder-850668-2-iscsi devstack@placement-api.service[116907]: DEBUG placement.objects.research_context [req-847e6541-1138-4336-b367-53cce44290cf req-373bb5a3-72e8-46b7-aec5-529605fba1c0 service placement] getting providers with 1 VCPU {{(pid=116907) __init__ /opt/stack/placement/placement/objects/research_context.py:136}}
Jul 26 15:08:47.281743 dv-cinder-850668-2-iscsi devstack@placement-api.service[116907]: DEBUG placement.objects.research_context [req-847e6541-1138-4336-b367-53cce44290cf req-373bb5a3-72e8-46b7-aec5-529605fba1c0 service placement] found 1 providers with available 1 DISK_GB {{(pid=116907) get_provider_ids_matching /opt/stack/placement/placement/objects/research_context.py:563}}
Jul 26 15:08:47.282208 dv-cinder-850668-2-iscsi devstack@placement-api.service[116907]: DEBUG placement.objects.research_context [req-847e6541-1138-4336-b367-53cce44290cf req-373bb5a3-72e8-46b7-aec5-529605fba1c0 service placement] found 1 providers with available 1024 MEMORY_MB {{(pid=116907) get_provider_ids_matching /opt/stack/placement/placement/objects/research_context.py:563}}
Jul 26 15:08:47.282556 dv-cinder-850668-2-iscsi devstack@placement-api.service[116907]: DEBUG placement.objects.research_context [req-847e6541-1138-4336-b367-53cce44290cf req-373bb5a3-72e8-46b7-aec5-529605fba1c0 service placement] found 1 providers after filtering by previous result {{(pid=116907) get_provider_ids_matching /opt/stack/placement/placement/objects/research_context.py:594}}
Jul 26 15:08:47.282945 dv-cinder-850668-2-iscsi devstack@placement-api.service[116907]: DEBUG placement.objects.research_context [req-847e6541-1138-4336-b367-53cce44290cf req-373bb5a3-72e8-46b7-aec5-529605fba1c0 service placement] found 1 providers with available 1 VCPU {{(pid=116907) get_provider_ids_matching /opt/stack/placement/placement/objects/research_context.py:563}}
Jul 26 15:08:47.283912 dv-cinder-850668-2-iscsi devstack@placement-api.service[116907]: DEBUG placement.objects.research_context [req-847e6541-1138-4336-b367-53cce44290cf req-373bb5a3-72e8-46b7-aec5-529605fba1c0 service placement] found 1 providers after filtering by previous result {{(pid=116907) get_provider_ids_matching /opt/stack/placement/placement/objects/research_context.py:594}}
Jul 26 15:08:47.296584 dv-cinder-850668-2-iscsi devstack@placement-api.service[116907]: DEBUG placement.objects.allocation_candidate [req-847e6541-1138-4336-b367-53cce44290cf req-373bb5a3-72e8-46b7-aec5-529605fba1c0 service placement] RequestGroup(use_same_provider=False, resources={DISK_GB:1, MEMORY_MB:1024, VCPU:1}, traits=(), aggregates=[]) (suffix '') returned 1 matches {{(pid=116907) _get_by_requests /opt/stack/placement/placement/objects/allocation_candidate.py:156}}
Jul 26 15:08:47.296919 dv-cinder-850668-2-iscsi devstack@placement-api.service[116907]: DEBUG placement.objects.allocation_candidate [req-847e6541-1138-4336-b367-53cce44290cf req-373bb5a3-72e8-46b7-aec5-529605fba1c0 service placement] Merging candidates yields 1 allocation requests and 1 provider summaries {{(pid=116907) _merge_candidates /opt/stack/placement/placement/objects/allocation_candidate.py:809}}
Jul 26 15:08:47.298367 dv-cinder-850668-2-iscsi devstack@placement-api.service[116907]: INFO placement.requestlog [req-847e6541-1138-4336-b367-53cce44290cf req-373bb5a3-72e8-46b7-aec5-529605fba1c0 service placement] 10.222.0.94 "GET /placement/allocation_candidates?limit=1000&resources=DISK_GB%3A1%2CMEMORY_MB%3A1024%2CVCPU%3A1&root_required=%21COMPUTE_STATUS_DISABLED" status: 200 len: 767 microversion: 1.36
Jul 26 15:08:47.298749 dv-cinder-850668-2-iscsi devstack@placement-api.service[116907]: [pid: 116907|app: 0|req: 34/68] 10.222.0.94 () {60 vars in 1506 bytes} [Tue Jul 26 15:08:47 2022] GET /placement/allocation_candidates?limit=1000&resources=DISK_GB%3A1%2CMEMORY_MB%3A1024%2CVCPU%3A1&root_required=%21COMPUTE_STATUS_DISABLED => generated 767 bytes in 118 msecs (HTTP/1.1 200) 8 headers in 296 bytes (2 switches on core 0)
Jul 26 15:08:47.341773 dv-cinder-850668-2-iscsi devstack@placement-api.service[116906]: DEBUG placement.requestlog [req-847e6541-1138-4336-b367-53cce44290cf req-675d3b87-08fa-424f-9b23-4077264f59da None None] Starting request: 10.222.0.94 "GET /placement/allocations/cac7a938-7f02-4e37-b392-bfd28ec5c72a" {{(pid=116906) __call__ /opt/stack/placement/placement/requestlog.py:55}}
Jul 26 15:08:47.370218 dv-cinder-850668-2-iscsi devstack@placement-api.service[116906]: INFO placement.requestlog [req-847e6541-1138-4336-b367-53cce44290cf req-675d3b87-08fa-424f-9b23-4077264f59da service placement] 10.222.0.94 "GET /placement/allocations/cac7a938-7f02-4e37-b392-bfd28ec5c72a" status: 200 len: 19 microversion: 1.28
Jul 26 15:08:47.370218 dv-cinder-850668-2-iscsi devstack@placement-api.service[116906]: [pid: 116906|app: 0|req: 35/69] 10.222.0.94 () {60 vars in 1380 bytes} [Tue Jul 26 15:08:47 2022] GET /placement/allocations/cac7a938-7f02-4e37-b392-bfd28ec5c72a => generated 19 bytes in 28 msecs (HTTP/1.1 200) 8 headers in 295 bytes (1 switches on core 0)
Jul 26 15:08:47.382322 dv-cinder-850668-2-iscsi devstack@placement-api.service[116907]: DEBUG placement.requestlog [req-847e6541-1138-4336-b367-53cce44290cf req-c019aaae-975b-4d5f-94e7-a88b5786f049 None None] Starting request: 10.222.0.94 "PUT /placement/allocations/cac7a938-7f02-4e37-b392-bfd28ec5c72a" {{(pid=116907) __call__ /opt/stack/placement/placement/requestlog.py:55}}
Jul 26 15:08:47.784721 dv-cinder-850668-2-iscsi devstack@placement-api.service[116907]: DEBUG placement.handlers.allocation [req-847e6541-1138-4336-b367-53cce44290cf req-c019aaae-975b-4d5f-94e7-a88b5786f049 service placement] Successfully wrote allocations [, , ] {{(pid=116907) _update_consumers_and_create_allocations /opt/stack/placement/placement/handlers/allocation.py:462}}
Jul 26 15:08:47.896948 dv-cinder-850668-2-iscsi devstack@placement-api.service[116907]: INFO placement.requestlog [req-847e6541-1138-4336-b367-53cce44290cf req-c019aaae-975b-4d5f-94e7-a88b5786f049 service placement] 10.222.0.94 "PUT /placement/allocations/cac7a938-7f02-4e37-b392-bfd28ec5c72a" status: 204 len: 0 microversion: 1.36
Jul 26 15:08:47.897495 dv-cinder-850668-2-iscsi devstack@placement-api.service[116907]: [pid: 116907|app: 0|req: 35/70] 10.222.0.94 () {64 vars in 1433 bytes} [Tue Jul 26 15:08:47 2022] PUT /placement/allocations/cac7a938-7f02-4e37-b392-bfd28ec5c72a => generated 0 bytes in 516 msecs (HTTP/1.1 204) 5 headers in 199 bytes (2 switches on core 0)
Jul 26 15:08:57.238712 dv-cinder-850668-2-iscsi devstack@placement-api.service[116906]: DEBUG placement.requestlog [req-847e6541-1138-4336-b367-53cce44290cf req-1b2aca5d-0775-4eaa-a3d0-eb2ee259fa69 None None] Starting request: 10.222.0.102 "GET /placement/allocations/cac7a938-7f02-4e37-b392-bfd28ec5c72a" {{(pid=116906) __call__ /opt/stack/placement/placement/requestlog.py:55}}
Jul 26 15:08:57.262947 dv-cinder-850668-2-iscsi devstack@placement-api.service[116906]: INFO placement.requestlog [req-847e6541-1138-4336-b367-53cce44290cf req-1b2aca5d-0775-4eaa-a3d0-eb2ee259fa69 service placement] 10.222.0.102 "GET /placement/allocations/cac7a938-7f02-4e37-b392-bfd28ec5c72a" status: 200 len: 259 microversion: 1.28
Jul 26 15:08:57.263445 dv-cinder-850668-2-iscsi devstack@placement-api.service[116906]: [pid: 116906|app: 0|req: 36/71] 10.222.0.102 () {60 vars in 1378 bytes} [Tue Jul 26 15:08:57 2022] GET /placement/allocations/cac7a938-7f02-4e37-b392-bfd28ec5c72a => generated 259 bytes in 25 msecs (HTTP/1.1 200) 8 headers in 296 bytes (1 switches on core 0)
Jul 26 15:08:57.784016 dv-cinder-850668-2-iscsi devstack@placement-api.service[116907]: DEBUG dbcounter [-] [116907] Writing DB stats placement:SELECT=27,placement:INSERT=6,placement:DELETE=2,placement:UPDATE=2 {{(pid=116907) stat_writer /usr/local/lib/python3.8/dist-packages/dbcounter.py:114}}
Jul 26 15:08:58.678882 dv-cinder-850668-2-iscsi devstack@placement-api.service[116907]: DEBUG placement.requestlog [req-e58d84e9-c263-4413-a490-e836406c2b64 req-ef47b39e-92d6-4828-abc6-6f46752ae130 None None] Starting request: 10.222.0.102 "GET /placement/resource_providers/b740d7a3-e875-45bf-a08d-ce0b9eb544ac/allocations" {{(pid=116907) __call__ /opt/stack/placement/placement/requestlog.py:55}}
Jul 26 15:08:58.712263 dv-cinder-850668-2-iscsi devstack@placement-api.service[116907]: INFO placement.requestlog [req-e58d84e9-c263-4413-a490-e836406c2b64 req-ef47b39e-92d6-4828-abc6-6f46752ae130 service placement] 10.222.0.102 "GET /placement/resource_providers/b740d7a3-e875-45bf-a08d-ce0b9eb544ac/allocations" status: 200 len: 861 microversion: 1.0
Jul 26 15:08:58.717258 dv-cinder-850668-2-iscsi devstack@placement-api.service[116907]: [pid: 116907|app: 0|req: 36/72] 10.222.0.102 () {58 vars in 1391 bytes} [Tue Jul 26 15:08:58 2022] GET /placement/resource_providers/b740d7a3-e875-45bf-a08d-ce0b9eb544ac/allocations => generated 861 bytes in 34 msecs (HTTP/1.1 200) 6 headers in 224 bytes (1 switches on core 0)
