Jul 26 14:40:11.112938 dv-cinder-850668-2-iscsi devstack@keystone.service[92208]: DEBUG keystone.server.flask.request_processing.middleware.auth_context [None req-5da733e4-5428-4c89-ab03-e635da5d80b4 None admin] RBAC: auth_context: {'token': , 'domain_id': None, 'trust_id': None, 'trustor_id': None, 'trustee_id': None, 'domain_name': None, 'group_ids': [], 'user_id': '31dac45eb8764daf9a148a750fdc78a0', 'user_domain_id': 'default', 'system_scope': 'all', 'project_id': None, 'project_domain_id': None, 'roles': ['admin', 'member', 'reader'], 'is_admin_project': True, 'service_user_id': None, 'service_user_domain_id': None, 'service_project_id': None, 'service_project_domain_id': None, 'service_roles': []} {{(pid=92208) fill_context /opt/stack/keystone/keystone/server/flask/request_processing/middleware/auth_context.py:478}}
Jul 26 14:40:11.115568 dv-cinder-850668-2-iscsi devstack@keystone.service[92208]: DEBUG keystone.server.flask.request_processing.req_logging [None req-5da733e4-5428-4c89-ab03-e635da5d80b4 None admin] REQUEST_METHOD: `GET` {{(pid=92208) log_request_info /opt/stack/keystone/keystone/server/flask/request_processing/req_logging.py:27}}
Jul 26 14:40:11.116481 dv-cinder-850668-2-iscsi devstack@keystone.service[92208]: DEBUG keystone.server.flask.request_processing.req_logging [None req-5da733e4-5428-4c89-ab03-e635da5d80b4 None admin] SCRIPT_NAME: `/identity` {{(pid=92208) log_request_info /opt/stack/keystone/keystone/server/flask/request_processing/req_logging.py:28}}
Jul 26 14:40:11.117176 dv-cinder-850668-2-iscsi devstack@keystone.service[92208]: DEBUG keystone.server.flask.request_processing.req_logging [None req-5da733e4-5428-4c89-ab03-e635da5d80b4 None admin] PATH_INFO: `/v3/auth/tokens` {{(pid=92208) log_request_info /opt/stack/keystone/keystone/server/flask/request_processing/req_logging.py:29}}
Jul 26 14:40:11.222276 dv-cinder-850668-2-iscsi devstack@keystone.service[92209]: DEBUG keystone.server.flask.request_processing.middleware.auth_context [None req-e9fcc68c-eca2-4ae5-88d8-5022fcb45e94 None admin] RBAC: auth_context: {'token': , 'domain_id': None, 'trust_id': None, 'trustor_id': None, 'trustee_id': None, 'domain_name': None, 'group_ids': [], 'user_id': '31dac45eb8764daf9a148a750fdc78a0', 'user_domain_id': 'default', 'system_scope': 'all', 'project_id': None, 'project_domain_id': None, 'roles': ['admin', 'member', 'reader'], 'is_admin_project': True, 'service_user_id': None, 'service_user_domain_id': None, 'service_project_id': None, 'service_project_domain_id': None, 'service_roles': []} {{(pid=92209) fill_context /opt/stack/keystone/keystone/server/flask/request_processing/middleware/auth_context.py:478}}
Jul 26 14:40:11.222850 dv-cinder-850668-2-iscsi devstack@keystone.service[92209]: DEBUG keystone.server.flask.request_processing.req_logging [None req-e9fcc68c-eca2-4ae5-88d8-5022fcb45e94 None admin] REQUEST_METHOD: `GET` {{(pid=92209) log_request_info /opt/stack/keystone/keystone/server/flask/request_processing/req_logging.py:27}}
Jul 26 14:40:11.223138 dv-cinder-850668-2-iscsi devstack@keystone.service[92209]: DEBUG keystone.server.flask.request_processing.req_logging [None req-e9fcc68c-eca2-4ae5-88d8-5022fcb45e94 None admin] SCRIPT_NAME: `/identity` {{(pid=92209) log_request_info /opt/stack/keystone/keystone/server/flask/request_processing/req_logging.py:28}}
Jul 26 14:40:11.224267 dv-cinder-850668-2-iscsi devstack@keystone.service[92209]: DEBUG keystone.server.flask.request_processing.req_logging [None req-e9fcc68c-eca2-4ae5-88d8-5022fcb45e94 None admin] PATH_INFO: `/v3/users/4025368a8cf44d6ebecb90392d7b799a` {{(pid=92209) log_request_info /opt/stack/keystone/keystone/server/flask/request_processing/req_logging.py:29}}
Jul 26 14:40:11.228586 dv-cinder-850668-2-iscsi devstack@keystone.service[92209]: DEBUG keystone.common.rbac_enforcer.enforcer [None req-e9fcc68c-eca2-4ae5-88d8-5022fcb45e94 None admin] RBAC: Authorizing `identity:get_user(user_id=4025368a8cf44d6ebecb90392d7b799a)` {{(pid=92209) enforce_call /opt/stack/keystone/keystone/common/rbac_enforcer/enforcer.py:449}}
Jul 26 14:40:11.230059 dv-cinder-850668-2-iscsi devstack@keystone.service[92209]: DEBUG keystone.common.rbac_enforcer.enforcer [None req-e9fcc68c-eca2-4ae5-88d8-5022fcb45e94 None admin] RBAC: Authorization granted {{(pid=92209) enforce_call /opt/stack/keystone/keystone/common/rbac_enforcer/enforcer.py:457}}
Jul 26 14:40:11.232331 dv-cinder-850668-2-iscsi devstack@keystone.service[92209]: [pid: 92209|app: 0|req: 120/248] 10.222.0.94 () {56 vars in 1177 bytes} [Tue Jul 26 14:40:10 2022] GET /identity/v3/users/4025368a8cf44d6ebecb90392d7b799a => generated 297 bytes in 464 msecs (HTTP/1.1 200) 5 headers in 177 bytes (1 switches on core 0)
Jul 26 14:40:11.239952 dv-cinder-850668-2-iscsi devstack@keystone.service[92209]: DEBUG keystone.server.flask.request_processing.middleware.auth_context [None req-e9fcc68c-eca2-4ae5-88d8-5022fcb45e94 None admin] Authenticating user token {{(pid=92209) process_request /usr/local/lib/python3.8/dist-packages/keystonemiddleware/auth_token/__init__.py:407}}
Jul 26 14:40:11.297362 dv-cinder-850668-2-iscsi devstack@keystone.service[92208]: DEBUG keystone.common.rbac_enforcer.enforcer [None req-5da733e4-5428-4c89-ab03-e635da5d80b4 None admin] RBAC: Authorizing `identity:validate_token()` {{(pid=92208) enforce_call /opt/stack/keystone/keystone/common/rbac_enforcer/enforcer.py:449}}
Jul 26 14:40:11.301366 dv-cinder-850668-2-iscsi devstack@keystone.service[92208]: DEBUG keystone.common.rbac_enforcer.enforcer [None req-5da733e4-5428-4c89-ab03-e635da5d80b4 None admin] RBAC: Authorization granted {{(pid=92208) enforce_call /opt/stack/keystone/keystone/common/rbac_enforcer/enforcer.py:457}}
Jul 26 14:40:11.446490 dv-cinder-850668-2-iscsi devstack@keystone.service[92209]: DEBUG keystone.server.flask.request_processing.middleware.auth_context [None req-e9fcc68c-eca2-4ae5-88d8-5022fcb45e94 None admin] Validating token access rules against request {{(pid=92209) validate_allowed_request /usr/local/lib/python3.8/dist-packages/keystonemiddleware/auth_token/__init__.py:545}}
Jul 26 14:40:11.476232 dv-cinder-850668-2-iscsi devstack@keystone.service[92209]: DEBUG dbcounter [-] [92209] Writing DB stats keystone:SELECT=100 {{(pid=92209) stat_writer /usr/local/lib/python3.8/dist-packages/dbcounter.py:114}}
Jul 26 14:40:11.480334 dv-cinder-850668-2-iscsi devstack@keystone.service[92208]: DEBUG dbcounter [-] [92208] Writing DB stats keystone:SELECT=100 {{(pid=92208) stat_writer /usr/local/lib/python3.8/dist-packages/dbcounter.py:114}}
Jul 26 14:40:11.508346 dv-cinder-850668-2-iscsi devstack@keystone.service[92209]: DEBUG keystone.server.flask.request_processing.middleware.auth_context [None req-8ab173cd-65e6-4eac-95c5-769757ab0c5d None admin] RBAC: auth_context: {'token': , 'domain_id': None, 'trust_id': None, 'trustor_id': None, 'trustee_id': None, 'domain_name': None, 'group_ids': [], 'user_id': '31dac45eb8764daf9a148a750fdc78a0', 'user_domain_id': 'default', 'system_scope': 'all', 'project_id': None, 'project_domain_id': None, 'roles': ['admin', 'member', 'reader'], 'is_admin_project': True, 'service_user_id': None, 'service_user_domain_id': None, 'service_project_id': None, 'service_project_domain_id': None, 'service_roles': []} {{(pid=92209) fill_context /opt/stack/keystone/keystone/server/flask/request_processing/middleware/auth_context.py:478}}
Jul 26 14:40:11.509090 dv-cinder-850668-2-iscsi devstack@keystone.service[92209]: DEBUG keystone.server.flask.request_processing.req_logging [None req-8ab173cd-65e6-4eac-95c5-769757ab0c5d None admin] REQUEST_METHOD: `GET` {{(pid=92209) log_request_info /opt/stack/keystone/keystone/server/flask/request_processing/req_logging.py:27}}
Jul 26 14:40:11.509381 dv-cinder-850668-2-iscsi devstack@keystone.service[92209]: DEBUG keystone.server.flask.request_processing.req_logging [None req-8ab173cd-65e6-4eac-95c5-769757ab0c5d None admin] SCRIPT_NAME: `/identity` {{(pid=92209) log_request_info /opt/stack/keystone/keystone/server/flask/request_processing/req_logging.py:28}}
Jul 26 14:40:11.509668 dv-cinder-850668-2-iscsi devstack@keystone.service[92209]: DEBUG keystone.server.flask.request_processing.req_logging [None req-8ab173cd-65e6-4eac-95c5-769757ab0c5d None admin] PATH_INFO: `/v3/projects/21ad3a8335ad492d858142d787614be0` {{(pid=92209) log_request_info /opt/stack/keystone/keystone/server/flask/request_processing/req_logging.py:29}}
Jul 26 14:40:11.511582 dv-cinder-850668-2-iscsi devstack@keystone.service[92209]: DEBUG keystone.common.rbac_enforcer.enforcer [None req-8ab173cd-65e6-4eac-95c5-769757ab0c5d None admin] RBAC: Authorizing `identity:get_project(project_id=21ad3a8335ad492d858142d787614be0)` {{(pid=92209) enforce_call /opt/stack/keystone/keystone/common/rbac_enforcer/enforcer.py:449}}
Jul 26 14:40:11.512841 dv-cinder-850668-2-iscsi devstack@keystone.service[92209]: DEBUG keystone.common.rbac_enforcer.enforcer [None req-8ab173cd-65e6-4eac-95c5-769757ab0c5d None admin] RBAC: Authorization granted {{(pid=92209) enforce_call /opt/stack/keystone/keystone/common/rbac_enforcer/enforcer.py:457}}
Jul 26 14:40:11.521140 dv-cinder-850668-2-iscsi devstack@keystone.service[92209]: [pid: 92209|app: 0|req: 121/249] 10.222.0.94 () {56 vars in 1186 bytes} [Tue Jul 26 14:40:11 2022] GET /identity/v3/projects/21ad3a8335ad492d858142d787614be0 => generated 302 bytes in 283 msecs (HTTP/1.1 200) 5 headers in 177 bytes (2 switches on core 0)
Jul 26 14:40:11.528605 dv-cinder-850668-2-iscsi devstack@keystone.service[92209]: DEBUG keystone.server.flask.request_processing.req_logging [None req-16599b1e-39c4-4cb3-bb5b-f5cef3faf272 None None] REQUEST_METHOD: `GET` {{(pid=92209) log_request_info /opt/stack/keystone/keystone/server/flask/request_processing/req_logging.py:27}}
Jul 26 14:40:11.528605 dv-cinder-850668-2-iscsi devstack@keystone.service[92209]: DEBUG keystone.server.flask.request_processing.req_logging [None req-16599b1e-39c4-4cb3-bb5b-f5cef3faf272 None None] SCRIPT_NAME: `/identity` {{(pid=92209) log_request_info /opt/stack/keystone/keystone/server/flask/request_processing/req_logging.py:28}}
Jul 26 14:40:11.528605 dv-cinder-850668-2-iscsi devstack@keystone.service[92209]: DEBUG keystone.server.flask.request_processing.req_logging [None req-16599b1e-39c4-4cb3-bb5b-f5cef3faf272 None None] PATH_INFO: `/` {{(pid=92209) log_request_info /opt/stack/keystone/keystone/server/flask/request_processing/req_logging.py:29}}
Jul 26 14:40:11.528605 dv-cinder-850668-2-iscsi devstack@keystone.service[92209]: [pid: 92209|app: 0|req: 122/250] 10.222.0.94 () {54 vars in 926 bytes} [Tue Jul 26 14:40:11 2022] GET /identity => generated 270 bytes in 3 msecs (HTTP/1.1 300) 6 headers in 234 bytes (1 switches on core 0)
Jul 26 14:40:11.528605 dv-cinder-850668-2-iscsi devstack@keystone.service[92209]: DEBUG keystone.server.flask.request_processing.middleware.auth_context [None req-16599b1e-39c4-4cb3-bb5b-f5cef3faf272 None None] Authenticating user token {{(pid=92209) process_request /usr/local/lib/python3.8/dist-packages/keystonemiddleware/auth_token/__init__.py:407}}
Jul 26 14:40:11.534888 dv-cinder-850668-2-iscsi devstack@keystone.service[92208]: [pid: 92208|app: 0|req: 129/251] 10.222.0.94 () {58 vars in 1282 bytes} [Tue Jul 26 14:40:10 2022] GET /identity/v3/auth/tokens => generated 799 bytes in 709 msecs (HTTP/1.1 200) 6 headers in 358 bytes (1 switches on core 0)
Jul 26 14:40:11.538187 dv-cinder-850668-2-iscsi devstack@keystone.service[92208]: DEBUG keystone.server.flask.request_processing.req_logging [None req-4462e111-d896-4d17-bdb3-4c03e2caa958 None None] REQUEST_METHOD: `POST` {{(pid=92208) log_request_info /opt/stack/keystone/keystone/server/flask/request_processing/req_logging.py:27}}
Jul 26 14:40:11.539084 dv-cinder-850668-2-iscsi devstack@keystone.service[92208]: DEBUG keystone.server.flask.request_processing.req_logging [None req-4462e111-d896-4d17-bdb3-4c03e2caa958 None None] SCRIPT_NAME: `/identity` {{(pid=92208) log_request_info /opt/stack/keystone/keystone/server/flask/request_processing/req_logging.py:28}}
Jul 26 14:40:11.539948 dv-cinder-850668-2-iscsi devstack@keystone.service[92208]: DEBUG keystone.server.flask.request_processing.req_logging [None req-4462e111-d896-4d17-bdb3-4c03e2caa958 None None] PATH_INFO: `/v3/auth/tokens` {{(pid=92208) log_request_info /opt/stack/keystone/keystone/server/flask/request_processing/req_logging.py:29}}
Jul 26 14:40:11.575918 dv-cinder-850668-2-iscsi devstack@keystone.service[92208]: DEBUG keystone.auth.core [None req-4462e111-d896-4d17-bdb3-4c03e2caa958 None None] MFA Rules not processed for user `31dac45eb8764daf9a148a750fdc78a0`. Rule list: `[]` (Enabled: `True`). {{(pid=92208) check_auth_methods_against_rules /opt/stack/keystone/keystone/auth/core.py:438}}
Jul 26 14:40:11.578880 dv-cinder-850668-2-iscsi devstack@keystone.service[92208]: DEBUG keystone.common.fernet_utils [None req-4462e111-d896-4d17-bdb3-4c03e2caa958 None None] Loaded 2 Fernet keys from /etc/keystone/fernet-keys/, but `[fernet_tokens] max_active_keys = 3`; perhaps there have not been enough key rotations to reach `max_active_keys` yet? {{(pid=92208) load_keys /opt/stack/keystone/keystone/common/fernet_utils.py:286}}
Jul 26 14:40:11.730508 dv-cinder-850668-2-iscsi devstack@keystone.service[92208]: [pid: 92208|app: 0|req: 130/252] 10.222.0.94 () {58 vars in 1023 bytes} [Tue Jul 26 14:40:11 2022] POST /identity/v3/auth/tokens => generated 799 bytes in 195 msecs (HTTP/1.1 201) 6 headers in 363 bytes (1 switches on core 0)
Jul 26 14:40:11.732614 dv-cinder-850668-2-iscsi devstack@keystone.service[92208]: DEBUG keystone.server.flask.request_processing.middleware.auth_context [None req-4462e111-d896-4d17-bdb3-4c03e2caa958 None None] Authenticating user token {{(pid=92208) process_request /usr/local/lib/python3.8/dist-packages/keystonemiddleware/auth_token/__init__.py:407}}
Jul 26 14:40:11.875728 dv-cinder-850668-2-iscsi devstack@keystone.service[92209]: DEBUG keystone.server.flask.request_processing.middleware.auth_context [None req-16599b1e-39c4-4cb3-bb5b-f5cef3faf272 None None] Validating token access rules against request {{(pid=92209) validate_allowed_request /usr/local/lib/python3.8/dist-packages/keystonemiddleware/auth_token/__init__.py:545}}
Jul 26 14:40:11.922531 dv-cinder-850668-2-iscsi devstack@keystone.service[92209]: DEBUG keystone.server.flask.request_processing.middleware.auth_context [None req-43880025-80a7-4961-8aa8-49079613c691 None admin] RBAC: auth_context: {'token': , 'domain_id': None, 'trust_id': None, 'trustor_id': None, 'trustee_id': None, 'domain_name': None, 'group_ids': [], 'user_id': '31dac45eb8764daf9a148a750fdc78a0', 'user_domain_id': 'default', 'system_scope': 'all', 'project_id': None, 'project_domain_id': None, 'roles': ['admin', 'member', 'reader'], 'is_admin_project': True, 'service_user_id': None, 'service_user_domain_id': None, 'service_project_id': None, 'service_project_domain_id': None, 'service_roles': []} {{(pid=92209) fill_context /opt/stack/keystone/keystone/server/flask/request_processing/middleware/auth_context.py:478}}
Jul 26 14:40:11.922531 dv-cinder-850668-2-iscsi devstack@keystone.service[92209]: DEBUG keystone.server.flask.request_processing.req_logging [None req-43880025-80a7-4961-8aa8-49079613c691 None admin] REQUEST_METHOD: `PUT` {{(pid=92209) log_request_info /opt/stack/keystone/keystone/server/flask/request_processing/req_logging.py:27}}
Jul 26 14:40:11.922531 dv-cinder-850668-2-iscsi devstack@keystone.service[92209]: DEBUG keystone.server.flask.request_processing.req_logging [None req-43880025-80a7-4961-8aa8-49079613c691 None admin] SCRIPT_NAME: `/identity` {{(pid=92209) log_request_info /opt/stack/keystone/keystone/server/flask/request_processing/req_logging.py:28}}
Jul 26 14:40:11.922531 dv-cinder-850668-2-iscsi devstack@keystone.service[92209]: DEBUG keystone.server.flask.request_processing.req_logging [None req-43880025-80a7-4961-8aa8-49079613c691 None admin] PATH_INFO: `/v3/projects/21ad3a8335ad492d858142d787614be0/users/4025368a8cf44d6ebecb90392d7b799a/roles/6a924f1d619643b3be92bab6fddb3eb2` {{(pid=92209) log_request_info /opt/stack/keystone/keystone/server/flask/request_processing/req_logging.py:29}}
Jul 26 14:40:11.923134 dv-cinder-850668-2-iscsi devstack@keystone.service[92209]: DEBUG keystone.common.rbac_enforcer.enforcer [None req-43880025-80a7-4961-8aa8-49079613c691 None admin] RBAC: Authorizing `identity:create_grant(project_id=21ad3a8335ad492d858142d787614be0, user_id=4025368a8cf44d6ebecb90392d7b799a, role_id=6a924f1d619643b3be92bab6fddb3eb2)` {{(pid=92209) enforce_call /opt/stack/keystone/keystone/common/rbac_enforcer/enforcer.py:449}}
Jul 26 14:40:11.924469 dv-cinder-850668-2-iscsi devstack@keystone.service[92209]: DEBUG keystone.common.rbac_enforcer.enforcer [None req-43880025-80a7-4961-8aa8-49079613c691 None admin] RBAC: Authorization granted {{(pid=92209) enforce_call /opt/stack/keystone/keystone/common/rbac_enforcer/enforcer.py:457}}
Jul 26 14:40:11.962499 dv-cinder-850668-2-iscsi devstack@keystone.service[92208]: DEBUG keystone.server.flask.request_processing.middleware.auth_context [None req-4462e111-d896-4d17-bdb3-4c03e2caa958 None None] Validating token access rules against request {{(pid=92208) validate_allowed_request /usr/local/lib/python3.8/dist-packages/keystonemiddleware/auth_token/__init__.py:545}}
Jul 26 14:40:11.981935 dv-cinder-850668-2-iscsi devstack@keystone.service[92208]: DEBUG dbcounter [-] [92208] Writing DB stats keystone:SELECT=100 {{(pid=92208) stat_writer /usr/local/lib/python3.8/dist-packages/dbcounter.py:114}}
Jul 26 14:40:12.032778 dv-cinder-850668-2-iscsi devstack@keystone.service[92209]: [pid: 92209|app: 0|req: 123/253] 10.222.0.94 () {58 vars in 1439 bytes} [Tue Jul 26 14:40:11 2022] PUT /identity/v3/projects/21ad3a8335ad492d858142d787614be0/users/4025368a8cf44d6ebecb90392d7b799a/roles/6a924f1d619643b3be92bab6fddb3eb2 => generated 0 bytes in 508 msecs (HTTP/1.1 204) 3 headers in 132 bytes (0 switches on core 0)
Jul 26 14:40:12.033880 dv-cinder-850668-2-iscsi devstack@keystone.service[92209]: DEBUG keystone.server.flask.request_processing.middleware.auth_context [None req-43880025-80a7-4961-8aa8-49079613c691 None admin] Authenticating user token {{(pid=92209) process_request /usr/local/lib/python3.8/dist-packages/keystonemiddleware/auth_token/__init__.py:407}}
Jul 26 14:40:12.044428 dv-cinder-850668-2-iscsi devstack@keystone.service[92208]: DEBUG keystone.server.flask.request_processing.middleware.auth_context [None req-c8ff1385-2242-4883-a9a9-c66ce4810378 None admin] RBAC: auth_context: {'token': , 'domain_id': None, 'trust_id': None, 'trustor_id': None, 'trustee_id': None, 'domain_name': None, 'group_ids': [], 'user_id': '31dac45eb8764daf9a148a750fdc78a0', 'user_domain_id': 'default', 'system_scope': 'all', 'project_id': None, 'project_domain_id': None, 'roles': ['admin', 'member', 'reader'], 'is_admin_project': True, 'service_user_id': None, 'service_user_domain_id': None, 'service_project_id': None, 'service_project_domain_id': None, 'service_roles': []} {{(pid=92208) fill_context /opt/stack/keystone/keystone/server/flask/request_processing/middleware/auth_context.py:478}}
Jul 26 14:40:12.047103 dv-cinder-850668-2-iscsi devstack@keystone.service[92208]: DEBUG keystone.server.flask.request_processing.req_logging [None req-c8ff1385-2242-4883-a9a9-c66ce4810378 None admin] REQUEST_METHOD: `GET` {{(pid=92208) log_request_info /opt/stack/keystone/keystone/server/flask/request_processing/req_logging.py:27}}
Jul 26 14:40:12.048402 dv-cinder-850668-2-iscsi devstack@keystone.service[92208]: DEBUG keystone.server.flask.request_processing.req_logging [None req-c8ff1385-2242-4883-a9a9-c66ce4810378 None admin] SCRIPT_NAME: `/identity` {{(pid=92208) log_request_info /opt/stack/keystone/keystone/server/flask/request_processing/req_logging.py:28}}
Jul 26 14:40:12.049138 dv-cinder-850668-2-iscsi devstack@keystone.service[92208]: DEBUG keystone.server.flask.request_processing.req_logging [None req-c8ff1385-2242-4883-a9a9-c66ce4810378 None admin] PATH_INFO: `/v3/projects/21ad3a8335ad492d858142d787614be0` {{(pid=92208) log_request_info /opt/stack/keystone/keystone/server/flask/request_processing/req_logging.py:29}}
Jul 26 14:40:12.056855 dv-cinder-850668-2-iscsi devstack@keystone.service[92208]: DEBUG keystone.common.rbac_enforcer.enforcer [None req-c8ff1385-2242-4883-a9a9-c66ce4810378 None admin] RBAC: Authorizing `identity:get_project(project_id=21ad3a8335ad492d858142d787614be0)` {{(pid=92208) enforce_call /opt/stack/keystone/keystone/common/rbac_enforcer/enforcer.py:449}}
Jul 26 14:40:12.064484 dv-cinder-850668-2-iscsi devstack@keystone.service[92208]: DEBUG keystone.common.rbac_enforcer.enforcer [None req-c8ff1385-2242-4883-a9a9-c66ce4810378 None admin] RBAC: Authorization granted {{(pid=92208) enforce_call /opt/stack/keystone/keystone/common/rbac_enforcer/enforcer.py:457}}
Jul 26 14:40:12.073260 dv-cinder-850668-2-iscsi devstack@keystone.service[92208]: [pid: 92208|app: 0|req: 131/254] 10.222.0.94 () {56 vars in 1186 bytes} [Tue Jul 26 14:40:11 2022] GET /identity/v3/projects/21ad3a8335ad492d858142d787614be0 => generated 302 bytes in 342 msecs (HTTP/1.1 200) 5 headers in 177 bytes (1 switches on core 0)
Jul 26 14:40:12.079021 dv-cinder-850668-2-iscsi devstack@keystone.service[92208]: DEBUG keystone.server.flask.request_processing.middleware.auth_context [None req-c8ff1385-2242-4883-a9a9-c66ce4810378 None admin] Authenticating user token {{(pid=92208) process_request /usr/local/lib/python3.8/dist-packages/keystonemiddleware/auth_token/__init__.py:407}}
Jul 26 14:40:12.253629 dv-cinder-850668-2-iscsi devstack@keystone.service[92209]: DEBUG dbcounter [-] [92209] Writing DB stats keystone:SELECT=99,keystone:INSERT=1 {{(pid=92209) stat_writer /usr/local/lib/python3.8/dist-packages/dbcounter.py:114}}
Jul 26 14:40:12.407819 dv-cinder-850668-2-iscsi devstack@keystone.service[92208]: DEBUG keystone.server.flask.request_processing.middleware.auth_context [None req-c8ff1385-2242-4883-a9a9-c66ce4810378 None admin] Validating token access rules against request {{(pid=92208) validate_allowed_request /usr/local/lib/python3.8/dist-packages/keystonemiddleware/auth_token/__init__.py:545}}
Jul 26 14:40:12.451384 dv-cinder-850668-2-iscsi devstack@keystone.service[92209]: DEBUG keystone.server.flask.request_processing.middleware.auth_context [None req-43880025-80a7-4961-8aa8-49079613c691 None admin] Validating token access rules against request {{(pid=92209) validate_allowed_request /usr/local/lib/python3.8/dist-packages/keystonemiddleware/auth_token/__init__.py:545}}
Jul 26 14:40:12.484100 dv-cinder-850668-2-iscsi devstack@keystone.service[92208]: DEBUG keystone.server.flask.request_processing.middleware.auth_context [None req-cc0ad62f-e97d-4807-a8e1-e1e50e526f5c None admin] RBAC: auth_context: {'token': , 'domain_id': None, 'trust_id': None, 'trustor_id': None, 'trustee_id': None, 'domain_name': None, 'group_ids': [], 'user_id': '31dac45eb8764daf9a148a750fdc78a0', 'user_domain_id': 'default', 'system_scope': 'all', 'project_id': None, 'project_domain_id': None, 'roles': ['admin', 'member', 'reader'], 'is_admin_project': True, 'service_user_id': None, 'service_user_domain_id': None, 'service_project_id': None, 'service_project_domain_id': None, 'service_roles': []} {{(pid=92208) fill_context /opt/stack/keystone/keystone/server/flask/request_processing/middleware/auth_context.py:478}}
Jul 26 14:40:12.485778 dv-cinder-850668-2-iscsi devstack@keystone.service[92208]: DEBUG keystone.server.flask.request_processing.req_logging [None req-cc0ad62f-e97d-4807-a8e1-e1e50e526f5c None admin] REQUEST_METHOD: `GET` {{(pid=92208) log_request_info /opt/stack/keystone/keystone/server/flask/request_processing/req_logging.py:27}}
Jul 26 14:40:12.486551 dv-cinder-850668-2-iscsi devstack@keystone.service[92208]: DEBUG keystone.server.flask.request_processing.req_logging [None req-cc0ad62f-e97d-4807-a8e1-e1e50e526f5c None admin] SCRIPT_NAME: `/identity` {{(pid=92208) log_request_info /opt/stack/keystone/keystone/server/flask/request_processing/req_logging.py:28}}
Jul 26 14:40:12.487391 dv-cinder-850668-2-iscsi devstack@keystone.service[92208]: DEBUG keystone.server.flask.request_processing.req_logging [None req-cc0ad62f-e97d-4807-a8e1-e1e50e526f5c None admin] PATH_INFO: `/v3/role_assignments` {{(pid=92208) log_request_info /opt/stack/keystone/keystone/server/flask/request_processing/req_logging.py:29}}
Jul 26 14:40:12.490418 dv-cinder-850668-2-iscsi devstack@keystone.service[92208]: DEBUG keystone.common.rbac_enforcer.enforcer [None req-cc0ad62f-e97d-4807-a8e1-e1e50e526f5c None admin] RBAC: Adding query filter params (role.id=cf7c52610e954f74a30feba325390387, scope.project.id=21ad3a8335ad492d858142d787614be0, user.id=248db7da4a88429fb74819edb303200f) {{(pid=92208) _extract_filter_values /opt/stack/keystone/keystone/common/rbac_enforcer/enforcer.py:167}}
Jul 26 14:40:12.491543 dv-cinder-850668-2-iscsi devstack@keystone.service[92208]: DEBUG keystone.common.rbac_enforcer.enforcer [None req-cc0ad62f-e97d-4807-a8e1-e1e50e526f5c None admin] RBAC: Authorizing `identity:list_role_assignments()` {{(pid=92208) enforce_call /opt/stack/keystone/keystone/common/rbac_enforcer/enforcer.py:449}}
Jul 26 14:40:12.494800 dv-cinder-850668-2-iscsi devstack@keystone.service[92208]: DEBUG keystone.common.rbac_enforcer.enforcer [None req-cc0ad62f-e97d-4807-a8e1-e1e50e526f5c None admin] RBAC: Authorization granted {{(pid=92208) enforce_call /opt/stack/keystone/keystone/common/rbac_enforcer/enforcer.py:457}}
Jul 26 14:40:12.501313 dv-cinder-850668-2-iscsi devstack@keystone.service[92209]: DEBUG keystone.server.flask.request_processing.middleware.auth_context [None req-c9f22d8a-3243-462e-8436-6d71f142b0f9 None admin] RBAC: auth_context: {'token': , 'domain_id': None, 'trust_id': None, 'trustor_id': None, 'trustee_id': None, 'domain_name': None, 'group_ids': [], 'user_id': '31dac45eb8764daf9a148a750fdc78a0', 'user_domain_id': 'default', 'system_scope': 'all', 'project_id': None, 'project_domain_id': None, 'roles': ['admin', 'member', 'reader'], 'is_admin_project': True, 'service_user_id': None, 'service_user_domain_id': None, 'service_project_id': None, 'service_project_domain_id': None, 'service_roles': []} {{(pid=92209) fill_context /opt/stack/keystone/keystone/server/flask/request_processing/middleware/auth_context.py:478}}
Jul 26 14:40:12.501949 dv-cinder-850668-2-iscsi devstack@keystone.service[92209]: DEBUG keystone.server.flask.request_processing.req_logging [None req-c9f22d8a-3243-462e-8436-6d71f142b0f9 None admin] REQUEST_METHOD: `GET` {{(pid=92209) log_request_info /opt/stack/keystone/keystone/server/flask/request_processing/req_logging.py:27}}
Jul 26 14:40:12.502233 dv-cinder-850668-2-iscsi devstack@keystone.service[92209]: DEBUG keystone.server.flask.request_processing.req_logging [None req-c9f22d8a-3243-462e-8436-6d71f142b0f9 None admin] SCRIPT_NAME: `/identity` {{(pid=92209) log_request_info /opt/stack/keystone/keystone/server/flask/request_processing/req_logging.py:28}}
Jul 26 14:40:12.502597 dv-cinder-850668-2-iscsi devstack@keystone.service[92209]: DEBUG keystone.server.flask.request_processing.req_logging [None req-c9f22d8a-3243-462e-8436-6d71f142b0f9 None admin] PATH_INFO: `/v3/roles/admin` {{(pid=92209) log_request_info /opt/stack/keystone/keystone/server/flask/request_processing/req_logging.py:29}}
Jul 26 14:40:12.508382 dv-cinder-850668-2-iscsi devstack@keystone.service[92208]: [pid: 92208|app: 0|req: 132/255] 10.222.0.94 () {56 vars in 1374 bytes} [Tue Jul 26 14:40:12 2022] GET /identity/v3/role_assignments?user.id=248db7da4a88429fb74819edb303200f&scope.project.id=21ad3a8335ad492d858142d787614be0&role.id=cf7c52610e954f74a30feba325390387 => generated 259 bytes in 430 msecs (HTTP/1.1 200) 5 headers in 177 bytes (1 switches on core 0)
Jul 26 14:40:12.511026 dv-cinder-850668-2-iscsi devstack@keystone.service[92208]: DEBUG keystone.server.flask.request_processing.req_logging [None req-e9691173-61c4-4886-b9fd-30b68d48b7a2 None None] REQUEST_METHOD: `GET` {{(pid=92208) log_request_info /opt/stack/keystone/keystone/server/flask/request_processing/req_logging.py:27}}
Jul 26 14:40:12.511918 dv-cinder-850668-2-iscsi devstack@keystone.service[92208]: DEBUG keystone.server.flask.request_processing.req_logging [None req-e9691173-61c4-4886-b9fd-30b68d48b7a2 None None] SCRIPT_NAME: `/identity` {{(pid=92208) log_request_info /opt/stack/keystone/keystone/server/flask/request_processing/req_logging.py:28}}
Jul 26 14:40:12.512765 dv-cinder-850668-2-iscsi devstack@keystone.service[92208]: DEBUG keystone.server.flask.request_processing.req_logging [None req-e9691173-61c4-4886-b9fd-30b68d48b7a2 None None] PATH_INFO: `/` {{(pid=92208) log_request_info /opt/stack/keystone/keystone/server/flask/request_processing/req_logging.py:29}}
Jul 26 14:40:12.515846 dv-cinder-850668-2-iscsi devstack@keystone.service[92208]: [pid: 92208|app: 0|req: 133/256] 10.222.0.94 () {54 vars in 926 bytes} [Tue Jul 26 14:40:12 2022] GET /identity => generated 270 bytes in 6 msecs (HTTP/1.1 300) 6 headers in 234 bytes (1 switches on core 0)
Jul 26 14:40:12.529416 dv-cinder-850668-2-iscsi devstack@keystone.service[92208]: DEBUG keystone.server.flask.request_processing.req_logging [None req-00025880-52c3-4f19-8611-154f1399561c None None] REQUEST_METHOD: `POST` {{(pid=92208) log_request_info /opt/stack/keystone/keystone/server/flask/request_processing/req_logging.py:27}}
Jul 26 14:40:12.530388 dv-cinder-850668-2-iscsi devstack@keystone.service[92208]: DEBUG keystone.server.flask.request_processing.req_logging [None req-00025880-52c3-4f19-8611-154f1399561c None None] SCRIPT_NAME: `/identity` {{(pid=92208) log_request_info /opt/stack/keystone/keystone/server/flask/request_processing/req_logging.py:28}}
Jul 26 14:40:12.531168 dv-cinder-850668-2-iscsi devstack@keystone.service[92208]: DEBUG keystone.server.flask.request_processing.req_logging [None req-00025880-52c3-4f19-8611-154f1399561c None None] PATH_INFO: `/v3/auth/tokens` {{(pid=92208) log_request_info /opt/stack/keystone/keystone/server/flask/request_processing/req_logging.py:29}}
Jul 26 14:40:12.539278 dv-cinder-850668-2-iscsi devstack@keystone.service[92209]: DEBUG keystone.common.rbac_enforcer.enforcer [None req-c9f22d8a-3243-462e-8436-6d71f142b0f9 None admin] Extracting inferred target data resulted in "NOT FOUND (404)". {{(pid=92209) enforce_call /opt/stack/keystone/keystone/common/rbac_enforcer/enforcer.py:409}}
Jul 26 14:40:12.546017 dv-cinder-850668-2-iscsi devstack@keystone.service[92209]: ERROR keystone.server.flask.application [None req-c9f22d8a-3243-462e-8436-6d71f142b0f9 None admin] Could not find role: admin.: keystone.exception.RoleNotFound: Could not find role: admin.
Jul 26 14:40:12.546017 dv-cinder-850668-2-iscsi devstack@keystone.service[92209]: ERROR keystone.server.flask.application
Traceback (most recent call last):
Jul 26 14:40:12.546017 dv-cinder-850668-2-iscsi devstack@keystone.service[92209]: ERROR keystone.server.flask.application
File "/usr/local/lib/python3.8/dist-packages/flask/app.py", line 1517, in full_dispatch_request
Jul 26 14:40:12.546017 dv-cinder-850668-2-iscsi devstack@keystone.service[92209]: ERROR keystone.server.flask.application rv = self.dispatch_request()
Jul 26 14:40:12.546017 dv-cinder-850668-2-iscsi devstack@keystone.service[92209]: ERROR keystone.server.flask.application
File "/usr/local/lib/python3.8/dist-packages/flask/app.py", line 1503, in dispatch_request
Jul 26 14:40:12.546017 dv-cinder-850668-2-iscsi devstack@keystone.service[92209]: ERROR keystone.server.flask.application return self.ensure_sync(self.view_functions[rule.endpoint])(**req.view_args)
Jul 26 14:40:12.546017 dv-cinder-850668-2-iscsi devstack@keystone.service[92209]: ERROR keystone.server.flask.application
File "/usr/local/lib/python3.8/dist-packages/flask_restful/__init__.py", line 467, in wrapper
Jul 26 14:40:12.546017 dv-cinder-850668-2-iscsi devstack@keystone.service[92209]: ERROR keystone.server.flask.application resp = resource(*args, **kwargs)
Jul 26 14:40:12.546017 dv-cinder-850668-2-iscsi devstack@keystone.service[92209]: ERROR keystone.server.flask.application
File "/usr/local/lib/python3.8/dist-packages/flask/views.py", line 84, in view
Jul 26 14:40:12.546017 dv-cinder-850668-2-iscsi devstack@keystone.service[92209]: ERROR keystone.server.flask.application return current_app.ensure_sync(self.dispatch_request)(*args, **kwargs)
Jul 26 14:40:12.546017 dv-cinder-850668-2-iscsi devstack@keystone.service[92209]: ERROR keystone.server.flask.application
File "/usr/local/lib/python3.8/dist-packages/flask_restful/__init__.py", line 582, in dispatch_request
Jul 26 14:40:12.546017 dv-cinder-850668-2-iscsi devstack@keystone.service[92209]: ERROR keystone.server.flask.application resp = meth(*args, **kwargs)
Jul 26 14:40:12.546017 dv-cinder-850668-2-iscsi devstack@keystone.service[92209]: ERROR keystone.server.flask.application
File "/opt/stack/keystone/keystone/api/roles.py", line 50, in get
Jul 26 14:40:12.546017 dv-cinder-850668-2-iscsi devstack@keystone.service[92209]: ERROR keystone.server.flask.application return self._get_role(role_id)
Jul 26 14:40:12.546017 dv-cinder-850668-2-iscsi devstack@keystone.service[92209]: ERROR keystone.server.flask.application
File "/opt/stack/keystone/keystone/api/roles.py", line 70, in _get_role
Jul 26 14:40:12.546017 dv-cinder-850668-2-iscsi devstack@keystone.service[92209]: ERROR keystone.server.flask.application ENFORCER.enforce_call(action='identity:get_role')
Jul 26 14:40:12.547908 dv-cinder-850668-2-iscsi devstack@keystone.service[92209]: ERROR keystone.server.flask.application
File "/opt/stack/keystone/keystone/common/rbac_enforcer/enforcer.py", line 402, in enforce_call
Jul 26 14:40:12.547908 dv-cinder-850668-2-iscsi devstack@keystone.service[92209]: ERROR keystone.server.flask.application policy_dict.update(cls._extract_member_target_data(
Jul 26 14:40:12.547908 dv-cinder-850668-2-iscsi devstack@keystone.service[92209]: ERROR keystone.server.flask.application
File "/opt/stack/keystone/keystone/common/rbac_enforcer/enforcer.py", line 234, in _extract_member_target_data
Jul 26 14:40:12.547908 dv-cinder-850668-2-iscsi devstack@keystone.service[92209]: ERROR keystone.server.flask.application member_name: func(flask.request.view_args[key])
Jul 26 14:40:12.547908 dv-cinder-850668-2-iscsi devstack@keystone.service[92209]: ERROR keystone.server.flask.application
File "/opt/stack/keystone/keystone/common/manager.py", line 115, in wrapped
Jul 26 14:40:12.547908 dv-cinder-850668-2-iscsi devstack@keystone.service[92209]: ERROR keystone.server.flask.application __ret_val = __f(*args, **kwargs)
Jul 26 14:40:12.547908 dv-cinder-850668-2-iscsi devstack@keystone.service[92209]: ERROR keystone.server.flask.application
File "/usr/local/lib/python3.8/dist-packages/decorator.py", line 232, in fun
Jul 26 14:40:12.547908 dv-cinder-850668-2-iscsi devstack@keystone.service[92209]: ERROR keystone.server.flask.application return caller(func, *(extras + args), **kw)
Jul 26 14:40:12.547908 dv-cinder-850668-2-iscsi devstack@keystone.service[92209]: ERROR keystone.server.flask.application
File "/usr/local/lib/python3.8/dist-packages/dogpile/cache/region.py", line 1577, in get_or_create_for_user_func
Jul 26 14:40:12.547908 dv-cinder-850668-2-iscsi devstack@keystone.service[92209]: ERROR keystone.server.flask.application return self.get_or_create(
Jul 26 14:40:12.547908 dv-cinder-850668-2-iscsi devstack@keystone.service[92209]: ERROR keystone.server.flask.application
File "/usr/local/lib/python3.8/dist-packages/dogpile/cache/region.py", line 1042, in get_or_create
Jul 26 14:40:12.547908 dv-cinder-850668-2-iscsi devstack@keystone.service[92209]: ERROR keystone.server.flask.application with Lock(
Jul 26 14:40:12.547908 dv-cinder-850668-2-iscsi devstack@keystone.service[92209]: ERROR keystone.server.flask.application
File "/usr/local/lib/python3.8/dist-packages/dogpile/lock.py", line 185, in __enter__
Jul 26 14:40:12.547908 dv-cinder-850668-2-iscsi devstack@keystone.service[92209]: ERROR keystone.server.flask.application return self._enter()
Jul 26 14:40:12.547908 dv-cinder-850668-2-iscsi devstack@keystone.service[92209]: ERROR keystone.server.flask.application
File "/usr/local/lib/python3.8/dist-packages/dogpile/lock.py", line 94, in _enter
Jul 26 14:40:12.547908 dv-cinder-850668-2-iscsi devstack@keystone.service[92209]: ERROR keystone.server.flask.application generated = self._enter_create(value, createdtime)
Jul 26 14:40:12.549508 dv-cinder-850668-2-iscsi devstack@keystone.service[92209]: ERROR keystone.server.flask.application
File "/usr/local/lib/python3.8/dist-packages/dogpile/lock.py", line 178, in _enter_create
Jul 26 14:40:12.549508 dv-cinder-850668-2-iscsi devstack@keystone.service[92209]: ERROR keystone.server.flask.application return self.creator()
Jul 26 14:40:12.549508 dv-cinder-850668-2-iscsi devstack@keystone.service[92209]: ERROR keystone.server.flask.application
File "/usr/local/lib/python3.8/dist-packages/dogpile/cache/region.py", line 995, in gen_value
Jul 26 14:40:12.549508 dv-cinder-850668-2-iscsi devstack@keystone.service[92209]: ERROR keystone.server.flask.application created_value = creator(
Jul 26 14:40:12.549508 dv-cinder-850668-2-iscsi devstack@keystone.service[92209]: ERROR keystone.server.flask.application
File "/opt/stack/keystone/keystone/assignment/core.py", line 1276, in get_role
Jul 26 14:40:12.549508 dv-cinder-850668-2-iscsi devstack@keystone.service[92209]: ERROR keystone.server.flask.application return self.driver.get_role(role_id)
Jul 26 14:40:12.549508 dv-cinder-850668-2-iscsi devstack@keystone.service[92209]: ERROR keystone.server.flask.application
File "/opt/stack/keystone/keystone/assignment/role_backends/sql.py", line 70, in get_role
Jul 26 14:40:12.549508 dv-cinder-850668-2-iscsi devstack@keystone.service[92209]: ERROR keystone.server.flask.application return self._get_role(session, role_id).to_dict()
Jul 26 14:40:12.549508 dv-cinder-850668-2-iscsi devstack@keystone.service[92209]: ERROR keystone.server.flask.application
File "/opt/stack/keystone/keystone/assignment/role_backends/sql.py", line 65, in _get_role
Jul 26 14:40:12.549508 dv-cinder-850668-2-iscsi devstack@keystone.service[92209]: ERROR keystone.server.flask.application raise exception.RoleNotFound(role_id=role_id)
Jul 26 14:40:12.549508 dv-cinder-850668-2-iscsi devstack@keystone.service[92209]: ERROR keystone.server.flask.application keystone.exception.RoleNotFound: Could not find role: admin.
Jul 26 14:40:12.549508 dv-cinder-850668-2-iscsi devstack@keystone.service[92209]: ERROR keystone.server.flask.application
Jul 26 14:40:12.549508 dv-cinder-850668-2-iscsi devstack@keystone.service[92209]: [pid: 92209|app: 0|req: 124/257] 10.222.0.94 () {56 vars in 1096 bytes} [Tue Jul 26 14:40:12 2022] GET /identity/v3/roles/admin => generated 83 bytes in 515 msecs (HTTP/1.1 404) 5 headers in 183 bytes (1 switches on core 0)
Jul 26 14:40:12.559043 dv-cinder-850668-2-iscsi devstack@keystone.service[92209]: DEBUG keystone.server.flask.request_processing.middleware.auth_context [None req-c9f22d8a-3243-462e-8436-6d71f142b0f9 None admin] Authenticating user token {{(pid=92209) process_request /usr/local/lib/python3.8/dist-packages/keystonemiddleware/auth_token/__init__.py:407}}
Jul 26 14:40:12.586723 dv-cinder-850668-2-iscsi devstack@keystone.service[92208]: DEBUG keystone.auth.core [None req-00025880-52c3-4f19-8611-154f1399561c None None] MFA Rules not processed for user `31dac45eb8764daf9a148a750fdc78a0`. Rule list: `[]` (Enabled: `True`). {{(pid=92208) check_auth_methods_against_rules /opt/stack/keystone/keystone/auth/core.py:438}}
Jul 26 14:40:12.588812 dv-cinder-850668-2-iscsi devstack@keystone.service[92208]: DEBUG keystone.common.fernet_utils [None req-00025880-52c3-4f19-8611-154f1399561c None None] Loaded 2 Fernet keys from /etc/keystone/fernet-keys/, but `[fernet_tokens] max_active_keys = 3`; perhaps there have not been enough key rotations to reach `max_active_keys` yet? {{(pid=92208) load_keys /opt/stack/keystone/keystone/common/fernet_utils.py:286}}
Jul 26 14:40:12.751154 dv-cinder-850668-2-iscsi devstack@keystone.service[92208]: DEBUG dbcounter [-] [92208] Writing DB stats keystone:SELECT=100 {{(pid=92208) stat_writer /usr/local/lib/python3.8/dist-packages/dbcounter.py:114}}
Jul 26 14:40:12.877790 dv-cinder-850668-2-iscsi devstack@keystone.service[92209]: DEBUG keystone.server.flask.request_processing.middleware.auth_context [None req-c9f22d8a-3243-462e-8436-6d71f142b0f9 None admin] Validating token access rules against request {{(pid=92209) validate_allowed_request /usr/local/lib/python3.8/dist-packages/keystonemiddleware/auth_token/__init__.py:545}}
Jul 26 14:40:12.885217 dv-cinder-850668-2-iscsi devstack@keystone.service[92208]: [pid: 92208|app: 0|req: 134/258] 10.222.0.94 () {58 vars in 1023 bytes} [Tue Jul 26 14:40:12 2022] POST /identity/v3/auth/tokens => generated 799 bytes in 358 msecs (HTTP/1.1 201) 6 headers in 363 bytes (1 switches on core 0)
Jul 26 14:40:12.904096 dv-cinder-850668-2-iscsi devstack@keystone.service[92209]: DEBUG dbcounter [-] [92209] Writing DB stats keystone:SELECT=100 {{(pid=92209) stat_writer /usr/local/lib/python3.8/dist-packages/dbcounter.py:114}}
Jul 26 14:40:12.932126 dv-cinder-850668-2-iscsi devstack@keystone.service[92208]: DEBUG keystone.server.flask.request_processing.middleware.auth_context [None req-00025880-52c3-4f19-8611-154f1399561c None None] Authenticating user token {{(pid=92208) process_request /usr/local/lib/python3.8/dist-packages/keystonemiddleware/auth_token/__init__.py:407}}
Jul 26 14:40:12.954549 dv-cinder-850668-2-iscsi devstack@keystone.service[92209]: DEBUG keystone.server.flask.request_processing.middleware.auth_context [None req-b8f83fb6-f98f-4f04-bf3a-0683dae3ab9b None admin] RBAC: auth_context: {'token': , 'domain_id': None, 'trust_id': None, 'trustor_id': None, 'trustee_id': None, 'domain_name': None, 'group_ids': [], 'user_id': '31dac45eb8764daf9a148a750fdc78a0', 'user_domain_id': 'default', 'system_scope': 'all', 'project_id': None, 'project_domain_id': None, 'roles': ['admin', 'member', 'reader'], 'is_admin_project': True, 'service_user_id': None, 'service_user_domain_id': None, 'service_project_id': None, 'service_project_domain_id': None, 'service_roles': []} {{(pid=92209) fill_context /opt/stack/keystone/keystone/server/flask/request_processing/middleware/auth_context.py:478}}
Jul 26 14:40:12.955662 dv-cinder-850668-2-iscsi devstack@keystone.service[92209]: DEBUG keystone.server.flask.request_processing.req_logging [None req-b8f83fb6-f98f-4f04-bf3a-0683dae3ab9b None admin] REQUEST_METHOD: `GET` {{(pid=92209) log_request_info /opt/stack/keystone/keystone/server/flask/request_processing/req_logging.py:27}}
Jul 26 14:40:12.956231 dv-cinder-850668-2-iscsi devstack@keystone.service[92209]: DEBUG keystone.server.flask.request_processing.req_logging [None req-b8f83fb6-f98f-4f04-bf3a-0683dae3ab9b None admin] SCRIPT_NAME: `/identity` {{(pid=92209) log_request_info /opt/stack/keystone/keystone/server/flask/request_processing/req_logging.py:28}}
Jul 26 14:40:12.956653 dv-cinder-850668-2-iscsi devstack@keystone.service[92209]: DEBUG keystone.server.flask.request_processing.req_logging [None req-b8f83fb6-f98f-4f04-bf3a-0683dae3ab9b None admin] PATH_INFO: `/v3/roles` {{(pid=92209) log_request_info /opt/stack/keystone/keystone/server/flask/request_processing/req_logging.py:29}}
Jul 26 14:40:12.958024 dv-cinder-850668-2-iscsi devstack@keystone.service[92209]: DEBUG keystone.common.rbac_enforcer.enforcer [None req-b8f83fb6-f98f-4f04-bf3a-0683dae3ab9b None admin] RBAC: Adding query filter params (name=admin) {{(pid=92209) _extract_filter_values /opt/stack/keystone/keystone/common/rbac_enforcer/enforcer.py:167}}
Jul 26 14:40:12.958584 dv-cinder-850668-2-iscsi devstack@keystone.service[92209]: DEBUG keystone.common.rbac_enforcer.enforcer [None req-b8f83fb6-f98f-4f04-bf3a-0683dae3ab9b None admin] RBAC: Authorizing `identity:list_roles()` {{(pid=92209) enforce_call /opt/stack/keystone/keystone/common/rbac_enforcer/enforcer.py:449}}
Jul 26 14:40:12.961476 dv-cinder-850668-2-iscsi devstack@keystone.service[92209]: DEBUG keystone.common.rbac_enforcer.enforcer [None req-b8f83fb6-f98f-4f04-bf3a-0683dae3ab9b None admin] RBAC: Authorization granted {{(pid=92209) enforce_call /opt/stack/keystone/keystone/common/rbac_enforcer/enforcer.py:457}}
Jul 26 14:40:12.978591 dv-cinder-850668-2-iscsi devstack@keystone.service[92209]: [pid: 92209|app: 0|req: 125/259] 10.222.0.94 () {56 vars in 1099 bytes} [Tue Jul 26 14:40:12 2022] GET /identity/v3/roles?name=admin => generated 339 bytes in 420 msecs (HTTP/1.1 200) 5 headers in 177 bytes (1 switches on core 0)
Jul 26 14:40:12.988296 dv-cinder-850668-2-iscsi devstack@keystone.service[92209]: DEBUG keystone.server.flask.request_processing.middleware.auth_context [None req-b8f83fb6-f98f-4f04-bf3a-0683dae3ab9b None admin] Authenticating user token {{(pid=92209) process_request /usr/local/lib/python3.8/dist-packages/keystonemiddleware/auth_token/__init__.py:407}}
Jul 26 14:40:13.253969 dv-cinder-850668-2-iscsi devstack@keystone.service[92209]: DEBUG keystone.server.flask.request_processing.middleware.auth_context [None req-b8f83fb6-f98f-4f04-bf3a-0683dae3ab9b None admin] Validating token access rules against request {{(pid=92209) validate_allowed_request /usr/local/lib/python3.8/dist-packages/keystonemiddleware/auth_token/__init__.py:545}}
Jul 26 14:40:13.260582 dv-cinder-850668-2-iscsi devstack@keystone.service[92208]: DEBUG keystone.server.flask.request_processing.middleware.auth_context [None req-00025880-52c3-4f19-8611-154f1399561c None None] Validating token access rules against request {{(pid=92208) validate_allowed_request /usr/local/lib/python3.8/dist-packages/keystonemiddleware/auth_token/__init__.py:545}}
Jul 26 14:40:13.336592 dv-cinder-850668-2-iscsi devstack@keystone.service[92209]: DEBUG keystone.server.flask.request_processing.middleware.auth_context [None req-697a38c7-b8f0-4bce-a4e4-0d7c25308516 None admin] RBAC: auth_context: {'token': , 'domain_id': None, 'trust_id': None, 'trustor_id': None, 'trustee_id': None, 'domain_name': None, 'group_ids': [], 'user_id': '31dac45eb8764daf9a148a750fdc78a0', 'user_domain_id': 'default', 'system_scope': 'all', 'project_id': None, 'project_domain_id': None, 'roles': ['admin', 'member', 'reader'], 'is_admin_project': True, 'service_user_id': None, 'service_user_domain_id': None, 'service_project_id': None, 'service_project_domain_id': None, 'service_roles': []} {{(pid=92209) fill_context /opt/stack/keystone/keystone/server/flask/request_processing/middleware/auth_context.py:478}}
Jul 26 14:40:13.337292 dv-cinder-850668-2-iscsi devstack@keystone.service[92209]: DEBUG keystone.server.flask.request_processing.req_logging [None req-697a38c7-b8f0-4bce-a4e4-0d7c25308516 None admin] REQUEST_METHOD: `GET` {{(pid=92209) log_request_info /opt/stack/keystone/keystone/server/flask/request_processing/req_logging.py:27}}
Jul 26 14:40:13.337578 dv-cinder-850668-2-iscsi devstack@keystone.service[92209]: DEBUG keystone.server.flask.request_processing.req_logging [None req-697a38c7-b8f0-4bce-a4e4-0d7c25308516 None admin] SCRIPT_NAME: `/identity` {{(pid=92209) log_request_info /opt/stack/keystone/keystone/server/flask/request_processing/req_logging.py:28}}
Jul 26 14:40:13.337862 dv-cinder-850668-2-iscsi devstack@keystone.service[92209]: DEBUG keystone.server.flask.request_processing.req_logging [None req-697a38c7-b8f0-4bce-a4e4-0d7c25308516 None admin] PATH_INFO: `/v3/users/d63c97bc953b43dc83b6633361d498df` {{(pid=92209) log_request_info /opt/stack/keystone/keystone/server/flask/request_processing/req_logging.py:29}}
Jul 26 14:40:13.341411 dv-cinder-850668-2-iscsi devstack@keystone.service[92208]: DEBUG keystone.server.flask.request_processing.middleware.auth_context [None req-973b000b-93f9-4aa9-84f9-035f81be0a6b None admin] RBAC: auth_context: {'token': , 'domain_id': None, 'trust_id': None, 'trustor_id': None, 'trustee_id': None, 'domain_name': None, 'group_ids': [], 'user_id': '31dac45eb8764daf9a148a750fdc78a0', 'user_domain_id': 'default', 'system_scope': 'all', 'project_id': None, 'project_domain_id': None, 'roles': ['admin', 'member', 'reader'], 'is_admin_project': True, 'service_user_id': None, 'service_user_domain_id': None, 'service_project_id': None, 'service_project_domain_id': None, 'service_roles': []} {{(pid=92208) fill_context /opt/stack/keystone/keystone/server/flask/request_processing/middleware/auth_context.py:478}}
Jul 26 14:40:13.342081 dv-cinder-850668-2-iscsi devstack@keystone.service[92208]: DEBUG keystone.server.flask.request_processing.req_logging [None req-973b000b-93f9-4aa9-84f9-035f81be0a6b None admin] REQUEST_METHOD: `GET` {{(pid=92208) log_request_info /opt/stack/keystone/keystone/server/flask/request_processing/req_logging.py:27}}
Jul 26 14:40:13.342363 dv-cinder-850668-2-iscsi devstack@keystone.service[92208]: DEBUG keystone.server.flask.request_processing.req_logging [None req-973b000b-93f9-4aa9-84f9-035f81be0a6b None admin] SCRIPT_NAME: `/identity` {{(pid=92208) log_request_info /opt/stack/keystone/keystone/server/flask/request_processing/req_logging.py:28}}
Jul 26 14:40:13.342627 dv-cinder-850668-2-iscsi devstack@keystone.service[92208]: DEBUG keystone.server.flask.request_processing.req_logging [None req-973b000b-93f9-4aa9-84f9-035f81be0a6b None admin] PATH_INFO: `/v3/roles/anotherrole` {{(pid=92208) log_request_info /opt/stack/keystone/keystone/server/flask/request_processing/req_logging.py:29}}
Jul 26 14:40:13.344107 dv-cinder-850668-2-iscsi devstack@keystone.service[92209]: DEBUG keystone.common.rbac_enforcer.enforcer [None req-697a38c7-b8f0-4bce-a4e4-0d7c25308516 None admin] RBAC: Authorizing `identity:get_user(user_id=d63c97bc953b43dc83b6633361d498df)` {{(pid=92209) enforce_call /opt/stack/keystone/keystone/common/rbac_enforcer/enforcer.py:449}}
