Jul 21 15:52:09.483666 dv-cinder-850668-1-smb devstack@keystone.service[80253]: DEBUG keystone.server.flask.request_processing.middleware.auth_context [None req-15a94139-3c2e-4af7-9367-889edb32f6c3 None admin] RBAC: auth_context: {'token': , 'domain_id': None, 'trust_id': None, 'trustor_id': None, 'trustee_id': None, 'domain_name': None, 'group_ids': [], 'user_id': 'a71b1bb7d4ea44e095e9e4bdd64ff70b', 'user_domain_id': 'default', 'system_scope': 'all', 'project_id': None, 'project_domain_id': None, 'roles': ['admin', 'member', 'reader'], 'is_admin_project': True, 'service_user_id': None, 'service_user_domain_id': None, 'service_project_id': None, 'service_project_domain_id': None, 'service_roles': []} {{(pid=80253) fill_context /opt/stack/keystone/keystone/server/flask/request_processing/middleware/auth_context.py:478}}
Jul 21 15:52:09.484413 dv-cinder-850668-1-smb devstack@keystone.service[80253]: DEBUG keystone.server.flask.request_processing.req_logging [None req-15a94139-3c2e-4af7-9367-889edb32f6c3 None admin] REQUEST_METHOD: `GET` {{(pid=80253) log_request_info /opt/stack/keystone/keystone/server/flask/request_processing/req_logging.py:27}}
Jul 21 15:52:09.484696 dv-cinder-850668-1-smb devstack@keystone.service[80253]: DEBUG keystone.server.flask.request_processing.req_logging [None req-15a94139-3c2e-4af7-9367-889edb32f6c3 None admin] SCRIPT_NAME: `/identity` {{(pid=80253) log_request_info /opt/stack/keystone/keystone/server/flask/request_processing/req_logging.py:28}}
Jul 21 15:52:09.484970 dv-cinder-850668-1-smb devstack@keystone.service[80253]: DEBUG keystone.server.flask.request_processing.req_logging [None req-15a94139-3c2e-4af7-9367-889edb32f6c3 None admin] PATH_INFO: `/v3/roles` {{(pid=80253) log_request_info /opt/stack/keystone/keystone/server/flask/request_processing/req_logging.py:29}}
Jul 21 15:52:09.485791 dv-cinder-850668-1-smb devstack@keystone.service[80253]: DEBUG keystone.common.rbac_enforcer.enforcer [None req-15a94139-3c2e-4af7-9367-889edb32f6c3 None admin] RBAC: Adding query filter params (name=anotherrole) {{(pid=80253) _extract_filter_values /opt/stack/keystone/keystone/common/rbac_enforcer/enforcer.py:167}}
Jul 21 15:52:09.486255 dv-cinder-850668-1-smb devstack@keystone.service[80253]: DEBUG keystone.common.rbac_enforcer.enforcer [None req-15a94139-3c2e-4af7-9367-889edb32f6c3 None admin] RBAC: Authorizing `identity:list_roles()` {{(pid=80253) enforce_call /opt/stack/keystone/keystone/common/rbac_enforcer/enforcer.py:449}}
Jul 21 15:52:09.487601 dv-cinder-850668-1-smb devstack@keystone.service[80253]: DEBUG keystone.common.rbac_enforcer.enforcer [None req-15a94139-3c2e-4af7-9367-889edb32f6c3 None admin] RBAC: Authorization granted {{(pid=80253) enforce_call /opt/stack/keystone/keystone/common/rbac_enforcer/enforcer.py:457}}
Jul 21 15:52:09.502322 dv-cinder-850668-1-smb devstack@keystone.service[80253]: [pid: 80253|app: 0|req: 187/393] 10.222.0.64 () {56 vars in 1111 bytes} [Thu Jul 21 15:52:09 2022] GET /identity/v3/roles?name=anotherrole => generated 334 bytes in 184 msecs (HTTP/1.1 200) 5 headers in 177 bytes (1 switches on core 0)
Jul 21 15:52:09.503628 dv-cinder-850668-1-smb devstack@keystone.service[80252]: DEBUG keystone.server.flask.request_processing.middleware.auth_context [None req-832adff4-2939-4499-9141-b68e818dfd19 None None] Validating token access rules against request {{(pid=80252) validate_allowed_request /usr/local/lib/python3.8/dist-packages/keystonemiddleware/auth_token/__init__.py:545}}
Jul 21 15:52:09.507647 dv-cinder-850668-1-smb devstack@keystone.service[80253]: DEBUG keystone.server.flask.request_processing.middleware.auth_context [None req-15a94139-3c2e-4af7-9367-889edb32f6c3 None admin] Authenticating user token {{(pid=80253) process_request /usr/local/lib/python3.8/dist-packages/keystonemiddleware/auth_token/__init__.py:407}}
Jul 21 15:52:09.543217 dv-cinder-850668-1-smb devstack@keystone.service[80253]: DEBUG dbcounter [-] [80253] Writing DB stats keystone:SELECT=100 {{(pid=80253) stat_writer /usr/local/lib/python3.8/dist-packages/dbcounter.py:114}}
Jul 21 15:52:09.544698 dv-cinder-850668-1-smb devstack@keystone.service[80252]: DEBUG keystone.server.flask.request_processing.middleware.auth_context [None req-e6c94f8a-8cc4-4a68-b3d3-a5015659a503 None admin] RBAC: auth_context: {'token': , 'domain_id': None, 'trust_id': None, 'trustor_id': None, 'trustee_id': None, 'domain_name': None, 'group_ids': [], 'user_id': 'a71b1bb7d4ea44e095e9e4bdd64ff70b', 'user_domain_id': 'default', 'system_scope': 'all', 'project_id': None, 'project_domain_id': None, 'roles': ['admin', 'member', 'reader'], 'is_admin_project': True, 'service_user_id': None, 'service_user_domain_id': None, 'service_project_id': None, 'service_project_domain_id': None, 'service_roles': []} {{(pid=80252) fill_context /opt/stack/keystone/keystone/server/flask/request_processing/middleware/auth_context.py:478}}
Jul 21 15:52:09.545974 dv-cinder-850668-1-smb devstack@keystone.service[80252]: DEBUG keystone.server.flask.request_processing.req_logging [None req-e6c94f8a-8cc4-4a68-b3d3-a5015659a503 None admin] REQUEST_METHOD: `GET` {{(pid=80252) log_request_info /opt/stack/keystone/keystone/server/flask/request_processing/req_logging.py:27}}
Jul 21 15:52:09.546492 dv-cinder-850668-1-smb devstack@keystone.service[80252]: DEBUG keystone.server.flask.request_processing.req_logging [None req-e6c94f8a-8cc4-4a68-b3d3-a5015659a503 None admin] SCRIPT_NAME: `/identity` {{(pid=80252) log_request_info /opt/stack/keystone/keystone/server/flask/request_processing/req_logging.py:28}}
Jul 21 15:52:09.548072 dv-cinder-850668-1-smb devstack@keystone.service[80252]: DEBUG keystone.server.flask.request_processing.req_logging [None req-e6c94f8a-8cc4-4a68-b3d3-a5015659a503 None admin] PATH_INFO: `/v3/roles/member` {{(pid=80252) log_request_info /opt/stack/keystone/keystone/server/flask/request_processing/req_logging.py:29}}
Jul 21 15:52:09.561921 dv-cinder-850668-1-smb devstack@keystone.service[80252]: DEBUG keystone.common.rbac_enforcer.enforcer [None req-e6c94f8a-8cc4-4a68-b3d3-a5015659a503 None admin] Extracting inferred target data resulted in "NOT FOUND (404)". {{(pid=80252) enforce_call /opt/stack/keystone/keystone/common/rbac_enforcer/enforcer.py:409}}
Jul 21 15:52:09.570594 dv-cinder-850668-1-smb devstack@keystone.service[80252]: ERROR keystone.server.flask.application [None req-e6c94f8a-8cc4-4a68-b3d3-a5015659a503 None admin] Could not find role: member.: keystone.exception.RoleNotFound: Could not find role: member.
Jul 21 15:52:09.570594 dv-cinder-850668-1-smb devstack@keystone.service[80252]: ERROR keystone.server.flask.application
Traceback (most recent call last):
Jul 21 15:52:09.570594 dv-cinder-850668-1-smb devstack@keystone.service[80252]: ERROR keystone.server.flask.application
File "/usr/local/lib/python3.8/dist-packages/flask/app.py", line 1523, in full_dispatch_request
Jul 21 15:52:09.570594 dv-cinder-850668-1-smb devstack@keystone.service[80252]: ERROR keystone.server.flask.application rv = self.dispatch_request()
Jul 21 15:52:09.570594 dv-cinder-850668-1-smb devstack@keystone.service[80252]: ERROR keystone.server.flask.application
File "/usr/local/lib/python3.8/dist-packages/flask/app.py", line 1509, in dispatch_request
Jul 21 15:52:09.570594 dv-cinder-850668-1-smb devstack@keystone.service[80252]: ERROR keystone.server.flask.application return self.ensure_sync(self.view_functions[rule.endpoint])(**req.view_args)
Jul 21 15:52:09.570594 dv-cinder-850668-1-smb devstack@keystone.service[80252]: ERROR keystone.server.flask.application
File "/usr/local/lib/python3.8/dist-packages/flask_restful/__init__.py", line 467, in wrapper
Jul 21 15:52:09.570594 dv-cinder-850668-1-smb devstack@keystone.service[80252]: ERROR keystone.server.flask.application resp = resource(*args, **kwargs)
Jul 21 15:52:09.570594 dv-cinder-850668-1-smb devstack@keystone.service[80252]: ERROR keystone.server.flask.application
File "/usr/local/lib/python3.8/dist-packages/flask/views.py", line 84, in view
Jul 21 15:52:09.570594 dv-cinder-850668-1-smb devstack@keystone.service[80252]: ERROR keystone.server.flask.application return current_app.ensure_sync(self.dispatch_request)(*args, **kwargs)
Jul 21 15:52:09.570594 dv-cinder-850668-1-smb devstack@keystone.service[80252]: ERROR keystone.server.flask.application
File "/usr/local/lib/python3.8/dist-packages/flask_restful/__init__.py", line 582, in dispatch_request
Jul 21 15:52:09.570594 dv-cinder-850668-1-smb devstack@keystone.service[80252]: ERROR keystone.server.flask.application resp = meth(*args, **kwargs)
Jul 21 15:52:09.570594 dv-cinder-850668-1-smb devstack@keystone.service[80252]: ERROR keystone.server.flask.application
File "/opt/stack/keystone/keystone/api/roles.py", line 50, in get
Jul 21 15:52:09.570594 dv-cinder-850668-1-smb devstack@keystone.service[80252]: ERROR keystone.server.flask.application return self._get_role(role_id)
Jul 21 15:52:09.570594 dv-cinder-850668-1-smb devstack@keystone.service[80252]: ERROR keystone.server.flask.application
File "/opt/stack/keystone/keystone/api/roles.py", line 70, in _get_role
Jul 21 15:52:09.570594 dv-cinder-850668-1-smb devstack@keystone.service[80252]: ERROR keystone.server.flask.application ENFORCER.enforce_call(action='identity:get_role')
Jul 21 15:52:09.571575 dv-cinder-850668-1-smb devstack@keystone.service[80252]: ERROR keystone.server.flask.application
File "/opt/stack/keystone/keystone/common/rbac_enforcer/enforcer.py", line 402, in enforce_call
Jul 21 15:52:09.571575 dv-cinder-850668-1-smb devstack@keystone.service[80252]: ERROR keystone.server.flask.application policy_dict.update(cls._extract_member_target_data(
Jul 21 15:52:09.571575 dv-cinder-850668-1-smb devstack@keystone.service[80252]: ERROR keystone.server.flask.application
File "/opt/stack/keystone/keystone/common/rbac_enforcer/enforcer.py", line 234, in _extract_member_target_data
Jul 21 15:52:09.571575 dv-cinder-850668-1-smb devstack@keystone.service[80252]: ERROR keystone.server.flask.application member_name: func(flask.request.view_args[key])
Jul 21 15:52:09.571575 dv-cinder-850668-1-smb devstack@keystone.service[80252]: ERROR keystone.server.flask.application
File "/opt/stack/keystone/keystone/common/manager.py", line 115, in wrapped
Jul 21 15:52:09.571575 dv-cinder-850668-1-smb devstack@keystone.service[80252]: ERROR keystone.server.flask.application __ret_val = __f(*args, **kwargs)
Jul 21 15:52:09.571575 dv-cinder-850668-1-smb devstack@keystone.service[80252]: ERROR keystone.server.flask.application
File "/usr/local/lib/python3.8/dist-packages/decorator.py", line 232, in fun
Jul 21 15:52:09.571575 dv-cinder-850668-1-smb devstack@keystone.service[80252]: ERROR keystone.server.flask.application return caller(func, *(extras + args), **kw)
Jul 21 15:52:09.571575 dv-cinder-850668-1-smb devstack@keystone.service[80252]: ERROR keystone.server.flask.application
File "/usr/local/lib/python3.8/dist-packages/dogpile/cache/region.py", line 1577, in get_or_create_for_user_func
Jul 21 15:52:09.571575 dv-cinder-850668-1-smb devstack@keystone.service[80252]: ERROR keystone.server.flask.application return self.get_or_create(
Jul 21 15:52:09.571575 dv-cinder-850668-1-smb devstack@keystone.service[80252]: ERROR keystone.server.flask.application
File "/usr/local/lib/python3.8/dist-packages/dogpile/cache/region.py", line 1042, in get_or_create
Jul 21 15:52:09.571575 dv-cinder-850668-1-smb devstack@keystone.service[80252]: ERROR keystone.server.flask.application with Lock(
Jul 21 15:52:09.571575 dv-cinder-850668-1-smb devstack@keystone.service[80252]: ERROR keystone.server.flask.application
File "/usr/local/lib/python3.8/dist-packages/dogpile/lock.py", line 185, in __enter__
Jul 21 15:52:09.571575 dv-cinder-850668-1-smb devstack@keystone.service[80252]: ERROR keystone.server.flask.application return self._enter()
Jul 21 15:52:09.571575 dv-cinder-850668-1-smb devstack@keystone.service[80252]: ERROR keystone.server.flask.application
File "/usr/local/lib/python3.8/dist-packages/dogpile/lock.py", line 94, in _enter
Jul 21 15:52:09.571575 dv-cinder-850668-1-smb devstack@keystone.service[80252]: ERROR keystone.server.flask.application generated = self._enter_create(value, createdtime)
Jul 21 15:52:09.572451 dv-cinder-850668-1-smb devstack@keystone.service[80252]: ERROR keystone.server.flask.application
File "/usr/local/lib/python3.8/dist-packages/dogpile/lock.py", line 178, in _enter_create
Jul 21 15:52:09.572451 dv-cinder-850668-1-smb devstack@keystone.service[80252]: ERROR keystone.server.flask.application return self.creator()
Jul 21 15:52:09.572451 dv-cinder-850668-1-smb devstack@keystone.service[80252]: ERROR keystone.server.flask.application
File "/usr/local/lib/python3.8/dist-packages/dogpile/cache/region.py", line 995, in gen_value
Jul 21 15:52:09.572451 dv-cinder-850668-1-smb devstack@keystone.service[80252]: ERROR keystone.server.flask.application created_value = creator(
Jul 21 15:52:09.572451 dv-cinder-850668-1-smb devstack@keystone.service[80252]: ERROR keystone.server.flask.application
File "/opt/stack/keystone/keystone/assignment/core.py", line 1276, in get_role
Jul 21 15:52:09.572451 dv-cinder-850668-1-smb devstack@keystone.service[80252]: ERROR keystone.server.flask.application return self.driver.get_role(role_id)
Jul 21 15:52:09.572451 dv-cinder-850668-1-smb devstack@keystone.service[80252]: ERROR keystone.server.flask.application
File "/opt/stack/keystone/keystone/assignment/role_backends/sql.py", line 70, in get_role
Jul 21 15:52:09.572451 dv-cinder-850668-1-smb devstack@keystone.service[80252]: ERROR keystone.server.flask.application return self._get_role(session, role_id).to_dict()
Jul 21 15:52:09.572451 dv-cinder-850668-1-smb devstack@keystone.service[80252]: ERROR keystone.server.flask.application
File "/opt/stack/keystone/keystone/assignment/role_backends/sql.py", line 65, in _get_role
Jul 21 15:52:09.572451 dv-cinder-850668-1-smb devstack@keystone.service[80252]: ERROR keystone.server.flask.application raise exception.RoleNotFound(role_id=role_id)
Jul 21 15:52:09.572451 dv-cinder-850668-1-smb devstack@keystone.service[80252]: ERROR keystone.server.flask.application keystone.exception.RoleNotFound: Could not find role: member.
Jul 21 15:52:09.572451 dv-cinder-850668-1-smb devstack@keystone.service[80252]: ERROR keystone.server.flask.application
Jul 21 15:52:09.579064 dv-cinder-850668-1-smb devstack@keystone.service[80252]: [pid: 80252|app: 0|req: 207/394] 10.222.0.64 () {56 vars in 1099 bytes} [Thu Jul 21 15:52:09 2022] GET /identity/v3/roles/member => generated 84 bytes in 192 msecs (HTTP/1.1 404) 5 headers in 183 bytes (2 switches on core 0)
Jul 21 15:52:09.581733 dv-cinder-850668-1-smb devstack@keystone.service[80252]: DEBUG keystone.server.flask.request_processing.middleware.auth_context [None req-e6c94f8a-8cc4-4a68-b3d3-a5015659a503 None admin] Authenticating user token {{(pid=80252) process_request /usr/local/lib/python3.8/dist-packages/keystonemiddleware/auth_token/__init__.py:407}}
Jul 21 15:52:09.649698 dv-cinder-850668-1-smb devstack@keystone.service[80253]: DEBUG keystone.server.flask.request_processing.middleware.auth_context [None req-15a94139-3c2e-4af7-9367-889edb32f6c3 None admin] Validating token access rules against request {{(pid=80253) validate_allowed_request /usr/local/lib/python3.8/dist-packages/keystonemiddleware/auth_token/__init__.py:545}}
Jul 21 15:52:09.679318 dv-cinder-850668-1-smb devstack@keystone.service[80252]: DEBUG dbcounter [-] [80252] Writing DB stats keystone:SELECT=100 {{(pid=80252) stat_writer /usr/local/lib/python3.8/dist-packages/dbcounter.py:114}}
Jul 21 15:52:09.687639 dv-cinder-850668-1-smb devstack@keystone.service[80253]: DEBUG keystone.server.flask.request_processing.middleware.auth_context [None req-5d1392c5-815e-42f7-a814-fa71e2b43b35 None admin] RBAC: auth_context: {'token': , 'domain_id': None, 'trust_id': None, 'trustor_id': None, 'trustee_id': None, 'domain_name': None, 'group_ids': [], 'user_id': 'a71b1bb7d4ea44e095e9e4bdd64ff70b', 'user_domain_id': 'default', 'system_scope': 'all', 'project_id': None, 'project_domain_id': None, 'roles': ['admin', 'member', 'reader'], 'is_admin_project': True, 'service_user_id': None, 'service_user_domain_id': None, 'service_project_id': None, 'service_project_domain_id': None, 'service_roles': []} {{(pid=80253) fill_context /opt/stack/keystone/keystone/server/flask/request_processing/middleware/auth_context.py:478}}
Jul 21 15:52:09.688533 dv-cinder-850668-1-smb devstack@keystone.service[80253]: DEBUG keystone.server.flask.request_processing.req_logging [None req-5d1392c5-815e-42f7-a814-fa71e2b43b35 None admin] REQUEST_METHOD: `GET` {{(pid=80253) log_request_info /opt/stack/keystone/keystone/server/flask/request_processing/req_logging.py:27}}
Jul 21 15:52:09.688815 dv-cinder-850668-1-smb devstack@keystone.service[80253]: DEBUG keystone.server.flask.request_processing.req_logging [None req-5d1392c5-815e-42f7-a814-fa71e2b43b35 None admin] SCRIPT_NAME: `/identity` {{(pid=80253) log_request_info /opt/stack/keystone/keystone/server/flask/request_processing/req_logging.py:28}}
Jul 21 15:52:09.689090 dv-cinder-850668-1-smb devstack@keystone.service[80253]: DEBUG keystone.server.flask.request_processing.req_logging [None req-5d1392c5-815e-42f7-a814-fa71e2b43b35 None admin] PATH_INFO: `/v3/groups/f1ddfcb6b7544fad8d81b7875e8d89f7` {{(pid=80253) log_request_info /opt/stack/keystone/keystone/server/flask/request_processing/req_logging.py:29}}
Jul 21 15:52:09.690430 dv-cinder-850668-1-smb devstack@keystone.service[80253]: DEBUG keystone.common.rbac_enforcer.enforcer [None req-5d1392c5-815e-42f7-a814-fa71e2b43b35 None admin] RBAC: Authorizing `identity:get_group(group_id=f1ddfcb6b7544fad8d81b7875e8d89f7)` {{(pid=80253) enforce_call /opt/stack/keystone/keystone/common/rbac_enforcer/enforcer.py:449}}
Jul 21 15:52:09.693115 dv-cinder-850668-1-smb devstack@keystone.service[80253]: DEBUG keystone.common.rbac_enforcer.enforcer [None req-5d1392c5-815e-42f7-a814-fa71e2b43b35 None admin] RBAC: Authorization granted {{(pid=80253) enforce_call /opt/stack/keystone/keystone/common/rbac_enforcer/enforcer.py:457}}
Jul 21 15:52:09.695197 dv-cinder-850668-1-smb devstack@keystone.service[80253]: [pid: 80253|app: 0|req: 188/395] 10.222.0.64 () {56 vars in 1180 bytes} [Thu Jul 21 15:52:09 2022] GET /identity/v3/groups/f1ddfcb6b7544fad8d81b7875e8d89f7 => generated 226 bytes in 188 msecs (HTTP/1.1 200) 5 headers in 177 bytes (1 switches on core 0)
Jul 21 15:52:09.702756 dv-cinder-850668-1-smb devstack@keystone.service[80253]: DEBUG keystone.server.flask.request_processing.middleware.auth_context [None req-5d1392c5-815e-42f7-a814-fa71e2b43b35 None admin] Authenticating user token {{(pid=80253) process_request /usr/local/lib/python3.8/dist-packages/keystonemiddleware/auth_token/__init__.py:407}}
Jul 21 15:52:09.712874 dv-cinder-850668-1-smb devstack@keystone.service[80252]: DEBUG keystone.server.flask.request_processing.middleware.auth_context [None req-e6c94f8a-8cc4-4a68-b3d3-a5015659a503 None admin] Validating token access rules against request {{(pid=80252) validate_allowed_request /usr/local/lib/python3.8/dist-packages/keystonemiddleware/auth_token/__init__.py:545}}
Jul 21 15:52:09.754505 dv-cinder-850668-1-smb devstack@keystone.service[80252]: DEBUG keystone.server.flask.request_processing.middleware.auth_context [None req-8cf5496e-b976-4c28-b6df-3a20f819a223 None admin] RBAC: auth_context: {'token': , 'domain_id': None, 'trust_id': None, 'trustor_id': None, 'trustee_id': None, 'domain_name': None, 'group_ids': [], 'user_id': 'a71b1bb7d4ea44e095e9e4bdd64ff70b', 'user_domain_id': 'default', 'system_scope': 'all', 'project_id': None, 'project_domain_id': None, 'roles': ['admin', 'member', 'reader'], 'is_admin_project': True, 'service_user_id': None, 'service_user_domain_id': None, 'service_project_id': None, 'service_project_domain_id': None, 'service_roles': []} {{(pid=80252) fill_context /opt/stack/keystone/keystone/server/flask/request_processing/middleware/auth_context.py:478}}
Jul 21 15:52:09.755321 dv-cinder-850668-1-smb devstack@keystone.service[80252]: DEBUG keystone.server.flask.request_processing.req_logging [None req-8cf5496e-b976-4c28-b6df-3a20f819a223 None admin] REQUEST_METHOD: `GET` {{(pid=80252) log_request_info /opt/stack/keystone/keystone/server/flask/request_processing/req_logging.py:27}}
Jul 21 15:52:09.755844 dv-cinder-850668-1-smb devstack@keystone.service[80252]: DEBUG keystone.server.flask.request_processing.req_logging [None req-8cf5496e-b976-4c28-b6df-3a20f819a223 None admin] SCRIPT_NAME: `/identity` {{(pid=80252) log_request_info /opt/stack/keystone/keystone/server/flask/request_processing/req_logging.py:28}}
Jul 21 15:52:09.756302 dv-cinder-850668-1-smb devstack@keystone.service[80252]: DEBUG keystone.server.flask.request_processing.req_logging [None req-8cf5496e-b976-4c28-b6df-3a20f819a223 None admin] PATH_INFO: `/v3/roles` {{(pid=80252) log_request_info /opt/stack/keystone/keystone/server/flask/request_processing/req_logging.py:29}}
Jul 21 15:52:09.757599 dv-cinder-850668-1-smb devstack@keystone.service[80252]: DEBUG keystone.common.rbac_enforcer.enforcer [None req-8cf5496e-b976-4c28-b6df-3a20f819a223 None admin] RBAC: Adding query filter params (name=member) {{(pid=80252) _extract_filter_values /opt/stack/keystone/keystone/common/rbac_enforcer/enforcer.py:167}}
Jul 21 15:52:09.758119 dv-cinder-850668-1-smb devstack@keystone.service[80252]: DEBUG keystone.common.rbac_enforcer.enforcer [None req-8cf5496e-b976-4c28-b6df-3a20f819a223 None admin] RBAC: Authorizing `identity:list_roles()` {{(pid=80252) enforce_call /opt/stack/keystone/keystone/common/rbac_enforcer/enforcer.py:449}}
Jul 21 15:52:09.761018 dv-cinder-850668-1-smb devstack@keystone.service[80252]: DEBUG keystone.common.rbac_enforcer.enforcer [None req-8cf5496e-b976-4c28-b6df-3a20f819a223 None admin] RBAC: Authorization granted {{(pid=80252) enforce_call /opt/stack/keystone/keystone/common/rbac_enforcer/enforcer.py:457}}
Jul 21 15:52:09.774958 dv-cinder-850668-1-smb devstack@keystone.service[80252]: [pid: 80252|app: 0|req: 208/396] 10.222.0.64 () {56 vars in 1101 bytes} [Thu Jul 21 15:52:09 2022] GET /identity/v3/roles?name=member => generated 341 bytes in 189 msecs (HTTP/1.1 200) 5 headers in 177 bytes (1 switches on core 0)
Jul 21 15:52:09.776344 dv-cinder-850668-1-smb devstack@keystone.service[80252]: DEBUG keystone.server.flask.request_processing.middleware.auth_context [None req-8cf5496e-b976-4c28-b6df-3a20f819a223 None admin] Authenticating user token {{(pid=80252) process_request /usr/local/lib/python3.8/dist-packages/keystonemiddleware/auth_token/__init__.py:407}}
Jul 21 15:52:09.903613 dv-cinder-850668-1-smb devstack@keystone.service[80253]: DEBUG dbcounter [-] [80253] Writing DB stats keystone:SELECT=100 {{(pid=80253) stat_writer /usr/local/lib/python3.8/dist-packages/dbcounter.py:114}}
Jul 21 15:52:09.924393 dv-cinder-850668-1-smb devstack@keystone.service[80253]: DEBUG keystone.server.flask.request_processing.middleware.auth_context [None req-5d1392c5-815e-42f7-a814-fa71e2b43b35 None admin] Validating token access rules against request {{(pid=80253) validate_allowed_request /usr/local/lib/python3.8/dist-packages/keystonemiddleware/auth_token/__init__.py:545}}
Jul 21 15:52:09.936050 dv-cinder-850668-1-smb devstack@keystone.service[80252]: DEBUG keystone.server.flask.request_processing.middleware.auth_context [None req-8cf5496e-b976-4c28-b6df-3a20f819a223 None admin] Validating token access rules against request {{(pid=80252) validate_allowed_request /usr/local/lib/python3.8/dist-packages/keystonemiddleware/auth_token/__init__.py:545}}
Jul 21 15:52:09.991332 dv-cinder-850668-1-smb devstack@keystone.service[80253]: DEBUG keystone.server.flask.request_processing.middleware.auth_context [None req-6cddc355-7dd1-4219-bf78-745db62f96ad None admin] RBAC: auth_context: {'token': , 'domain_id': None, 'trust_id': None, 'trustor_id': None, 'trustee_id': None, 'domain_name': None, 'group_ids': [], 'user_id': 'a71b1bb7d4ea44e095e9e4bdd64ff70b', 'user_domain_id': 'default', 'system_scope': 'all', 'project_id': None, 'project_domain_id': None, 'roles': ['admin', 'member', 'reader'], 'is_admin_project': True, 'service_user_id': None, 'service_user_domain_id': None, 'service_project_id': None, 'service_project_domain_id': None, 'service_roles': []} {{(pid=80253) fill_context /opt/stack/keystone/keystone/server/flask/request_processing/middleware/auth_context.py:478}}
Jul 21 15:52:09.992632 dv-cinder-850668-1-smb devstack@keystone.service[80253]: DEBUG keystone.server.flask.request_processing.req_logging [None req-6cddc355-7dd1-4219-bf78-745db62f96ad None admin] REQUEST_METHOD: `GET` {{(pid=80253) log_request_info /opt/stack/keystone/keystone/server/flask/request_processing/req_logging.py:27}}
Jul 21 15:52:09.993113 dv-cinder-850668-1-smb devstack@keystone.service[80253]: DEBUG keystone.server.flask.request_processing.req_logging [None req-6cddc355-7dd1-4219-bf78-745db62f96ad None admin] SCRIPT_NAME: `/identity` {{(pid=80253) log_request_info /opt/stack/keystone/keystone/server/flask/request_processing/req_logging.py:28}}
Jul 21 15:52:09.993600 dv-cinder-850668-1-smb devstack@keystone.service[80253]: DEBUG keystone.server.flask.request_processing.req_logging [None req-6cddc355-7dd1-4219-bf78-745db62f96ad None admin] PATH_INFO: `/v3/projects/10efcfb517724a609d32a0457044f00c` {{(pid=80253) log_request_info /opt/stack/keystone/keystone/server/flask/request_processing/req_logging.py:29}}
Jul 21 15:52:09.995225 dv-cinder-850668-1-smb devstack@keystone.service[80253]: DEBUG keystone.common.rbac_enforcer.enforcer [None req-6cddc355-7dd1-4219-bf78-745db62f96ad None admin] RBAC: Authorizing `identity:get_project(project_id=10efcfb517724a609d32a0457044f00c)` {{(pid=80253) enforce_call /opt/stack/keystone/keystone/common/rbac_enforcer/enforcer.py:449}}
Jul 21 15:52:09.997752 dv-cinder-850668-1-smb devstack@keystone.service[80253]: DEBUG keystone.common.rbac_enforcer.enforcer [None req-6cddc355-7dd1-4219-bf78-745db62f96ad None admin] RBAC: Authorization granted {{(pid=80253) enforce_call /opt/stack/keystone/keystone/common/rbac_enforcer/enforcer.py:457}}
Jul 21 15:52:10.000178 dv-cinder-850668-1-smb devstack@keystone.service[80253]: [pid: 80253|app: 0|req: 189/397] 10.222.0.64 () {56 vars in 1186 bytes} [Thu Jul 21 15:52:09 2022] GET /identity/v3/projects/10efcfb517724a609d32a0457044f00c => generated 298 bytes in 298 msecs (HTTP/1.1 200) 5 headers in 177 bytes (1 switches on core 0)
Jul 21 15:52:10.003606 dv-cinder-850668-1-smb devstack@keystone.service[80252]: DEBUG keystone.server.flask.request_processing.middleware.auth_context [None req-a55744da-f338-4619-ba4e-719f7d2a1ad4 None admin] RBAC: auth_context: {'token': , 'domain_id': None, 'trust_id': None, 'trustor_id': None, 'trustee_id': None, 'domain_name': None, 'group_ids': [], 'user_id': 'a71b1bb7d4ea44e095e9e4bdd64ff70b', 'user_domain_id': 'default', 'system_scope': 'all', 'project_id': None, 'project_domain_id': None, 'roles': ['admin', 'member', 'reader'], 'is_admin_project': True, 'service_user_id': None, 'service_user_domain_id': None, 'service_project_id': None, 'service_project_domain_id': None, 'service_roles': []} {{(pid=80252) fill_context /opt/stack/keystone/keystone/server/flask/request_processing/middleware/auth_context.py:478}}
Jul 21 15:52:10.004935 dv-cinder-850668-1-smb devstack@keystone.service[80252]: DEBUG keystone.server.flask.request_processing.req_logging [None req-a55744da-f338-4619-ba4e-719f7d2a1ad4 None admin] REQUEST_METHOD: `GET` {{(pid=80252) log_request_info /opt/stack/keystone/keystone/server/flask/request_processing/req_logging.py:27}}
Jul 21 15:52:10.005505 dv-cinder-850668-1-smb devstack@keystone.service[80252]: DEBUG keystone.server.flask.request_processing.req_logging [None req-a55744da-f338-4619-ba4e-719f7d2a1ad4 None admin] SCRIPT_NAME: `/identity` {{(pid=80252) log_request_info /opt/stack/keystone/keystone/server/flask/request_processing/req_logging.py:28}}
Jul 21 15:52:10.006561 dv-cinder-850668-1-smb devstack@keystone.service[80253]: DEBUG keystone.server.flask.request_processing.middleware.auth_context [None req-6cddc355-7dd1-4219-bf78-745db62f96ad None admin] Authenticating user token {{(pid=80253) process_request /usr/local/lib/python3.8/dist-packages/keystonemiddleware/auth_token/__init__.py:407}}
Jul 21 15:52:10.007086 dv-cinder-850668-1-smb devstack@keystone.service[80252]: DEBUG keystone.server.flask.request_processing.req_logging [None req-a55744da-f338-4619-ba4e-719f7d2a1ad4 None admin] PATH_INFO: `/v3/groups/f1ddfcb6b7544fad8d81b7875e8d89f7` {{(pid=80252) log_request_info /opt/stack/keystone/keystone/server/flask/request_processing/req_logging.py:29}}
Jul 21 15:52:10.012224 dv-cinder-850668-1-smb devstack@keystone.service[80252]: DEBUG keystone.common.rbac_enforcer.enforcer [None req-a55744da-f338-4619-ba4e-719f7d2a1ad4 None admin] RBAC: Authorizing `identity:get_group(group_id=f1ddfcb6b7544fad8d81b7875e8d89f7)` {{(pid=80252) enforce_call /opt/stack/keystone/keystone/common/rbac_enforcer/enforcer.py:449}}
Jul 21 15:52:10.014023 dv-cinder-850668-1-smb devstack@keystone.service[80252]: DEBUG keystone.common.rbac_enforcer.enforcer [None req-a55744da-f338-4619-ba4e-719f7d2a1ad4 None admin] RBAC: Authorization granted {{(pid=80252) enforce_call /opt/stack/keystone/keystone/common/rbac_enforcer/enforcer.py:457}}
Jul 21 15:52:10.027225 dv-cinder-850668-1-smb devstack@keystone.service[80252]: [pid: 80252|app: 0|req: 209/398] 10.222.0.64 () {56 vars in 1180 bytes} [Thu Jul 21 15:52:09 2022] GET /identity/v3/groups/f1ddfcb6b7544fad8d81b7875e8d89f7 => generated 226 bytes in 251 msecs (HTTP/1.1 200) 5 headers in 177 bytes (1 switches on core 0)
Jul 21 15:52:10.044669 dv-cinder-850668-1-smb devstack@keystone.service[80252]: DEBUG keystone.server.flask.request_processing.middleware.auth_context [None req-a55744da-f338-4619-ba4e-719f7d2a1ad4 None admin] Authenticating user token {{(pid=80252) process_request /usr/local/lib/python3.8/dist-packages/keystonemiddleware/auth_token/__init__.py:407}}
Jul 21 15:52:10.062833 dv-cinder-850668-1-smb devstack@keystone.service[80252]: DEBUG dbcounter [-] [80252] Writing DB stats keystone:SELECT=100 {{(pid=80252) stat_writer /usr/local/lib/python3.8/dist-packages/dbcounter.py:114}}
Jul 21 15:52:10.164859 dv-cinder-850668-1-smb devstack@keystone.service[80253]: DEBUG keystone.server.flask.request_processing.middleware.auth_context [None req-6cddc355-7dd1-4219-bf78-745db62f96ad None admin] Validating token access rules against request {{(pid=80253) validate_allowed_request /usr/local/lib/python3.8/dist-packages/keystonemiddleware/auth_token/__init__.py:545}}
Jul 21 15:52:10.213709 dv-cinder-850668-1-smb devstack@keystone.service[80252]: DEBUG keystone.server.flask.request_processing.middleware.auth_context [None req-a55744da-f338-4619-ba4e-719f7d2a1ad4 None admin] Validating token access rules against request {{(pid=80252) validate_allowed_request /usr/local/lib/python3.8/dist-packages/keystonemiddleware/auth_token/__init__.py:545}}
Jul 21 15:52:10.220485 dv-cinder-850668-1-smb devstack@keystone.service[80253]: DEBUG keystone.server.flask.request_processing.middleware.auth_context [None req-8560d76a-93bf-43b4-b719-168dace79b29 None admin] RBAC: auth_context: {'token': , 'domain_id': None, 'trust_id': None, 'trustor_id': None, 'trustee_id': None, 'domain_name': None, 'group_ids': [], 'user_id': 'a71b1bb7d4ea44e095e9e4bdd64ff70b', 'user_domain_id': 'default', 'system_scope': 'all', 'project_id': None, 'project_domain_id': None, 'roles': ['admin', 'member', 'reader'], 'is_admin_project': True, 'service_user_id': None, 'service_user_domain_id': None, 'service_project_id': None, 'service_project_domain_id': None, 'service_roles': []} {{(pid=80253) fill_context /opt/stack/keystone/keystone/server/flask/request_processing/middleware/auth_context.py:478}}
Jul 21 15:52:10.222035 dv-cinder-850668-1-smb devstack@keystone.service[80253]: DEBUG keystone.server.flask.request_processing.req_logging [None req-8560d76a-93bf-43b4-b719-168dace79b29 None admin] REQUEST_METHOD: `PUT` {{(pid=80253) log_request_info /opt/stack/keystone/keystone/server/flask/request_processing/req_logging.py:27}}
Jul 21 15:52:10.222466 dv-cinder-850668-1-smb devstack@keystone.service[80253]: DEBUG keystone.server.flask.request_processing.req_logging [None req-8560d76a-93bf-43b4-b719-168dace79b29 None admin] SCRIPT_NAME: `/identity` {{(pid=80253) log_request_info /opt/stack/keystone/keystone/server/flask/request_processing/req_logging.py:28}}
Jul 21 15:52:10.222950 dv-cinder-850668-1-smb devstack@keystone.service[80253]: DEBUG keystone.server.flask.request_processing.req_logging [None req-8560d76a-93bf-43b4-b719-168dace79b29 None admin] PATH_INFO: `/v3/projects/10efcfb517724a609d32a0457044f00c/groups/f1ddfcb6b7544fad8d81b7875e8d89f7/roles/e9dc595c6b4248d3b5262b70a90e76c5` {{(pid=80253) log_request_info /opt/stack/keystone/keystone/server/flask/request_processing/req_logging.py:29}}
Jul 21 15:52:10.226520 dv-cinder-850668-1-smb devstack@keystone.service[80253]: DEBUG keystone.common.rbac_enforcer.enforcer [None req-8560d76a-93bf-43b4-b719-168dace79b29 None admin] RBAC: Authorizing `identity:create_grant(project_id=10efcfb517724a609d32a0457044f00c, group_id=f1ddfcb6b7544fad8d81b7875e8d89f7, role_id=e9dc595c6b4248d3b5262b70a90e76c5)` {{(pid=80253) enforce_call /opt/stack/keystone/keystone/common/rbac_enforcer/enforcer.py:449}}
Jul 21 15:52:10.228234 dv-cinder-850668-1-smb devstack@keystone.service[80253]: DEBUG keystone.common.rbac_enforcer.enforcer [None req-8560d76a-93bf-43b4-b719-168dace79b29 None admin] RBAC: Authorization granted {{(pid=80253) enforce_call /opt/stack/keystone/keystone/common/rbac_enforcer/enforcer.py:457}}
Jul 21 15:52:10.247152 dv-cinder-850668-1-smb devstack@keystone.service[80253]: [pid: 80253|app: 0|req: 190/399] 10.222.0.64 () {58 vars in 1442 bytes} [Thu Jul 21 15:52:10 2022] PUT /identity/v3/projects/10efcfb517724a609d32a0457044f00c/groups/f1ddfcb6b7544fad8d81b7875e8d89f7/roles/e9dc595c6b4248d3b5262b70a90e76c5 => generated 0 bytes in 239 msecs (HTTP/1.1 204) 3 headers in 132 bytes (0 switches on core 0)
Jul 21 15:52:10.254222 dv-cinder-850668-1-smb devstack@keystone.service[80252]: DEBUG keystone.server.flask.request_processing.middleware.auth_context [None req-9c3f826a-37f3-4943-8c91-734be626916d None admin] RBAC: auth_context: {'token': , 'domain_id': None, 'trust_id': None, 'trustor_id': None, 'trustee_id': None, 'domain_name': None, 'group_ids': [], 'user_id': 'a71b1bb7d4ea44e095e9e4bdd64ff70b', 'user_domain_id': 'default', 'system_scope': 'all', 'project_id': None, 'project_domain_id': None, 'roles': ['admin', 'member', 'reader'], 'is_admin_project': True, 'service_user_id': None, 'service_user_domain_id': None, 'service_project_id': None, 'service_project_domain_id': None, 'service_roles': []} {{(pid=80252) fill_context /opt/stack/keystone/keystone/server/flask/request_processing/middleware/auth_context.py:478}}
Jul 21 15:52:10.255243 dv-cinder-850668-1-smb devstack@keystone.service[80252]: DEBUG keystone.server.flask.request_processing.req_logging [None req-9c3f826a-37f3-4943-8c91-734be626916d None admin] REQUEST_METHOD: `GET` {{(pid=80252) log_request_info /opt/stack/keystone/keystone/server/flask/request_processing/req_logging.py:27}}
Jul 21 15:52:10.255546 dv-cinder-850668-1-smb devstack@keystone.service[80252]: DEBUG keystone.server.flask.request_processing.req_logging [None req-9c3f826a-37f3-4943-8c91-734be626916d None admin] SCRIPT_NAME: `/identity` {{(pid=80252) log_request_info /opt/stack/keystone/keystone/server/flask/request_processing/req_logging.py:28}}
Jul 21 15:52:10.255850 dv-cinder-850668-1-smb devstack@keystone.service[80252]: DEBUG keystone.server.flask.request_processing.req_logging [None req-9c3f826a-37f3-4943-8c91-734be626916d None admin] PATH_INFO: `/v3/projects/e69f0e40da80459cb7b997f21995950a` {{(pid=80252) log_request_info /opt/stack/keystone/keystone/server/flask/request_processing/req_logging.py:29}}
Jul 21 15:52:10.257246 dv-cinder-850668-1-smb devstack@keystone.service[80252]: DEBUG keystone.common.rbac_enforcer.enforcer [None req-9c3f826a-37f3-4943-8c91-734be626916d None admin] RBAC: Authorizing `identity:get_project(project_id=e69f0e40da80459cb7b997f21995950a)` {{(pid=80252) enforce_call /opt/stack/keystone/keystone/common/rbac_enforcer/enforcer.py:449}}
Jul 21 15:52:10.258841 dv-cinder-850668-1-smb devstack@keystone.service[80252]: DEBUG keystone.common.rbac_enforcer.enforcer [None req-9c3f826a-37f3-4943-8c91-734be626916d None admin] RBAC: Authorization granted {{(pid=80252) enforce_call /opt/stack/keystone/keystone/common/rbac_enforcer/enforcer.py:457}}
Jul 21 15:52:10.261582 dv-cinder-850668-1-smb devstack@keystone.service[80252]: [pid: 80252|app: 0|req: 210/400] 10.222.0.64 () {56 vars in 1186 bytes} [Thu Jul 21 15:52:10 2022] GET /identity/v3/projects/e69f0e40da80459cb7b997f21995950a => generated 302 bytes in 217 msecs (HTTP/1.1 200) 5 headers in 177 bytes (2 switches on core 0)
Jul 21 15:52:10.267917 dv-cinder-850668-1-smb devstack@keystone.service[80253]: DEBUG keystone.server.flask.request_processing.middleware.auth_context [None req-8560d76a-93bf-43b4-b719-168dace79b29 None admin] Authenticating user token {{(pid=80253) process_request /usr/local/lib/python3.8/dist-packages/keystonemiddleware/auth_token/__init__.py:407}}
Jul 21 15:52:10.302296 dv-cinder-850668-1-smb devstack@keystone.service[80253]: DEBUG dbcounter [-] [80253] Writing DB stats keystone:SELECT=99,keystone:INSERT=1 {{(pid=80253) stat_writer /usr/local/lib/python3.8/dist-packages/dbcounter.py:114}}
Jul 21 15:52:10.408685 dv-cinder-850668-1-smb devstack@keystone.service[80253]: DEBUG keystone.server.flask.request_processing.middleware.auth_context [None req-8560d76a-93bf-43b4-b719-168dace79b29 None admin] Validating token access rules against request {{(pid=80253) validate_allowed_request /usr/local/lib/python3.8/dist-packages/keystonemiddleware/auth_token/__init__.py:545}}
Jul 21 15:52:10.454983 dv-cinder-850668-1-smb devstack@keystone.service[80253]: DEBUG keystone.server.flask.request_processing.middleware.auth_context [None req-672c68ae-4eae-4df0-88c3-ad03c38de2fa None admin] RBAC: auth_context: {'token': , 'domain_id': None, 'trust_id': None, 'trustor_id': None, 'trustee_id': None, 'domain_name': None, 'group_ids': [], 'user_id': 'a71b1bb7d4ea44e095e9e4bdd64ff70b', 'user_domain_id': 'default', 'system_scope': 'all', 'project_id': None, 'project_domain_id': None, 'roles': ['admin', 'member', 'reader'], 'is_admin_project': True, 'service_user_id': None, 'service_user_domain_id': None, 'service_project_id': None, 'service_project_domain_id': None, 'service_roles': []} {{(pid=80253) fill_context /opt/stack/keystone/keystone/server/flask/request_processing/middleware/auth_context.py:478}}
Jul 21 15:52:10.455832 dv-cinder-850668-1-smb devstack@keystone.service[80253]: DEBUG keystone.server.flask.request_processing.req_logging [None req-672c68ae-4eae-4df0-88c3-ad03c38de2fa None admin] REQUEST_METHOD: `PUT` {{(pid=80253) log_request_info /opt/stack/keystone/keystone/server/flask/request_processing/req_logging.py:27}}
Jul 21 15:52:10.456177 dv-cinder-850668-1-smb devstack@keystone.service[80253]: DEBUG keystone.server.flask.request_processing.req_logging [None req-672c68ae-4eae-4df0-88c3-ad03c38de2fa None admin] SCRIPT_NAME: `/identity` {{(pid=80253) log_request_info /opt/stack/keystone/keystone/server/flask/request_processing/req_logging.py:28}}
Jul 21 15:52:10.456461 dv-cinder-850668-1-smb devstack@keystone.service[80253]: DEBUG keystone.server.flask.request_processing.req_logging [None req-672c68ae-4eae-4df0-88c3-ad03c38de2fa None admin] PATH_INFO: `/v3/projects/e69f0e40da80459cb7b997f21995950a/groups/f1ddfcb6b7544fad8d81b7875e8d89f7/roles/64e044de7dcc4949acf8ce7eaf08fdaa` {{(pid=80253) log_request_info /opt/stack/keystone/keystone/server/flask/request_processing/req_logging.py:29}}
Jul 21 15:52:10.461353 dv-cinder-850668-1-smb devstack@keystone.service[80253]: DEBUG keystone.common.rbac_enforcer.enforcer [None req-672c68ae-4eae-4df0-88c3-ad03c38de2fa None admin] RBAC: Authorizing `identity:create_grant(project_id=e69f0e40da80459cb7b997f21995950a, group_id=f1ddfcb6b7544fad8d81b7875e8d89f7, role_id=64e044de7dcc4949acf8ce7eaf08fdaa)` {{(pid=80253) enforce_call /opt/stack/keystone/keystone/common/rbac_enforcer/enforcer.py:449}}
Jul 21 15:52:10.462895 dv-cinder-850668-1-smb devstack@keystone.service[80253]: DEBUG keystone.common.rbac_enforcer.enforcer [None req-672c68ae-4eae-4df0-88c3-ad03c38de2fa None admin] RBAC: Authorization granted {{(pid=80253) enforce_call /opt/stack/keystone/keystone/common/rbac_enforcer/enforcer.py:457}}
Jul 21 15:52:10.494230 dv-cinder-850668-1-smb devstack@keystone.service[80253]: [pid: 80253|app: 0|req: 191/401] 10.222.0.64 () {58 vars in 1442 bytes} [Thu Jul 21 15:52:10 2022] PUT /identity/v3/projects/e69f0e40da80459cb7b997f21995950a/groups/f1ddfcb6b7544fad8d81b7875e8d89f7/roles/64e044de7dcc4949acf8ce7eaf08fdaa => generated 0 bytes in 227 msecs (HTTP/1.1 204) 3 headers in 132 bytes (0 switches on core 0)
Jul 21 15:52:10.629784 dv-cinder-850668-1-smb devstack@keystone.service[80252]: DEBUG keystone.server.flask.request_processing.req_logging [None req-17c772e8-5ba5-4bb7-8e4b-8210c8013075 None None] REQUEST_METHOD: `GET` {{(pid=80252) log_request_info /opt/stack/keystone/keystone/server/flask/request_processing/req_logging.py:27}}
Jul 21 15:52:10.630187 dv-cinder-850668-1-smb devstack@keystone.service[80252]: DEBUG keystone.server.flask.request_processing.req_logging [None req-17c772e8-5ba5-4bb7-8e4b-8210c8013075 None None] SCRIPT_NAME: `/identity` {{(pid=80252) log_request_info /opt/stack/keystone/keystone/server/flask/request_processing/req_logging.py:28}}
Jul 21 15:52:10.630368 dv-cinder-850668-1-smb devstack@keystone.service[80252]: DEBUG keystone.server.flask.request_processing.req_logging [None req-17c772e8-5ba5-4bb7-8e4b-8210c8013075 None None] PATH_INFO: `/` {{(pid=80252) log_request_info /opt/stack/keystone/keystone/server/flask/request_processing/req_logging.py:29}}
Jul 21 15:52:10.632136 dv-cinder-850668-1-smb devstack@keystone.service[80252]: [pid: 80252|app: 0|req: 211/402] 10.222.0.64 () {54 vars in 926 bytes} [Thu Jul 21 15:52:10 2022] GET /identity => generated 270 bytes in 3 msecs (HTTP/1.1 300) 6 headers in 234 bytes (1 switches on core 0)
Jul 21 15:52:10.637988 dv-cinder-850668-1-smb devstack@keystone.service[80253]: DEBUG keystone.server.flask.request_processing.req_logging [None req-de339e9d-19ef-4854-95cc-b4020b147a02 None None] REQUEST_METHOD: `POST` {{(pid=80253) log_request_info /opt/stack/keystone/keystone/server/flask/request_processing/req_logging.py:27}}
Jul 21 15:52:10.638362 dv-cinder-850668-1-smb devstack@keystone.service[80253]: DEBUG keystone.server.flask.request_processing.req_logging [None req-de339e9d-19ef-4854-95cc-b4020b147a02 None None] SCRIPT_NAME: `/identity` {{(pid=80253) log_request_info /opt/stack/keystone/keystone/server/flask/request_processing/req_logging.py:28}}
Jul 21 15:52:10.638547 dv-cinder-850668-1-smb devstack@keystone.service[80253]: DEBUG keystone.server.flask.request_processing.req_logging [None req-de339e9d-19ef-4854-95cc-b4020b147a02 None None] PATH_INFO: `/v3/auth/tokens` {{(pid=80253) log_request_info /opt/stack/keystone/keystone/server/flask/request_processing/req_logging.py:29}}
Jul 21 15:52:10.659884 dv-cinder-850668-1-smb devstack@keystone.service[80253]: DEBUG keystone.auth.core [None req-de339e9d-19ef-4854-95cc-b4020b147a02 None None] MFA Rules not processed for user `a71b1bb7d4ea44e095e9e4bdd64ff70b`. Rule list: `[]` (Enabled: `True`). {{(pid=80253) check_auth_methods_against_rules /opt/stack/keystone/keystone/auth/core.py:438}}
Jul 21 15:52:10.661195 dv-cinder-850668-1-smb devstack@keystone.service[80253]: DEBUG keystone.common.fernet_utils [None req-de339e9d-19ef-4854-95cc-b4020b147a02 None None] Loaded 2 Fernet keys from /etc/keystone/fernet-keys/, but `[fernet_tokens] max_active_keys = 3`; perhaps there have not been enough key rotations to reach `max_active_keys` yet? {{(pid=80253) load_keys /opt/stack/keystone/keystone/common/fernet_utils.py:286}}
Jul 21 15:52:10.738504 dv-cinder-850668-1-smb devstack@keystone.service[80253]: [pid: 80253|app: 0|req: 192/403] 10.222.0.64 () {58 vars in 1023 bytes} [Thu Jul 21 15:52:10 2022] POST /identity/v3/auth/tokens => generated 799 bytes in 101 msecs (HTTP/1.1 201) 6 headers in 363 bytes (2 switches on core 0)
Jul 21 15:52:10.761155 dv-cinder-850668-1-smb devstack@keystone.service[80252]: DEBUG keystone.server.flask.request_processing.middleware.auth_context [None req-17c772e8-5ba5-4bb7-8e4b-8210c8013075 None None] Authenticating user token {{(pid=80252) process_request /usr/local/lib/python3.8/dist-packages/keystonemiddleware/auth_token/__init__.py:407}}
Jul 21 15:52:10.877700 dv-cinder-850668-1-smb devstack@keystone.service[80252]: DEBUG dbcounter [-] [80252] Writing DB stats keystone:SELECT=100 {{(pid=80252) stat_writer /usr/local/lib/python3.8/dist-packages/dbcounter.py:114}}
Jul 21 15:52:10.896287 dv-cinder-850668-1-smb devstack@keystone.service[80253]: DEBUG keystone.server.flask.request_processing.req_logging [None req-f2b23db7-da35-4e44-a013-34de7d853220 None None] REQUEST_METHOD: `GET` {{(pid=80253) log_request_info /opt/stack/keystone/keystone/server/flask/request_processing/req_logging.py:27}}
Jul 21 15:52:10.896713 dv-cinder-850668-1-smb devstack@keystone.service[80253]: DEBUG keystone.server.flask.request_processing.req_logging [None req-f2b23db7-da35-4e44-a013-34de7d853220 None None] SCRIPT_NAME: `/identity` {{(pid=80253) log_request_info /opt/stack/keystone/keystone/server/flask/request_processing/req_logging.py:28}}
Jul 21 15:52:10.897089 dv-cinder-850668-1-smb devstack@keystone.service[80253]: DEBUG keystone.server.flask.request_processing.req_logging [None req-f2b23db7-da35-4e44-a013-34de7d853220 None None] PATH_INFO: `/` {{(pid=80253) log_request_info /opt/stack/keystone/keystone/server/flask/request_processing/req_logging.py:29}}
Jul 21 15:52:10.898856 dv-cinder-850668-1-smb devstack@keystone.service[80253]: [pid: 80253|app: 0|req: 193/404] 10.222.0.64 () {54 vars in 926 bytes} [Thu Jul 21 15:52:10 2022] GET /identity => generated 270 bytes in 4 msecs (HTTP/1.1 300) 6 headers in 234 bytes (1 switches on core 0)
Jul 21 15:52:10.907361 dv-cinder-850668-1-smb devstack@keystone.service[80253]: DEBUG keystone.server.flask.request_processing.req_logging [None req-cff6bd04-a87c-4688-9301-4e149135c281 None None] REQUEST_METHOD: `POST` {{(pid=80253) log_request_info /opt/stack/keystone/keystone/server/flask/request_processing/req_logging.py:27}}
Jul 21 15:52:10.907750 dv-cinder-850668-1-smb devstack@keystone.service[80253]: DEBUG keystone.server.flask.request_processing.req_logging [None req-cff6bd04-a87c-4688-9301-4e149135c281 None None] SCRIPT_NAME: `/identity` {{(pid=80253) log_request_info /opt/stack/keystone/keystone/server/flask/request_processing/req_logging.py:28}}
Jul 21 15:52:10.908126 dv-cinder-850668-1-smb devstack@keystone.service[80253]: DEBUG keystone.server.flask.request_processing.req_logging [None req-cff6bd04-a87c-4688-9301-4e149135c281 None None] PATH_INFO: `/v3/auth/tokens` {{(pid=80253) log_request_info /opt/stack/keystone/keystone/server/flask/request_processing/req_logging.py:29}}
Jul 21 15:52:10.908548 dv-cinder-850668-1-smb devstack@keystone.service[80252]: DEBUG keystone.server.flask.request_processing.middleware.auth_context [None req-17c772e8-5ba5-4bb7-8e4b-8210c8013075 None None] Validating token access rules against request {{(pid=80252) validate_allowed_request /usr/local/lib/python3.8/dist-packages/keystonemiddleware/auth_token/__init__.py:545}}
Jul 21 15:52:10.939487 dv-cinder-850668-1-smb devstack@keystone.service[80253]: DEBUG keystone.auth.core [None req-cff6bd04-a87c-4688-9301-4e149135c281 None None] MFA Rules not processed for user `a71b1bb7d4ea44e095e9e4bdd64ff70b`. Rule list: `[]` (Enabled: `True`). {{(pid=80253) check_auth_methods_against_rules /opt/stack/keystone/keystone/auth/core.py:438}}
Jul 21 15:52:10.943947 dv-cinder-850668-1-smb devstack@keystone.service[80253]: DEBUG keystone.common.fernet_utils [None req-cff6bd04-a87c-4688-9301-4e149135c281 None None] Loaded 2 Fernet keys from /etc/keystone/fernet-keys/, but `[fernet_tokens] max_active_keys = 3`; perhaps there have not been enough key rotations to reach `max_active_keys` yet? {{(pid=80253) load_keys /opt/stack/keystone/keystone/common/fernet_utils.py:286}}
Jul 21 15:52:10.963241 dv-cinder-850668-1-smb devstack@keystone.service[80253]: DEBUG dbcounter [-] [80253] Writing DB stats keystone:SELECT=99,keystone:INSERT=1 {{(pid=80253) stat_writer /usr/local/lib/python3.8/dist-packages/dbcounter.py:114}}
Jul 21 15:52:10.969106 dv-cinder-850668-1-smb devstack@keystone.service[80252]: DEBUG keystone.server.flask.request_processing.middleware.auth_context [None req-e8e166e9-a32c-4c52-aa03-16bd63bd79df None admin] RBAC: auth_context: {'token': , 'domain_id': None, 'trust_id': None, 'trustor_id': None, 'trustee_id': None, 'domain_name': None, 'group_ids': [], 'user_id': 'a71b1bb7d4ea44e095e9e4bdd64ff70b', 'user_domain_id': 'default', 'system_scope': 'all', 'project_id': None, 'project_domain_id': None, 'roles': ['admin', 'member', 'reader'], 'is_admin_project': True, 'service_user_id': None, 'service_user_domain_id': None, 'service_project_id': None, 'service_project_domain_id': None, 'service_roles': []} {{(pid=80252) fill_context /opt/stack/keystone/keystone/server/flask/request_processing/middleware/auth_context.py:478}}
