Aug 10 11:23:50.185118 dv-cinder-850618-2-iscsi devstack@c-api.service[111538]: DEBUG cinder.api.middleware.request_id [None req-7d92b4d7-cc98-4e50-8b1d-c0da57e975a0 None None] RequestId filter calling following filter/app {{(pid=111538) _context_setter /opt/stack/cinder/cinder/api/middleware/request_id.py:62}}
Aug 10 11:23:50.188858 dv-cinder-850618-2-iscsi devstack@c-api.service[111538]: INFO cinder.api.openstack.wsgi [None req-7d92b4d7-cc98-4e50-8b1d-c0da57e975a0 tempest-VolumesExtendTest-2145730423 tempest-VolumesExtendTest-2145730423-project] GET http://10.222.0.13/volume/v3/b86b9874f91c4a16b567e035eb966362/volumes/7fbf2a36-8e68-4283-905d-a75f5ee40326
Aug 10 11:23:50.189299 dv-cinder-850618-2-iscsi devstack@c-api.service[111538]: DEBUG cinder.api.openstack.wsgi [None req-7d92b4d7-cc98-4e50-8b1d-c0da57e975a0 tempest-VolumesExtendTest-2145730423 tempest-VolumesExtendTest-2145730423-project] Empty body provided in request {{(pid=111538) get_body /opt/stack/cinder/cinder/api/openstack/wsgi.py:715}}
Aug 10 11:23:50.189794 dv-cinder-850618-2-iscsi devstack@c-api.service[111538]: DEBUG cinder.api.openstack.wsgi [None req-7d92b4d7-cc98-4e50-8b1d-c0da57e975a0 tempest-VolumesExtendTest-2145730423 tempest-VolumesExtendTest-2145730423-project] Calling method 'show' {{(pid=111538) _process_stack /opt/stack/cinder/cinder/api/openstack/wsgi.py:868}}
Aug 10 11:23:50.204478 dv-cinder-850618-2-iscsi devstack@c-api.service[111538]: /usr/local/lib/python3.8/dist-packages/oslo_context/context.py:100: DeprecationWarning: Policy enforcement is depending on the value of is_admin. This key is deprecated. Please update your policy file to use the standard policy values.
Aug 10 11:23:50.204478 dv-cinder-850618-2-iscsi devstack@c-api.service[111538]: warnings.warn('Policy enforcement is depending on the value of '
Aug 10 11:23:50.211056 dv-cinder-850618-2-iscsi devstack@c-api.service[111538]: INFO cinder.volume.api [None req-7d92b4d7-cc98-4e50-8b1d-c0da57e975a0 tempest-VolumesExtendTest-2145730423 tempest-VolumesExtendTest-2145730423-project] Volume info retrieved successfully.
Aug 10 11:23:50.221631 dv-cinder-850618-2-iscsi devstack@c-api.service[111538]: INFO cinder.api.openstack.wsgi [None req-7d92b4d7-cc98-4e50-8b1d-c0da57e975a0 tempest-VolumesExtendTest-2145730423 tempest-VolumesExtendTest-2145730423-project] http://10.222.0.13/volume/v3/b86b9874f91c4a16b567e035eb966362/volumes/7fbf2a36-8e68-4283-905d-a75f5ee40326 returned with HTTP 200
Aug 10 11:23:50.222362 dv-cinder-850618-2-iscsi devstack@c-api.service[111538]: [pid: 111538|app: 0|req: 153/314] 10.222.0.13 () {58 vars in 1325 bytes} [Wed Aug 10 11:23:50 2022] GET /volume/v3/b86b9874f91c4a16b567e035eb966362/volumes/7fbf2a36-8e68-4283-905d-a75f5ee40326 => generated 908 bytes in 39 msecs (HTTP/1.1 200) 7 headers in 285 bytes (1 switches on core 0)
Aug 10 11:23:50.601783 dv-cinder-850618-2-iscsi devstack@c-api.service[111539]: DEBUG cinder.api.middleware.request_id [None req-0daa3605-7b1d-4a42-8b9e-a17c4b30bc8b None None] RequestId filter calling following filter/app {{(pid=111539) _context_setter /opt/stack/cinder/cinder/api/middleware/request_id.py:62}}
Aug 10 11:23:50.605975 dv-cinder-850618-2-iscsi devstack@c-api.service[111539]: INFO cinder.api.openstack.wsgi [None req-0daa3605-7b1d-4a42-8b9e-a17c4b30bc8b tempest-VolumesTransfersTest-177612694 tempest-VolumesTransfersTest-177612694-project] GET http://10.222.0.13/volume/v3/5d18ca74104d4cbb93e2274ef088b2c3/volumes/20889118-edad-49ff-9762-2c4e35e272b8
Aug 10 11:23:50.607350 dv-cinder-850618-2-iscsi devstack@c-api.service[111539]: DEBUG cinder.api.openstack.wsgi [None req-0daa3605-7b1d-4a42-8b9e-a17c4b30bc8b tempest-VolumesTransfersTest-177612694 tempest-VolumesTransfersTest-177612694-project] Empty body provided in request {{(pid=111539) get_body /opt/stack/cinder/cinder/api/openstack/wsgi.py:715}}
Aug 10 11:23:50.608020 dv-cinder-850618-2-iscsi devstack@c-api.service[111539]: DEBUG cinder.api.openstack.wsgi [None req-0daa3605-7b1d-4a42-8b9e-a17c4b30bc8b tempest-VolumesTransfersTest-177612694 tempest-VolumesTransfersTest-177612694-project] Calling method 'show' {{(pid=111539) _process_stack /opt/stack/cinder/cinder/api/openstack/wsgi.py:868}}
Aug 10 11:23:50.624256 dv-cinder-850618-2-iscsi devstack@c-api.service[111539]: /usr/local/lib/python3.8/dist-packages/oslo_context/context.py:100: DeprecationWarning: Policy enforcement is depending on the value of is_admin. This key is deprecated. Please update your policy file to use the standard policy values.
Aug 10 11:23:50.624256 dv-cinder-850618-2-iscsi devstack@c-api.service[111539]: warnings.warn('Policy enforcement is depending on the value of '
Aug 10 11:23:50.632136 dv-cinder-850618-2-iscsi devstack@c-api.service[111539]: INFO cinder.volume.api [None req-0daa3605-7b1d-4a42-8b9e-a17c4b30bc8b tempest-VolumesTransfersTest-177612694 tempest-VolumesTransfersTest-177612694-project] Volume info retrieved successfully.
Aug 10 11:23:50.642730 dv-cinder-850618-2-iscsi devstack@c-api.service[111539]: INFO cinder.api.openstack.wsgi [None req-0daa3605-7b1d-4a42-8b9e-a17c4b30bc8b tempest-VolumesTransfersTest-177612694 tempest-VolumesTransfersTest-177612694-project] http://10.222.0.13/volume/v3/5d18ca74104d4cbb93e2274ef088b2c3/volumes/20889118-edad-49ff-9762-2c4e35e272b8 returned with HTTP 200
Aug 10 11:23:50.643589 dv-cinder-850618-2-iscsi devstack@c-api.service[111539]: [pid: 111539|app: 0|req: 162/315] 10.222.0.13 () {58 vars in 1325 bytes} [Wed Aug 10 11:23:50 2022] GET /volume/v3/5d18ca74104d4cbb93e2274ef088b2c3/volumes/20889118-edad-49ff-9762-2c4e35e272b8 => generated 912 bytes in 43 msecs (HTTP/1.1 200) 7 headers in 285 bytes (1 switches on core 0)
Aug 10 11:23:50.665602 dv-cinder-850618-2-iscsi devstack@c-api.service[111538]: DEBUG cinder.api.middleware.request_id [None req-4032608e-1adb-47f3-a1ec-c79839e6e242 None None] RequestId filter calling following filter/app {{(pid=111538) _context_setter /opt/stack/cinder/cinder/api/middleware/request_id.py:62}}
Aug 10 11:23:50.674974 dv-cinder-850618-2-iscsi devstack@c-api.service[111538]: INFO cinder.api.openstack.wsgi [None req-4032608e-1adb-47f3-a1ec-c79839e6e242 tempest-VolumesTransfersTest-177612694 tempest-VolumesTransfersTest-177612694-project] POST http://10.222.0.13/volume/v3/5d18ca74104d4cbb93e2274ef088b2c3/os-volume-transfer
Aug 10 11:23:50.675921 dv-cinder-850618-2-iscsi devstack@c-api.service[111538]: DEBUG cinder.api.openstack.wsgi [None req-4032608e-1adb-47f3-a1ec-c79839e6e242 tempest-VolumesTransfersTest-177612694 tempest-VolumesTransfersTest-177612694-project] Action: 'create', calling method: create, body: {"transfer": {"volume_id": "20889118-edad-49ff-9762-2c4e35e272b8"}} {{(pid=111538) _process_stack /opt/stack/cinder/cinder/api/openstack/wsgi.py:866}}
Aug 10 11:23:50.678297 dv-cinder-850618-2-iscsi devstack@c-api.service[111538]: DEBUG cinder.api.contrib.volume_transfer [None req-4032608e-1adb-47f3-a1ec-c79839e6e242 tempest-VolumesTransfersTest-177612694 tempest-VolumesTransfersTest-177612694-project] Creating new volume transfer {'transfer': {'volume_id': '20889118-edad-49ff-9762-2c4e35e272b8'}} {{(pid=111538) create /opt/stack/cinder/cinder/api/contrib/volume_transfer.py:85}}
Aug 10 11:23:50.678655 dv-cinder-850618-2-iscsi devstack@c-api.service[111538]: INFO cinder.api.contrib.volume_transfer [None req-4032608e-1adb-47f3-a1ec-c79839e6e242 tempest-VolumesTransfersTest-177612694 tempest-VolumesTransfersTest-177612694-project] Creating transfer of volume 20889118-edad-49ff-9762-2c4e35e272b8
Aug 10 11:23:50.679046 dv-cinder-850618-2-iscsi devstack@c-api.service[111538]: INFO cinder.transfer.api [None req-4032608e-1adb-47f3-a1ec-c79839e6e242 tempest-VolumesTransfersTest-177612694 tempest-VolumesTransfersTest-177612694-project] Generating transfer record for volume 20889118-edad-49ff-9762-2c4e35e272b8
Aug 10 11:23:50.695494 dv-cinder-850618-2-iscsi devstack@c-api.service[111538]: /usr/local/lib/python3.8/dist-packages/oslo_context/context.py:100: DeprecationWarning: Policy enforcement is depending on the value of is_admin. This key is deprecated. Please update your policy file to use the standard policy values.
Aug 10 11:23:50.695494 dv-cinder-850618-2-iscsi devstack@c-api.service[111538]: warnings.warn('Policy enforcement is depending on the value of '
Aug 10 11:23:50.898172 dv-cinder-850618-2-iscsi devstack@c-api.service[111538]: INFO cinder.api.openstack.wsgi [None req-4032608e-1adb-47f3-a1ec-c79839e6e242 tempest-VolumesTransfersTest-177612694 tempest-VolumesTransfersTest-177612694-project] http://10.222.0.13/volume/v3/5d18ca74104d4cbb93e2274ef088b2c3/os-volume-transfer returned with HTTP 202
Aug 10 11:23:50.898992 dv-cinder-850618-2-iscsi devstack@c-api.service[111538]: [pid: 111538|app: 0|req: 154/316] 10.222.0.13 () {60 vars in 1268 bytes} [Wed Aug 10 11:23:50 2022] POST /volume/v3/5d18ca74104d4cbb93e2274ef088b2c3/os-volume-transfer => generated 507 bytes in 235 msecs (HTTP/1.1 202) 7 headers in 291 bytes (1 switches on core 0)
Aug 10 11:23:50.908065 dv-cinder-850618-2-iscsi devstack@c-api.service[111539]: DEBUG cinder.api.middleware.request_id [None req-b7ee29fa-852e-4f2a-83bc-a927cd03ca88 None None] RequestId filter calling following filter/app {{(pid=111539) _context_setter /opt/stack/cinder/cinder/api/middleware/request_id.py:62}}
Aug 10 11:23:50.912332 dv-cinder-850618-2-iscsi devstack@c-api.service[111539]: INFO cinder.api.openstack.wsgi [None req-b7ee29fa-852e-4f2a-83bc-a927cd03ca88 tempest-VolumesTransfersTest-177612694 tempest-VolumesTransfersTest-177612694-project] GET http://10.222.0.13/volume/v3/5d18ca74104d4cbb93e2274ef088b2c3/volumes/20889118-edad-49ff-9762-2c4e35e272b8
Aug 10 11:23:50.913689 dv-cinder-850618-2-iscsi devstack@c-api.service[111539]: DEBUG cinder.api.openstack.wsgi [None req-b7ee29fa-852e-4f2a-83bc-a927cd03ca88 tempest-VolumesTransfersTest-177612694 tempest-VolumesTransfersTest-177612694-project] Empty body provided in request {{(pid=111539) get_body /opt/stack/cinder/cinder/api/openstack/wsgi.py:715}}
Aug 10 11:23:50.913689 dv-cinder-850618-2-iscsi devstack@c-api.service[111539]: DEBUG cinder.api.openstack.wsgi [None req-b7ee29fa-852e-4f2a-83bc-a927cd03ca88 tempest-VolumesTransfersTest-177612694 tempest-VolumesTransfersTest-177612694-project] Calling method 'show' {{(pid=111539) _process_stack /opt/stack/cinder/cinder/api/openstack/wsgi.py:868}}
Aug 10 11:23:50.940954 dv-cinder-850618-2-iscsi devstack@c-api.service[111539]: /usr/local/lib/python3.8/dist-packages/oslo_context/context.py:100: DeprecationWarning: Policy enforcement is depending on the value of is_admin. This key is deprecated. Please update your policy file to use the standard policy values.
Aug 10 11:23:50.940954 dv-cinder-850618-2-iscsi devstack@c-api.service[111539]: warnings.warn('Policy enforcement is depending on the value of '
Aug 10 11:23:50.956202 dv-cinder-850618-2-iscsi devstack@c-api.service[111539]: INFO cinder.volume.api [None req-b7ee29fa-852e-4f2a-83bc-a927cd03ca88 tempest-VolumesTransfersTest-177612694 tempest-VolumesTransfersTest-177612694-project] Volume info retrieved successfully.
Aug 10 11:23:50.968163 dv-cinder-850618-2-iscsi devstack@c-api.service[111539]: INFO cinder.api.openstack.wsgi [None req-b7ee29fa-852e-4f2a-83bc-a927cd03ca88 tempest-VolumesTransfersTest-177612694 tempest-VolumesTransfersTest-177612694-project] http://10.222.0.13/volume/v3/5d18ca74104d4cbb93e2274ef088b2c3/volumes/20889118-edad-49ff-9762-2c4e35e272b8 returned with HTTP 200
Aug 10 11:23:50.969478 dv-cinder-850618-2-iscsi devstack@c-api.service[111539]: [pid: 111539|app: 0|req: 163/317] 10.222.0.13 () {58 vars in 1325 bytes} [Wed Aug 10 11:23:50 2022] GET /volume/v3/5d18ca74104d4cbb93e2274ef088b2c3/volumes/20889118-edad-49ff-9762-2c4e35e272b8 => generated 920 bytes in 63 msecs (HTTP/1.1 200) 7 headers in 285 bytes (1 switches on core 0)
Aug 10 11:23:50.985581 dv-cinder-850618-2-iscsi devstack@c-api.service[111538]: DEBUG cinder.api.middleware.request_id [None req-06ed208e-5e3a-4a4e-b4f3-a9f7b3b8d5bb None None] RequestId filter calling following filter/app {{(pid=111538) _context_setter /opt/stack/cinder/cinder/api/middleware/request_id.py:62}}
Aug 10 11:23:50.992252 dv-cinder-850618-2-iscsi devstack@c-api.service[111538]: INFO cinder.api.openstack.wsgi [None req-06ed208e-5e3a-4a4e-b4f3-a9f7b3b8d5bb tempest-VolumesTransfersTest-177612694 tempest-VolumesTransfersTest-177612694-project] GET http://10.222.0.13/volume/v3/5d18ca74104d4cbb93e2274ef088b2c3/os-volume-transfer/detail
Aug 10 11:23:50.994315 dv-cinder-850618-2-iscsi devstack@c-api.service[111538]: DEBUG cinder.api.openstack.wsgi [None req-06ed208e-5e3a-4a4e-b4f3-a9f7b3b8d5bb tempest-VolumesTransfersTest-177612694 tempest-VolumesTransfersTest-177612694-project] Empty body provided in request {{(pid=111538) get_body /opt/stack/cinder/cinder/api/openstack/wsgi.py:715}}
Aug 10 11:23:50.995158 dv-cinder-850618-2-iscsi devstack@c-api.service[111538]: DEBUG cinder.api.openstack.wsgi [None req-06ed208e-5e3a-4a4e-b4f3-a9f7b3b8d5bb tempest-VolumesTransfersTest-177612694 tempest-VolumesTransfersTest-177612694-project] Calling method 'detail' {{(pid=111538) _process_stack /opt/stack/cinder/cinder/api/openstack/wsgi.py:868}}
Aug 10 11:23:50.996307 dv-cinder-850618-2-iscsi devstack@c-api.service[111538]: DEBUG cinder.api.contrib.volume_transfer [None req-06ed208e-5e3a-4a4e-b4f3-a9f7b3b8d5bb tempest-VolumesTransfersTest-177612694 tempest-VolumesTransfersTest-177612694-project] Listing volume transfers {{(pid=111538) _get_transfers /opt/stack/cinder/cinder/api/contrib/volume_transfer.py:63}}
Aug 10 11:23:51.010373 dv-cinder-850618-2-iscsi devstack@c-api.service[111538]: INFO cinder.api.openstack.wsgi [None req-06ed208e-5e3a-4a4e-b4f3-a9f7b3b8d5bb tempest-VolumesTransfersTest-177612694 tempest-VolumesTransfersTest-177612694-project] http://10.222.0.13/volume/v3/5d18ca74104d4cbb93e2274ef088b2c3/os-volume-transfer/detail returned with HTTP 200
Aug 10 11:23:51.020887 dv-cinder-850618-2-iscsi devstack@c-api.service[111538]: [pid: 111538|app: 0|req: 155/318] 10.222.0.13 () {58 vars in 1268 bytes} [Wed Aug 10 11:23:50 2022] GET /volume/v3/5d18ca74104d4cbb93e2274ef088b2c3/os-volume-transfer/detail => generated 478 bytes in 36 msecs (HTTP/1.1 200) 7 headers in 285 bytes (1 switches on core 0)
Aug 10 11:23:51.021404 dv-cinder-850618-2-iscsi devstack@c-api.service[111539]: DEBUG cinder.api.middleware.request_id [None req-007f776d-18ae-48a9-a631-3403c00924d0 None None] RequestId filter calling following filter/app {{(pid=111539) _context_setter /opt/stack/cinder/cinder/api/middleware/request_id.py:62}}
Aug 10 11:23:51.026923 dv-cinder-850618-2-iscsi devstack@c-api.service[111539]: INFO cinder.api.openstack.wsgi [None req-007f776d-18ae-48a9-a631-3403c00924d0 tempest-VolumesTransfersTest-177612694 tempest-VolumesTransfersTest-177612694-project] DELETE http://10.222.0.13/volume/v3/5d18ca74104d4cbb93e2274ef088b2c3/os-volume-transfer/8e32a500-8dd5-424e-96b0-d1ff5b0ed09e
Aug 10 11:23:51.027354 dv-cinder-850618-2-iscsi devstack@c-api.service[111539]: DEBUG cinder.api.openstack.wsgi [None req-007f776d-18ae-48a9-a631-3403c00924d0 tempest-VolumesTransfersTest-177612694 tempest-VolumesTransfersTest-177612694-project] Empty body provided in request {{(pid=111539) get_body /opt/stack/cinder/cinder/api/openstack/wsgi.py:715}}
Aug 10 11:23:51.027955 dv-cinder-850618-2-iscsi devstack@c-api.service[111539]: DEBUG cinder.api.openstack.wsgi [None req-007f776d-18ae-48a9-a631-3403c00924d0 tempest-VolumesTransfersTest-177612694 tempest-VolumesTransfersTest-177612694-project] Calling method 'delete' {{(pid=111539) _process_stack /opt/stack/cinder/cinder/api/openstack/wsgi.py:868}}
Aug 10 11:23:51.028917 dv-cinder-850618-2-iscsi devstack@c-api.service[111539]: INFO cinder.api.contrib.volume_transfer [None req-007f776d-18ae-48a9-a631-3403c00924d0 tempest-VolumesTransfersTest-177612694 tempest-VolumesTransfersTest-177612694-project] Delete transfer with id: 8e32a500-8dd5-424e-96b0-d1ff5b0ed09e
Aug 10 11:23:51.064626 dv-cinder-850618-2-iscsi devstack@c-api.service[111539]: /usr/local/lib/python3.8/dist-packages/oslo_context/context.py:100: DeprecationWarning: Policy enforcement is depending on the value of is_admin. This key is deprecated. Please update your policy file to use the standard policy values.
Aug 10 11:23:51.064626 dv-cinder-850618-2-iscsi devstack@c-api.service[111539]: warnings.warn('Policy enforcement is depending on the value of '
Aug 10 11:23:51.076354 dv-cinder-850618-2-iscsi devstack@c-api.service[111539]: DEBUG dbcounter [-] [111539] Writing DB stats cinder:SELECT=80,cinder:INSERT=6,cinder:UPDATE=14 {{(pid=111539) stat_writer /usr/local/lib/python3.8/dist-packages/dbcounter.py:114}}
Aug 10 11:23:51.164915 dv-cinder-850618-2-iscsi devstack@c-api.service[111539]: INFO cinder.api.openstack.wsgi [None req-007f776d-18ae-48a9-a631-3403c00924d0 tempest-VolumesTransfersTest-177612694 tempest-VolumesTransfersTest-177612694-project] http://10.222.0.13/volume/v3/5d18ca74104d4cbb93e2274ef088b2c3/os-volume-transfer/8e32a500-8dd5-424e-96b0-d1ff5b0ed09e returned with HTTP 202
Aug 10 11:23:51.165743 dv-cinder-850618-2-iscsi devstack@c-api.service[111539]: [pid: 111539|app: 0|req: 164/319] 10.222.0.13 () {58 vars in 1361 bytes} [Wed Aug 10 11:23:51 2022] DELETE /volume/v3/5d18ca74104d4cbb93e2274ef088b2c3/os-volume-transfer/8e32a500-8dd5-424e-96b0-d1ff5b0ed09e => generated 0 bytes in 145 msecs (HTTP/1.1 202) 6 headers in 233 bytes (2 switches on core 0)
Aug 10 11:23:51.171106 dv-cinder-850618-2-iscsi devstack@c-api.service[111538]: DEBUG cinder.api.middleware.request_id [None req-99bc69c7-0d7e-4a00-869a-8f184df65d01 None None] RequestId filter calling following filter/app {{(pid=111538) _context_setter /opt/stack/cinder/cinder/api/middleware/request_id.py:62}}
Aug 10 11:23:51.175345 dv-cinder-850618-2-iscsi devstack@c-api.service[111538]: INFO cinder.api.openstack.wsgi [None req-99bc69c7-0d7e-4a00-869a-8f184df65d01 tempest-VolumesTransfersTest-177612694 tempest-VolumesTransfersTest-177612694-project] GET http://10.222.0.13/volume/v3/5d18ca74104d4cbb93e2274ef088b2c3/volumes/20889118-edad-49ff-9762-2c4e35e272b8
Aug 10 11:23:51.175852 dv-cinder-850618-2-iscsi devstack@c-api.service[111538]: DEBUG cinder.api.openstack.wsgi [None req-99bc69c7-0d7e-4a00-869a-8f184df65d01 tempest-VolumesTransfersTest-177612694 tempest-VolumesTransfersTest-177612694-project] Empty body provided in request {{(pid=111538) get_body /opt/stack/cinder/cinder/api/openstack/wsgi.py:715}}
Aug 10 11:23:51.176401 dv-cinder-850618-2-iscsi devstack@c-api.service[111538]: DEBUG cinder.api.openstack.wsgi [None req-99bc69c7-0d7e-4a00-869a-8f184df65d01 tempest-VolumesTransfersTest-177612694 tempest-VolumesTransfersTest-177612694-project] Calling method 'show' {{(pid=111538) _process_stack /opt/stack/cinder/cinder/api/openstack/wsgi.py:868}}
Aug 10 11:23:51.194432 dv-cinder-850618-2-iscsi devstack@c-api.service[111538]: /usr/local/lib/python3.8/dist-packages/oslo_context/context.py:100: DeprecationWarning: Policy enforcement is depending on the value of is_admin. This key is deprecated. Please update your policy file to use the standard policy values.
Aug 10 11:23:51.194432 dv-cinder-850618-2-iscsi devstack@c-api.service[111538]: warnings.warn('Policy enforcement is depending on the value of '
Aug 10 11:23:51.202690 dv-cinder-850618-2-iscsi devstack@c-api.service[111538]: INFO cinder.volume.api [None req-99bc69c7-0d7e-4a00-869a-8f184df65d01 tempest-VolumesTransfersTest-177612694 tempest-VolumesTransfersTest-177612694-project] Volume info retrieved successfully.
Aug 10 11:23:51.213240 dv-cinder-850618-2-iscsi devstack@c-api.service[111538]: INFO cinder.api.openstack.wsgi [None req-99bc69c7-0d7e-4a00-869a-8f184df65d01 tempest-VolumesTransfersTest-177612694 tempest-VolumesTransfersTest-177612694-project] http://10.222.0.13/volume/v3/5d18ca74104d4cbb93e2274ef088b2c3/volumes/20889118-edad-49ff-9762-2c4e35e272b8 returned with HTTP 200
Aug 10 11:23:51.213977 dv-cinder-850618-2-iscsi devstack@c-api.service[111538]: [pid: 111538|app: 0|req: 156/320] 10.222.0.13 () {58 vars in 1325 bytes} [Wed Aug 10 11:23:51 2022] GET /volume/v3/5d18ca74104d4cbb93e2274ef088b2c3/volumes/20889118-edad-49ff-9762-2c4e35e272b8 => generated 912 bytes in 44 msecs (HTTP/1.1 200) 7 headers in 285 bytes (1 switches on core 0)
Aug 10 11:23:51.229081 dv-cinder-850618-2-iscsi devstack@c-api.service[111539]: DEBUG cinder.api.middleware.request_id [None req-fff0d32e-c490-489e-96ea-40db10b4a4d7 None None] RequestId filter calling following filter/app {{(pid=111539) _context_setter /opt/stack/cinder/cinder/api/middleware/request_id.py:62}}
Aug 10 11:23:51.235438 dv-cinder-850618-2-iscsi devstack@c-api.service[111539]: INFO cinder.api.openstack.wsgi [None req-fff0d32e-c490-489e-96ea-40db10b4a4d7 tempest-VolumesTransfersTest-177612694 tempest-VolumesTransfersTest-177612694-project] DELETE http://10.222.0.13/volume/v3/5d18ca74104d4cbb93e2274ef088b2c3/os-volume-transfer/8e32a500-8dd5-424e-96b0-d1ff5b0ed09e
Aug 10 11:23:51.235951 dv-cinder-850618-2-iscsi devstack@c-api.service[111539]: DEBUG cinder.api.openstack.wsgi [None req-fff0d32e-c490-489e-96ea-40db10b4a4d7 tempest-VolumesTransfersTest-177612694 tempest-VolumesTransfersTest-177612694-project] Empty body provided in request {{(pid=111539) get_body /opt/stack/cinder/cinder/api/openstack/wsgi.py:715}}
Aug 10 11:23:51.236580 dv-cinder-850618-2-iscsi devstack@c-api.service[111539]: DEBUG cinder.api.openstack.wsgi [None req-fff0d32e-c490-489e-96ea-40db10b4a4d7 tempest-VolumesTransfersTest-177612694 tempest-VolumesTransfersTest-177612694-project] Calling method 'delete' {{(pid=111539) _process_stack /opt/stack/cinder/cinder/api/openstack/wsgi.py:868}}
Aug 10 11:23:51.237041 dv-cinder-850618-2-iscsi devstack@c-api.service[111539]: INFO cinder.api.contrib.volume_transfer [None req-fff0d32e-c490-489e-96ea-40db10b4a4d7 tempest-VolumesTransfersTest-177612694 tempest-VolumesTransfersTest-177612694-project] Delete transfer with id: 8e32a500-8dd5-424e-96b0-d1ff5b0ed09e
Aug 10 11:23:51.243492 dv-cinder-850618-2-iscsi devstack@c-api.service[111539]: INFO cinder.api.openstack.wsgi [None req-fff0d32e-c490-489e-96ea-40db10b4a4d7 tempest-VolumesTransfersTest-177612694 tempest-VolumesTransfersTest-177612694-project] http://10.222.0.13/volume/v3/5d18ca74104d4cbb93e2274ef088b2c3/os-volume-transfer/8e32a500-8dd5-424e-96b0-d1ff5b0ed09e returned with HTTP 404
Aug 10 11:23:51.245539 dv-cinder-850618-2-iscsi devstack@c-api.service[111539]: [pid: 111539|app: 0|req: 165/321] 10.222.0.13 () {58 vars in 1361 bytes} [Wed Aug 10 11:23:51 2022] DELETE /volume/v3/5d18ca74104d4cbb93e2274ef088b2c3/os-volume-transfer/8e32a500-8dd5-424e-96b0-d1ff5b0ed09e => generated 111 bytes in 17 msecs (HTTP/1.1 404) 7 headers in 292 bytes (2 switches on core 0)
Aug 10 11:23:51.250562 dv-cinder-850618-2-iscsi devstack@c-api.service[111539]: DEBUG cinder.api.middleware.request_id [None req-0b7963ab-df56-4927-824c-badc1cd245fc None None] RequestId filter calling following filter/app {{(pid=111539) _context_setter /opt/stack/cinder/cinder/api/middleware/request_id.py:62}}
Aug 10 11:23:51.252807 dv-cinder-850618-2-iscsi devstack@c-api.service[111538]: DEBUG cinder.api.middleware.request_id [None req-71ec0666-aab6-4c05-92e1-fdecebe76141 None None] RequestId filter calling following filter/app {{(pid=111538) _context_setter /opt/stack/cinder/cinder/api/middleware/request_id.py:62}}
Aug 10 11:23:51.257171 dv-cinder-850618-2-iscsi devstack@c-api.service[111538]: INFO cinder.api.openstack.wsgi [None req-71ec0666-aab6-4c05-92e1-fdecebe76141 tempest-VolumesExtendTest-2145730423 tempest-VolumesExtendTest-2145730423-project] GET http://10.222.0.13/volume/v3/b86b9874f91c4a16b567e035eb966362/volumes/7fbf2a36-8e68-4283-905d-a75f5ee40326
Aug 10 11:23:51.258067 dv-cinder-850618-2-iscsi devstack@c-api.service[111538]: DEBUG cinder.api.openstack.wsgi [None req-71ec0666-aab6-4c05-92e1-fdecebe76141 tempest-VolumesExtendTest-2145730423 tempest-VolumesExtendTest-2145730423-project] Empty body provided in request {{(pid=111538) get_body /opt/stack/cinder/cinder/api/openstack/wsgi.py:715}}
Aug 10 11:23:51.258467 dv-cinder-850618-2-iscsi devstack@c-api.service[111538]: DEBUG cinder.api.openstack.wsgi [None req-71ec0666-aab6-4c05-92e1-fdecebe76141 tempest-VolumesExtendTest-2145730423 tempest-VolumesExtendTest-2145730423-project] Calling method 'show' {{(pid=111538) _process_stack /opt/stack/cinder/cinder/api/openstack/wsgi.py:868}}
Aug 10 11:23:51.259977 dv-cinder-850618-2-iscsi devstack@c-api.service[111539]: INFO cinder.api.openstack.wsgi [None req-0b7963ab-df56-4927-824c-badc1cd245fc tempest-VolumesTransfersTest-153013356 tempest-VolumesTransfersTest-153013356-project-admin] DELETE http://10.222.0.13/volume/v3/a6012109e5714dd3b7beaa6e8ce5a1ae/volumes/20889118-edad-49ff-9762-2c4e35e272b8
Aug 10 11:23:51.261983 dv-cinder-850618-2-iscsi devstack@c-api.service[111539]: DEBUG cinder.api.openstack.wsgi [None req-0b7963ab-df56-4927-824c-badc1cd245fc tempest-VolumesTransfersTest-153013356 tempest-VolumesTransfersTest-153013356-project-admin] Empty body provided in request {{(pid=111539) get_body /opt/stack/cinder/cinder/api/openstack/wsgi.py:715}}
Aug 10 11:23:51.262847 dv-cinder-850618-2-iscsi devstack@c-api.service[111539]: DEBUG cinder.api.openstack.wsgi [None req-0b7963ab-df56-4927-824c-badc1cd245fc tempest-VolumesTransfersTest-153013356 tempest-VolumesTransfersTest-153013356-project-admin] Calling method 'delete' {{(pid=111539) _process_stack /opt/stack/cinder/cinder/api/openstack/wsgi.py:868}}
Aug 10 11:23:51.263985 dv-cinder-850618-2-iscsi devstack@c-api.service[111539]: INFO cinder.api.v3.volumes [None req-0b7963ab-df56-4927-824c-badc1cd245fc tempest-VolumesTransfersTest-153013356 tempest-VolumesTransfersTest-153013356-project-admin] Delete volume with id: 20889118-edad-49ff-9762-2c4e35e272b8
Aug 10 11:23:51.276653 dv-cinder-850618-2-iscsi devstack@c-api.service[111538]: /usr/local/lib/python3.8/dist-packages/oslo_context/context.py:100: DeprecationWarning: Policy enforcement is depending on the value of is_admin. This key is deprecated. Please update your policy file to use the standard policy values.
Aug 10 11:23:51.276653 dv-cinder-850618-2-iscsi devstack@c-api.service[111538]: warnings.warn('Policy enforcement is depending on the value of '
Aug 10 11:23:51.300969 dv-cinder-850618-2-iscsi devstack@c-api.service[111539]: /usr/local/lib/python3.8/dist-packages/oslo_context/context.py:100: DeprecationWarning: Policy enforcement is depending on the value of is_admin. This key is deprecated. Please update your policy file to use the standard policy values.
Aug 10 11:23:51.300969 dv-cinder-850618-2-iscsi devstack@c-api.service[111539]: warnings.warn('Policy enforcement is depending on the value of '
Aug 10 11:23:51.304132 dv-cinder-850618-2-iscsi devstack@c-api.service[111539]: INFO cinder.volume.api [None req-0b7963ab-df56-4927-824c-badc1cd245fc tempest-VolumesTransfersTest-153013356 tempest-VolumesTransfersTest-153013356-project-admin] Volume info retrieved successfully.
Aug 10 11:23:51.306758 dv-cinder-850618-2-iscsi devstack@c-api.service[111538]: INFO cinder.volume.api [None req-71ec0666-aab6-4c05-92e1-fdecebe76141 tempest-VolumesExtendTest-2145730423 tempest-VolumesExtendTest-2145730423-project] Volume info retrieved successfully.
Aug 10 11:23:51.320505 dv-cinder-850618-2-iscsi devstack@c-api.service[111538]: INFO cinder.api.openstack.wsgi [None req-71ec0666-aab6-4c05-92e1-fdecebe76141 tempest-VolumesExtendTest-2145730423 tempest-VolumesExtendTest-2145730423-project] http://10.222.0.13/volume/v3/b86b9874f91c4a16b567e035eb966362/volumes/7fbf2a36-8e68-4283-905d-a75f5ee40326 returned with HTTP 200
Aug 10 11:23:51.321879 dv-cinder-850618-2-iscsi devstack@c-api.service[111538]: [pid: 111538|app: 0|req: 157/322] 10.222.0.13 () {58 vars in 1325 bytes} [Wed Aug 10 11:23:51 2022] GET /volume/v3/b86b9874f91c4a16b567e035eb966362/volumes/7fbf2a36-8e68-4283-905d-a75f5ee40326 => generated 908 bytes in 72 msecs (HTTP/1.1 200) 7 headers in 285 bytes (1 switches on core 0)
Aug 10 11:23:51.593762 dv-cinder-850618-2-iscsi devstack@c-api.service[111539]: INFO cinder.volume.api [None req-0b7963ab-df56-4927-824c-badc1cd245fc tempest-VolumesTransfersTest-153013356 tempest-VolumesTransfersTest-153013356-project-admin] Delete volume request issued successfully.
Aug 10 11:23:51.594456 dv-cinder-850618-2-iscsi devstack@c-api.service[111539]: INFO cinder.api.openstack.wsgi [None req-0b7963ab-df56-4927-824c-badc1cd245fc tempest-VolumesTransfersTest-153013356 tempest-VolumesTransfersTest-153013356-project-admin] http://10.222.0.13/volume/v3/a6012109e5714dd3b7beaa6e8ce5a1ae/volumes/20889118-edad-49ff-9762-2c4e35e272b8 returned with HTTP 202
Aug 10 11:23:51.595809 dv-cinder-850618-2-iscsi devstack@c-api.service[111539]: [pid: 111539|app: 0|req: 166/323] 10.222.0.13 () {58 vars in 1328 bytes} [Wed Aug 10 11:23:51 2022] DELETE /volume/v3/a6012109e5714dd3b7beaa6e8ce5a1ae/volumes/20889118-edad-49ff-9762-2c4e35e272b8 => generated 0 bytes in 346 msecs (HTTP/1.1 202) 6 headers in 233 bytes (1 switches on core 0)
Aug 10 11:23:51.600915 dv-cinder-850618-2-iscsi devstack@c-api.service[111538]: DEBUG cinder.api.middleware.request_id [None req-f2f8d02a-d547-4be7-8ec8-ab4b49d46851 None None] RequestId filter calling following filter/app {{(pid=111538) _context_setter /opt/stack/cinder/cinder/api/middleware/request_id.py:62}}
Aug 10 11:23:51.605247 dv-cinder-850618-2-iscsi devstack@c-api.service[111538]: INFO cinder.api.openstack.wsgi [None req-f2f8d02a-d547-4be7-8ec8-ab4b49d46851 tempest-VolumesTransfersTest-153013356 tempest-VolumesTransfersTest-153013356-project-admin] GET http://10.222.0.13/volume/v3/a6012109e5714dd3b7beaa6e8ce5a1ae/volumes/20889118-edad-49ff-9762-2c4e35e272b8
Aug 10 11:23:51.605822 dv-cinder-850618-2-iscsi devstack@c-api.service[111538]: DEBUG cinder.api.openstack.wsgi [None req-f2f8d02a-d547-4be7-8ec8-ab4b49d46851 tempest-VolumesTransfersTest-153013356 tempest-VolumesTransfersTest-153013356-project-admin] Empty body provided in request {{(pid=111538) get_body /opt/stack/cinder/cinder/api/openstack/wsgi.py:715}}
Aug 10 11:23:51.607292 dv-cinder-850618-2-iscsi devstack@c-api.service[111538]: DEBUG cinder.api.openstack.wsgi [None req-f2f8d02a-d547-4be7-8ec8-ab4b49d46851 tempest-VolumesTransfersTest-153013356 tempest-VolumesTransfersTest-153013356-project-admin] Calling method 'show' {{(pid=111538) _process_stack /opt/stack/cinder/cinder/api/openstack/wsgi.py:868}}
Aug 10 11:23:51.630917 dv-cinder-850618-2-iscsi devstack@c-api.service[111538]: /usr/local/lib/python3.8/dist-packages/oslo_context/context.py:100: DeprecationWarning: Policy enforcement is depending on the value of is_admin. This key is deprecated. Please update your policy file to use the standard policy values.
Aug 10 11:23:51.630917 dv-cinder-850618-2-iscsi devstack@c-api.service[111538]: warnings.warn('Policy enforcement is depending on the value of '
Aug 10 11:23:51.637651 dv-cinder-850618-2-iscsi devstack@c-api.service[111538]: INFO cinder.volume.api [None req-f2f8d02a-d547-4be7-8ec8-ab4b49d46851 tempest-VolumesTransfersTest-153013356 tempest-VolumesTransfersTest-153013356-project-admin] Volume info retrieved successfully.
Aug 10 11:23:51.646824 dv-cinder-850618-2-iscsi devstack@c-api.service[111538]: INFO cinder.api.openstack.wsgi [None req-f2f8d02a-d547-4be7-8ec8-ab4b49d46851 tempest-VolumesTransfersTest-153013356 tempest-VolumesTransfersTest-153013356-project-admin] http://10.222.0.13/volume/v3/a6012109e5714dd3b7beaa6e8ce5a1ae/volumes/20889118-edad-49ff-9762-2c4e35e272b8 returned with HTTP 200
Aug 10 11:23:51.647503 dv-cinder-850618-2-iscsi devstack@c-api.service[111538]: [pid: 111538|app: 0|req: 158/324] 10.222.0.13 () {58 vars in 1325 bytes} [Wed Aug 10 11:23:51 2022] GET /volume/v3/a6012109e5714dd3b7beaa6e8ce5a1ae/volumes/20889118-edad-49ff-9762-2c4e35e272b8 => generated 1087 bytes in 48 msecs (HTTP/1.1 200) 7 headers in 286 bytes (1 switches on core 0)
Aug 10 11:23:51.704791 dv-cinder-850618-2-iscsi devstack@c-api.service[111539]: DEBUG cinder.api.middleware.request_id [None req-8464cf71-63bd-4e9c-9287-fbf9e1c48fa5 None None] RequestId filter calling following filter/app {{(pid=111539) _context_setter /opt/stack/cinder/cinder/api/middleware/request_id.py:62}}
Aug 10 11:23:51.708318 dv-cinder-850618-2-iscsi devstack@c-api.service[111539]: INFO cinder.api.openstack.wsgi [None req-8464cf71-63bd-4e9c-9287-fbf9e1c48fa5 tempest-VolumesCloneTest-1537454287 tempest-VolumesCloneTest-1537454287-project] POST http://10.222.0.13/volume/v3/62a0053b8c614c36b30d71654e2b3ad0/volumes
Aug 10 11:23:51.709019 dv-cinder-850618-2-iscsi devstack@c-api.service[111539]: DEBUG cinder.api.openstack.wsgi [None req-8464cf71-63bd-4e9c-9287-fbf9e1c48fa5 tempest-VolumesCloneTest-1537454287 tempest-VolumesCloneTest-1537454287-project] Action: 'create', calling method: create, body: {"volume": {"imageRef": "3320b115-896b-40d5-aa1c-3067ed344e06", "size": 1, "name": "tempest-VolumesCloneTest-Volume-2023124889"}} {{(pid=111539) _process_stack /opt/stack/cinder/cinder/api/openstack/wsgi.py:866}}
Aug 10 11:23:51.711327 dv-cinder-850618-2-iscsi devstack@c-api.service[111539]: DEBUG cinder.api.v3.volumes [None req-8464cf71-63bd-4e9c-9287-fbf9e1c48fa5 tempest-VolumesCloneTest-1537454287 tempest-VolumesCloneTest-1537454287-project] Create volume request body: {'volume': {'imageRef': '3320b115-896b-40d5-aa1c-3067ed344e06', 'size': 1, 'name': 'tempest-VolumesCloneTest-Volume-2023124889'}} {{(pid=111539) create /opt/stack/cinder/cinder/api/v3/volumes.py:298}}
Aug 10 11:23:51.800960 dv-cinder-850618-2-iscsi devstack@c-api.service[111539]: INFO cinder.api.v3.volumes [None req-8464cf71-63bd-4e9c-9287-fbf9e1c48fa5 tempest-VolumesCloneTest-1537454287 tempest-VolumesCloneTest-1537454287-project] Create volume of 1 GB
Aug 10 11:23:51.808817 dv-cinder-850618-2-iscsi devstack@c-api.service[111539]: INFO cinder.volume.api [None req-8464cf71-63bd-4e9c-9287-fbf9e1c48fa5 tempest-VolumesCloneTest-1537454287 tempest-VolumesCloneTest-1537454287-project] Availability Zones retrieved successfully.
Aug 10 11:23:51.826123 dv-cinder-850618-2-iscsi devstack@c-api.service[111539]: DEBUG cinder.volume.api [None req-8464cf71-63bd-4e9c-9287-fbf9e1c48fa5 tempest-VolumesCloneTest-1537454287 tempest-VolumesCloneTest-1537454287-project] Flow 'volume_create_api' (376de180-b45c-41af-a1b2-da0ef80edd99) transitioned into state 'RUNNING' from state 'PENDING' {{(pid=111539) _flow_receiver /usr/local/lib/python3.8/dist-packages/taskflow/listeners/logging.py:141}}
Aug 10 11:23:51.826865 dv-cinder-850618-2-iscsi devstack@c-api.service[111539]: DEBUG cinder.volume.api [None req-8464cf71-63bd-4e9c-9287-fbf9e1c48fa5 tempest-VolumesCloneTest-1537454287 tempest-VolumesCloneTest-1537454287-project] Task 'cinder.volume.flows.api.create_volume.ExtractVolumeRequestTask;volume:create' (e60cfaaf-9c9a-4ee2-a4ac-06bd27f2c533) transitioned into state 'RUNNING' from state 'PENDING' {{(pid=111539) _task_receiver /usr/local/lib/python3.8/dist-packages/taskflow/listeners/logging.py:190}}
Aug 10 11:23:51.829218 dv-cinder-850618-2-iscsi devstack@c-api.service[111539]: DEBUG cinder.volume.flows.api.create_volume [None req-8464cf71-63bd-4e9c-9287-fbf9e1c48fa5 tempest-VolumesCloneTest-1537454287 tempest-VolumesCloneTest-1537454287-project] Validating volume size '1' using validate_int {{(pid=111539) _extract_size /opt/stack/cinder/cinder/volume/flows/api/create_volume.py:228}}
Aug 10 11:23:51.901044 dv-cinder-850618-2-iscsi devstack@c-api.service[111539]: DEBUG cinder.volume.api [None req-8464cf71-63bd-4e9c-9287-fbf9e1c48fa5 tempest-VolumesCloneTest-1537454287 tempest-VolumesCloneTest-1537454287-project] Task 'cinder.volume.flows.api.create_volume.ExtractVolumeRequestTask;volume:create' (e60cfaaf-9c9a-4ee2-a4ac-06bd27f2c533) transitioned into state 'SUCCESS' from state 'RUNNING' with result '{'size': 1, 'snapshot_id': None, 'source_volid': None, 'volume_type': VolumeType(created_at=2022-08-10T11:07:30Z,deleted=False,deleted_at=None,description='Default Volume Type',extra_specs={},id=2995993e-f2c0-4c32-8205-41794381839a,is_public=True,name='__DEFAULT__',projects=[],qos_specs=,qos_specs_id=None,updated_at=2022-08-10T11:07:30Z), 'volume_type_id': '2995993e-f2c0-4c32-8205-41794381839a', 'encryption_key_id': None, 'qos_specs': None, 'consistencygroup_id': None, 'cgsnapshot_id': None, 'group_id': None, 'replication_status': 'disabled', 'refresh_az': False, 'backup_id': None, 'multiattach': False, 'availability_zones': ['nova']}' {{(pid=111539) _task_receiver /usr/local/lib/python3.8/dist-packages/taskflow/listeners/logging.py:178}}
Aug 10 11:23:51.903528 dv-cinder-850618-2-iscsi devstack@c-api.service[111539]: DEBUG cinder.volume.api [None req-8464cf71-63bd-4e9c-9287-fbf9e1c48fa5 tempest-VolumesCloneTest-1537454287 tempest-VolumesCloneTest-1537454287-project] Task 'cinder.volume.flows.api.create_volume.QuotaReserveTask;volume:create' (d91aedfb-9d9e-479a-938a-191b2fa448f4) transitioned into state 'RUNNING' from state 'PENDING' {{(pid=111539) _task_receiver /usr/local/lib/python3.8/dist-packages/taskflow/listeners/logging.py:190}}
Aug 10 11:23:52.339149 dv-cinder-850618-2-iscsi devstack@c-api.service[111538]: DEBUG cinder.api.middleware.request_id [None req-2c006a0b-e492-4a08-8edc-de87c66f8c08 None None] RequestId filter calling following filter/app {{(pid=111538) _context_setter /opt/stack/cinder/cinder/api/middleware/request_id.py:62}}
Aug 10 11:23:52.344063 dv-cinder-850618-2-iscsi devstack@c-api.service[111538]: INFO cinder.api.openstack.wsgi [None req-2c006a0b-e492-4a08-8edc-de87c66f8c08 tempest-VolumesExtendTest-2145730423 tempest-VolumesExtendTest-2145730423-project] GET http://10.222.0.13/volume/v3/b86b9874f91c4a16b567e035eb966362/volumes/7fbf2a36-8e68-4283-905d-a75f5ee40326
Aug 10 11:23:52.344923 dv-cinder-850618-2-iscsi devstack@c-api.service[111538]: DEBUG cinder.api.openstack.wsgi [None req-2c006a0b-e492-4a08-8edc-de87c66f8c08 tempest-VolumesExtendTest-2145730423 tempest-VolumesExtendTest-2145730423-project] Empty body provided in request {{(pid=111538) get_body /opt/stack/cinder/cinder/api/openstack/wsgi.py:715}}
Aug 10 11:23:52.345182 dv-cinder-850618-2-iscsi devstack@c-api.service[111539]: DEBUG cinder.quota [None req-8464cf71-63bd-4e9c-9287-fbf9e1c48fa5 tempest-VolumesCloneTest-1537454287 tempest-VolumesCloneTest-1537454287-project] Created reservations ['621255aa-f1e5-4865-8b01-937722c1ff96', 'e0ca72be-f5ee-4ebe-bcf8-7638014c3185', 'f45ead8f-f6ad-4f62-bd48-108eaf1bf850', '920031c9-a1ee-4e16-8f5e-9e08aa3b940f'] {{(pid=111539) reserve /opt/stack/cinder/cinder/quota.py:755}}
Aug 10 11:23:52.345850 dv-cinder-850618-2-iscsi devstack@c-api.service[111538]: DEBUG cinder.api.openstack.wsgi [None req-2c006a0b-e492-4a08-8edc-de87c66f8c08 tempest-VolumesExtendTest-2145730423 tempest-VolumesExtendTest-2145730423-project] Calling method 'show' {{(pid=111538) _process_stack /opt/stack/cinder/cinder/api/openstack/wsgi.py:868}}
Aug 10 11:23:52.347012 dv-cinder-850618-2-iscsi devstack@c-api.service[111539]: DEBUG cinder.volume.api [None req-8464cf71-63bd-4e9c-9287-fbf9e1c48fa5 tempest-VolumesCloneTest-1537454287 tempest-VolumesCloneTest-1537454287-project] Task 'cinder.volume.flows.api.create_volume.QuotaReserveTask;volume:create' (d91aedfb-9d9e-479a-938a-191b2fa448f4) transitioned into state 'SUCCESS' from state 'RUNNING' with result '{'reservations': ['621255aa-f1e5-4865-8b01-937722c1ff96', 'e0ca72be-f5ee-4ebe-bcf8-7638014c3185', 'f45ead8f-f6ad-4f62-bd48-108eaf1bf850', '920031c9-a1ee-4e16-8f5e-9e08aa3b940f']}' {{(pid=111539) _task_receiver /usr/local/lib/python3.8/dist-packages/taskflow/listeners/logging.py:178}}
Aug 10 11:23:52.350176 dv-cinder-850618-2-iscsi devstack@c-api.service[111539]: DEBUG cinder.volume.api [None req-8464cf71-63bd-4e9c-9287-fbf9e1c48fa5 tempest-VolumesCloneTest-1537454287 tempest-VolumesCloneTest-1537454287-project] Task 'cinder.volume.flows.api.create_volume.EntryCreateTask;volume:create' (a83e77a8-7f46-42d1-b606-773e81f83f62) transitioned into state 'RUNNING' from state 'PENDING' {{(pid=111539) _task_receiver /usr/local/lib/python3.8/dist-packages/taskflow/listeners/logging.py:190}}
Aug 10 11:23:52.389320 dv-cinder-850618-2-iscsi devstack@c-api.service[111538]: /usr/local/lib/python3.8/dist-packages/oslo_context/context.py:100: DeprecationWarning: Policy enforcement is depending on the value of is_admin. This key is deprecated. Please update your policy file to use the standard policy values.
Aug 10 11:23:52.389320 dv-cinder-850618-2-iscsi devstack@c-api.service[111538]: warnings.warn('Policy enforcement is depending on the value of '
Aug 10 11:23:52.396197 dv-cinder-850618-2-iscsi devstack@c-api.service[111538]: INFO cinder.volume.api [None req-2c006a0b-e492-4a08-8edc-de87c66f8c08 tempest-VolumesExtendTest-2145730423 tempest-VolumesExtendTest-2145730423-project] Volume info retrieved successfully.
Aug 10 11:23:52.405754 dv-cinder-850618-2-iscsi devstack@c-api.service[111538]: INFO cinder.api.openstack.wsgi [None req-2c006a0b-e492-4a08-8edc-de87c66f8c08 tempest-VolumesExtendTest-2145730423 tempest-VolumesExtendTest-2145730423-project] http://10.222.0.13/volume/v3/b86b9874f91c4a16b567e035eb966362/volumes/7fbf2a36-8e68-4283-905d-a75f5ee40326 returned with HTTP 200
Aug 10 11:23:52.406463 dv-cinder-850618-2-iscsi devstack@c-api.service[111538]: [pid: 111538|app: 0|req: 159/325] 10.222.0.13 () {58 vars in 1325 bytes} [Wed Aug 10 11:23:52 2022] GET /volume/v3/b86b9874f91c4a16b567e035eb966362/volumes/7fbf2a36-8e68-4283-905d-a75f5ee40326 => generated 966 bytes in 68 msecs (HTTP/1.1 200) 7 headers in 285 bytes (2 switches on core 0)
Aug 10 11:23:52.437364 dv-cinder-850618-2-iscsi devstack@c-api.service[111539]: DEBUG cinder.volume.api [None req-8464cf71-63bd-4e9c-9287-fbf9e1c48fa5 tempest-VolumesCloneTest-1537454287 tempest-VolumesCloneTest-1537454287-project] Task 'cinder.volume.flows.api.create_volume.EntryCreateTask;volume:create' (a83e77a8-7f46-42d1-b606-773e81f83f62) transitioned into state 'SUCCESS' from state 'RUNNING' with result '{'volume_id': 'fa4ae546-4278-450a-9380-d706cdb22211', 'volume_properties': VolumeProperties(attach_status='detached',availability_zone='nova',cgsnapshot_id=None,consistencygroup_id=None,display_description=None,display_name='tempest-VolumesCloneTest-Volume-2023124889',encryption_key_id=None,group_id=None,group_type_id=,metadata={},multiattach=False,project_id='62a0053b8c614c36b30d71654e2b3ad0',qos_specs=None,replication_status=,reservations=['621255aa-f1e5-4865-8b01-937722c1ff96','e0ca72be-f5ee-4ebe-bcf8-7638014c3185','f45ead8f-f6ad-4f62-bd48-108eaf1bf850','920031c9-a1ee-4e16-8f5e-9e08aa3b940f'],size=1,snapshot_id=None,source_replicaid=,source_volid=None,status='creating',user_id='20336c8417b24938a4b5aca538d72727',volume_type_id=2995993e-f2c0-4c32-8205-41794381839a), 'volume': Volume(_name_id=None,admin_metadata=,attach_status='detached',availability_zone='nova',bootable=False,cluster=,cluster_name=None,consistencygroup=,consistencygroup_id=None,created_at=2022-08-10T11:23:52Z,deleted=False,deleted_at=None,display_description=None,display_name='tempest-VolumesCloneTest-Volume-2023124889',ec2_id=None,encryption_key_id=None,glance_metadata=,group=,group_id=None,host=None,id=fa4ae546-4278-450a-9380-d706cdb22211,launched_at=None,metadata={},migration_status=None,multiattach=False,previous_status=None,project_id='62a0053b8c614c36b30d71654e2b3ad0',provider_auth=None,provider_geometry=None,provider_id=None,provider_location=None,replication_driver_data=None,replication_extended_status=None,replication_status=None,scheduled_at=None,service_uuid=None,shared_targets=True,size=1,snapshot_id=None,snapshots=,source_volid=None,status='creating',terminated_at=None,updated_at=None,use_quota=True,user_id='20336c8417b24938a4b5aca538d72727',volume_attachment=VolumeAttachmentList,volume_type=VolumeType(2995993e-f2c0-4c32-8205-41794381839a),volume_type_id=2995993e-f2c0-4c32-8205-41794381839a)}' {{(pid=111539) _task_receiver /usr/local/lib/python3.8/dist-packages/taskflow/listeners/logging.py:178}}
Aug 10 11:23:52.439485 dv-cinder-850618-2-iscsi devstack@c-api.service[111539]: DEBUG cinder.volume.api [None req-8464cf71-63bd-4e9c-9287-fbf9e1c48fa5 tempest-VolumesCloneTest-1537454287 tempest-VolumesCloneTest-1537454287-project] Task 'cinder.volume.flows.api.create_volume.QuotaCommitTask;volume:create' (b83b0f0e-7768-4faa-996b-71ac01da0ebb) transitioned into state 'RUNNING' from state 'PENDING' {{(pid=111539) _task_receiver /usr/local/lib/python3.8/dist-packages/taskflow/listeners/logging.py:190}}
Aug 10 11:23:52.563050 dv-cinder-850618-2-iscsi devstack@c-api.service[111539]: DEBUG cinder.volume.api [None req-8464cf71-63bd-4e9c-9287-fbf9e1c48fa5 tempest-VolumesCloneTest-1537454287 tempest-VolumesCloneTest-1537454287-project] Task 'cinder.volume.flows.api.create_volume.QuotaCommitTask;volume:create' (b83b0f0e-7768-4faa-996b-71ac01da0ebb) transitioned into state 'SUCCESS' from state 'RUNNING' with result '{'volume_properties': VolumeProperties(attach_status='detached',availability_zone='nova',cgsnapshot_id=None,consistencygroup_id=None,display_description=None,display_name='tempest-VolumesCloneTest-Volume-2023124889',encryption_key_id=None,group_id=None,group_type_id=,metadata={},multiattach=False,project_id='62a0053b8c614c36b30d71654e2b3ad0',qos_specs=None,replication_status=,reservations=['621255aa-f1e5-4865-8b01-937722c1ff96','e0ca72be-f5ee-4ebe-bcf8-7638014c3185','f45ead8f-f6ad-4f62-bd48-108eaf1bf850','920031c9-a1ee-4e16-8f5e-9e08aa3b940f'],size=1,snapshot_id=None,source_replicaid=,source_volid=None,status='creating',user_id='20336c8417b24938a4b5aca538d72727',volume_type_id=2995993e-f2c0-4c32-8205-41794381839a)}' {{(pid=111539) _task_receiver /usr/local/lib/python3.8/dist-packages/taskflow/listeners/logging.py:178}}
Aug 10 11:23:52.565032 dv-cinder-850618-2-iscsi devstack@c-api.service[111539]: DEBUG cinder.volume.api [None req-8464cf71-63bd-4e9c-9287-fbf9e1c48fa5 tempest-VolumesCloneTest-1537454287 tempest-VolumesCloneTest-1537454287-project] Task 'cinder.volume.flows.api.create_volume.VolumeCastTask;volume:create' (bb5d988d-d7e9-4ed7-bbf8-961cc38e49ac) transitioned into state 'RUNNING' from state 'PENDING' {{(pid=111539) _task_receiver /usr/local/lib/python3.8/dist-packages/taskflow/listeners/logging.py:190}}
Aug 10 11:23:52.664763 dv-cinder-850618-2-iscsi devstack@c-api.service[111538]: DEBUG cinder.api.middleware.request_id [None req-2195b7a6-1402-4382-bdac-e92d85290f09 None None] RequestId filter calling following filter/app {{(pid=111538) _context_setter /opt/stack/cinder/cinder/api/middleware/request_id.py:62}}
Aug 10 11:23:52.669264 dv-cinder-850618-2-iscsi devstack@c-api.service[111538]: INFO cinder.api.openstack.wsgi [None req-2195b7a6-1402-4382-bdac-e92d85290f09 tempest-VolumesTransfersTest-153013356 tempest-VolumesTransfersTest-153013356-project-admin] GET http://10.222.0.13/volume/v3/a6012109e5714dd3b7beaa6e8ce5a1ae/volumes/20889118-edad-49ff-9762-2c4e35e272b8
Aug 10 11:23:52.670278 dv-cinder-850618-2-iscsi devstack@c-api.service[111538]: DEBUG cinder.api.openstack.wsgi [None req-2195b7a6-1402-4382-bdac-e92d85290f09 tempest-VolumesTransfersTest-153013356 tempest-VolumesTransfersTest-153013356-project-admin] Empty body provided in request {{(pid=111538) get_body /opt/stack/cinder/cinder/api/openstack/wsgi.py:715}}
Aug 10 11:23:52.670877 dv-cinder-850618-2-iscsi devstack@c-api.service[111538]: DEBUG cinder.api.openstack.wsgi [None req-2195b7a6-1402-4382-bdac-e92d85290f09 tempest-VolumesTransfersTest-153013356 tempest-VolumesTransfersTest-153013356-project-admin] Calling method 'show' {{(pid=111538) _process_stack /opt/stack/cinder/cinder/api/openstack/wsgi.py:868}}
Aug 10 11:23:52.703755 dv-cinder-850618-2-iscsi devstack@c-api.service[111538]: /usr/local/lib/python3.8/dist-packages/oslo_context/context.py:100: DeprecationWarning: Policy enforcement is depending on the value of is_admin. This key is deprecated. Please update your policy file to use the standard policy values.
Aug 10 11:23:52.703755 dv-cinder-850618-2-iscsi devstack@c-api.service[111538]: warnings.warn('Policy enforcement is depending on the value of '
Aug 10 11:23:52.716995 dv-cinder-850618-2-iscsi devstack@c-api.service[111539]: DEBUG cinder.volume.api [None req-8464cf71-63bd-4e9c-9287-fbf9e1c48fa5 tempest-VolumesCloneTest-1537454287 tempest-VolumesCloneTest-1537454287-project] Task 'cinder.volume.flows.api.create_volume.VolumeCastTask;volume:create' (bb5d988d-d7e9-4ed7-bbf8-961cc38e49ac) transitioned into state 'SUCCESS' from state 'RUNNING' with result 'None' {{(pid=111539) _task_receiver /usr/local/lib/python3.8/dist-packages/taskflow/listeners/logging.py:178}}
Aug 10 11:23:52.721301 dv-cinder-850618-2-iscsi devstack@c-api.service[111538]: INFO cinder.volume.api [None req-2195b7a6-1402-4382-bdac-e92d85290f09 tempest-VolumesTransfersTest-153013356 tempest-VolumesTransfersTest-153013356-project-admin] Volume info retrieved successfully.
Aug 10 11:23:52.735860 dv-cinder-850618-2-iscsi devstack@c-api.service[111539]: DEBUG cinder.volume.api [None req-8464cf71-63bd-4e9c-9287-fbf9e1c48fa5 tempest-VolumesCloneTest-1537454287 tempest-VolumesCloneTest-1537454287-project] Flow 'volume_create_api' (376de180-b45c-41af-a1b2-da0ef80edd99) transitioned into state 'SUCCESS' from state 'RUNNING' {{(pid=111539) _flow_receiver /usr/local/lib/python3.8/dist-packages/taskflow/listeners/logging.py:141}}
Aug 10 11:23:52.739795 dv-cinder-850618-2-iscsi devstack@c-api.service[111539]: INFO cinder.volume.api [None req-8464cf71-63bd-4e9c-9287-fbf9e1c48fa5 tempest-VolumesCloneTest-1537454287 tempest-VolumesCloneTest-1537454287-project] Create volume request issued successfully.
