Jul 21 09:59:27.954165 dv-cinder-850618-1-smb devstack@keystone.service[80416]: DEBUG keystone.common.rbac_enforcer.enforcer [None req-74734436-fc25-4ae1-b5ac-4f4f1c758ba2 None admin] RBAC: Authorizing `identity:list_roles()` {{(pid=80416) enforce_call /opt/stack/keystone/keystone/common/rbac_enforcer/enforcer.py:449}}
Jul 21 09:59:27.955724 dv-cinder-850618-1-smb devstack@keystone.service[80416]: DEBUG keystone.common.rbac_enforcer.enforcer [None req-74734436-fc25-4ae1-b5ac-4f4f1c758ba2 None admin] RBAC: Authorization granted {{(pid=80416) enforce_call /opt/stack/keystone/keystone/common/rbac_enforcer/enforcer.py:457}}
Jul 21 09:59:27.956013 dv-cinder-850618-1-smb devstack@keystone.service[80417]: DEBUG keystone.server.flask.request_processing.req_logging [None req-c8de23fe-9279-481f-8521-f05ce94d1eca None None] REQUEST_METHOD: `POST` {{(pid=80417) log_request_info /opt/stack/keystone/keystone/server/flask/request_processing/req_logging.py:27}}
Jul 21 09:59:27.956315 dv-cinder-850618-1-smb devstack@keystone.service[80417]: DEBUG keystone.server.flask.request_processing.req_logging [None req-c8de23fe-9279-481f-8521-f05ce94d1eca None None] SCRIPT_NAME: `/identity` {{(pid=80417) log_request_info /opt/stack/keystone/keystone/server/flask/request_processing/req_logging.py:28}}
Jul 21 09:59:27.956601 dv-cinder-850618-1-smb devstack@keystone.service[80417]: DEBUG keystone.server.flask.request_processing.req_logging [None req-c8de23fe-9279-481f-8521-f05ce94d1eca None None] PATH_INFO: `/v3/auth/tokens` {{(pid=80417) log_request_info /opt/stack/keystone/keystone/server/flask/request_processing/req_logging.py:29}}
Jul 21 09:59:27.966662 dv-cinder-850618-1-smb devstack@keystone.service[80416]: [pid: 80416|app: 0|req: 106/213] 10.222.0.43 () {56 vars in 1101 bytes} [Thu Jul 21 09:59:27 2022] GET /identity/v3/roles?name=member => generated 341 bytes in 166 msecs (HTTP/1.1 200) 5 headers in 177 bytes (1 switches on core 0)
Jul 21 09:59:27.972050 dv-cinder-850618-1-smb devstack@keystone.service[80416]: DEBUG keystone.server.flask.request_processing.middleware.auth_context [None req-74734436-fc25-4ae1-b5ac-4f4f1c758ba2 None admin] Authenticating user token {{(pid=80416) process_request /usr/local/lib/python3.8/dist-packages/keystonemiddleware/auth_token/__init__.py:407}}
Jul 21 09:59:27.977330 dv-cinder-850618-1-smb devstack@keystone.service[80417]: DEBUG keystone.auth.core [None req-c8de23fe-9279-481f-8521-f05ce94d1eca None None] MFA Rules not processed for user `1fef61be10014097b533cc7982a0804b`. Rule list: `[]` (Enabled: `True`). {{(pid=80417) check_auth_methods_against_rules /opt/stack/keystone/keystone/auth/core.py:438}}
Jul 21 09:59:27.978663 dv-cinder-850618-1-smb devstack@keystone.service[80417]: DEBUG keystone.common.fernet_utils [None req-c8de23fe-9279-481f-8521-f05ce94d1eca None None] Loaded 2 Fernet keys from /etc/keystone/fernet-keys/, but `[fernet_tokens] max_active_keys = 3`; perhaps there have not been enough key rotations to reach `max_active_keys` yet? {{(pid=80417) load_keys /opt/stack/keystone/keystone/common/fernet_utils.py:286}}
Jul 21 09:59:28.066623 dv-cinder-850618-1-smb devstack@keystone.service[80417]: [pid: 80417|app: 0|req: 108/214] 10.222.0.43 () {58 vars in 1023 bytes} [Thu Jul 21 09:59:27 2022] POST /identity/v3/auth/tokens => generated 799 bytes in 107 msecs (HTTP/1.1 201) 6 headers in 363 bytes (2 switches on core 0)
Jul 21 09:59:28.092353 dv-cinder-850618-1-smb devstack@keystone.service[80417]: DEBUG keystone.server.flask.request_processing.middleware.auth_context [None req-c8de23fe-9279-481f-8521-f05ce94d1eca None None] Authenticating user token {{(pid=80417) process_request /usr/local/lib/python3.8/dist-packages/keystonemiddleware/auth_token/__init__.py:407}}
Jul 21 09:59:28.097032 dv-cinder-850618-1-smb devstack@keystone.service[80416]: DEBUG keystone.server.flask.request_processing.middleware.auth_context [None req-74734436-fc25-4ae1-b5ac-4f4f1c758ba2 None admin] Validating token access rules against request {{(pid=80416) validate_allowed_request /usr/local/lib/python3.8/dist-packages/keystonemiddleware/auth_token/__init__.py:545}}
Jul 21 09:59:28.128070 dv-cinder-850618-1-smb devstack@keystone.service[80417]: DEBUG dbcounter [-] [80417] Writing DB stats keystone:SELECT=100 {{(pid=80417) stat_writer /usr/local/lib/python3.8/dist-packages/dbcounter.py:114}}
Jul 21 09:59:28.143687 dv-cinder-850618-1-smb devstack@keystone.service[80416]: DEBUG keystone.server.flask.request_processing.middleware.auth_context [None req-7418ea18-e0db-4cf4-b19d-b64b66826c63 None admin] RBAC: auth_context: {'token': , 'domain_id': None, 'trust_id': None, 'trustor_id': None, 'trustee_id': None, 'domain_name': None, 'group_ids': [], 'user_id': '1fef61be10014097b533cc7982a0804b', 'user_domain_id': 'default', 'system_scope': 'all', 'project_id': None, 'project_domain_id': None, 'roles': ['admin', 'member', 'reader'], 'is_admin_project': True, 'service_user_id': None, 'service_user_domain_id': None, 'service_project_id': None, 'service_project_domain_id': None, 'service_roles': []} {{(pid=80416) fill_context /opt/stack/keystone/keystone/server/flask/request_processing/middleware/auth_context.py:478}}
Jul 21 09:59:28.144759 dv-cinder-850618-1-smb devstack@keystone.service[80416]: DEBUG keystone.server.flask.request_processing.req_logging [None req-7418ea18-e0db-4cf4-b19d-b64b66826c63 None admin] REQUEST_METHOD: `GET` {{(pid=80416) log_request_info /opt/stack/keystone/keystone/server/flask/request_processing/req_logging.py:27}}
Jul 21 09:59:28.145051 dv-cinder-850618-1-smb devstack@keystone.service[80416]: DEBUG keystone.server.flask.request_processing.req_logging [None req-7418ea18-e0db-4cf4-b19d-b64b66826c63 None admin] SCRIPT_NAME: `/identity` {{(pid=80416) log_request_info /opt/stack/keystone/keystone/server/flask/request_processing/req_logging.py:28}}
Jul 21 09:59:28.145339 dv-cinder-850618-1-smb devstack@keystone.service[80416]: DEBUG keystone.server.flask.request_processing.req_logging [None req-7418ea18-e0db-4cf4-b19d-b64b66826c63 None admin] PATH_INFO: `/v3/users/e3c45f6137ba4562a5a8a905226a95cb` {{(pid=80416) log_request_info /opt/stack/keystone/keystone/server/flask/request_processing/req_logging.py:29}}
Jul 21 09:59:28.160720 dv-cinder-850618-1-smb devstack@keystone.service[80416]: DEBUG keystone.common.rbac_enforcer.enforcer [None req-7418ea18-e0db-4cf4-b19d-b64b66826c63 None admin] RBAC: Authorizing `identity:get_user(user_id=e3c45f6137ba4562a5a8a905226a95cb)` {{(pid=80416) enforce_call /opt/stack/keystone/keystone/common/rbac_enforcer/enforcer.py:449}}
Jul 21 09:59:28.162316 dv-cinder-850618-1-smb devstack@keystone.service[80416]: DEBUG keystone.common.rbac_enforcer.enforcer [None req-7418ea18-e0db-4cf4-b19d-b64b66826c63 None admin] RBAC: Authorization granted {{(pid=80416) enforce_call /opt/stack/keystone/keystone/common/rbac_enforcer/enforcer.py:457}}
Jul 21 09:59:28.164401 dv-cinder-850618-1-smb devstack@keystone.service[80416]: [pid: 80416|app: 0|req: 107/215] 10.222.0.43 () {56 vars in 1177 bytes} [Thu Jul 21 09:59:27 2022] GET /identity/v3/users/e3c45f6137ba4562a5a8a905226a95cb => generated 297 bytes in 193 msecs (HTTP/1.1 200) 5 headers in 177 bytes (2 switches on core 0)
Jul 21 09:59:28.170394 dv-cinder-850618-1-smb devstack@keystone.service[80416]: DEBUG keystone.server.flask.request_processing.middleware.auth_context [None req-7418ea18-e0db-4cf4-b19d-b64b66826c63 None admin] Authenticating user token {{(pid=80416) process_request /usr/local/lib/python3.8/dist-packages/keystonemiddleware/auth_token/__init__.py:407}}
Jul 21 09:59:28.239624 dv-cinder-850618-1-smb devstack@keystone.service[80417]: DEBUG keystone.server.flask.request_processing.middleware.auth_context [None req-c8de23fe-9279-481f-8521-f05ce94d1eca None None] Validating token access rules against request {{(pid=80417) validate_allowed_request /usr/local/lib/python3.8/dist-packages/keystonemiddleware/auth_token/__init__.py:545}}
Jul 21 09:59:28.248442 dv-cinder-850618-1-smb devstack@keystone.service[80416]: DEBUG dbcounter [-] [80416] Writing DB stats keystone:SELECT=100 {{(pid=80416) stat_writer /usr/local/lib/python3.8/dist-packages/dbcounter.py:114}}
Jul 21 09:59:28.292352 dv-cinder-850618-1-smb devstack@keystone.service[80417]: DEBUG keystone.server.flask.request_processing.middleware.auth_context [None req-0c75cc8e-8f8a-49b8-b529-b6788d19d65a None admin] RBAC: auth_context: {'token': , 'domain_id': None, 'trust_id': None, 'trustor_id': None, 'trustee_id': None, 'domain_name': None, 'group_ids': [], 'user_id': '1fef61be10014097b533cc7982a0804b', 'user_domain_id': 'default', 'system_scope': 'all', 'project_id': None, 'project_domain_id': None, 'roles': ['admin', 'member', 'reader'], 'is_admin_project': True, 'service_user_id': None, 'service_user_domain_id': None, 'service_project_id': None, 'service_project_domain_id': None, 'service_roles': []} {{(pid=80417) fill_context /opt/stack/keystone/keystone/server/flask/request_processing/middleware/auth_context.py:478}}
Jul 21 09:59:28.294107 dv-cinder-850618-1-smb devstack@keystone.service[80417]: DEBUG keystone.server.flask.request_processing.req_logging [None req-0c75cc8e-8f8a-49b8-b529-b6788d19d65a None admin] REQUEST_METHOD: `GET` {{(pid=80417) log_request_info /opt/stack/keystone/keystone/server/flask/request_processing/req_logging.py:27}}
Jul 21 09:59:28.294864 dv-cinder-850618-1-smb devstack@keystone.service[80417]: DEBUG keystone.server.flask.request_processing.req_logging [None req-0c75cc8e-8f8a-49b8-b529-b6788d19d65a None admin] SCRIPT_NAME: `/identity` {{(pid=80417) log_request_info /opt/stack/keystone/keystone/server/flask/request_processing/req_logging.py:28}}
Jul 21 09:59:28.295540 dv-cinder-850618-1-smb devstack@keystone.service[80417]: DEBUG keystone.server.flask.request_processing.req_logging [None req-0c75cc8e-8f8a-49b8-b529-b6788d19d65a None admin] PATH_INFO: `/v3/domains/default` {{(pid=80417) log_request_info /opt/stack/keystone/keystone/server/flask/request_processing/req_logging.py:29}}
Jul 21 09:59:28.297691 dv-cinder-850618-1-smb devstack@keystone.service[80417]: DEBUG keystone.common.rbac_enforcer.enforcer [None req-0c75cc8e-8f8a-49b8-b529-b6788d19d65a None admin] RBAC: Authorizing `identity:get_domain(domain_id=default)` {{(pid=80417) enforce_call /opt/stack/keystone/keystone/common/rbac_enforcer/enforcer.py:449}}
Jul 21 09:59:28.300375 dv-cinder-850618-1-smb devstack@keystone.service[80417]: DEBUG keystone.common.rbac_enforcer.enforcer [None req-0c75cc8e-8f8a-49b8-b529-b6788d19d65a None admin] RBAC: Authorization granted {{(pid=80417) enforce_call /opt/stack/keystone/keystone/common/rbac_enforcer/enforcer.py:457}}
Jul 21 09:59:28.303951 dv-cinder-850618-1-smb devstack@keystone.service[80417]: [pid: 80417|app: 0|req: 109/216] 10.222.0.43 () {56 vars in 1108 bytes} [Thu Jul 21 09:59:28 2022] GET /identity/v3/domains/default => generated 199 bytes in 212 msecs (HTTP/1.1 200) 5 headers in 177 bytes (1 switches on core 0)
Jul 21 09:59:28.313243 dv-cinder-850618-1-smb devstack@keystone.service[80417]: DEBUG keystone.server.flask.request_processing.middleware.auth_context [None req-0c75cc8e-8f8a-49b8-b529-b6788d19d65a None admin] Authenticating user token {{(pid=80417) process_request /usr/local/lib/python3.8/dist-packages/keystonemiddleware/auth_token/__init__.py:407}}
Jul 21 09:59:28.344984 dv-cinder-850618-1-smb devstack@keystone.service[80416]: DEBUG keystone.server.flask.request_processing.middleware.auth_context [None req-7418ea18-e0db-4cf4-b19d-b64b66826c63 None admin] Validating token access rules against request {{(pid=80416) validate_allowed_request /usr/local/lib/python3.8/dist-packages/keystonemiddleware/auth_token/__init__.py:545}}
Jul 21 09:59:28.399163 dv-cinder-850618-1-smb devstack@keystone.service[80416]: DEBUG keystone.server.flask.request_processing.middleware.auth_context [None req-c1a2086c-557c-40f4-8e2b-b06f27049a81 None admin] RBAC: auth_context: {'token': , 'domain_id': None, 'trust_id': None, 'trustor_id': None, 'trustee_id': None, 'domain_name': None, 'group_ids': [], 'user_id': '1fef61be10014097b533cc7982a0804b', 'user_domain_id': 'default', 'system_scope': 'all', 'project_id': None, 'project_domain_id': None, 'roles': ['admin', 'member', 'reader'], 'is_admin_project': True, 'service_user_id': None, 'service_user_domain_id': None, 'service_project_id': None, 'service_project_domain_id': None, 'service_roles': []} {{(pid=80416) fill_context /opt/stack/keystone/keystone/server/flask/request_processing/middleware/auth_context.py:478}}
Jul 21 09:59:28.399842 dv-cinder-850618-1-smb devstack@keystone.service[80416]: DEBUG keystone.server.flask.request_processing.req_logging [None req-c1a2086c-557c-40f4-8e2b-b06f27049a81 None admin] REQUEST_METHOD: `GET` {{(pid=80416) log_request_info /opt/stack/keystone/keystone/server/flask/request_processing/req_logging.py:27}}
Jul 21 09:59:28.400128 dv-cinder-850618-1-smb devstack@keystone.service[80416]: DEBUG keystone.server.flask.request_processing.req_logging [None req-c1a2086c-557c-40f4-8e2b-b06f27049a81 None admin] SCRIPT_NAME: `/identity` {{(pid=80416) log_request_info /opt/stack/keystone/keystone/server/flask/request_processing/req_logging.py:28}}
Jul 21 09:59:28.400408 dv-cinder-850618-1-smb devstack@keystone.service[80416]: DEBUG keystone.server.flask.request_processing.req_logging [None req-c1a2086c-557c-40f4-8e2b-b06f27049a81 None admin] PATH_INFO: `/v3/auth/tokens` {{(pid=80416) log_request_info /opt/stack/keystone/keystone/server/flask/request_processing/req_logging.py:29}}
Jul 21 09:59:28.487658 dv-cinder-850618-1-smb devstack@keystone.service[80417]: DEBUG dbcounter [-] [80417] Writing DB stats keystone:SELECT=100 {{(pid=80417) stat_writer /usr/local/lib/python3.8/dist-packages/dbcounter.py:114}}
Jul 21 09:59:28.496554 dv-cinder-850618-1-smb devstack@keystone.service[80416]: DEBUG keystone.common.rbac_enforcer.enforcer [None req-c1a2086c-557c-40f4-8e2b-b06f27049a81 None admin] RBAC: Authorizing `identity:validate_token()` {{(pid=80416) enforce_call /opt/stack/keystone/keystone/common/rbac_enforcer/enforcer.py:449}}
Jul 21 09:59:28.498195 dv-cinder-850618-1-smb devstack@keystone.service[80416]: DEBUG keystone.common.rbac_enforcer.enforcer [None req-c1a2086c-557c-40f4-8e2b-b06f27049a81 None admin] RBAC: Authorization granted {{(pid=80416) enforce_call /opt/stack/keystone/keystone/common/rbac_enforcer/enforcer.py:457}}
Jul 21 09:59:28.527497 dv-cinder-850618-1-smb devstack@keystone.service[80417]: DEBUG keystone.server.flask.request_processing.middleware.auth_context [None req-0c75cc8e-8f8a-49b8-b529-b6788d19d65a None admin] Validating token access rules against request {{(pid=80417) validate_allowed_request /usr/local/lib/python3.8/dist-packages/keystonemiddleware/auth_token/__init__.py:545}}
Jul 21 09:59:28.557385 dv-cinder-850618-1-smb devstack@keystone.service[80416]: DEBUG dbcounter [-] [80416] Writing DB stats keystone:SELECT=100 {{(pid=80416) stat_writer /usr/local/lib/python3.8/dist-packages/dbcounter.py:114}}
Jul 21 09:59:28.588245 dv-cinder-850618-1-smb devstack@keystone.service[80417]: DEBUG keystone.server.flask.request_processing.middleware.auth_context [None req-3d276014-917d-4a91-84dc-a109cf67b395 None admin] RBAC: auth_context: {'token': , 'domain_id': None, 'trust_id': None, 'trustor_id': None, 'trustee_id': None, 'domain_name': None, 'group_ids': [], 'user_id': '1fef61be10014097b533cc7982a0804b', 'user_domain_id': 'default', 'system_scope': 'all', 'project_id': None, 'project_domain_id': None, 'roles': ['admin', 'member', 'reader'], 'is_admin_project': True, 'service_user_id': None, 'service_user_domain_id': None, 'service_project_id': None, 'service_project_domain_id': None, 'service_roles': []} {{(pid=80417) fill_context /opt/stack/keystone/keystone/server/flask/request_processing/middleware/auth_context.py:478}}
Jul 21 09:59:28.589295 dv-cinder-850618-1-smb devstack@keystone.service[80417]: DEBUG keystone.server.flask.request_processing.req_logging [None req-3d276014-917d-4a91-84dc-a109cf67b395 None admin] REQUEST_METHOD: `POST` {{(pid=80417) log_request_info /opt/stack/keystone/keystone/server/flask/request_processing/req_logging.py:27}}
Jul 21 09:59:28.589755 dv-cinder-850618-1-smb devstack@keystone.service[80417]: DEBUG keystone.server.flask.request_processing.req_logging [None req-3d276014-917d-4a91-84dc-a109cf67b395 None admin] SCRIPT_NAME: `/identity` {{(pid=80417) log_request_info /opt/stack/keystone/keystone/server/flask/request_processing/req_logging.py:28}}
Jul 21 09:59:28.590210 dv-cinder-850618-1-smb devstack@keystone.service[80417]: DEBUG keystone.server.flask.request_processing.req_logging [None req-3d276014-917d-4a91-84dc-a109cf67b395 None admin] PATH_INFO: `/v3/users` {{(pid=80417) log_request_info /opt/stack/keystone/keystone/server/flask/request_processing/req_logging.py:29}}
Jul 21 09:59:28.591590 dv-cinder-850618-1-smb devstack@keystone.service[80417]: DEBUG keystone.common.rbac_enforcer.enforcer [None req-3d276014-917d-4a91-84dc-a109cf67b395 None admin] RBAC: Authorizing `identity:create_user()` {{(pid=80417) enforce_call /opt/stack/keystone/keystone/common/rbac_enforcer/enforcer.py:449}}
Jul 21 09:59:28.594097 dv-cinder-850618-1-smb devstack@keystone.service[80417]: DEBUG keystone.common.rbac_enforcer.enforcer [None req-3d276014-917d-4a91-84dc-a109cf67b395 None admin] RBAC: Authorization granted {{(pid=80417) enforce_call /opt/stack/keystone/keystone/common/rbac_enforcer/enforcer.py:457}}
Jul 21 09:59:28.634538 dv-cinder-850618-1-smb devstack@keystone.service[80416]: [pid: 80416|app: 0|req: 108/217] 10.222.0.43 () {58 vars in 1282 bytes} [Thu Jul 21 09:59:28 2022] GET /identity/v3/auth/tokens => generated 799 bytes in 459 msecs (HTTP/1.1 200) 6 headers in 358 bytes (1 switches on core 0)
Jul 21 09:59:28.634538 dv-cinder-850618-1-smb devstack@keystone.service[80416]: DEBUG keystone.server.flask.request_processing.req_logging [None req-509de397-8968-4ccd-b76d-1b01ab5b35a8 None None] REQUEST_METHOD: `GET` {{(pid=80416) log_request_info /opt/stack/keystone/keystone/server/flask/request_processing/req_logging.py:27}}
Jul 21 09:59:28.634538 dv-cinder-850618-1-smb devstack@keystone.service[80416]: DEBUG keystone.server.flask.request_processing.req_logging [None req-509de397-8968-4ccd-b76d-1b01ab5b35a8 None None] SCRIPT_NAME: `/identity` {{(pid=80416) log_request_info /opt/stack/keystone/keystone/server/flask/request_processing/req_logging.py:28}}
Jul 21 09:59:28.634538 dv-cinder-850618-1-smb devstack@keystone.service[80416]: DEBUG keystone.server.flask.request_processing.req_logging [None req-509de397-8968-4ccd-b76d-1b01ab5b35a8 None None] PATH_INFO: `/` {{(pid=80416) log_request_info /opt/stack/keystone/keystone/server/flask/request_processing/req_logging.py:29}}
Jul 21 09:59:28.634538 dv-cinder-850618-1-smb devstack@keystone.service[80416]: [pid: 80416|app: 0|req: 109/218] 10.222.0.43 () {54 vars in 926 bytes} [Thu Jul 21 09:59:28 2022] GET /identity => generated 270 bytes in 5 msecs (HTTP/1.1 300) 6 headers in 234 bytes (1 switches on core 0)
Jul 21 09:59:28.635337 dv-cinder-850618-1-smb devstack@keystone.service[80417]: [pid: 80417|app: 0|req: 110/219] 10.222.0.43 () {60 vars in 1132 bytes} [Thu Jul 21 09:59:28 2022] POST /identity/v3/users => generated 297 bytes in 322 msecs (HTTP/1.1 201) 5 headers in 182 bytes (1 switches on core 0)
Jul 21 09:59:28.639668 dv-cinder-850618-1-smb devstack@keystone.service[80416]: DEBUG keystone.server.flask.request_processing.middleware.auth_context [None req-509de397-8968-4ccd-b76d-1b01ab5b35a8 None None] Authenticating user token {{(pid=80416) process_request /usr/local/lib/python3.8/dist-packages/keystonemiddleware/auth_token/__init__.py:407}}
Jul 21 09:59:28.640376 dv-cinder-850618-1-smb devstack@keystone.service[80417]: DEBUG keystone.server.flask.request_processing.req_logging [None req-a47a28de-e428-477d-b676-49c9d5164120 None None] REQUEST_METHOD: `POST` {{(pid=80417) log_request_info /opt/stack/keystone/keystone/server/flask/request_processing/req_logging.py:27}}
Jul 21 09:59:28.640671 dv-cinder-850618-1-smb devstack@keystone.service[80417]: DEBUG keystone.server.flask.request_processing.req_logging [None req-a47a28de-e428-477d-b676-49c9d5164120 None None] SCRIPT_NAME: `/identity` {{(pid=80417) log_request_info /opt/stack/keystone/keystone/server/flask/request_processing/req_logging.py:28}}
Jul 21 09:59:28.640950 dv-cinder-850618-1-smb devstack@keystone.service[80417]: DEBUG keystone.server.flask.request_processing.req_logging [None req-a47a28de-e428-477d-b676-49c9d5164120 None None] PATH_INFO: `/v3/auth/tokens` {{(pid=80417) log_request_info /opt/stack/keystone/keystone/server/flask/request_processing/req_logging.py:29}}
Jul 21 09:59:28.673313 dv-cinder-850618-1-smb devstack@keystone.service[80417]: DEBUG keystone.auth.core [None req-a47a28de-e428-477d-b676-49c9d5164120 None None] MFA Rules not processed for user `1fef61be10014097b533cc7982a0804b`. Rule list: `[]` (Enabled: `True`). {{(pid=80417) check_auth_methods_against_rules /opt/stack/keystone/keystone/auth/core.py:438}}
Jul 21 09:59:28.675584 dv-cinder-850618-1-smb devstack@keystone.service[80417]: DEBUG keystone.common.fernet_utils [None req-a47a28de-e428-477d-b676-49c9d5164120 None None] Loaded 2 Fernet keys from /etc/keystone/fernet-keys/, but `[fernet_tokens] max_active_keys = 3`; perhaps there have not been enough key rotations to reach `max_active_keys` yet? {{(pid=80417) load_keys /opt/stack/keystone/keystone/common/fernet_utils.py:286}}
Jul 21 09:59:28.763335 dv-cinder-850618-1-smb devstack@keystone.service[80417]: [pid: 80417|app: 0|req: 111/220] 10.222.0.43 () {58 vars in 1023 bytes} [Thu Jul 21 09:59:28 2022] POST /identity/v3/auth/tokens => generated 799 bytes in 124 msecs (HTTP/1.1 201) 6 headers in 363 bytes (2 switches on core 0)
Jul 21 09:59:28.792310 dv-cinder-850618-1-smb devstack@keystone.service[80416]: DEBUG keystone.server.flask.request_processing.middleware.auth_context [None req-509de397-8968-4ccd-b76d-1b01ab5b35a8 None None] Validating token access rules against request {{(pid=80416) validate_allowed_request /usr/local/lib/python3.8/dist-packages/keystonemiddleware/auth_token/__init__.py:545}}
Jul 21 09:59:28.792499 dv-cinder-850618-1-smb devstack@keystone.service[80417]: DEBUG keystone.server.flask.request_processing.middleware.auth_context [None req-a47a28de-e428-477d-b676-49c9d5164120 None None] Authenticating user token {{(pid=80417) process_request /usr/local/lib/python3.8/dist-packages/keystonemiddleware/auth_token/__init__.py:407}}
Jul 21 09:59:28.855656 dv-cinder-850618-1-smb devstack@keystone.service[80416]: DEBUG keystone.server.flask.request_processing.middleware.auth_context [None req-fb846a6c-cffa-46cd-87b5-c834bf61b577 None admin] RBAC: auth_context: {'token': , 'domain_id': None, 'trust_id': None, 'trustor_id': None, 'trustee_id': None, 'domain_name': None, 'group_ids': [], 'user_id': '1fef61be10014097b533cc7982a0804b', 'user_domain_id': 'default', 'system_scope': 'all', 'project_id': None, 'project_domain_id': None, 'roles': ['admin', 'member', 'reader'], 'is_admin_project': True, 'service_user_id': None, 'service_user_domain_id': None, 'service_project_id': None, 'service_project_domain_id': None, 'service_roles': []} {{(pid=80416) fill_context /opt/stack/keystone/keystone/server/flask/request_processing/middleware/auth_context.py:478}}
Jul 21 09:59:28.857020 dv-cinder-850618-1-smb devstack@keystone.service[80416]: DEBUG keystone.server.flask.request_processing.req_logging [None req-fb846a6c-cffa-46cd-87b5-c834bf61b577 None admin] REQUEST_METHOD: `GET` {{(pid=80416) log_request_info /opt/stack/keystone/keystone/server/flask/request_processing/req_logging.py:27}}
Jul 21 09:59:28.857471 dv-cinder-850618-1-smb devstack@keystone.service[80416]: DEBUG keystone.server.flask.request_processing.req_logging [None req-fb846a6c-cffa-46cd-87b5-c834bf61b577 None admin] SCRIPT_NAME: `/identity` {{(pid=80416) log_request_info /opt/stack/keystone/keystone/server/flask/request_processing/req_logging.py:28}}
Jul 21 09:59:28.857890 dv-cinder-850618-1-smb devstack@keystone.service[80416]: DEBUG keystone.server.flask.request_processing.req_logging [None req-fb846a6c-cffa-46cd-87b5-c834bf61b577 None admin] PATH_INFO: `/v3/projects/ee2538d664da48eda84b39cb51eca4c2` {{(pid=80416) log_request_info /opt/stack/keystone/keystone/server/flask/request_processing/req_logging.py:29}}
Jul 21 09:59:28.860687 dv-cinder-850618-1-smb devstack@keystone.service[80416]: DEBUG keystone.common.rbac_enforcer.enforcer [None req-fb846a6c-cffa-46cd-87b5-c834bf61b577 None admin] RBAC: Authorizing `identity:get_project(project_id=ee2538d664da48eda84b39cb51eca4c2)` {{(pid=80416) enforce_call /opt/stack/keystone/keystone/common/rbac_enforcer/enforcer.py:449}}
Jul 21 09:59:28.863365 dv-cinder-850618-1-smb devstack@keystone.service[80416]: DEBUG keystone.common.rbac_enforcer.enforcer [None req-fb846a6c-cffa-46cd-87b5-c834bf61b577 None admin] RBAC: Authorization granted {{(pid=80416) enforce_call /opt/stack/keystone/keystone/common/rbac_enforcer/enforcer.py:457}}
Jul 21 09:59:28.866881 dv-cinder-850618-1-smb devstack@keystone.service[80416]: [pid: 80416|app: 0|req: 110/221] 10.222.0.43 () {56 vars in 1186 bytes} [Thu Jul 21 09:59:28 2022] GET /identity/v3/projects/ee2538d664da48eda84b39cb51eca4c2 => generated 302 bytes in 228 msecs (HTTP/1.1 200) 5 headers in 177 bytes (1 switches on core 0)
Jul 21 09:59:28.875706 dv-cinder-850618-1-smb devstack@keystone.service[80416]: DEBUG keystone.server.flask.request_processing.middleware.auth_context [None req-fb846a6c-cffa-46cd-87b5-c834bf61b577 None admin] Authenticating user token {{(pid=80416) process_request /usr/local/lib/python3.8/dist-packages/keystonemiddleware/auth_token/__init__.py:407}}
Jul 21 09:59:28.901910 dv-cinder-850618-1-smb devstack@keystone.service[80417]: DEBUG dbcounter [-] [80417] Writing DB stats keystone:SELECT=97,keystone:INSERT=3 {{(pid=80417) stat_writer /usr/local/lib/python3.8/dist-packages/dbcounter.py:114}}
Jul 21 09:59:28.915108 dv-cinder-850618-1-smb devstack@keystone.service[80416]: DEBUG dbcounter [-] [80416] Writing DB stats keystone:SELECT=100 {{(pid=80416) stat_writer /usr/local/lib/python3.8/dist-packages/dbcounter.py:114}}
Jul 21 09:59:28.951027 dv-cinder-850618-1-smb devstack@keystone.service[80417]: DEBUG keystone.server.flask.request_processing.middleware.auth_context [None req-a47a28de-e428-477d-b676-49c9d5164120 None None] Validating token access rules against request {{(pid=80417) validate_allowed_request /usr/local/lib/python3.8/dist-packages/keystonemiddleware/auth_token/__init__.py:545}}
Jul 21 09:59:29.026640 dv-cinder-850618-1-smb devstack@keystone.service[80417]: DEBUG keystone.server.flask.request_processing.middleware.auth_context [None req-f63d45ff-a3de-47cf-90ad-774208b9790c None admin] RBAC: auth_context: {'token': , 'domain_id': None, 'trust_id': None, 'trustor_id': None, 'trustee_id': None, 'domain_name': None, 'group_ids': [], 'user_id': '1fef61be10014097b533cc7982a0804b', 'user_domain_id': 'default', 'system_scope': 'all', 'project_id': None, 'project_domain_id': None, 'roles': ['admin', 'member', 'reader'], 'is_admin_project': True, 'service_user_id': None, 'service_user_domain_id': None, 'service_project_id': None, 'service_project_domain_id': None, 'service_roles': []} {{(pid=80417) fill_context /opt/stack/keystone/keystone/server/flask/request_processing/middleware/auth_context.py:478}}
Jul 21 09:59:29.029133 dv-cinder-850618-1-smb devstack@keystone.service[80417]: DEBUG keystone.server.flask.request_processing.req_logging [None req-f63d45ff-a3de-47cf-90ad-774208b9790c None admin] REQUEST_METHOD: `GET` {{(pid=80417) log_request_info /opt/stack/keystone/keystone/server/flask/request_processing/req_logging.py:27}}
Jul 21 09:59:29.029822 dv-cinder-850618-1-smb devstack@keystone.service[80417]: DEBUG keystone.server.flask.request_processing.req_logging [None req-f63d45ff-a3de-47cf-90ad-774208b9790c None admin] SCRIPT_NAME: `/identity` {{(pid=80417) log_request_info /opt/stack/keystone/keystone/server/flask/request_processing/req_logging.py:28}}
Jul 21 09:59:29.030541 dv-cinder-850618-1-smb devstack@keystone.service[80417]: DEBUG keystone.server.flask.request_processing.req_logging [None req-f63d45ff-a3de-47cf-90ad-774208b9790c None admin] PATH_INFO: `/v3/roles/admin` {{(pid=80417) log_request_info /opt/stack/keystone/keystone/server/flask/request_processing/req_logging.py:29}}
Jul 21 09:59:29.046664 dv-cinder-850618-1-smb devstack@keystone.service[80417]: DEBUG keystone.common.rbac_enforcer.enforcer [None req-f63d45ff-a3de-47cf-90ad-774208b9790c None admin] Extracting inferred target data resulted in "NOT FOUND (404)". {{(pid=80417) enforce_call /opt/stack/keystone/keystone/common/rbac_enforcer/enforcer.py:409}}
Jul 21 09:59:29.048775 dv-cinder-850618-1-smb devstack@keystone.service[80416]: DEBUG keystone.server.flask.request_processing.middleware.auth_context [None req-fb846a6c-cffa-46cd-87b5-c834bf61b577 None admin] Validating token access rules against request {{(pid=80416) validate_allowed_request /usr/local/lib/python3.8/dist-packages/keystonemiddleware/auth_token/__init__.py:545}}
Jul 21 09:59:29.055041 dv-cinder-850618-1-smb devstack@keystone.service[80417]: ERROR keystone.server.flask.application [None req-f63d45ff-a3de-47cf-90ad-774208b9790c None admin] Could not find role: admin.: keystone.exception.RoleNotFound: Could not find role: admin.
Jul 21 09:59:29.055041 dv-cinder-850618-1-smb devstack@keystone.service[80417]: ERROR keystone.server.flask.application
Traceback (most recent call last):
Jul 21 09:59:29.055041 dv-cinder-850618-1-smb devstack@keystone.service[80417]: ERROR keystone.server.flask.application
File "/usr/local/lib/python3.8/dist-packages/flask/app.py", line 1523, in full_dispatch_request
Jul 21 09:59:29.055041 dv-cinder-850618-1-smb devstack@keystone.service[80417]: ERROR keystone.server.flask.application rv = self.dispatch_request()
Jul 21 09:59:29.055041 dv-cinder-850618-1-smb devstack@keystone.service[80417]: ERROR keystone.server.flask.application
File "/usr/local/lib/python3.8/dist-packages/flask/app.py", line 1509, in dispatch_request
Jul 21 09:59:29.055041 dv-cinder-850618-1-smb devstack@keystone.service[80417]: ERROR keystone.server.flask.application return self.ensure_sync(self.view_functions[rule.endpoint])(**req.view_args)
Jul 21 09:59:29.055041 dv-cinder-850618-1-smb devstack@keystone.service[80417]: ERROR keystone.server.flask.application
File "/usr/local/lib/python3.8/dist-packages/flask_restful/__init__.py", line 467, in wrapper
Jul 21 09:59:29.055041 dv-cinder-850618-1-smb devstack@keystone.service[80417]: ERROR keystone.server.flask.application resp = resource(*args, **kwargs)
Jul 21 09:59:29.055041 dv-cinder-850618-1-smb devstack@keystone.service[80417]: ERROR keystone.server.flask.application
File "/usr/local/lib/python3.8/dist-packages/flask/views.py", line 84, in view
Jul 21 09:59:29.055041 dv-cinder-850618-1-smb devstack@keystone.service[80417]: ERROR keystone.server.flask.application return current_app.ensure_sync(self.dispatch_request)(*args, **kwargs)
Jul 21 09:59:29.055041 dv-cinder-850618-1-smb devstack@keystone.service[80417]: ERROR keystone.server.flask.application
File "/usr/local/lib/python3.8/dist-packages/flask_restful/__init__.py", line 582, in dispatch_request
Jul 21 09:59:29.055041 dv-cinder-850618-1-smb devstack@keystone.service[80417]: ERROR keystone.server.flask.application resp = meth(*args, **kwargs)
Jul 21 09:59:29.055041 dv-cinder-850618-1-smb devstack@keystone.service[80417]: ERROR keystone.server.flask.application
File "/opt/stack/keystone/keystone/api/roles.py", line 50, in get
Jul 21 09:59:29.055041 dv-cinder-850618-1-smb devstack@keystone.service[80417]: ERROR keystone.server.flask.application return self._get_role(role_id)
Jul 21 09:59:29.055041 dv-cinder-850618-1-smb devstack@keystone.service[80417]: ERROR keystone.server.flask.application
File "/opt/stack/keystone/keystone/api/roles.py", line 70, in _get_role
Jul 21 09:59:29.055041 dv-cinder-850618-1-smb devstack@keystone.service[80417]: ERROR keystone.server.flask.application ENFORCER.enforce_call(action='identity:get_role')
Jul 21 09:59:29.056945 dv-cinder-850618-1-smb devstack@keystone.service[80417]: ERROR keystone.server.flask.application
File "/opt/stack/keystone/keystone/common/rbac_enforcer/enforcer.py", line 402, in enforce_call
Jul 21 09:59:29.056945 dv-cinder-850618-1-smb devstack@keystone.service[80417]: ERROR keystone.server.flask.application policy_dict.update(cls._extract_member_target_data(
Jul 21 09:59:29.056945 dv-cinder-850618-1-smb devstack@keystone.service[80417]: ERROR keystone.server.flask.application
File "/opt/stack/keystone/keystone/common/rbac_enforcer/enforcer.py", line 234, in _extract_member_target_data
Jul 21 09:59:29.056945 dv-cinder-850618-1-smb devstack@keystone.service[80417]: ERROR keystone.server.flask.application member_name: func(flask.request.view_args[key])
Jul 21 09:59:29.056945 dv-cinder-850618-1-smb devstack@keystone.service[80417]: ERROR keystone.server.flask.application
File "/opt/stack/keystone/keystone/common/manager.py", line 115, in wrapped
Jul 21 09:59:29.056945 dv-cinder-850618-1-smb devstack@keystone.service[80417]: ERROR keystone.server.flask.application __ret_val = __f(*args, **kwargs)
Jul 21 09:59:29.056945 dv-cinder-850618-1-smb devstack@keystone.service[80417]: ERROR keystone.server.flask.application
File "/usr/local/lib/python3.8/dist-packages/decorator.py", line 232, in fun
Jul 21 09:59:29.056945 dv-cinder-850618-1-smb devstack@keystone.service[80417]: ERROR keystone.server.flask.application return caller(func, *(extras + args), **kw)
Jul 21 09:59:29.056945 dv-cinder-850618-1-smb devstack@keystone.service[80417]: ERROR keystone.server.flask.application
File "/usr/local/lib/python3.8/dist-packages/dogpile/cache/region.py", line 1577, in get_or_create_for_user_func
Jul 21 09:59:29.056945 dv-cinder-850618-1-smb devstack@keystone.service[80417]: ERROR keystone.server.flask.application return self.get_or_create(
Jul 21 09:59:29.056945 dv-cinder-850618-1-smb devstack@keystone.service[80417]: ERROR keystone.server.flask.application
File "/usr/local/lib/python3.8/dist-packages/dogpile/cache/region.py", line 1042, in get_or_create
Jul 21 09:59:29.056945 dv-cinder-850618-1-smb devstack@keystone.service[80417]: ERROR keystone.server.flask.application with Lock(
Jul 21 09:59:29.056945 dv-cinder-850618-1-smb devstack@keystone.service[80417]: ERROR keystone.server.flask.application
File "/usr/local/lib/python3.8/dist-packages/dogpile/lock.py", line 185, in __enter__
Jul 21 09:59:29.056945 dv-cinder-850618-1-smb devstack@keystone.service[80417]: ERROR keystone.server.flask.application return self._enter()
Jul 21 09:59:29.056945 dv-cinder-850618-1-smb devstack@keystone.service[80417]: ERROR keystone.server.flask.application
File "/usr/local/lib/python3.8/dist-packages/dogpile/lock.py", line 94, in _enter
Jul 21 09:59:29.056945 dv-cinder-850618-1-smb devstack@keystone.service[80417]: ERROR keystone.server.flask.application generated = self._enter_create(value, createdtime)
Jul 21 09:59:29.058786 dv-cinder-850618-1-smb devstack@keystone.service[80417]: ERROR keystone.server.flask.application
File "/usr/local/lib/python3.8/dist-packages/dogpile/lock.py", line 178, in _enter_create
Jul 21 09:59:29.058786 dv-cinder-850618-1-smb devstack@keystone.service[80417]: ERROR keystone.server.flask.application return self.creator()
Jul 21 09:59:29.058786 dv-cinder-850618-1-smb devstack@keystone.service[80417]: ERROR keystone.server.flask.application
File "/usr/local/lib/python3.8/dist-packages/dogpile/cache/region.py", line 995, in gen_value
Jul 21 09:59:29.058786 dv-cinder-850618-1-smb devstack@keystone.service[80417]: ERROR keystone.server.flask.application created_value = creator(
Jul 21 09:59:29.058786 dv-cinder-850618-1-smb devstack@keystone.service[80417]: ERROR keystone.server.flask.application
File "/opt/stack/keystone/keystone/assignment/core.py", line 1276, in get_role
Jul 21 09:59:29.058786 dv-cinder-850618-1-smb devstack@keystone.service[80417]: ERROR keystone.server.flask.application return self.driver.get_role(role_id)
Jul 21 09:59:29.058786 dv-cinder-850618-1-smb devstack@keystone.service[80417]: ERROR keystone.server.flask.application
File "/opt/stack/keystone/keystone/assignment/role_backends/sql.py", line 70, in get_role
Jul 21 09:59:29.058786 dv-cinder-850618-1-smb devstack@keystone.service[80417]: ERROR keystone.server.flask.application return self._get_role(session, role_id).to_dict()
Jul 21 09:59:29.058786 dv-cinder-850618-1-smb devstack@keystone.service[80417]: ERROR keystone.server.flask.application
File "/opt/stack/keystone/keystone/assignment/role_backends/sql.py", line 65, in _get_role
Jul 21 09:59:29.058786 dv-cinder-850618-1-smb devstack@keystone.service[80417]: ERROR keystone.server.flask.application raise exception.RoleNotFound(role_id=role_id)
Jul 21 09:59:29.058786 dv-cinder-850618-1-smb devstack@keystone.service[80417]: ERROR keystone.server.flask.application keystone.exception.RoleNotFound: Could not find role: admin.
Jul 21 09:59:29.058786 dv-cinder-850618-1-smb devstack@keystone.service[80417]: ERROR keystone.server.flask.application
Jul 21 09:59:29.058786 dv-cinder-850618-1-smb devstack@keystone.service[80417]: [pid: 80417|app: 0|req: 112/222] 10.222.0.43 () {56 vars in 1096 bytes} [Thu Jul 21 09:59:28 2022] GET /identity/v3/roles/admin => generated 83 bytes in 265 msecs (HTTP/1.1 404) 5 headers in 183 bytes (2 switches on core 0)
Jul 21 09:59:29.058786 dv-cinder-850618-1-smb devstack@keystone.service[80417]: DEBUG keystone.server.flask.request_processing.req_logging [None req-9fd30073-b7df-4d36-8d5c-38f4a4bee0cc None None] REQUEST_METHOD: `GET` {{(pid=80417) log_request_info /opt/stack/keystone/keystone/server/flask/request_processing/req_logging.py:27}}
Jul 21 09:59:29.060124 dv-cinder-850618-1-smb devstack@keystone.service[80417]: DEBUG keystone.server.flask.request_processing.req_logging [None req-9fd30073-b7df-4d36-8d5c-38f4a4bee0cc None None] SCRIPT_NAME: `/identity` {{(pid=80417) log_request_info /opt/stack/keystone/keystone/server/flask/request_processing/req_logging.py:28}}
Jul 21 09:59:29.060124 dv-cinder-850618-1-smb devstack@keystone.service[80417]: DEBUG keystone.server.flask.request_processing.req_logging [None req-9fd30073-b7df-4d36-8d5c-38f4a4bee0cc None None] PATH_INFO: `/` {{(pid=80417) log_request_info /opt/stack/keystone/keystone/server/flask/request_processing/req_logging.py:29}}
Jul 21 09:59:29.060124 dv-cinder-850618-1-smb devstack@keystone.service[80417]: [pid: 80417|app: 0|req: 113/223] 10.222.0.43 () {54 vars in 926 bytes} [Thu Jul 21 09:59:29 2022] GET /identity => generated 270 bytes in 3 msecs (HTTP/1.1 300) 6 headers in 234 bytes (1 switches on core 0)
Jul 21 09:59:29.066317 dv-cinder-850618-1-smb devstack@keystone.service[80417]: DEBUG keystone.server.flask.request_processing.middleware.auth_context [None req-9fd30073-b7df-4d36-8d5c-38f4a4bee0cc None None] Authenticating user token {{(pid=80417) process_request /usr/local/lib/python3.8/dist-packages/keystonemiddleware/auth_token/__init__.py:407}}
Jul 21 09:59:29.106580 dv-cinder-850618-1-smb devstack@keystone.service[80416]: DEBUG keystone.server.flask.request_processing.middleware.auth_context [None req-73fbac24-cade-49f7-aa19-294c9415aa48 None admin] RBAC: auth_context: {'token': , 'domain_id': None, 'trust_id': None, 'trustor_id': None, 'trustee_id': None, 'domain_name': None, 'group_ids': [], 'user_id': '1fef61be10014097b533cc7982a0804b', 'user_domain_id': 'default', 'system_scope': 'all', 'project_id': None, 'project_domain_id': None, 'roles': ['admin', 'member', 'reader'], 'is_admin_project': True, 'service_user_id': None, 'service_user_domain_id': None, 'service_project_id': None, 'service_project_domain_id': None, 'service_roles': []} {{(pid=80416) fill_context /opt/stack/keystone/keystone/server/flask/request_processing/middleware/auth_context.py:478}}
Jul 21 09:59:29.107155 dv-cinder-850618-1-smb devstack@keystone.service[80416]: DEBUG keystone.server.flask.request_processing.req_logging [None req-73fbac24-cade-49f7-aa19-294c9415aa48 None admin] REQUEST_METHOD: `GET` {{(pid=80416) log_request_info /opt/stack/keystone/keystone/server/flask/request_processing/req_logging.py:27}}
Jul 21 09:59:29.107441 dv-cinder-850618-1-smb devstack@keystone.service[80416]: DEBUG keystone.server.flask.request_processing.req_logging [None req-73fbac24-cade-49f7-aa19-294c9415aa48 None admin] SCRIPT_NAME: `/identity` {{(pid=80416) log_request_info /opt/stack/keystone/keystone/server/flask/request_processing/req_logging.py:28}}
Jul 21 09:59:29.107726 dv-cinder-850618-1-smb devstack@keystone.service[80416]: DEBUG keystone.server.flask.request_processing.req_logging [None req-73fbac24-cade-49f7-aa19-294c9415aa48 None admin] PATH_INFO: `/v3/role_assignments` {{(pid=80416) log_request_info /opt/stack/keystone/keystone/server/flask/request_processing/req_logging.py:29}}
Jul 21 09:59:29.108587 dv-cinder-850618-1-smb devstack@keystone.service[80416]: DEBUG keystone.common.rbac_enforcer.enforcer [None req-73fbac24-cade-49f7-aa19-294c9415aa48 None admin] RBAC: Adding query filter params (role.id=ddc0cb01cdd343649ae5dfe082b7e0da, scope.project.id=ee2538d664da48eda84b39cb51eca4c2, user.id=e3c45f6137ba4562a5a8a905226a95cb) {{(pid=80416) _extract_filter_values /opt/stack/keystone/keystone/common/rbac_enforcer/enforcer.py:167}}
Jul 21 09:59:29.108906 dv-cinder-850618-1-smb devstack@keystone.service[80416]: DEBUG keystone.common.rbac_enforcer.enforcer [None req-73fbac24-cade-49f7-aa19-294c9415aa48 None admin] RBAC: Authorizing `identity:list_role_assignments()` {{(pid=80416) enforce_call /opt/stack/keystone/keystone/common/rbac_enforcer/enforcer.py:449}}
Jul 21 09:59:29.110416 dv-cinder-850618-1-smb devstack@keystone.service[80416]: DEBUG keystone.common.rbac_enforcer.enforcer [None req-73fbac24-cade-49f7-aa19-294c9415aa48 None admin] RBAC: Authorization granted {{(pid=80416) enforce_call /opt/stack/keystone/keystone/common/rbac_enforcer/enforcer.py:457}}
Jul 21 09:59:29.120502 dv-cinder-850618-1-smb devstack@keystone.service[80416]: [pid: 80416|app: 0|req: 111/224] 10.222.0.43 () {56 vars in 1374 bytes} [Thu Jul 21 09:59:28 2022] GET /identity/v3/role_assignments?user.id=e3c45f6137ba4562a5a8a905226a95cb&scope.project.id=ee2538d664da48eda84b39cb51eca4c2&role.id=ddc0cb01cdd343649ae5dfe082b7e0da => generated 259 bytes in 245 msecs (HTTP/1.1 200) 5 headers in 177 bytes (2 switches on core 0)
Jul 21 09:59:29.122004 dv-cinder-850618-1-smb devstack@keystone.service[80416]: DEBUG keystone.server.flask.request_processing.req_logging [None req-e7c50932-c55f-4582-88d7-2a7006e6674e None None] REQUEST_METHOD: `POST` {{(pid=80416) log_request_info /opt/stack/keystone/keystone/server/flask/request_processing/req_logging.py:27}}
Jul 21 09:59:29.122250 dv-cinder-850618-1-smb devstack@keystone.service[80416]: DEBUG keystone.server.flask.request_processing.req_logging [None req-e7c50932-c55f-4582-88d7-2a7006e6674e None None] SCRIPT_NAME: `/identity` {{(pid=80416) log_request_info /opt/stack/keystone/keystone/server/flask/request_processing/req_logging.py:28}}
Jul 21 09:59:29.122785 dv-cinder-850618-1-smb devstack@keystone.service[80416]: DEBUG keystone.server.flask.request_processing.req_logging [None req-e7c50932-c55f-4582-88d7-2a7006e6674e None None] PATH_INFO: `/v3/auth/tokens` {{(pid=80416) log_request_info /opt/stack/keystone/keystone/server/flask/request_processing/req_logging.py:29}}
Jul 21 09:59:29.148899 dv-cinder-850618-1-smb devstack@keystone.service[80416]: DEBUG keystone.auth.core [None req-e7c50932-c55f-4582-88d7-2a7006e6674e None None] MFA Rules not processed for user `1fef61be10014097b533cc7982a0804b`. Rule list: `[]` (Enabled: `True`). {{(pid=80416) check_auth_methods_against_rules /opt/stack/keystone/keystone/auth/core.py:438}}
Jul 21 09:59:29.151136 dv-cinder-850618-1-smb devstack@keystone.service[80416]: DEBUG keystone.common.fernet_utils [None req-e7c50932-c55f-4582-88d7-2a7006e6674e None None] Loaded 2 Fernet keys from /etc/keystone/fernet-keys/, but `[fernet_tokens] max_active_keys = 3`; perhaps there have not been enough key rotations to reach `max_active_keys` yet? {{(pid=80416) load_keys /opt/stack/keystone/keystone/common/fernet_utils.py:286}}
Jul 21 09:59:29.235019 dv-cinder-850618-1-smb devstack@keystone.service[80417]: DEBUG keystone.server.flask.request_processing.middleware.auth_context [None req-9fd30073-b7df-4d36-8d5c-38f4a4bee0cc None None] Validating token access rules against request {{(pid=80417) validate_allowed_request /usr/local/lib/python3.8/dist-packages/keystonemiddleware/auth_token/__init__.py:545}}
Jul 21 09:59:29.283607 dv-cinder-850618-1-smb devstack@keystone.service[80417]: DEBUG dbcounter [-] [80417] Writing DB stats keystone:SELECT=100 {{(pid=80417) stat_writer /usr/local/lib/python3.8/dist-packages/dbcounter.py:114}}
Jul 21 09:59:29.290530 dv-cinder-850618-1-smb devstack@keystone.service[80416]: [pid: 80416|app: 0|req: 112/225] 10.222.0.43 () {58 vars in 1023 bytes} [Thu Jul 21 09:59:29 2022] POST /identity/v3/auth/tokens => generated 799 bytes in 166 msecs (HTTP/1.1 201) 6 headers in 363 bytes (1 switches on core 0)
Jul 21 09:59:29.300817 dv-cinder-850618-1-smb devstack@keystone.service[80417]: DEBUG keystone.server.flask.request_processing.middleware.auth_context [None req-e557f541-d295-49ba-8ec3-51e7bac19951 None admin] RBAC: auth_context: {'token': , 'domain_id': None, 'trust_id': None, 'trustor_id': None, 'trustee_id': None, 'domain_name': None, 'group_ids': [], 'user_id': '1fef61be10014097b533cc7982a0804b', 'user_domain_id': 'default', 'system_scope': 'all', 'project_id': None, 'project_domain_id': None, 'roles': ['admin', 'member', 'reader'], 'is_admin_project': True, 'service_user_id': None, 'service_user_domain_id': None, 'service_project_id': None, 'service_project_domain_id': None, 'service_roles': []} {{(pid=80417) fill_context /opt/stack/keystone/keystone/server/flask/request_processing/middleware/auth_context.py:478}}
Jul 21 09:59:29.301610 dv-cinder-850618-1-smb devstack@keystone.service[80417]: DEBUG keystone.server.flask.request_processing.req_logging [None req-e557f541-d295-49ba-8ec3-51e7bac19951 None admin] REQUEST_METHOD: `GET` {{(pid=80417) log_request_info /opt/stack/keystone/keystone/server/flask/request_processing/req_logging.py:27}}
Jul 21 09:59:29.301903 dv-cinder-850618-1-smb devstack@keystone.service[80417]: DEBUG keystone.server.flask.request_processing.req_logging [None req-e557f541-d295-49ba-8ec3-51e7bac19951 None admin] SCRIPT_NAME: `/identity` {{(pid=80417) log_request_info /opt/stack/keystone/keystone/server/flask/request_processing/req_logging.py:28}}
Jul 21 09:59:29.302188 dv-cinder-850618-1-smb devstack@keystone.service[80417]: DEBUG keystone.server.flask.request_processing.req_logging [None req-e557f541-d295-49ba-8ec3-51e7bac19951 None admin] PATH_INFO: `/v3/roles` {{(pid=80417) log_request_info /opt/stack/keystone/keystone/server/flask/request_processing/req_logging.py:29}}
Jul 21 09:59:29.303020 dv-cinder-850618-1-smb devstack@keystone.service[80417]: DEBUG keystone.common.rbac_enforcer.enforcer [None req-e557f541-d295-49ba-8ec3-51e7bac19951 None admin] RBAC: Adding query filter params (name=admin) {{(pid=80417) _extract_filter_values /opt/stack/keystone/keystone/common/rbac_enforcer/enforcer.py:167}}
Jul 21 09:59:29.303769 dv-cinder-850618-1-smb devstack@keystone.service[80417]: DEBUG keystone.common.rbac_enforcer.enforcer [None req-e557f541-d295-49ba-8ec3-51e7bac19951 None admin] RBAC: Authorizing `identity:list_roles()` {{(pid=80417) enforce_call /opt/stack/keystone/keystone/common/rbac_enforcer/enforcer.py:449}}
Jul 21 09:59:29.305345 dv-cinder-850618-1-smb devstack@keystone.service[80417]: DEBUG keystone.common.rbac_enforcer.enforcer [None req-e557f541-d295-49ba-8ec3-51e7bac19951 None admin] RBAC: Authorization granted {{(pid=80417) enforce_call /opt/stack/keystone/keystone/common/rbac_enforcer/enforcer.py:457}}
Jul 21 09:59:29.312551 dv-cinder-850618-1-smb devstack@keystone.service[80416]: DEBUG keystone.server.flask.request_processing.middleware.auth_context [None req-e7c50932-c55f-4582-88d7-2a7006e6674e None None] Authenticating user token {{(pid=80416) process_request /usr/local/lib/python3.8/dist-packages/keystonemiddleware/auth_token/__init__.py:407}}
Jul 21 09:59:29.330226 dv-cinder-850618-1-smb devstack@keystone.service[80417]: [pid: 80417|app: 0|req: 114/226] 10.222.0.43 () {56 vars in 1099 bytes} [Thu Jul 21 09:59:29 2022] GET /identity/v3/roles?name=admin => generated 339 bytes in 264 msecs (HTTP/1.1 200) 5 headers in 177 bytes (2 switches on core 0)
Jul 21 09:59:29.349059 dv-cinder-850618-1-smb devstack@keystone.service[80416]: DEBUG dbcounter [-] [80416] Writing DB stats keystone:SELECT=100 {{(pid=80416) stat_writer /usr/local/lib/python3.8/dist-packages/dbcounter.py:114}}
Jul 21 09:59:29.353595 dv-cinder-850618-1-smb devstack@keystone.service[80417]: DEBUG keystone.server.flask.request_processing.middleware.auth_context [None req-e557f541-d295-49ba-8ec3-51e7bac19951 None admin] Authenticating user token {{(pid=80417) process_request /usr/local/lib/python3.8/dist-packages/keystonemiddleware/auth_token/__init__.py:407}}
Jul 21 09:59:29.458033 dv-cinder-850618-1-smb devstack@keystone.service[80416]: DEBUG keystone.server.flask.request_processing.middleware.auth_context [None req-e7c50932-c55f-4582-88d7-2a7006e6674e None None] Validating token access rules against request {{(pid=80416) validate_allowed_request /usr/local/lib/python3.8/dist-packages/keystonemiddleware/auth_token/__init__.py:545}}
