Jul 28 06:33:48.931102 dv-cinder-850605-1-smb devstack@c-api.service[120014]: DEBUG cinder.api.middleware.request_id [None req-302c011e-426a-434c-a3c0-d2fcaee61386 None None] RequestId filter calling following filter/app {{(pid=120014) _context_setter /opt/stack/cinder/cinder/api/middleware/request_id.py:62}}
Jul 28 06:33:48.932769 dv-cinder-850605-1-smb devstack@c-api.service[120013]: DEBUG cinder.volume.api [None req-bf25d9b9-42ce-4dc4-a024-32e63a2ac086 tempest-GroupsV314Test-256849616 tempest-GroupsV314Test-256849616-project] Task 'cinder.volume.flows.api.create_volume.VolumeCastTask;volume:create' (e15fcab8-3906-4f00-b766-efc79fd84a66) transitioned into state 'RUNNING' from state 'PENDING' {{(pid=120013) _task_receiver /usr/local/lib/python3.8/dist-packages/taskflow/listeners/logging.py:190}}
Jul 28 06:33:48.938033 dv-cinder-850605-1-smb devstack@c-api.service[120014]: INFO cinder.api.openstack.wsgi [None req-302c011e-426a-434c-a3c0-d2fcaee61386 tempest-ExtraSpecsNegativeTest-544348007 tempest-ExtraSpecsNegativeTest-544348007-project-admin] PUT http://10.222.0.58/volume/v3/ca438f963f144cfcb1fe977523718fd5/types/111bb140-93eb-4f70-bdee-16834ae50128/extra_specs/83c913f1-294f-4279-83ae-95dbda9d6d88
Jul 28 06:33:48.938753 dv-cinder-850605-1-smb devstack@c-api.service[120014]: DEBUG cinder.api.openstack.wsgi [None req-302c011e-426a-434c-a3c0-d2fcaee61386 tempest-ExtraSpecsNegativeTest-544348007 tempest-ExtraSpecsNegativeTest-544348007-project-admin] Action: 'update', calling method: update, body: {"spec1": "val2"} {{(pid=120014) _process_stack /opt/stack/cinder/cinder/api/openstack/wsgi.py:866}}
Jul 28 06:33:48.961371 dv-cinder-850605-1-smb devstack@c-api.service[120014]: INFO cinder.api.openstack.wsgi [None req-302c011e-426a-434c-a3c0-d2fcaee61386 tempest-ExtraSpecsNegativeTest-544348007 tempest-ExtraSpecsNegativeTest-544348007-project-admin] HTTP exception thrown: Request body and URI mismatch
Jul 28 06:33:48.961590 dv-cinder-850605-1-smb devstack@c-api.service[120014]: INFO cinder.api.openstack.wsgi [None req-302c011e-426a-434c-a3c0-d2fcaee61386 tempest-ExtraSpecsNegativeTest-544348007 tempest-ExtraSpecsNegativeTest-544348007-project-admin] http://10.222.0.58/volume/v3/ca438f963f144cfcb1fe977523718fd5/types/111bb140-93eb-4f70-bdee-16834ae50128/extra_specs/83c913f1-294f-4279-83ae-95dbda9d6d88 returned with HTTP 400
Jul 28 06:33:48.967400 dv-cinder-850605-1-smb devstack@c-api.service[120014]: [pid: 120014|app: 0|req: 159/314] 10.222.0.58 () {60 vars in 1486 bytes} [Thu Jul 28 06:33:48 2022] PUT /volume/v3/ca438f963f144cfcb1fe977523718fd5/types/111bb140-93eb-4f70-bdee-16834ae50128/extra_specs/83c913f1-294f-4279-83ae-95dbda9d6d88 => generated 73 bytes in 37 msecs (HTTP/1.1 400) 7 headers in 293 bytes (1 switches on core 0)
Jul 28 06:33:48.968975 dv-cinder-850605-1-smb devstack@c-api.service[120014]: DEBUG cinder.api.middleware.request_id [None req-e8c2ccdb-4f20-47c1-bef9-04e62f3e358b None None] RequestId filter calling following filter/app {{(pid=120014) _context_setter /opt/stack/cinder/cinder/api/middleware/request_id.py:62}}
Jul 28 06:33:48.973788 dv-cinder-850605-1-smb devstack@c-api.service[120014]: INFO cinder.api.openstack.wsgi [None req-e8c2ccdb-4f20-47c1-bef9-04e62f3e358b tempest-ExtraSpecsNegativeTest-544348007 tempest-ExtraSpecsNegativeTest-544348007-project-admin] PUT http://10.222.0.58/volume/v3/ca438f963f144cfcb1fe977523718fd5/types/07254adb-5b4b-4d42-b06e-cfbea6245272/extra_specs/spec1
Jul 28 06:33:48.974823 dv-cinder-850605-1-smb devstack@c-api.service[120014]: DEBUG cinder.api.openstack.wsgi [None req-e8c2ccdb-4f20-47c1-bef9-04e62f3e358b tempest-ExtraSpecsNegativeTest-544348007 tempest-ExtraSpecsNegativeTest-544348007-project-admin] Action: 'update', calling method: update, body: {"spec1": "val5"} {{(pid=120014) _process_stack /opt/stack/cinder/cinder/api/openstack/wsgi.py:866}}
Jul 28 06:33:48.978893 dv-cinder-850605-1-smb devstack@c-api.service[120013]: DEBUG cinder.volume.api [None req-bf25d9b9-42ce-4dc4-a024-32e63a2ac086 tempest-GroupsV314Test-256849616 tempest-GroupsV314Test-256849616-project] Task 'cinder.volume.flows.api.create_volume.VolumeCastTask;volume:create' (e15fcab8-3906-4f00-b766-efc79fd84a66) transitioned into state 'SUCCESS' from state 'RUNNING' with result 'None' {{(pid=120013) _task_receiver /usr/local/lib/python3.8/dist-packages/taskflow/listeners/logging.py:178}}
Jul 28 06:33:48.985706 dv-cinder-850605-1-smb devstack@c-api.service[120013]: DEBUG cinder.volume.api [None req-bf25d9b9-42ce-4dc4-a024-32e63a2ac086 tempest-GroupsV314Test-256849616 tempest-GroupsV314Test-256849616-project] Flow 'volume_create_api' (2a30010a-3f57-4359-b089-fe86d8beeb98) transitioned into state 'SUCCESS' from state 'RUNNING' {{(pid=120013) _flow_receiver /usr/local/lib/python3.8/dist-packages/taskflow/listeners/logging.py:141}}
Jul 28 06:33:48.985706 dv-cinder-850605-1-smb devstack@c-api.service[120013]: INFO cinder.volume.api [None req-bf25d9b9-42ce-4dc4-a024-32e63a2ac086 tempest-GroupsV314Test-256849616 tempest-GroupsV314Test-256849616-project] Create volume request issued successfully.
Jul 28 06:33:48.988002 dv-cinder-850605-1-smb devstack@c-api.service[120013]: WARNING stevedore.named [None req-bf25d9b9-42ce-4dc4-a024-32e63a2ac086 tempest-GroupsV314Test-256849616 tempest-GroupsV314Test-256849616-project] Could not load cinder.keymgr.conf_key_mgr.ConfKeyManager
Jul 28 06:33:48.988150 dv-cinder-850605-1-smb devstack@c-api.service[120013]: WARNING castellan.key_manager [None req-bf25d9b9-42ce-4dc4-a024-32e63a2ac086 tempest-GroupsV314Test-256849616 tempest-GroupsV314Test-256849616-project] Deprecation Warning : cinder.keymgr.conf_key_mgr.ConfKeyManager is not a stevedore based driver, trying to load it as a class: stevedore.exception.NoMatches: No 'castellan.drivers' driver found, looking for 'cinder.keymgr.conf_key_mgr.ConfKeyManager'
Jul 28 06:33:49.019048 dv-cinder-850605-1-smb devstack@c-api.service[120013]: DEBUG oslo_db.sqlalchemy.engines [None req-bf25d9b9-42ce-4dc4-a024-32e63a2ac086 tempest-GroupsV314Test-256849616 tempest-GroupsV314Test-256849616-project] MySQL server mode set to STRICT_TRANS_TABLES,STRICT_ALL_TABLES,NO_ZERO_IN_DATE,NO_ZERO_DATE,ERROR_FOR_DIVISION_BY_ZERO,TRADITIONAL,NO_ENGINE_SUBSTITUTION {{(pid=120013) _check_effective_sql_mode /usr/local/lib/python3.8/dist-packages/oslo_db/sqlalchemy/engines.py:314}}
Jul 28 06:33:49.026733 dv-cinder-850605-1-smb devstack@c-api.service[120014]: INFO cinder.api.openstack.wsgi [None req-e8c2ccdb-4f20-47c1-bef9-04e62f3e358b tempest-ExtraSpecsNegativeTest-544348007 tempest-ExtraSpecsNegativeTest-544348007-project-admin] http://10.222.0.58/volume/v3/ca438f963f144cfcb1fe977523718fd5/types/07254adb-5b4b-4d42-b06e-cfbea6245272/extra_specs/spec1 returned with HTTP 404
Jul 28 06:33:49.033710 dv-cinder-850605-1-smb devstack@c-api.service[120014]: [pid: 120014|app: 0|req: 160/315] 10.222.0.58 () {60 vars in 1393 bytes} [Thu Jul 28 06:33:48 2022] PUT /volume/v3/ca438f963f144cfcb1fe977523718fd5/types/07254adb-5b4b-4d42-b06e-cfbea6245272/extra_specs/spec1 => generated 114 bytes in 64 msecs (HTTP/1.1 404) 7 headers in 292 bytes (1 switches on core 0)
Jul 28 06:33:49.035229 dv-cinder-850605-1-smb devstack@c-api.service[120014]: DEBUG cinder.api.middleware.request_id [None req-4db8c6dc-0107-4f6a-a416-8b5bbda71231 None None] RequestId filter calling following filter/app {{(pid=120014) _context_setter /opt/stack/cinder/cinder/api/middleware/request_id.py:62}}
Jul 28 06:33:49.042054 dv-cinder-850605-1-smb devstack@c-api.service[120014]: INFO cinder.api.openstack.wsgi [None req-4db8c6dc-0107-4f6a-a416-8b5bbda71231 tempest-ExtraSpecsNegativeTest-544348007 tempest-ExtraSpecsNegativeTest-544348007-project-admin] DELETE http://10.222.0.58/volume/v3/ca438f963f144cfcb1fe977523718fd5/types/111bb140-93eb-4f70-bdee-16834ae50128
Jul 28 06:33:49.042142 dv-cinder-850605-1-smb devstack@c-api.service[120013]: /usr/local/lib/python3.8/dist-packages/oslo_context/context.py:100: DeprecationWarning: Policy enforcement is depending on the value of is_admin. This key is deprecated. Please update your policy file to use the standard policy values.
Jul 28 06:33:49.042142 dv-cinder-850605-1-smb devstack@c-api.service[120013]: warnings.warn('Policy enforcement is depending on the value of '
Jul 28 06:33:49.042399 dv-cinder-850605-1-smb devstack@c-api.service[120014]: DEBUG cinder.api.openstack.wsgi [None req-4db8c6dc-0107-4f6a-a416-8b5bbda71231 tempest-ExtraSpecsNegativeTest-544348007 tempest-ExtraSpecsNegativeTest-544348007-project-admin] Empty body provided in request {{(pid=120014) get_body /opt/stack/cinder/cinder/api/openstack/wsgi.py:715}}
Jul 28 06:33:49.043049 dv-cinder-850605-1-smb devstack@c-api.service[120014]: DEBUG cinder.api.openstack.wsgi [None req-4db8c6dc-0107-4f6a-a416-8b5bbda71231 tempest-ExtraSpecsNegativeTest-544348007 tempest-ExtraSpecsNegativeTest-544348007-project-admin] Calling method '_delete' {{(pid=120014) _process_stack /opt/stack/cinder/cinder/api/openstack/wsgi.py:868}}
Jul 28 06:33:49.060171 dv-cinder-850605-1-smb devstack@c-api.service[120013]: INFO cinder.api.openstack.wsgi [None req-bf25d9b9-42ce-4dc4-a024-32e63a2ac086 tempest-GroupsV314Test-256849616 tempest-GroupsV314Test-256849616-project] http://10.222.0.58/volume/v3/b3e7ad0588044408a65b363b2b25a28e/volumes returned with HTTP 202
Jul 28 06:33:49.074111 dv-cinder-850605-1-smb devstack@c-api.service[120013]: [pid: 120013|app: 0|req: 156/316] 10.222.0.58 () {62 vars in 1277 bytes} [Thu Jul 28 06:33:48 2022] POST /volume/v3/b3e7ad0588044408a65b363b2b25a28e/volumes => generated 900 bytes in 414 msecs (HTTP/1.1 202) 7 headers in 292 bytes (1 switches on core 0)
Jul 28 06:33:49.075577 dv-cinder-850605-1-smb devstack@c-api.service[120013]: DEBUG cinder.api.middleware.request_id [None req-fffd9c88-bcc0-4b57-801d-1c5e347fc2d6 None None] RequestId filter calling following filter/app {{(pid=120013) _context_setter /opt/stack/cinder/cinder/api/middleware/request_id.py:62}}
Jul 28 06:33:49.079381 dv-cinder-850605-1-smb devstack@c-api.service[120013]: INFO cinder.api.openstack.wsgi [None req-fffd9c88-bcc0-4b57-801d-1c5e347fc2d6 tempest-GroupsV314Test-256849616 tempest-GroupsV314Test-256849616-project] GET http://10.222.0.58/volume/v3/b3e7ad0588044408a65b363b2b25a28e/volumes/76c08c34-c5c1-4189-a65e-7010296550af
Jul 28 06:33:49.081154 dv-cinder-850605-1-smb devstack@c-api.service[120013]: DEBUG cinder.api.openstack.wsgi [None req-fffd9c88-bcc0-4b57-801d-1c5e347fc2d6 tempest-GroupsV314Test-256849616 tempest-GroupsV314Test-256849616-project] Empty body provided in request {{(pid=120013) get_body /opt/stack/cinder/cinder/api/openstack/wsgi.py:715}}
Jul 28 06:33:49.082684 dv-cinder-850605-1-smb devstack@c-api.service[120013]: DEBUG cinder.api.openstack.wsgi [None req-fffd9c88-bcc0-4b57-801d-1c5e347fc2d6 tempest-GroupsV314Test-256849616 tempest-GroupsV314Test-256849616-project] Calling method 'show' {{(pid=120013) _process_stack /opt/stack/cinder/cinder/api/openstack/wsgi.py:868}}
Jul 28 06:33:49.122390 dv-cinder-850605-1-smb devstack@c-api.service[120013]: /usr/local/lib/python3.8/dist-packages/oslo_context/context.py:100: DeprecationWarning: Policy enforcement is depending on the value of is_admin. This key is deprecated. Please update your policy file to use the standard policy values.
Jul 28 06:33:49.122390 dv-cinder-850605-1-smb devstack@c-api.service[120013]: warnings.warn('Policy enforcement is depending on the value of '
Jul 28 06:33:49.124762 dv-cinder-850605-1-smb devstack@c-api.service[120014]: INFO cinder.api.openstack.wsgi [None req-4db8c6dc-0107-4f6a-a416-8b5bbda71231 tempest-ExtraSpecsNegativeTest-544348007 tempest-ExtraSpecsNegativeTest-544348007-project-admin] http://10.222.0.58/volume/v3/ca438f963f144cfcb1fe977523718fd5/types/111bb140-93eb-4f70-bdee-16834ae50128 returned with HTTP 202
Jul 28 06:33:49.125861 dv-cinder-850605-1-smb devstack@c-api.service[120014]: [pid: 120014|app: 0|req: 161/317] 10.222.0.58 () {58 vars in 1322 bytes} [Thu Jul 28 06:33:49 2022] DELETE /volume/v3/ca438f963f144cfcb1fe977523718fd5/types/111bb140-93eb-4f70-bdee-16834ae50128 => generated 0 bytes in 91 msecs (HTTP/1.1 202) 6 headers in 233 bytes (1 switches on core 0)
Jul 28 06:33:49.130347 dv-cinder-850605-1-smb devstack@c-api.service[120014]: DEBUG cinder.api.middleware.request_id [None req-b3d78a3d-bca7-4aa0-aab3-17a0220bd288 None None] RequestId filter calling following filter/app {{(pid=120014) _context_setter /opt/stack/cinder/cinder/api/middleware/request_id.py:62}}
Jul 28 06:33:49.147652 dv-cinder-850605-1-smb devstack@c-api.service[120013]: INFO cinder.volume.api [None req-fffd9c88-bcc0-4b57-801d-1c5e347fc2d6 tempest-GroupsV314Test-256849616 tempest-GroupsV314Test-256849616-project] Volume info retrieved successfully.
Jul 28 06:33:49.149348 dv-cinder-850605-1-smb devstack@c-api.service[120013]: WARNING stevedore.named [None req-fffd9c88-bcc0-4b57-801d-1c5e347fc2d6 tempest-GroupsV314Test-256849616 tempest-GroupsV314Test-256849616-project] Could not load cinder.keymgr.conf_key_mgr.ConfKeyManager
Jul 28 06:33:49.150002 dv-cinder-850605-1-smb devstack@c-api.service[120013]: WARNING castellan.key_manager [None req-fffd9c88-bcc0-4b57-801d-1c5e347fc2d6 tempest-GroupsV314Test-256849616 tempest-GroupsV314Test-256849616-project] Deprecation Warning : cinder.keymgr.conf_key_mgr.ConfKeyManager is not a stevedore based driver, trying to load it as a class: stevedore.exception.NoMatches: No 'castellan.drivers' driver found, looking for 'cinder.keymgr.conf_key_mgr.ConfKeyManager'
Jul 28 06:33:49.152119 dv-cinder-850605-1-smb devstack@c-api.service[120014]: INFO cinder.api.openstack.wsgi [None req-b3d78a3d-bca7-4aa0-aab3-17a0220bd288 tempest-ExtraSpecsNegativeTest-544348007 tempest-ExtraSpecsNegativeTest-544348007-project-admin] GET http://10.222.0.58/volume/v3/ca438f963f144cfcb1fe977523718fd5/types/111bb140-93eb-4f70-bdee-16834ae50128
Jul 28 06:33:49.152635 dv-cinder-850605-1-smb devstack@c-api.service[120014]: DEBUG cinder.api.openstack.wsgi [None req-b3d78a3d-bca7-4aa0-aab3-17a0220bd288 tempest-ExtraSpecsNegativeTest-544348007 tempest-ExtraSpecsNegativeTest-544348007-project-admin] Empty body provided in request {{(pid=120014) get_body /opt/stack/cinder/cinder/api/openstack/wsgi.py:715}}
Jul 28 06:33:49.153108 dv-cinder-850605-1-smb devstack@c-api.service[120014]: DEBUG cinder.api.openstack.wsgi [None req-b3d78a3d-bca7-4aa0-aab3-17a0220bd288 tempest-ExtraSpecsNegativeTest-544348007 tempest-ExtraSpecsNegativeTest-544348007-project-admin] Calling method 'show' {{(pid=120014) _process_stack /opt/stack/cinder/cinder/api/openstack/wsgi.py:868}}
Jul 28 06:33:49.165246 dv-cinder-850605-1-smb devstack@c-api.service[120013]: DEBUG oslo_db.sqlalchemy.engines [None req-fffd9c88-bcc0-4b57-801d-1c5e347fc2d6 tempest-GroupsV314Test-256849616 tempest-GroupsV314Test-256849616-project] MySQL server mode set to STRICT_TRANS_TABLES,STRICT_ALL_TABLES,NO_ZERO_IN_DATE,NO_ZERO_DATE,ERROR_FOR_DIVISION_BY_ZERO,TRADITIONAL,NO_ENGINE_SUBSTITUTION {{(pid=120013) _check_effective_sql_mode /usr/local/lib/python3.8/dist-packages/oslo_db/sqlalchemy/engines.py:314}}
Jul 28 06:33:49.172090 dv-cinder-850605-1-smb devstack@c-api.service[120013]: /usr/local/lib/python3.8/dist-packages/oslo_context/context.py:100: DeprecationWarning: Policy enforcement is depending on the value of is_admin. This key is deprecated. Please update your policy file to use the standard policy values.
Jul 28 06:33:49.172090 dv-cinder-850605-1-smb devstack@c-api.service[120013]: warnings.warn('Policy enforcement is depending on the value of '
Jul 28 06:33:49.184597 dv-cinder-850605-1-smb devstack@c-api.service[120014]: INFO cinder.api.openstack.wsgi [None req-b3d78a3d-bca7-4aa0-aab3-17a0220bd288 tempest-ExtraSpecsNegativeTest-544348007 tempest-ExtraSpecsNegativeTest-544348007-project-admin] http://10.222.0.58/volume/v3/ca438f963f144cfcb1fe977523718fd5/types/111bb140-93eb-4f70-bdee-16834ae50128 returned with HTTP 404
Jul 28 06:33:49.192756 dv-cinder-850605-1-smb devstack@c-api.service[120014]: [pid: 120014|app: 0|req: 162/318] 10.222.0.58 () {58 vars in 1319 bytes} [Thu Jul 28 06:33:49 2022] GET /volume/v3/ca438f963f144cfcb1fe977523718fd5/types/111bb140-93eb-4f70-bdee-16834ae50128 => generated 114 bytes in 63 msecs (HTTP/1.1 404) 7 headers in 292 bytes (1 switches on core 0)
Jul 28 06:33:49.237293 dv-cinder-850605-1-smb devstack@c-api.service[120013]: INFO cinder.api.openstack.wsgi [None req-fffd9c88-bcc0-4b57-801d-1c5e347fc2d6 tempest-GroupsV314Test-256849616 tempest-GroupsV314Test-256849616-project] http://10.222.0.58/volume/v3/b3e7ad0588044408a65b363b2b25a28e/volumes/76c08c34-c5c1-4189-a65e-7010296550af returned with HTTP 200
Jul 28 06:33:49.241277 dv-cinder-850605-1-smb devstack@c-api.service[120013]: [pid: 120013|app: 0|req: 157/319] 10.222.0.58 () {60 vars in 1366 bytes} [Thu Jul 28 06:33:49 2022] GET /volume/v3/b3e7ad0588044408a65b363b2b25a28e/volumes/76c08c34-c5c1-4189-a65e-7010296550af => generated 968 bytes in 167 msecs (HTTP/1.1 200) 7 headers in 286 bytes (1 switches on core 0)
Jul 28 06:33:49.392573 dv-cinder-850605-1-smb devstack@c-api.service[120014]: DEBUG cinder.api.middleware.request_id [None req-349c0622-af1d-4ef2-95a6-329eee1cdd20 None None] RequestId filter calling following filter/app {{(pid=120014) _context_setter /opt/stack/cinder/cinder/api/middleware/request_id.py:62}}
Jul 28 06:33:49.403403 dv-cinder-850605-1-smb devstack@c-api.service[120014]: INFO cinder.api.openstack.wsgi [None req-349c0622-af1d-4ef2-95a6-329eee1cdd20 tempest-VolumeManageAdminTest-1935987631 tempest-VolumeManageAdminTest-1935987631-project-admin] GET http://10.222.0.58/volume/v3/4464a44cce1b41cd82b5439049419d2c/volumes/3bf5b33e-d79a-4d60-9f09-91b4fbcf0929
Jul 28 06:33:49.404181 dv-cinder-850605-1-smb devstack@c-api.service[120014]: DEBUG cinder.api.openstack.wsgi [None req-349c0622-af1d-4ef2-95a6-329eee1cdd20 tempest-VolumeManageAdminTest-1935987631 tempest-VolumeManageAdminTest-1935987631-project-admin] Empty body provided in request {{(pid=120014) get_body /opt/stack/cinder/cinder/api/openstack/wsgi.py:715}}
Jul 28 06:33:49.404779 dv-cinder-850605-1-smb devstack@c-api.service[120014]: DEBUG cinder.api.openstack.wsgi [None req-349c0622-af1d-4ef2-95a6-329eee1cdd20 tempest-VolumeManageAdminTest-1935987631 tempest-VolumeManageAdminTest-1935987631-project-admin] Calling method 'show' {{(pid=120014) _process_stack /opt/stack/cinder/cinder/api/openstack/wsgi.py:868}}
Jul 28 06:33:49.420079 dv-cinder-850605-1-smb devstack@c-api.service[120014]: /usr/local/lib/python3.8/dist-packages/oslo_context/context.py:100: DeprecationWarning: Policy enforcement is depending on the value of is_admin. This key is deprecated. Please update your policy file to use the standard policy values.
Jul 28 06:33:49.420079 dv-cinder-850605-1-smb devstack@c-api.service[120014]: warnings.warn('Policy enforcement is depending on the value of '
Jul 28 06:33:49.427022 dv-cinder-850605-1-smb devstack@c-api.service[120014]: INFO cinder.volume.api [None req-349c0622-af1d-4ef2-95a6-329eee1cdd20 tempest-VolumeManageAdminTest-1935987631 tempest-VolumeManageAdminTest-1935987631-project-admin] Volume info retrieved successfully.
Jul 28 06:33:49.436294 dv-cinder-850605-1-smb devstack@c-api.service[120014]: INFO cinder.api.openstack.wsgi [None req-349c0622-af1d-4ef2-95a6-329eee1cdd20 tempest-VolumeManageAdminTest-1935987631 tempest-VolumeManageAdminTest-1935987631-project-admin] http://10.222.0.58/volume/v3/4464a44cce1b41cd82b5439049419d2c/volumes/3bf5b33e-d79a-4d60-9f09-91b4fbcf0929 returned with HTTP 200
Jul 28 06:33:49.437681 dv-cinder-850605-1-smb devstack@c-api.service[120014]: [pid: 120014|app: 0|req: 163/320] 10.222.0.58 () {58 vars in 1325 bytes} [Thu Jul 28 06:33:49 2022] GET /volume/v3/4464a44cce1b41cd82b5439049419d2c/volumes/3bf5b33e-d79a-4d60-9f09-91b4fbcf0929 => generated 1080 bytes in 46 msecs (HTTP/1.1 200) 7 headers in 286 bytes (1 switches on core 0)
Jul 28 06:33:49.455378 dv-cinder-850605-1-smb devstack@c-api.service[120013]: DEBUG cinder.api.middleware.request_id [None req-ebb6ce62-85b5-4c9d-b1af-57e43794b5c9 None None] RequestId filter calling following filter/app {{(pid=120013) _context_setter /opt/stack/cinder/cinder/api/middleware/request_id.py:62}}
Jul 28 06:33:49.459296 dv-cinder-850605-1-smb devstack@c-api.service[120013]: INFO cinder.api.openstack.wsgi [None req-ebb6ce62-85b5-4c9d-b1af-57e43794b5c9 tempest-VolumeManageAdminTest-1935987631 tempest-VolumeManageAdminTest-1935987631-project-admin] GET http://10.222.0.58/volume/v3/4464a44cce1b41cd82b5439049419d2c/volumes/3bf5b33e-d79a-4d60-9f09-91b4fbcf0929
Jul 28 06:33:49.459775 dv-cinder-850605-1-smb devstack@c-api.service[120013]: DEBUG cinder.api.openstack.wsgi [None req-ebb6ce62-85b5-4c9d-b1af-57e43794b5c9 tempest-VolumeManageAdminTest-1935987631 tempest-VolumeManageAdminTest-1935987631-project-admin] Empty body provided in request {{(pid=120013) get_body /opt/stack/cinder/cinder/api/openstack/wsgi.py:715}}
Jul 28 06:33:49.460233 dv-cinder-850605-1-smb devstack@c-api.service[120013]: DEBUG cinder.api.openstack.wsgi [None req-ebb6ce62-85b5-4c9d-b1af-57e43794b5c9 tempest-VolumeManageAdminTest-1935987631 tempest-VolumeManageAdminTest-1935987631-project-admin] Calling method 'show' {{(pid=120013) _process_stack /opt/stack/cinder/cinder/api/openstack/wsgi.py:868}}
Jul 28 06:33:49.476287 dv-cinder-850605-1-smb devstack@c-api.service[120013]: /usr/local/lib/python3.8/dist-packages/oslo_context/context.py:100: DeprecationWarning: Policy enforcement is depending on the value of is_admin. This key is deprecated. Please update your policy file to use the standard policy values.
Jul 28 06:33:49.476287 dv-cinder-850605-1-smb devstack@c-api.service[120013]: warnings.warn('Policy enforcement is depending on the value of '
Jul 28 06:33:49.482939 dv-cinder-850605-1-smb devstack@c-api.service[120013]: DEBUG dbcounter [-] [120013] Writing DB stats cinder:SELECT=78,cinder:INSERT=10,cinder:UPDATE=12 {{(pid=120013) stat_writer /usr/local/lib/python3.8/dist-packages/dbcounter.py:114}}
Jul 28 06:33:49.486744 dv-cinder-850605-1-smb devstack@c-api.service[120013]: INFO cinder.volume.api [None req-ebb6ce62-85b5-4c9d-b1af-57e43794b5c9 tempest-VolumeManageAdminTest-1935987631 tempest-VolumeManageAdminTest-1935987631-project-admin] Volume info retrieved successfully.
Jul 28 06:33:49.501576 dv-cinder-850605-1-smb devstack@c-api.service[120013]: INFO cinder.api.openstack.wsgi [None req-ebb6ce62-85b5-4c9d-b1af-57e43794b5c9 tempest-VolumeManageAdminTest-1935987631 tempest-VolumeManageAdminTest-1935987631-project-admin] http://10.222.0.58/volume/v3/4464a44cce1b41cd82b5439049419d2c/volumes/3bf5b33e-d79a-4d60-9f09-91b4fbcf0929 returned with HTTP 200
Jul 28 06:33:49.502868 dv-cinder-850605-1-smb devstack@c-api.service[120013]: [pid: 120013|app: 0|req: 158/321] 10.222.0.58 () {58 vars in 1325 bytes} [Thu Jul 28 06:33:49 2022] GET /volume/v3/4464a44cce1b41cd82b5439049419d2c/volumes/3bf5b33e-d79a-4d60-9f09-91b4fbcf0929 => generated 1080 bytes in 48 msecs (HTTP/1.1 200) 7 headers in 286 bytes (1 switches on core 0)
Jul 28 06:33:49.520366 dv-cinder-850605-1-smb devstack@c-api.service[120014]: DEBUG cinder.api.middleware.request_id [None req-d32b4e07-75d2-40c1-910d-84595b158ceb None None] RequestId filter calling following filter/app {{(pid=120014) _context_setter /opt/stack/cinder/cinder/api/middleware/request_id.py:62}}
Jul 28 06:33:49.522700 dv-cinder-850605-1-smb devstack@c-api.service[120014]: INFO cinder.api.openstack.wsgi [None req-d32b4e07-75d2-40c1-910d-84595b158ceb tempest-VolumeManageAdminTest-1935987631 tempest-VolumeManageAdminTest-1935987631-project-admin] DELETE http://10.222.0.58/volume/v3/4464a44cce1b41cd82b5439049419d2c/volumes/3bf5b33e-d79a-4d60-9f09-91b4fbcf0929
Jul 28 06:33:49.522931 dv-cinder-850605-1-smb devstack@c-api.service[120014]: DEBUG cinder.api.openstack.wsgi [None req-d32b4e07-75d2-40c1-910d-84595b158ceb tempest-VolumeManageAdminTest-1935987631 tempest-VolumeManageAdminTest-1935987631-project-admin] Empty body provided in request {{(pid=120014) get_body /opt/stack/cinder/cinder/api/openstack/wsgi.py:715}}
Jul 28 06:33:49.523390 dv-cinder-850605-1-smb devstack@c-api.service[120014]: DEBUG cinder.api.openstack.wsgi [None req-d32b4e07-75d2-40c1-910d-84595b158ceb tempest-VolumeManageAdminTest-1935987631 tempest-VolumeManageAdminTest-1935987631-project-admin] Calling method 'delete' {{(pid=120014) _process_stack /opt/stack/cinder/cinder/api/openstack/wsgi.py:868}}
Jul 28 06:33:49.523931 dv-cinder-850605-1-smb devstack@c-api.service[120014]: INFO cinder.api.v3.volumes [None req-d32b4e07-75d2-40c1-910d-84595b158ceb tempest-VolumeManageAdminTest-1935987631 tempest-VolumeManageAdminTest-1935987631-project-admin] Delete volume with id: 3bf5b33e-d79a-4d60-9f09-91b4fbcf0929
Jul 28 06:33:49.562237 dv-cinder-850605-1-smb devstack@c-api.service[120014]: /usr/local/lib/python3.8/dist-packages/oslo_context/context.py:100: DeprecationWarning: Policy enforcement is depending on the value of is_admin. This key is deprecated. Please update your policy file to use the standard policy values.
Jul 28 06:33:49.562237 dv-cinder-850605-1-smb devstack@c-api.service[120014]: warnings.warn('Policy enforcement is depending on the value of '
Jul 28 06:33:49.563377 dv-cinder-850605-1-smb devstack@c-api.service[120014]: INFO cinder.volume.api [None req-d32b4e07-75d2-40c1-910d-84595b158ceb tempest-VolumeManageAdminTest-1935987631 tempest-VolumeManageAdminTest-1935987631-project-admin] Volume info retrieved successfully.
Jul 28 06:33:49.598451 dv-cinder-850605-1-smb devstack@c-api.service[120014]: INFO cinder.volume.api [None req-d32b4e07-75d2-40c1-910d-84595b158ceb tempest-VolumeManageAdminTest-1935987631 tempest-VolumeManageAdminTest-1935987631-project-admin] Delete volume request issued successfully.
Jul 28 06:33:49.600703 dv-cinder-850605-1-smb devstack@c-api.service[120014]: INFO cinder.api.openstack.wsgi [None req-d32b4e07-75d2-40c1-910d-84595b158ceb tempest-VolumeManageAdminTest-1935987631 tempest-VolumeManageAdminTest-1935987631-project-admin] http://10.222.0.58/volume/v3/4464a44cce1b41cd82b5439049419d2c/volumes/3bf5b33e-d79a-4d60-9f09-91b4fbcf0929 returned with HTTP 202
Jul 28 06:33:49.601803 dv-cinder-850605-1-smb devstack@c-api.service[120014]: [pid: 120014|app: 0|req: 164/322] 10.222.0.58 () {58 vars in 1328 bytes} [Thu Jul 28 06:33:49 2022] DELETE /volume/v3/4464a44cce1b41cd82b5439049419d2c/volumes/3bf5b33e-d79a-4d60-9f09-91b4fbcf0929 => generated 0 bytes in 84 msecs (HTTP/1.1 202) 6 headers in 233 bytes (1 switches on core 0)
Jul 28 06:33:49.606686 dv-cinder-850605-1-smb devstack@c-api.service[120013]: DEBUG cinder.api.middleware.request_id [None req-8d4fc823-fa13-4e6b-933d-7e51aebf1151 None None] RequestId filter calling following filter/app {{(pid=120013) _context_setter /opt/stack/cinder/cinder/api/middleware/request_id.py:62}}
Jul 28 06:33:49.611226 dv-cinder-850605-1-smb devstack@c-api.service[120013]: INFO cinder.api.openstack.wsgi [None req-8d4fc823-fa13-4e6b-933d-7e51aebf1151 tempest-VolumeManageAdminTest-1935987631 tempest-VolumeManageAdminTest-1935987631-project-admin] GET http://10.222.0.58/volume/v3/4464a44cce1b41cd82b5439049419d2c/volumes/3bf5b33e-d79a-4d60-9f09-91b4fbcf0929
Jul 28 06:33:49.611717 dv-cinder-850605-1-smb devstack@c-api.service[120013]: DEBUG cinder.api.openstack.wsgi [None req-8d4fc823-fa13-4e6b-933d-7e51aebf1151 tempest-VolumeManageAdminTest-1935987631 tempest-VolumeManageAdminTest-1935987631-project-admin] Empty body provided in request {{(pid=120013) get_body /opt/stack/cinder/cinder/api/openstack/wsgi.py:715}}
Jul 28 06:33:49.612170 dv-cinder-850605-1-smb devstack@c-api.service[120013]: DEBUG cinder.api.openstack.wsgi [None req-8d4fc823-fa13-4e6b-933d-7e51aebf1151 tempest-VolumeManageAdminTest-1935987631 tempest-VolumeManageAdminTest-1935987631-project-admin] Calling method 'show' {{(pid=120013) _process_stack /opt/stack/cinder/cinder/api/openstack/wsgi.py:868}}
Jul 28 06:33:49.628987 dv-cinder-850605-1-smb devstack@c-api.service[120013]: /usr/local/lib/python3.8/dist-packages/oslo_context/context.py:100: DeprecationWarning: Policy enforcement is depending on the value of is_admin. This key is deprecated. Please update your policy file to use the standard policy values.
Jul 28 06:33:49.628987 dv-cinder-850605-1-smb devstack@c-api.service[120013]: warnings.warn('Policy enforcement is depending on the value of '
Jul 28 06:33:49.636675 dv-cinder-850605-1-smb devstack@c-api.service[120013]: INFO cinder.volume.api [None req-8d4fc823-fa13-4e6b-933d-7e51aebf1151 tempest-VolumeManageAdminTest-1935987631 tempest-VolumeManageAdminTest-1935987631-project-admin] Volume info retrieved successfully.
Jul 28 06:33:49.646319 dv-cinder-850605-1-smb devstack@c-api.service[120013]: INFO cinder.api.openstack.wsgi [None req-8d4fc823-fa13-4e6b-933d-7e51aebf1151 tempest-VolumeManageAdminTest-1935987631 tempest-VolumeManageAdminTest-1935987631-project-admin] http://10.222.0.58/volume/v3/4464a44cce1b41cd82b5439049419d2c/volumes/3bf5b33e-d79a-4d60-9f09-91b4fbcf0929 returned with HTTP 200
Jul 28 06:33:49.647222 dv-cinder-850605-1-smb devstack@c-api.service[120013]: [pid: 120013|app: 0|req: 159/323] 10.222.0.58 () {58 vars in 1325 bytes} [Thu Jul 28 06:33:49 2022] GET /volume/v3/4464a44cce1b41cd82b5439049419d2c/volumes/3bf5b33e-d79a-4d60-9f09-91b4fbcf0929 => generated 1079 bytes in 42 msecs (HTTP/1.1 200) 7 headers in 286 bytes (1 switches on core 0)
Jul 28 06:33:50.257741 dv-cinder-850605-1-smb devstack@c-api.service[120014]: DEBUG cinder.api.middleware.request_id [None req-6035c5af-7436-4cfa-b7e0-13ef8e380a3c None None] RequestId filter calling following filter/app {{(pid=120014) _context_setter /opt/stack/cinder/cinder/api/middleware/request_id.py:62}}
Jul 28 06:33:50.263296 dv-cinder-850605-1-smb devstack@c-api.service[120014]: INFO cinder.api.openstack.wsgi [None req-6035c5af-7436-4cfa-b7e0-13ef8e380a3c tempest-GroupsV314Test-256849616 tempest-GroupsV314Test-256849616-project] GET http://10.222.0.58/volume/v3/b3e7ad0588044408a65b363b2b25a28e/volumes/76c08c34-c5c1-4189-a65e-7010296550af
Jul 28 06:33:50.265146 dv-cinder-850605-1-smb devstack@c-api.service[120014]: DEBUG cinder.api.openstack.wsgi [None req-6035c5af-7436-4cfa-b7e0-13ef8e380a3c tempest-GroupsV314Test-256849616 tempest-GroupsV314Test-256849616-project] Empty body provided in request {{(pid=120014) get_body /opt/stack/cinder/cinder/api/openstack/wsgi.py:715}}
Jul 28 06:33:50.274711 dv-cinder-850605-1-smb devstack@c-api.service[120014]: DEBUG cinder.api.openstack.wsgi [None req-6035c5af-7436-4cfa-b7e0-13ef8e380a3c tempest-GroupsV314Test-256849616 tempest-GroupsV314Test-256849616-project] Calling method 'show' {{(pid=120014) _process_stack /opt/stack/cinder/cinder/api/openstack/wsgi.py:868}}
Jul 28 06:33:50.308081 dv-cinder-850605-1-smb devstack@c-api.service[120014]: /usr/local/lib/python3.8/dist-packages/oslo_context/context.py:100: DeprecationWarning: Policy enforcement is depending on the value of is_admin. This key is deprecated. Please update your policy file to use the standard policy values.
Jul 28 06:33:50.308081 dv-cinder-850605-1-smb devstack@c-api.service[120014]: warnings.warn('Policy enforcement is depending on the value of '
Jul 28 06:33:50.319527 dv-cinder-850605-1-smb devstack@c-api.service[120014]: INFO cinder.volume.api [None req-6035c5af-7436-4cfa-b7e0-13ef8e380a3c tempest-GroupsV314Test-256849616 tempest-GroupsV314Test-256849616-project] Volume info retrieved successfully.
Jul 28 06:33:50.322735 dv-cinder-850605-1-smb devstack@c-api.service[120014]: WARNING stevedore.named [None req-6035c5af-7436-4cfa-b7e0-13ef8e380a3c tempest-GroupsV314Test-256849616 tempest-GroupsV314Test-256849616-project] Could not load cinder.keymgr.conf_key_mgr.ConfKeyManager
Jul 28 06:33:50.323437 dv-cinder-850605-1-smb devstack@c-api.service[120014]: WARNING castellan.key_manager [None req-6035c5af-7436-4cfa-b7e0-13ef8e380a3c tempest-GroupsV314Test-256849616 tempest-GroupsV314Test-256849616-project] Deprecation Warning : cinder.keymgr.conf_key_mgr.ConfKeyManager is not a stevedore based driver, trying to load it as a class: stevedore.exception.NoMatches: No 'castellan.drivers' driver found, looking for 'cinder.keymgr.conf_key_mgr.ConfKeyManager'
Jul 28 06:33:50.331492 dv-cinder-850605-1-smb devstack@c-api.service[120014]: DEBUG oslo_db.sqlalchemy.engines [None req-6035c5af-7436-4cfa-b7e0-13ef8e380a3c tempest-GroupsV314Test-256849616 tempest-GroupsV314Test-256849616-project] MySQL server mode set to STRICT_TRANS_TABLES,STRICT_ALL_TABLES,NO_ZERO_IN_DATE,NO_ZERO_DATE,ERROR_FOR_DIVISION_BY_ZERO,TRADITIONAL,NO_ENGINE_SUBSTITUTION {{(pid=120014) _check_effective_sql_mode /usr/local/lib/python3.8/dist-packages/oslo_db/sqlalchemy/engines.py:314}}
Jul 28 06:33:50.341614 dv-cinder-850605-1-smb devstack@c-api.service[120014]: /usr/local/lib/python3.8/dist-packages/oslo_context/context.py:100: DeprecationWarning: Policy enforcement is depending on the value of is_admin. This key is deprecated. Please update your policy file to use the standard policy values.
Jul 28 06:33:50.341614 dv-cinder-850605-1-smb devstack@c-api.service[120014]: warnings.warn('Policy enforcement is depending on the value of '
Jul 28 06:33:50.346670 dv-cinder-850605-1-smb devstack@c-api.service[120014]: DEBUG dbcounter [-] [120014] Writing DB stats cinder:SELECT=78,cinder:INSERT=9,cinder:UPDATE=13 {{(pid=120014) stat_writer /usr/local/lib/python3.8/dist-packages/dbcounter.py:114}}
Jul 28 06:33:50.367133 dv-cinder-850605-1-smb devstack@c-api.service[120014]: INFO cinder.api.openstack.wsgi [None req-6035c5af-7436-4cfa-b7e0-13ef8e380a3c tempest-GroupsV314Test-256849616 tempest-GroupsV314Test-256849616-project] http://10.222.0.58/volume/v3/b3e7ad0588044408a65b363b2b25a28e/volumes/76c08c34-c5c1-4189-a65e-7010296550af returned with HTTP 200
Jul 28 06:33:50.371716 dv-cinder-850605-1-smb devstack@c-api.service[120014]: [pid: 120014|app: 0|req: 165/324] 10.222.0.58 () {60 vars in 1366 bytes} [Thu Jul 28 06:33:50 2022] GET /volume/v3/b3e7ad0588044408a65b363b2b25a28e/volumes/76c08c34-c5c1-4189-a65e-7010296550af => generated 993 bytes in 112 msecs (HTTP/1.1 200) 7 headers in 286 bytes (1 switches on core 0)
Jul 28 06:33:50.383493 dv-cinder-850605-1-smb devstack@c-api.service[120013]: DEBUG cinder.api.middleware.request_id [None req-d7c9e809-efef-4367-a6eb-7b99a80a9d2b None None] RequestId filter calling following filter/app {{(pid=120013) _context_setter /opt/stack/cinder/cinder/api/middleware/request_id.py:62}}
Jul 28 06:33:50.388036 dv-cinder-850605-1-smb devstack@c-api.service[120013]: INFO cinder.api.openstack.wsgi [None req-d7c9e809-efef-4367-a6eb-7b99a80a9d2b tempest-GroupsV314Test-256849616 tempest-GroupsV314Test-256849616-project] POST http://10.222.0.58/volume/v3/b3e7ad0588044408a65b363b2b25a28e/groups/action
Jul 28 06:33:50.388908 dv-cinder-850605-1-smb devstack@c-api.service[120013]: DEBUG cinder.api.openstack.wsgi [None req-d7c9e809-efef-4367-a6eb-7b99a80a9d2b tempest-GroupsV314Test-256849616 tempest-GroupsV314Test-256849616-project] Action body: b'{"create-from-src": {"source_group_id": "f3d10bc7-cd9a-43f6-912d-ed0a4556ade5", "name": "tempest-Group_from_grp-868417583"}}' {{(pid=120013) get_method /opt/stack/cinder/cinder/api/openstack/wsgi.py:983}}
Jul 28 06:33:50.389333 dv-cinder-850605-1-smb devstack@c-api.service[120013]: DEBUG cinder.api.openstack.wsgi [None req-d7c9e809-efef-4367-a6eb-7b99a80a9d2b tempest-GroupsV314Test-256849616 tempest-GroupsV314Test-256849616-project] Action: 'action', calling method: version_select, body: {"create-from-src": {"source_group_id": "f3d10bc7-cd9a-43f6-912d-ed0a4556ade5", "name": "tempest-Group_from_grp-868417583"}} {{(pid=120013) _process_stack /opt/stack/cinder/cinder/api/openstack/wsgi.py:866}}
Jul 28 06:33:50.391642 dv-cinder-850605-1-smb devstack@c-api.service[120013]: DEBUG cinder.api.v3.groups [None req-d7c9e809-efef-4367-a6eb-7b99a80a9d2b tempest-GroupsV314Test-256849616 tempest-GroupsV314Test-256849616-project] Creating new group {'create-from-src': {'source_group_id': 'f3d10bc7-cd9a-43f6-912d-ed0a4556ade5', 'name': 'tempest-Group_from_grp-868417583'}}. {{(pid=120013) create_from_src /opt/stack/cinder/cinder/api/v3/groups.py:236}}
Jul 28 06:33:50.392182 dv-cinder-850605-1-smb devstack@c-api.service[120013]: INFO cinder.api.v3.groups [None req-d7c9e809-efef-4367-a6eb-7b99a80a9d2b tempest-GroupsV314Test-256849616 tempest-GroupsV314Test-256849616-project] Creating group tempest-Group_from_grp-868417583 from source group f3d10bc7-cd9a-43f6-912d-ed0a4556ade5.
Jul 28 06:33:50.400821 dv-cinder-850605-1-smb devstack@c-api.service[120013]: /usr/local/lib/python3.8/dist-packages/oslo_context/context.py:100: DeprecationWarning: Policy enforcement is depending on the value of is_admin. This key is deprecated. Please update your policy file to use the standard policy values.
Jul 28 06:33:50.400821 dv-cinder-850605-1-smb devstack@c-api.service[120013]: warnings.warn('Policy enforcement is depending on the value of '
Jul 28 06:33:50.418238 dv-cinder-850605-1-smb devstack@c-api.service[120013]: /usr/local/lib/python3.8/dist-packages/oslo_context/context.py:100: DeprecationWarning: Policy enforcement is depending on the value of is_admin. This key is deprecated. Please update your policy file to use the standard policy values.
Jul 28 06:33:50.418238 dv-cinder-850605-1-smb devstack@c-api.service[120013]: warnings.warn('Policy enforcement is depending on the value of '
Jul 28 06:33:50.467237 dv-cinder-850605-1-smb devstack@c-api.service[120013]: DEBUG cinder.quota [None req-d7c9e809-efef-4367-a6eb-7b99a80a9d2b tempest-GroupsV314Test-256849616 tempest-GroupsV314Test-256849616-project] Created reservations ['1a28fb96-f44a-4838-8b83-f89187a2f395'] {{(pid=120013) reserve /opt/stack/cinder/cinder/quota.py:755}}
Jul 28 06:33:50.593547 dv-cinder-850605-1-smb devstack@c-api.service[120013]: INFO cinder.group.api [None req-d7c9e809-efef-4367-a6eb-7b99a80a9d2b tempest-GroupsV314Test-256849616 tempest-GroupsV314Test-256849616-project] A mapping entry already exists for group bdc4a735-8424-462e-a530-d14b50fb65cb and volume type 1a2bacf5-fd84-45ae-b4b9-f41e629a2d01. Do not need to create again.
Jul 28 06:33:50.594567 dv-cinder-850605-1-smb devstack@c-api.service[120013]: /usr/local/lib/python3.8/dist-packages/oslo_context/context.py:100: DeprecationWarning: Policy enforcement is depending on the value of is_admin. This key is deprecated. Please update your policy file to use the standard policy values.
Jul 28 06:33:50.594567 dv-cinder-850605-1-smb devstack@c-api.service[120013]: warnings.warn('Policy enforcement is depending on the value of '
Jul 28 06:33:50.596992 dv-cinder-850605-1-smb devstack@c-api.service[120013]: INFO cinder.volume.api [None req-d7c9e809-efef-4367-a6eb-7b99a80a9d2b tempest-GroupsV314Test-256849616 tempest-GroupsV314Test-256849616-project] Availability Zones retrieved successfully.
Jul 28 06:33:50.617839 dv-cinder-850605-1-smb devstack@c-api.service[120013]: DEBUG cinder.volume.api [None req-d7c9e809-efef-4367-a6eb-7b99a80a9d2b tempest-GroupsV314Test-256849616 tempest-GroupsV314Test-256849616-project] Flow 'volume_create_api' (492e2a1b-49e1-4666-bd84-a9458165aa40) transitioned into state 'RUNNING' from state 'PENDING' {{(pid=120013) _flow_receiver /usr/local/lib/python3.8/dist-packages/taskflow/listeners/logging.py:141}}
Jul 28 06:33:50.621244 dv-cinder-850605-1-smb devstack@c-api.service[120013]: DEBUG cinder.volume.api [None req-d7c9e809-efef-4367-a6eb-7b99a80a9d2b tempest-GroupsV314Test-256849616 tempest-GroupsV314Test-256849616-project] Task 'cinder.volume.flows.api.create_volume.ExtractVolumeRequestTask;volume:create' (36c92eb5-fe26-4cef-8aab-cbdba7d33992) transitioned into state 'RUNNING' from state 'PENDING' {{(pid=120013) _task_receiver /usr/local/lib/python3.8/dist-packages/taskflow/listeners/logging.py:190}}
Jul 28 06:33:50.624151 dv-cinder-850605-1-smb devstack@c-api.service[120013]: DEBUG cinder.volume.flows.api.create_volume [None req-d7c9e809-efef-4367-a6eb-7b99a80a9d2b tempest-GroupsV314Test-256849616 tempest-GroupsV314Test-256849616-project] Validating volume size '1' using validate_int, validate_source_size {{(pid=120013) _extract_size /opt/stack/cinder/cinder/volume/flows/api/create_volume.py:228}}
Jul 28 06:33:50.664665 dv-cinder-850605-1-smb devstack@c-api.service[120014]: DEBUG cinder.api.middleware.request_id [None req-af994649-aaaa-47ba-b123-e23cc41df97e None None] RequestId filter calling following filter/app {{(pid=120014) _context_setter /opt/stack/cinder/cinder/api/middleware/request_id.py:62}}
Jul 28 06:33:50.675371 dv-cinder-850605-1-smb devstack@c-api.service[120014]: INFO cinder.api.openstack.wsgi [None req-af994649-aaaa-47ba-b123-e23cc41df97e tempest-VolumeManageAdminTest-1935987631 tempest-VolumeManageAdminTest-1935987631-project-admin] GET http://10.222.0.58/volume/v3/4464a44cce1b41cd82b5439049419d2c/volumes/3bf5b33e-d79a-4d60-9f09-91b4fbcf0929
Jul 28 06:33:50.676297 dv-cinder-850605-1-smb devstack@c-api.service[120014]: DEBUG cinder.api.openstack.wsgi [None req-af994649-aaaa-47ba-b123-e23cc41df97e tempest-VolumeManageAdminTest-1935987631 tempest-VolumeManageAdminTest-1935987631-project-admin] Empty body provided in request {{(pid=120014) get_body /opt/stack/cinder/cinder/api/openstack/wsgi.py:715}}
Jul 28 06:33:50.676886 dv-cinder-850605-1-smb devstack@c-api.service[120014]: DEBUG cinder.api.openstack.wsgi [None req-af994649-aaaa-47ba-b123-e23cc41df97e tempest-VolumeManageAdminTest-1935987631 tempest-VolumeManageAdminTest-1935987631-project-admin] Calling method 'show' {{(pid=120014) _process_stack /opt/stack/cinder/cinder/api/openstack/wsgi.py:868}}
Jul 28 06:33:50.689679 dv-cinder-850605-1-smb devstack@c-api.service[120014]: INFO cinder.api.openstack.wsgi [None req-af994649-aaaa-47ba-b123-e23cc41df97e tempest-VolumeManageAdminTest-1935987631 tempest-VolumeManageAdminTest-1935987631-project-admin] http://10.222.0.58/volume/v3/4464a44cce1b41cd82b5439049419d2c/volumes/3bf5b33e-d79a-4d60-9f09-91b4fbcf0929 returned with HTTP 404
Jul 28 06:33:50.691331 dv-cinder-850605-1-smb devstack@c-api.service[120014]: [pid: 120014|app: 0|req: 166/325] 10.222.0.58 () {58 vars in 1325 bytes} [Thu Jul 28 06:33:50 2022] GET /volume/v3/4464a44cce1b41cd82b5439049419d2c/volumes/3bf5b33e-d79a-4d60-9f09-91b4fbcf0929 => generated 109 bytes in 27 msecs (HTTP/1.1 404) 7 headers in 292 bytes (1 switches on core 0)
Jul 28 06:33:50.693961 dv-cinder-850605-1-smb devstack@c-api.service[120013]: DEBUG cinder.volume.api [None req-d7c9e809-efef-4367-a6eb-7b99a80a9d2b tempest-GroupsV314Test-256849616 tempest-GroupsV314Test-256849616-project] Task 'cinder.volume.flows.api.create_volume.ExtractVolumeRequestTask;volume:create' (36c92eb5-fe26-4cef-8aab-cbdba7d33992) transitioned into state 'SUCCESS' from state 'RUNNING' with result '{'size': 1, 'snapshot_id': None, 'source_volid': '76c08c34-c5c1-4189-a65e-7010296550af', 'volume_type': VolumeType(created_at=2022-07-28T06:33:47Z,deleted=False,deleted_at=None,description=None,extra_specs={},id=1a2bacf5-fd84-45ae-b4b9-f41e629a2d01,is_public=True,name='tempest-GroupsV314Test-volume-type-1739781944',projects=[],qos_specs=,qos_specs_id=None,updated_at=None), 'volume_type_id': '1a2bacf5-fd84-45ae-b4b9-f41e629a2d01', 'encryption_key_id': None, 'qos_specs': None, 'consistencygroup_id': None, 'cgsnapshot_id': None, 'group_id': 'bdc4a735-8424-462e-a530-d14b50fb65cb', 'replication_status': 'disabled', 'refresh_az': False, 'backup_id': None, 'multiattach': False, 'availability_zones': ['nova']}' {{(pid=120013) _task_receiver /usr/local/lib/python3.8/dist-packages/taskflow/listeners/logging.py:178}}
Jul 28 06:33:50.698079 dv-cinder-850605-1-smb devstack@c-api.service[120014]: DEBUG cinder.api.middleware.request_id [None req-6bf46460-56b1-4648-98da-b658fee98fdd None None] RequestId filter calling following filter/app {{(pid=120014) _context_setter /opt/stack/cinder/cinder/api/middleware/request_id.py:62}}
Jul 28 06:33:50.700965 dv-cinder-850605-1-smb devstack@c-api.service[120013]: DEBUG cinder.volume.api [None req-d7c9e809-efef-4367-a6eb-7b99a80a9d2b tempest-GroupsV314Test-256849616 tempest-GroupsV314Test-256849616-project] Task 'cinder.volume.flows.api.create_volume.QuotaReserveTask;volume:create' (6ba7bdd0-23aa-4e3d-9ecf-cd530dcc0e6c) transitioned into state 'RUNNING' from state 'PENDING' {{(pid=120013) _task_receiver /usr/local/lib/python3.8/dist-packages/taskflow/listeners/logging.py:190}}
Jul 28 06:33:50.702234 dv-cinder-850605-1-smb devstack@c-api.service[120014]: INFO cinder.api.openstack.wsgi [None req-6bf46460-56b1-4648-98da-b658fee98fdd tempest-VolumeManageAdminTest-267571980 tempest-VolumeManageAdminTest-267571980-project] DELETE http://10.222.0.58/volume/v3/30f31f8a2de645568726eeb8b7d0e465/volumes/b8f49cae-de92-4b2e-be71-5acae8a2a2ff
Jul 28 06:33:50.702923 dv-cinder-850605-1-smb devstack@c-api.service[120014]: DEBUG cinder.api.openstack.wsgi [None req-6bf46460-56b1-4648-98da-b658fee98fdd tempest-VolumeManageAdminTest-267571980 tempest-VolumeManageAdminTest-267571980-project] Empty body provided in request {{(pid=120014) get_body /opt/stack/cinder/cinder/api/openstack/wsgi.py:715}}
Jul 28 06:33:50.703661 dv-cinder-850605-1-smb devstack@c-api.service[120014]: DEBUG cinder.api.openstack.wsgi [None req-6bf46460-56b1-4648-98da-b658fee98fdd tempest-VolumeManageAdminTest-267571980 tempest-VolumeManageAdminTest-267571980-project] Calling method 'delete' {{(pid=120014) _process_stack /opt/stack/cinder/cinder/api/openstack/wsgi.py:868}}
Jul 28 06:33:50.704194 dv-cinder-850605-1-smb devstack@c-api.service[120014]: INFO cinder.api.v3.volumes [None req-6bf46460-56b1-4648-98da-b658fee98fdd tempest-VolumeManageAdminTest-267571980 tempest-VolumeManageAdminTest-267571980-project] Delete volume with id: b8f49cae-de92-4b2e-be71-5acae8a2a2ff
Jul 28 06:33:50.719365 dv-cinder-850605-1-smb devstack@c-api.service[120014]: INFO cinder.api.openstack.wsgi [None req-6bf46460-56b1-4648-98da-b658fee98fdd tempest-VolumeManageAdminTest-267571980 tempest-VolumeManageAdminTest-267571980-project] http://10.222.0.58/volume/v3/30f31f8a2de645568726eeb8b7d0e465/volumes/b8f49cae-de92-4b2e-be71-5acae8a2a2ff returned with HTTP 404
Jul 28 06:33:50.720662 dv-cinder-850605-1-smb devstack@c-api.service[120014]: [pid: 120014|app: 0|req: 167/326] 10.222.0.58 () {58 vars in 1328 bytes} [Thu Jul 28 06:33:50 2022] DELETE /volume/v3/30f31f8a2de645568726eeb8b7d0e465/volumes/b8f49cae-de92-4b2e-be71-5acae8a2a2ff => generated 109 bytes in 24 msecs (HTTP/1.1 404) 7 headers in 292 bytes (1 switches on core 0)
Jul 28 06:33:50.831501 dv-cinder-850605-1-smb devstack@c-api.service[120013]: DEBUG cinder.quota [None req-d7c9e809-efef-4367-a6eb-7b99a80a9d2b tempest-GroupsV314Test-256849616 tempest-GroupsV314Test-256849616-project] Created reservations ['565d6dd4-40d8-483b-9f3f-d11122e8dff8', '466d21de-bc03-4a6d-a220-1a8d13273f52', '888496e0-6721-4ac7-aceb-ef3d11a5be84', '8aeacde0-3a7f-400d-9ac5-1ff372f8d908'] {{(pid=120013) reserve /opt/stack/cinder/cinder/quota.py:755}}
Jul 28 06:33:50.834233 dv-cinder-850605-1-smb devstack@c-api.service[120013]: DEBUG cinder.volume.api [None req-d7c9e809-efef-4367-a6eb-7b99a80a9d2b tempest-GroupsV314Test-256849616 tempest-GroupsV314Test-256849616-project] Task 'cinder.volume.flows.api.create_volume.QuotaReserveTask;volume:create' (6ba7bdd0-23aa-4e3d-9ecf-cd530dcc0e6c) transitioned into state 'SUCCESS' from state 'RUNNING' with result '{'reservations': ['565d6dd4-40d8-483b-9f3f-d11122e8dff8', '466d21de-bc03-4a6d-a220-1a8d13273f52', '888496e0-6721-4ac7-aceb-ef3d11a5be84', '8aeacde0-3a7f-400d-9ac5-1ff372f8d908']}' {{(pid=120013) _task_receiver /usr/local/lib/python3.8/dist-packages/taskflow/listeners/logging.py:178}}
Jul 28 06:33:50.849351 dv-cinder-850605-1-smb devstack@c-api.service[120013]: DEBUG cinder.volume.api [None req-d7c9e809-efef-4367-a6eb-7b99a80a9d2b tempest-GroupsV314Test-256849616 tempest-GroupsV314Test-256849616-project] Task 'cinder.volume.flows.api.create_volume.EntryCreateTask;volume:create' (6eeb39a8-9d1f-4138-9ba3-43dd7c53cded) transitioned into state 'RUNNING' from state 'PENDING' {{(pid=120013) _task_receiver /usr/local/lib/python3.8/dist-packages/taskflow/listeners/logging.py:190}}
