Jul 26 05:04:50.251855 dv-cinder-850574-1-iscsi devstack@placement-api.service[104496]: INFO placement.requestlog [req-6ea9b39f-7990-4f88-87c4-6e43d4b42ddb req-b4b2a497-dc9d-454a-ba02-e9866d2f413d service placement] 10.222.0.52 "GET /placement/allocations/cfddd200-54c7-46ee-9bda-5868344fcb10" status: 200 len: 259 microversion: 1.28
Jul 26 05:04:50.252231 dv-cinder-850574-1-iscsi devstack@placement-api.service[104496]: [pid: 104496|app: 0|req: 37/75] 10.222.0.52 () {60 vars in 1377 bytes} [Tue Jul 26 05:04:50 2022] GET /placement/allocations/cfddd200-54c7-46ee-9bda-5868344fcb10 => generated 259 bytes in 22 msecs (HTTP/1.1 200) 8 headers in 296 bytes (1 switches on core 0)
Jul 26 05:04:59.931957 dv-cinder-850574-1-iscsi devstack@placement-api.service[104495]: DEBUG dbcounter [-] [104495] Writing DB stats placement:SELECT=25,placement:INSERT=4,placement:DELETE=2,placement:UPDATE=2 {{(pid=104495) stat_writer /usr/local/lib/python3.8/dist-packages/dbcounter.py:114}}
Jul 26 05:05:00.248995 dv-cinder-850574-1-iscsi devstack@placement-api.service[104496]: DEBUG dbcounter [-] [104496] Writing DB stats placement:SELECT=13,placement:DELETE=2 {{(pid=104496) stat_writer /usr/local/lib/python3.8/dist-packages/dbcounter.py:114}}
Jul 26 05:05:01.249017 dv-cinder-850574-1-iscsi devstack@placement-api.service[104495]: DEBUG placement.requestlog [req-d485d179-aa86-46ee-ba3a-1521870aab5b req-05b5d4bc-d744-4078-8752-f0f065d26139 None None] Starting request: 10.222.0.52 "GET /placement/resource_providers/141384b9-5749-4190-94fe-3bcae7628b6a/allocations" {{(pid=104495) __call__ /opt/stack/placement/placement/requestlog.py:55}}
Jul 26 05:05:01.274729 dv-cinder-850574-1-iscsi devstack@placement-api.service[104495]: INFO placement.requestlog [req-d485d179-aa86-46ee-ba3a-1521870aab5b req-05b5d4bc-d744-4078-8752-f0f065d26139 service placement] 10.222.0.52 "GET /placement/resource_providers/141384b9-5749-4190-94fe-3bcae7628b6a/allocations" status: 200 len: 645 microversion: 1.0
Jul 26 05:05:01.275259 dv-cinder-850574-1-iscsi devstack@placement-api.service[104495]: [pid: 104495|app: 0|req: 39/76] 10.222.0.52 () {58 vars in 1390 bytes} [Tue Jul 26 05:05:01 2022] GET /placement/resource_providers/141384b9-5749-4190-94fe-3bcae7628b6a/allocations => generated 645 bytes in 27 msecs (HTTP/1.1 200) 6 headers in 224 bytes (1 switches on core 0)
Jul 26 05:05:11.272092 dv-cinder-850574-1-iscsi devstack@placement-api.service[104495]: DEBUG dbcounter [-] [104495] Writing DB stats placement:SELECT=6 {{(pid=104495) stat_writer /usr/local/lib/python3.8/dist-packages/dbcounter.py:114}}
Jul 26 05:05:22.739487 dv-cinder-850574-1-iscsi devstack@placement-api.service[104496]: DEBUG placement.requestlog [req-efd936a7-8d1a-4f19-801b-425b9509937e req-d99ad8f1-7896-46de-9fb9-09c5ef28264b None None] Starting request: 10.222.0.52 "DELETE /placement/allocations/d8ea2890-2edd-445f-a103-85febb5cee98" {{(pid=104496) __call__ /opt/stack/placement/placement/requestlog.py:55}}
Jul 26 05:05:22.767885 dv-cinder-850574-1-iscsi devstack@placement-api.service[104496]: DEBUG placement.handlers.allocation [req-efd936a7-8d1a-4f19-801b-425b9509937e req-d99ad8f1-7896-46de-9fb9-09c5ef28264b service placement] Successfully deleted allocations [, , ] {{(pid=104496) delete_allocations /opt/stack/placement/placement/handlers/allocation.py:627}}
Jul 26 05:05:22.768393 dv-cinder-850574-1-iscsi devstack@placement-api.service[104496]: INFO placement.requestlog [req-efd936a7-8d1a-4f19-801b-425b9509937e req-d99ad8f1-7896-46de-9fb9-09c5ef28264b service placement] 10.222.0.52 "DELETE /placement/allocations/d8ea2890-2edd-445f-a103-85febb5cee98" status: 204 len: 0 microversion: 1.0
Jul 26 05:05:22.768988 dv-cinder-850574-1-iscsi devstack@placement-api.service[104496]: [pid: 104496|app: 0|req: 38/77] 10.222.0.52 () {60 vars in 1355 bytes} [Tue Jul 26 05:05:22 2022] DELETE /placement/allocations/d8ea2890-2edd-445f-a103-85febb5cee98 => generated 0 bytes in 30 msecs (HTTP/1.1 204) 5 headers in 198 bytes (1 switches on core 0)
Jul 26 05:05:30.528484 dv-cinder-850574-1-iscsi devstack@placement-api.service[104495]: DEBUG placement.requestlog [req-dd300684-1ea4-48cc-a376-56392ecd56e2 req-9e754221-0806-4945-81f7-a45a45e267ae None None] Starting request: 10.222.0.52 "DELETE /placement/allocations/c4b20933-1aa3-4f28-9d7b-2482564c6c03" {{(pid=104495) __call__ /opt/stack/placement/placement/requestlog.py:55}}
Jul 26 05:05:30.567786 dv-cinder-850574-1-iscsi devstack@placement-api.service[104495]: DEBUG placement.handlers.allocation [req-dd300684-1ea4-48cc-a376-56392ecd56e2 req-9e754221-0806-4945-81f7-a45a45e267ae service placement] Successfully deleted allocations [, , ] {{(pid=104495) delete_allocations /opt/stack/placement/placement/handlers/allocation.py:627}}
Jul 26 05:05:30.568202 dv-cinder-850574-1-iscsi devstack@placement-api.service[104495]: INFO placement.requestlog [req-dd300684-1ea4-48cc-a376-56392ecd56e2 req-9e754221-0806-4945-81f7-a45a45e267ae service placement] 10.222.0.52 "DELETE /placement/allocations/c4b20933-1aa3-4f28-9d7b-2482564c6c03" status: 204 len: 0 microversion: 1.0
Jul 26 05:05:30.568647 dv-cinder-850574-1-iscsi devstack@placement-api.service[104495]: [pid: 104495|app: 0|req: 40/78] 10.222.0.52 () {60 vars in 1355 bytes} [Tue Jul 26 05:05:30 2022] DELETE /placement/allocations/c4b20933-1aa3-4f28-9d7b-2482564c6c03 => generated 0 bytes in 41 msecs (HTTP/1.1 204) 5 headers in 198 bytes (1 switches on core 0)
Jul 26 05:05:32.764839 dv-cinder-850574-1-iscsi devstack@placement-api.service[104496]: DEBUG dbcounter [-] [104496] Writing DB stats placement:SELECT=7,placement:DELETE=2 {{(pid=104496) stat_writer /usr/local/lib/python3.8/dist-packages/dbcounter.py:114}}
Jul 26 05:05:35.402881 dv-cinder-850574-1-iscsi devstack@placement-api.service[104496]: DEBUG placement.requestlog [req-3318d824-0272-46ed-88bc-6307fc5d6aec req-99c372e5-f4cb-419e-94fa-9ddad483eea2 None None] Starting request: 10.222.0.52 "DELETE /placement/allocations/3f4c17ac-a751-4ebc-9a68-b051d32dc63f" {{(pid=104496) __call__ /opt/stack/placement/placement/requestlog.py:55}}
Jul 26 05:05:35.433818 dv-cinder-850574-1-iscsi devstack@placement-api.service[104496]: DEBUG placement.handlers.allocation [req-3318d824-0272-46ed-88bc-6307fc5d6aec req-99c372e5-f4cb-419e-94fa-9ddad483eea2 service placement] Successfully deleted allocations [, , ] {{(pid=104496) delete_allocations /opt/stack/placement/placement/handlers/allocation.py:627}}
Jul 26 05:05:35.434386 dv-cinder-850574-1-iscsi devstack@placement-api.service[104496]: INFO placement.requestlog [req-3318d824-0272-46ed-88bc-6307fc5d6aec req-99c372e5-f4cb-419e-94fa-9ddad483eea2 service placement] 10.222.0.52 "DELETE /placement/allocations/3f4c17ac-a751-4ebc-9a68-b051d32dc63f" status: 204 len: 0 microversion: 1.0
Jul 26 05:05:35.434747 dv-cinder-850574-1-iscsi devstack@placement-api.service[104496]: [pid: 104496|app: 0|req: 39/79] 10.222.0.52 () {60 vars in 1355 bytes} [Tue Jul 26 05:05:35 2022] DELETE /placement/allocations/3f4c17ac-a751-4ebc-9a68-b051d32dc63f => generated 0 bytes in 32 msecs (HTTP/1.1 204) 5 headers in 198 bytes (1 switches on core 0)
Jul 26 05:05:39.285889 dv-cinder-850574-1-iscsi devstack@placement-api.service[104495]: DEBUG placement.requestlog [None req-841addc7-119a-4e59-87d3-0c38068bc3ad None None] Starting request: 10.222.0.17 "GET /placement/resource_providers/f5e1948a-66af-43c5-a3c6-58743779c990/aggregates" {{(pid=104495) __call__ /opt/stack/placement/placement/requestlog.py:55}}
Jul 26 05:05:39.499719 dv-cinder-850574-1-iscsi devstack@placement-api.service[104495]: INFO placement.requestlog [None req-841addc7-119a-4e59-87d3-0c38068bc3ad service placement] 10.222.0.17 "GET /placement/resource_providers/f5e1948a-66af-43c5-a3c6-58743779c990/aggregates" status: 404 len: 235 microversion: 1.1
Jul 26 05:05:39.500203 dv-cinder-850574-1-iscsi devstack@placement-api.service[104495]: [pid: 104495|app: 0|req: 41/80] 10.222.0.17 () {58 vars in 1362 bytes} [Tue Jul 26 05:05:39 2022] GET /placement/resource_providers/f5e1948a-66af-43c5-a3c6-58743779c990/aggregates => generated 235 bytes in 215 msecs (HTTP/1.1 404) 5 headers in 202 bytes (1 switches on core 0)
Jul 26 05:05:39.542374 dv-cinder-850574-1-iscsi devstack@placement-api.service[104496]: DEBUG placement.requestlog [None req-903d4f26-41f8-4f75-990c-58fa967efda3 None None] Starting request: 10.222.0.17 "DELETE /placement/resource_providers/f5e1948a-66af-43c5-a3c6-58743779c990" {{(pid=104496) __call__ /opt/stack/placement/placement/requestlog.py:55}}
Jul 26 05:05:39.552721 dv-cinder-850574-1-iscsi devstack@placement-api.service[104496]: DEBUG placement.wsgi_wrapper [None req-903d4f26-41f8-4f75-990c-58fa967efda3 service placement] Placement API returning an error response: No resource provider with uuid f5e1948a-66af-43c5-a3c6-58743779c990 found for delete {{(pid=104496) call_func /opt/stack/placement/placement/wsgi_wrapper.py:31}}
Jul 26 05:05:39.553983 dv-cinder-850574-1-iscsi devstack@placement-api.service[104496]: INFO placement.requestlog [None req-903d4f26-41f8-4f75-990c-58fa967efda3 service placement] 10.222.0.17 "DELETE /placement/resource_providers/f5e1948a-66af-43c5-a3c6-58743779c990" status: 404 len: 246 microversion: 1.1
Jul 26 05:05:39.554677 dv-cinder-850574-1-iscsi devstack@placement-api.service[104496]: [pid: 104496|app: 0|req: 40/81] 10.222.0.17 () {60 vars in 1351 bytes} [Tue Jul 26 05:05:39 2022] DELETE /placement/resource_providers/f5e1948a-66af-43c5-a3c6-58743779c990 => generated 246 bytes in 12 msecs (HTTP/1.1 404) 6 headers in 231 bytes (1 switches on core 0)
Jul 26 05:05:49.497483 dv-cinder-850574-1-iscsi devstack@placement-api.service[104495]: DEBUG dbcounter [-] [104495] Writing DB stats placement:SELECT=9,placement:DELETE=2 {{(pid=104495) stat_writer /usr/local/lib/python3.8/dist-packages/dbcounter.py:114}}
Jul 26 05:05:49.550963 dv-cinder-850574-1-iscsi devstack@placement-api.service[104496]: DEBUG dbcounter [-] [104496] Writing DB stats placement:SELECT=9,placement:DELETE=2 {{(pid=104496) stat_writer /usr/local/lib/python3.8/dist-packages/dbcounter.py:114}}
Jul 26 05:05:58.304068 dv-cinder-850574-1-iscsi devstack@placement-api.service[104495]: DEBUG placement.requestlog [req-c07dbd62-d8d2-4c19-83f1-61e08b5c4f6c req-04d4ed42-d86e-46e1-a4f8-26c74639da0a None None] Starting request: 10.222.0.52 "DELETE /placement/allocations/d72962b6-f3c4-41b4-96fd-5045b03faf2a" {{(pid=104495) __call__ /opt/stack/placement/placement/requestlog.py:55}}
Jul 26 05:05:58.347831 dv-cinder-850574-1-iscsi devstack@placement-api.service[104495]: DEBUG placement.handlers.allocation [req-c07dbd62-d8d2-4c19-83f1-61e08b5c4f6c req-04d4ed42-d86e-46e1-a4f8-26c74639da0a service placement] Successfully deleted allocations [, ] {{(pid=104495) delete_allocations /opt/stack/placement/placement/handlers/allocation.py:627}}
Jul 26 05:05:58.348736 dv-cinder-850574-1-iscsi devstack@placement-api.service[104495]: INFO placement.requestlog [req-c07dbd62-d8d2-4c19-83f1-61e08b5c4f6c req-04d4ed42-d86e-46e1-a4f8-26c74639da0a service placement] 10.222.0.52 "DELETE /placement/allocations/d72962b6-f3c4-41b4-96fd-5045b03faf2a" status: 204 len: 0 microversion: 1.0
Jul 26 05:05:58.349428 dv-cinder-850574-1-iscsi devstack@placement-api.service[104495]: [pid: 104495|app: 0|req: 42/82] 10.222.0.52 () {60 vars in 1355 bytes} [Tue Jul 26 05:05:58 2022] DELETE /placement/allocations/d72962b6-f3c4-41b4-96fd-5045b03faf2a => generated 0 bytes in 47 msecs (HTTP/1.1 204) 5 headers in 198 bytes (2 switches on core 0)
Jul 26 05:06:00.293630 dv-cinder-850574-1-iscsi devstack@placement-api.service[104496]: DEBUG placement.requestlog [req-89677a6d-7112-4e76-bef3-a9dcb1bbfe0e req-c271dbc5-d34b-46fa-a78c-120542b6a312 None None] Starting request: 10.222.0.52 "DELETE /placement/allocations/e2e577df-08fa-4428-a9a2-44458ca27e2a" {{(pid=104496) __call__ /opt/stack/placement/placement/requestlog.py:55}}
Jul 26 05:06:00.319929 dv-cinder-850574-1-iscsi devstack@placement-api.service[104495]: DEBUG placement.requestlog [req-12d74f80-ff6e-4161-a11a-62265bbe579c req-7c1b7047-4e54-4bbc-8be0-96b8271d8f2a None None] Starting request: 10.222.0.17 "GET /placement/allocation_candidates?limit=1000&resources=MEMORY_MB%3A1024%2CVCPU%3A1&root_required=%21COMPUTE_STATUS_DISABLED" {{(pid=104495) __call__ /opt/stack/placement/placement/requestlog.py:55}}
Jul 26 05:06:00.347120 dv-cinder-850574-1-iscsi devstack@placement-api.service[104496]: DEBUG placement.handlers.allocation [req-89677a6d-7112-4e76-bef3-a9dcb1bbfe0e req-c271dbc5-d34b-46fa-a78c-120542b6a312 service placement] Successfully deleted allocations [, , ] {{(pid=104496) delete_allocations /opt/stack/placement/placement/handlers/allocation.py:627}}
Jul 26 05:06:00.347780 dv-cinder-850574-1-iscsi devstack@placement-api.service[104496]: INFO placement.requestlog [req-89677a6d-7112-4e76-bef3-a9dcb1bbfe0e req-c271dbc5-d34b-46fa-a78c-120542b6a312 service placement] 10.222.0.52 "DELETE /placement/allocations/e2e577df-08fa-4428-a9a2-44458ca27e2a" status: 204 len: 0 microversion: 1.0
Jul 26 05:06:00.348620 dv-cinder-850574-1-iscsi devstack@placement-api.service[104496]: [pid: 104496|app: 0|req: 41/83] 10.222.0.52 () {60 vars in 1355 bytes} [Tue Jul 26 05:06:00 2022] DELETE /placement/allocations/e2e577df-08fa-4428-a9a2-44458ca27e2a => generated 0 bytes in 55 msecs (HTTP/1.1 204) 5 headers in 198 bytes (1 switches on core 0)
Jul 26 05:06:00.639506 dv-cinder-850574-1-iscsi devstack@placement-api.service[104495]: DEBUG placement.objects.research_context [req-12d74f80-ff6e-4161-a11a-62265bbe579c req-7c1b7047-4e54-4bbc-8be0-96b8271d8f2a service placement] getting providers with 1024 MEMORY_MB {{(pid=104495) __init__ /opt/stack/placement/placement/objects/research_context.py:136}}
Jul 26 05:06:00.645772 dv-cinder-850574-1-iscsi devstack@placement-api.service[104495]: DEBUG placement.objects.research_context [req-12d74f80-ff6e-4161-a11a-62265bbe579c req-7c1b7047-4e54-4bbc-8be0-96b8271d8f2a service placement] getting providers with 1 VCPU {{(pid=104495) __init__ /opt/stack/placement/placement/objects/research_context.py:136}}
Jul 26 05:06:00.652415 dv-cinder-850574-1-iscsi devstack@placement-api.service[104495]: DEBUG placement.objects.research_context [req-12d74f80-ff6e-4161-a11a-62265bbe579c req-7c1b7047-4e54-4bbc-8be0-96b8271d8f2a service placement] found 1 providers with available 1024 MEMORY_MB {{(pid=104495) get_provider_ids_matching /opt/stack/placement/placement/objects/research_context.py:563}}
Jul 26 05:06:00.652902 dv-cinder-850574-1-iscsi devstack@placement-api.service[104495]: DEBUG placement.objects.research_context [req-12d74f80-ff6e-4161-a11a-62265bbe579c req-7c1b7047-4e54-4bbc-8be0-96b8271d8f2a service placement] found 1 providers with available 1 VCPU {{(pid=104495) get_provider_ids_matching /opt/stack/placement/placement/objects/research_context.py:563}}
Jul 26 05:06:00.653391 dv-cinder-850574-1-iscsi devstack@placement-api.service[104495]: DEBUG placement.objects.research_context [req-12d74f80-ff6e-4161-a11a-62265bbe579c req-7c1b7047-4e54-4bbc-8be0-96b8271d8f2a service placement] found 1 providers after filtering by previous result {{(pid=104495) get_provider_ids_matching /opt/stack/placement/placement/objects/research_context.py:594}}
Jul 26 05:06:00.666981 dv-cinder-850574-1-iscsi devstack@placement-api.service[104495]: DEBUG placement.objects.allocation_candidate [req-12d74f80-ff6e-4161-a11a-62265bbe579c req-7c1b7047-4e54-4bbc-8be0-96b8271d8f2a service placement] RequestGroup(use_same_provider=False, resources={MEMORY_MB:1024, VCPU:1}, traits=(), aggregates=[]) (suffix '') returned 1 matches {{(pid=104495) _get_by_requests /opt/stack/placement/placement/objects/allocation_candidate.py:156}}
Jul 26 05:06:00.667308 dv-cinder-850574-1-iscsi devstack@placement-api.service[104495]: DEBUG placement.objects.allocation_candidate [req-12d74f80-ff6e-4161-a11a-62265bbe579c req-7c1b7047-4e54-4bbc-8be0-96b8271d8f2a service placement] Merging candidates yields 1 allocation requests and 1 provider summaries {{(pid=104495) _merge_candidates /opt/stack/placement/placement/objects/allocation_candidate.py:809}}
Jul 26 05:06:00.669261 dv-cinder-850574-1-iscsi devstack@placement-api.service[104495]: INFO placement.requestlog [req-12d74f80-ff6e-4161-a11a-62265bbe579c req-7c1b7047-4e54-4bbc-8be0-96b8271d8f2a service placement] 10.222.0.17 "GET /placement/allocation_candidates?limit=1000&resources=MEMORY_MB%3A1024%2CVCPU%3A1&root_required=%21COMPUTE_STATUS_DISABLED" status: 200 len: 753 microversion: 1.36
Jul 26 05:06:00.671331 dv-cinder-850574-1-iscsi devstack@placement-api.service[104495]: [pid: 104495|app: 0|req: 43/84] 10.222.0.17 () {60 vars in 1478 bytes} [Tue Jul 26 05:06:00 2022] GET /placement/allocation_candidates?limit=1000&resources=MEMORY_MB%3A1024%2CVCPU%3A1&root_required=%21COMPUTE_STATUS_DISABLED => generated 753 bytes in 352 msecs (HTTP/1.1 200) 8 headers in 296 bytes (2 switches on core 0)
Jul 26 05:06:00.708149 dv-cinder-850574-1-iscsi devstack@placement-api.service[104496]: DEBUG placement.requestlog [req-12d74f80-ff6e-4161-a11a-62265bbe579c req-73f36afc-64f7-4398-896b-d1315e511119 None None] Starting request: 10.222.0.17 "GET /placement/allocations/048e3ed2-61f1-4d21-92c7-cfd8a94abb52" {{(pid=104496) __call__ /opt/stack/placement/placement/requestlog.py:55}}
Jul 26 05:06:00.719918 dv-cinder-850574-1-iscsi devstack@placement-api.service[104496]: INFO placement.requestlog [req-12d74f80-ff6e-4161-a11a-62265bbe579c req-73f36afc-64f7-4398-896b-d1315e511119 service placement] 10.222.0.17 "GET /placement/allocations/048e3ed2-61f1-4d21-92c7-cfd8a94abb52" status: 200 len: 19 microversion: 1.28
Jul 26 05:06:00.720293 dv-cinder-850574-1-iscsi devstack@placement-api.service[104496]: [pid: 104496|app: 0|req: 42/85] 10.222.0.17 () {60 vars in 1380 bytes} [Tue Jul 26 05:06:00 2022] GET /placement/allocations/048e3ed2-61f1-4d21-92c7-cfd8a94abb52 => generated 19 bytes in 13 msecs (HTTP/1.1 200) 8 headers in 295 bytes (1 switches on core 0)
Jul 26 05:06:00.726825 dv-cinder-850574-1-iscsi devstack@placement-api.service[104495]: DEBUG placement.requestlog [req-12d74f80-ff6e-4161-a11a-62265bbe579c req-3e3bda77-3f0a-440f-b312-d6bc91706075 None None] Starting request: 10.222.0.17 "PUT /placement/allocations/048e3ed2-61f1-4d21-92c7-cfd8a94abb52" {{(pid=104495) __call__ /opt/stack/placement/placement/requestlog.py:55}}
Jul 26 05:06:00.798305 dv-cinder-850574-1-iscsi devstack@placement-api.service[104495]: DEBUG placement.handlers.allocation [req-12d74f80-ff6e-4161-a11a-62265bbe579c req-3e3bda77-3f0a-440f-b312-d6bc91706075 service placement] Successfully wrote allocations [, ] {{(pid=104495) _update_consumers_and_create_allocations /opt/stack/placement/placement/handlers/allocation.py:462}}
Jul 26 05:06:00.807000 dv-cinder-850574-1-iscsi devstack@placement-api.service[104495]: INFO placement.requestlog [req-12d74f80-ff6e-4161-a11a-62265bbe579c req-3e3bda77-3f0a-440f-b312-d6bc91706075 service placement] 10.222.0.17 "PUT /placement/allocations/048e3ed2-61f1-4d21-92c7-cfd8a94abb52" status: 204 len: 0 microversion: 1.36
Jul 26 05:06:00.807416 dv-cinder-850574-1-iscsi devstack@placement-api.service[104495]: [pid: 104495|app: 0|req: 44/86] 10.222.0.17 () {64 vars in 1433 bytes} [Tue Jul 26 05:06:00 2022] PUT /placement/allocations/048e3ed2-61f1-4d21-92c7-cfd8a94abb52 => generated 0 bytes in 81 msecs (HTTP/1.1 204) 5 headers in 199 bytes (2 switches on core 0)
Jul 26 05:06:01.167851 dv-cinder-850574-1-iscsi devstack@placement-api.service[104496]: DEBUG placement.requestlog [req-2ed7ef9b-5728-4f46-853c-3b8966aea5ab req-121bf863-abf8-4d04-8cfd-6790d68fb9cc None None] Starting request: 10.222.0.52 "GET /placement/resource_providers/141384b9-5749-4190-94fe-3bcae7628b6a/allocations" {{(pid=104496) __call__ /opt/stack/placement/placement/requestlog.py:55}}
Jul 26 05:06:01.202167 dv-cinder-850574-1-iscsi devstack@placement-api.service[104496]: INFO placement.requestlog [req-2ed7ef9b-5728-4f46-853c-3b8966aea5ab req-121bf863-abf8-4d04-8cfd-6790d68fb9cc service placement] 10.222.0.52 "GET /placement/resource_providers/141384b9-5749-4190-94fe-3bcae7628b6a/allocations" status: 200 len: 241 microversion: 1.0
Jul 26 05:06:01.202760 dv-cinder-850574-1-iscsi devstack@placement-api.service[104496]: [pid: 104496|app: 0|req: 43/87] 10.222.0.52 () {58 vars in 1390 bytes} [Tue Jul 26 05:06:01 2022] GET /placement/resource_providers/141384b9-5749-4190-94fe-3bcae7628b6a/allocations => generated 241 bytes in 36 msecs (HTTP/1.1 200) 6 headers in 224 bytes (1 switches on core 0)
Jul 26 05:06:01.272810 dv-cinder-850574-1-iscsi devstack@placement-api.service[104495]: DEBUG placement.requestlog [req-12d74f80-ff6e-4161-a11a-62265bbe579c req-37d76119-6646-40f7-a2ea-ee862c4c24c0 None None] Starting request: 10.222.0.52 "GET /placement/allocations/048e3ed2-61f1-4d21-92c7-cfd8a94abb52" {{(pid=104495) __call__ /opt/stack/placement/placement/requestlog.py:55}}
Jul 26 05:06:01.298502 dv-cinder-850574-1-iscsi devstack@placement-api.service[104495]: INFO placement.requestlog [req-12d74f80-ff6e-4161-a11a-62265bbe579c req-37d76119-6646-40f7-a2ea-ee862c4c24c0 service placement] 10.222.0.52 "GET /placement/allocations/048e3ed2-61f1-4d21-92c7-cfd8a94abb52" status: 200 len: 245 microversion: 1.28
Jul 26 05:06:01.299051 dv-cinder-850574-1-iscsi devstack@placement-api.service[104495]: [pid: 104495|app: 0|req: 45/88] 10.222.0.52 () {60 vars in 1377 bytes} [Tue Jul 26 05:06:01 2022] GET /placement/allocations/048e3ed2-61f1-4d21-92c7-cfd8a94abb52 => generated 245 bytes in 28 msecs (HTTP/1.1 200) 8 headers in 296 bytes (1 switches on core 0)
Jul 26 05:06:02.729025 dv-cinder-850574-1-iscsi devstack@placement-api.service[104496]: DEBUG placement.requestlog [req-4ccf526f-535e-4b45-bcda-9a28d853a050 req-a7a6c2d6-f391-4f2c-ac98-ea3bc6ffd6d1 None None] Starting request: 10.222.0.17 "GET /placement/allocation_candidates?limit=1000&resources=DISK_GB%3A1%2CMEMORY_MB%3A1024%2CVCPU%3A1&root_required=%21COMPUTE_STATUS_DISABLED" {{(pid=104496) __call__ /opt/stack/placement/placement/requestlog.py:55}}
Jul 26 05:06:02.786265 dv-cinder-850574-1-iscsi devstack@placement-api.service[104496]: DEBUG placement.objects.research_context [req-4ccf526f-535e-4b45-bcda-9a28d853a050 req-a7a6c2d6-f391-4f2c-ac98-ea3bc6ffd6d1 service placement] getting providers with 1 DISK_GB {{(pid=104496) __init__ /opt/stack/placement/placement/objects/research_context.py:136}}
Jul 26 05:06:02.797278 dv-cinder-850574-1-iscsi devstack@placement-api.service[104496]: DEBUG placement.objects.research_context [req-4ccf526f-535e-4b45-bcda-9a28d853a050 req-a7a6c2d6-f391-4f2c-ac98-ea3bc6ffd6d1 service placement] getting providers with 1024 MEMORY_MB {{(pid=104496) __init__ /opt/stack/placement/placement/objects/research_context.py:136}}
Jul 26 05:06:02.804396 dv-cinder-850574-1-iscsi devstack@placement-api.service[104496]: DEBUG placement.objects.research_context [req-4ccf526f-535e-4b45-bcda-9a28d853a050 req-a7a6c2d6-f391-4f2c-ac98-ea3bc6ffd6d1 service placement] getting providers with 1 VCPU {{(pid=104496) __init__ /opt/stack/placement/placement/objects/research_context.py:136}}
Jul 26 05:06:02.810663 dv-cinder-850574-1-iscsi devstack@placement-api.service[104496]: DEBUG placement.objects.research_context [req-4ccf526f-535e-4b45-bcda-9a28d853a050 req-a7a6c2d6-f391-4f2c-ac98-ea3bc6ffd6d1 service placement] found 1 providers with available 1 DISK_GB {{(pid=104496) get_provider_ids_matching /opt/stack/placement/placement/objects/research_context.py:563}}
Jul 26 05:06:02.811223 dv-cinder-850574-1-iscsi devstack@placement-api.service[104496]: DEBUG placement.objects.research_context [req-4ccf526f-535e-4b45-bcda-9a28d853a050 req-a7a6c2d6-f391-4f2c-ac98-ea3bc6ffd6d1 service placement] found 1 providers with available 1024 MEMORY_MB {{(pid=104496) get_provider_ids_matching /opt/stack/placement/placement/objects/research_context.py:563}}
Jul 26 05:06:02.811755 dv-cinder-850574-1-iscsi devstack@placement-api.service[104496]: DEBUG placement.objects.research_context [req-4ccf526f-535e-4b45-bcda-9a28d853a050 req-a7a6c2d6-f391-4f2c-ac98-ea3bc6ffd6d1 service placement] found 1 providers after filtering by previous result {{(pid=104496) get_provider_ids_matching /opt/stack/placement/placement/objects/research_context.py:594}}
Jul 26 05:06:02.812237 dv-cinder-850574-1-iscsi devstack@placement-api.service[104496]: DEBUG placement.objects.research_context [req-4ccf526f-535e-4b45-bcda-9a28d853a050 req-a7a6c2d6-f391-4f2c-ac98-ea3bc6ffd6d1 service placement] found 1 providers with available 1 VCPU {{(pid=104496) get_provider_ids_matching /opt/stack/placement/placement/objects/research_context.py:563}}
Jul 26 05:06:02.813073 dv-cinder-850574-1-iscsi devstack@placement-api.service[104496]: DEBUG placement.objects.research_context [req-4ccf526f-535e-4b45-bcda-9a28d853a050 req-a7a6c2d6-f391-4f2c-ac98-ea3bc6ffd6d1 service placement] found 1 providers after filtering by previous result {{(pid=104496) get_provider_ids_matching /opt/stack/placement/placement/objects/research_context.py:594}}
Jul 26 05:06:02.898044 dv-cinder-850574-1-iscsi devstack@placement-api.service[104496]: DEBUG placement.objects.allocation_candidate [req-4ccf526f-535e-4b45-bcda-9a28d853a050 req-a7a6c2d6-f391-4f2c-ac98-ea3bc6ffd6d1 service placement] RequestGroup(use_same_provider=False, resources={DISK_GB:1, MEMORY_MB:1024, VCPU:1}, traits=(), aggregates=[]) (suffix '') returned 1 matches {{(pid=104496) _get_by_requests /opt/stack/placement/placement/objects/allocation_candidate.py:156}}
Jul 26 05:06:02.898577 dv-cinder-850574-1-iscsi devstack@placement-api.service[104496]: DEBUG placement.objects.allocation_candidate [req-4ccf526f-535e-4b45-bcda-9a28d853a050 req-a7a6c2d6-f391-4f2c-ac98-ea3bc6ffd6d1 service placement] Merging candidates yields 1 allocation requests and 1 provider summaries {{(pid=104496) _merge_candidates /opt/stack/placement/placement/objects/allocation_candidate.py:809}}
Jul 26 05:06:02.900170 dv-cinder-850574-1-iscsi devstack@placement-api.service[104496]: INFO placement.requestlog [req-4ccf526f-535e-4b45-bcda-9a28d853a050 req-a7a6c2d6-f391-4f2c-ac98-ea3bc6ffd6d1 service placement] 10.222.0.17 "GET /placement/allocation_candidates?limit=1000&resources=DISK_GB%3A1%2CMEMORY_MB%3A1024%2CVCPU%3A1&root_required=%21COMPUTE_STATUS_DISABLED" status: 200 len: 767 microversion: 1.36
Jul 26 05:06:02.900555 dv-cinder-850574-1-iscsi devstack@placement-api.service[104496]: [pid: 104496|app: 0|req: 44/89] 10.222.0.17 () {60 vars in 1506 bytes} [Tue Jul 26 05:06:02 2022] GET /placement/allocation_candidates?limit=1000&resources=DISK_GB%3A1%2CMEMORY_MB%3A1024%2CVCPU%3A1&root_required=%21COMPUTE_STATUS_DISABLED => generated 767 bytes in 172 msecs (HTTP/1.1 200) 8 headers in 296 bytes (1 switches on core 0)
Jul 26 05:06:02.957796 dv-cinder-850574-1-iscsi devstack@placement-api.service[104495]: DEBUG placement.requestlog [req-4ccf526f-535e-4b45-bcda-9a28d853a050 req-24a68988-b0d8-495d-ae5d-0de9b2a14e5e None None] Starting request: 10.222.0.17 "GET /placement/allocations/e2e577df-08fa-4428-a9a2-44458ca27e2a" {{(pid=104495) __call__ /opt/stack/placement/placement/requestlog.py:55}}
Jul 26 05:06:02.971207 dv-cinder-850574-1-iscsi devstack@placement-api.service[104495]: INFO placement.requestlog [req-4ccf526f-535e-4b45-bcda-9a28d853a050 req-24a68988-b0d8-495d-ae5d-0de9b2a14e5e service placement] 10.222.0.17 "GET /placement/allocations/e2e577df-08fa-4428-a9a2-44458ca27e2a" status: 200 len: 19 microversion: 1.28
Jul 26 05:06:02.971977 dv-cinder-850574-1-iscsi devstack@placement-api.service[104495]: [pid: 104495|app: 0|req: 46/90] 10.222.0.17 () {60 vars in 1380 bytes} [Tue Jul 26 05:06:02 2022] GET /placement/allocations/e2e577df-08fa-4428-a9a2-44458ca27e2a => generated 19 bytes in 14 msecs (HTTP/1.1 200) 8 headers in 295 bytes (1 switches on core 0)
Jul 26 05:06:02.978096 dv-cinder-850574-1-iscsi devstack@placement-api.service[104496]: DEBUG placement.requestlog [req-4ccf526f-535e-4b45-bcda-9a28d853a050 req-1d3a423c-8e91-4141-a350-dcc430db3094 None None] Starting request: 10.222.0.17 "PUT /placement/allocations/e2e577df-08fa-4428-a9a2-44458ca27e2a" {{(pid=104496) __call__ /opt/stack/placement/placement/requestlog.py:55}}
Jul 26 05:06:03.063734 dv-cinder-850574-1-iscsi devstack@placement-api.service[104496]: DEBUG placement.handlers.allocation [req-4ccf526f-535e-4b45-bcda-9a28d853a050 req-1d3a423c-8e91-4141-a350-dcc430db3094 service placement] Successfully wrote allocations [, , ] {{(pid=104496) _update_consumers_and_create_allocations /opt/stack/placement/placement/handlers/allocation.py:462}}
Jul 26 05:06:03.070108 dv-cinder-850574-1-iscsi devstack@placement-api.service[104496]: INFO placement.requestlog [req-4ccf526f-535e-4b45-bcda-9a28d853a050 req-1d3a423c-8e91-4141-a350-dcc430db3094 service placement] 10.222.0.17 "PUT /placement/allocations/e2e577df-08fa-4428-a9a2-44458ca27e2a" status: 204 len: 0 microversion: 1.36
Jul 26 05:06:03.071095 dv-cinder-850574-1-iscsi devstack@placement-api.service[104496]: [pid: 104496|app: 0|req: 45/91] 10.222.0.17 () {64 vars in 1433 bytes} [Tue Jul 26 05:06:02 2022] PUT /placement/allocations/e2e577df-08fa-4428-a9a2-44458ca27e2a => generated 0 bytes in 93 msecs (HTTP/1.1 204) 5 headers in 199 bytes (1 switches on core 0)
Jul 26 05:06:03.453117 dv-cinder-850574-1-iscsi devstack@placement-api.service[104495]: DEBUG placement.requestlog [req-4ccf526f-535e-4b45-bcda-9a28d853a050 req-1b931b3a-1e30-4bda-b556-791a4a2f164f None None] Starting request: 10.222.0.52 "GET /placement/allocations/e2e577df-08fa-4428-a9a2-44458ca27e2a" {{(pid=104495) __call__ /opt/stack/placement/placement/requestlog.py:55}}
Jul 26 05:06:03.475333 dv-cinder-850574-1-iscsi devstack@placement-api.service[104495]: INFO placement.requestlog [req-4ccf526f-535e-4b45-bcda-9a28d853a050 req-1b931b3a-1e30-4bda-b556-791a4a2f164f service placement] 10.222.0.52 "GET /placement/allocations/e2e577df-08fa-4428-a9a2-44458ca27e2a" status: 200 len: 259 microversion: 1.28
Jul 26 05:06:03.476570 dv-cinder-850574-1-iscsi devstack@placement-api.service[104495]: [pid: 104495|app: 0|req: 47/92] 10.222.0.52 () {60 vars in 1377 bytes} [Tue Jul 26 05:06:03 2022] GET /placement/allocations/e2e577df-08fa-4428-a9a2-44458ca27e2a => generated 259 bytes in 24 msecs (HTTP/1.1 200) 8 headers in 296 bytes (1 switches on core 0)
Jul 26 05:06:06.426600 dv-cinder-850574-1-iscsi devstack@placement-api.service[104496]: DEBUG placement.requestlog [req-621b220d-b936-4aad-91b5-18ba057ad550 req-fc1e6d9d-fe38-49e2-9668-754acf57d334 None None] Starting request: 10.222.0.17 "GET /placement/allocation_candidates?limit=1000&resources=DISK_GB%3A1%2CMEMORY_MB%3A1024%2CVCPU%3A1&root_required=%21COMPUTE_STATUS_DISABLED" {{(pid=104496) __call__ /opt/stack/placement/placement/requestlog.py:55}}
Jul 26 05:06:06.506565 dv-cinder-850574-1-iscsi devstack@placement-api.service[104496]: DEBUG placement.objects.research_context [req-621b220d-b936-4aad-91b5-18ba057ad550 req-fc1e6d9d-fe38-49e2-9668-754acf57d334 service placement] getting providers with 1 DISK_GB {{(pid=104496) __init__ /opt/stack/placement/placement/objects/research_context.py:136}}
Jul 26 05:06:06.526171 dv-cinder-850574-1-iscsi devstack@placement-api.service[104496]: DEBUG placement.objects.research_context [req-621b220d-b936-4aad-91b5-18ba057ad550 req-fc1e6d9d-fe38-49e2-9668-754acf57d334 service placement] getting providers with 1024 MEMORY_MB {{(pid=104496) __init__ /opt/stack/placement/placement/objects/research_context.py:136}}
Jul 26 05:06:06.532931 dv-cinder-850574-1-iscsi devstack@placement-api.service[104496]: DEBUG placement.objects.research_context [req-621b220d-b936-4aad-91b5-18ba057ad550 req-fc1e6d9d-fe38-49e2-9668-754acf57d334 service placement] getting providers with 1 VCPU {{(pid=104496) __init__ /opt/stack/placement/placement/objects/research_context.py:136}}
Jul 26 05:06:06.540145 dv-cinder-850574-1-iscsi devstack@placement-api.service[104496]: DEBUG placement.objects.research_context [req-621b220d-b936-4aad-91b5-18ba057ad550 req-fc1e6d9d-fe38-49e2-9668-754acf57d334 service placement] found 1 providers with available 1 DISK_GB {{(pid=104496) get_provider_ids_matching /opt/stack/placement/placement/objects/research_context.py:563}}
Jul 26 05:06:06.540700 dv-cinder-850574-1-iscsi devstack@placement-api.service[104496]: DEBUG placement.objects.research_context [req-621b220d-b936-4aad-91b5-18ba057ad550 req-fc1e6d9d-fe38-49e2-9668-754acf57d334 service placement] found 1 providers with available 1024 MEMORY_MB {{(pid=104496) get_provider_ids_matching /opt/stack/placement/placement/objects/research_context.py:563}}
Jul 26 05:06:06.541177 dv-cinder-850574-1-iscsi devstack@placement-api.service[104496]: DEBUG placement.objects.research_context [req-621b220d-b936-4aad-91b5-18ba057ad550 req-fc1e6d9d-fe38-49e2-9668-754acf57d334 service placement] found 1 providers after filtering by previous result {{(pid=104496) get_provider_ids_matching /opt/stack/placement/placement/objects/research_context.py:594}}
Jul 26 05:06:06.541647 dv-cinder-850574-1-iscsi devstack@placement-api.service[104496]: DEBUG placement.objects.research_context [req-621b220d-b936-4aad-91b5-18ba057ad550 req-fc1e6d9d-fe38-49e2-9668-754acf57d334 service placement] found 1 providers with available 1 VCPU {{(pid=104496) get_provider_ids_matching /opt/stack/placement/placement/objects/research_context.py:563}}
Jul 26 05:06:06.542141 dv-cinder-850574-1-iscsi devstack@placement-api.service[104496]: DEBUG placement.objects.research_context [req-621b220d-b936-4aad-91b5-18ba057ad550 req-fc1e6d9d-fe38-49e2-9668-754acf57d334 service placement] found 1 providers after filtering by previous result {{(pid=104496) get_provider_ids_matching /opt/stack/placement/placement/objects/research_context.py:594}}
Jul 26 05:06:06.554261 dv-cinder-850574-1-iscsi devstack@placement-api.service[104496]: DEBUG placement.objects.allocation_candidate [req-621b220d-b936-4aad-91b5-18ba057ad550 req-fc1e6d9d-fe38-49e2-9668-754acf57d334 service placement] RequestGroup(use_same_provider=False, resources={DISK_GB:1, MEMORY_MB:1024, VCPU:1}, traits=(), aggregates=[]) (suffix '') returned 1 matches {{(pid=104496) _get_by_requests /opt/stack/placement/placement/objects/allocation_candidate.py:156}}
Jul 26 05:06:06.555141 dv-cinder-850574-1-iscsi devstack@placement-api.service[104496]: DEBUG placement.objects.allocation_candidate [req-621b220d-b936-4aad-91b5-18ba057ad550 req-fc1e6d9d-fe38-49e2-9668-754acf57d334 service placement] Merging candidates yields 1 allocation requests and 1 provider summaries {{(pid=104496) _merge_candidates /opt/stack/placement/placement/objects/allocation_candidate.py:809}}
Jul 26 05:06:06.557447 dv-cinder-850574-1-iscsi devstack@placement-api.service[104496]: INFO placement.requestlog [req-621b220d-b936-4aad-91b5-18ba057ad550 req-fc1e6d9d-fe38-49e2-9668-754acf57d334 service placement] 10.222.0.17 "GET /placement/allocation_candidates?limit=1000&resources=DISK_GB%3A1%2CMEMORY_MB%3A1024%2CVCPU%3A1&root_required=%21COMPUTE_STATUS_DISABLED" status: 200 len: 767 microversion: 1.36
Jul 26 05:06:06.558430 dv-cinder-850574-1-iscsi devstack@placement-api.service[104496]: [pid: 104496|app: 0|req: 46/93] 10.222.0.17 () {60 vars in 1506 bytes} [Tue Jul 26 05:06:06 2022] GET /placement/allocation_candidates?limit=1000&resources=DISK_GB%3A1%2CMEMORY_MB%3A1024%2CVCPU%3A1&root_required=%21COMPUTE_STATUS_DISABLED => generated 767 bytes in 133 msecs (HTTP/1.1 200) 8 headers in 296 bytes (1 switches on core 0)
Jul 26 05:06:06.627886 dv-cinder-850574-1-iscsi devstack@placement-api.service[104495]: DEBUG placement.requestlog [req-621b220d-b936-4aad-91b5-18ba057ad550 req-41b8bf84-2c32-4918-8f78-cd0f8b162b93 None None] Starting request: 10.222.0.17 "GET /placement/allocations/da1de98d-16f9-4631-978c-51844cf6fcec" {{(pid=104495) __call__ /opt/stack/placement/placement/requestlog.py:55}}
Jul 26 05:06:06.644585 dv-cinder-850574-1-iscsi devstack@placement-api.service[104495]: INFO placement.requestlog [req-621b220d-b936-4aad-91b5-18ba057ad550 req-41b8bf84-2c32-4918-8f78-cd0f8b162b93 service placement] 10.222.0.17 "GET /placement/allocations/da1de98d-16f9-4631-978c-51844cf6fcec" status: 200 len: 19 microversion: 1.28
Jul 26 05:06:06.646661 dv-cinder-850574-1-iscsi devstack@placement-api.service[104495]: [pid: 104495|app: 0|req: 48/94] 10.222.0.17 () {60 vars in 1380 bytes} [Tue Jul 26 05:06:06 2022] GET /placement/allocations/da1de98d-16f9-4631-978c-51844cf6fcec => generated 19 bytes in 19 msecs (HTTP/1.1 200) 8 headers in 295 bytes (1 switches on core 0)
Jul 26 05:06:06.652679 dv-cinder-850574-1-iscsi devstack@placement-api.service[104496]: DEBUG placement.requestlog [req-621b220d-b936-4aad-91b5-18ba057ad550 req-1859c63f-4d8c-4ee5-aaf5-aa491561698e None None] Starting request: 10.222.0.17 "PUT /placement/allocations/da1de98d-16f9-4631-978c-51844cf6fcec" {{(pid=104496) __call__ /opt/stack/placement/placement/requestlog.py:55}}
Jul 26 05:06:06.795488 dv-cinder-850574-1-iscsi devstack@placement-api.service[104496]: DEBUG placement.handlers.allocation [req-621b220d-b936-4aad-91b5-18ba057ad550 req-1859c63f-4d8c-4ee5-aaf5-aa491561698e service placement] Successfully wrote allocations [, , ] {{(pid=104496) _update_consumers_and_create_allocations /opt/stack/placement/placement/handlers/allocation.py:462}}
Jul 26 05:06:06.800540 dv-cinder-850574-1-iscsi devstack@placement-api.service[104496]: INFO placement.requestlog [req-621b220d-b936-4aad-91b5-18ba057ad550 req-1859c63f-4d8c-4ee5-aaf5-aa491561698e service placement] 10.222.0.17 "PUT /placement/allocations/da1de98d-16f9-4631-978c-51844cf6fcec" status: 204 len: 0 microversion: 1.36
Jul 26 05:06:06.801397 dv-cinder-850574-1-iscsi devstack@placement-api.service[104496]: [pid: 104496|app: 0|req: 47/95] 10.222.0.17 () {64 vars in 1433 bytes} [Tue Jul 26 05:06:06 2022] PUT /placement/allocations/da1de98d-16f9-4631-978c-51844cf6fcec => generated 0 bytes in 149 msecs (HTTP/1.1 204) 5 headers in 199 bytes (1 switches on core 0)
Jul 26 05:06:16.191207 dv-cinder-850574-1-iscsi devstack@placement-api.service[104495]: DEBUG placement.requestlog [req-621b220d-b936-4aad-91b5-18ba057ad550 req-85b9379a-3683-44ec-a234-6f015f63cb89 None None] Starting request: 10.222.0.52 "GET /placement/allocations/da1de98d-16f9-4631-978c-51844cf6fcec" {{(pid=104495) __call__ /opt/stack/placement/placement/requestlog.py:55}}
Jul 26 05:06:16.208200 dv-cinder-850574-1-iscsi devstack@placement-api.service[104495]: INFO placement.requestlog [req-621b220d-b936-4aad-91b5-18ba057ad550 req-85b9379a-3683-44ec-a234-6f015f63cb89 service placement] 10.222.0.52 "GET /placement/allocations/da1de98d-16f9-4631-978c-51844cf6fcec" status: 200 len: 259 microversion: 1.28
Jul 26 05:06:16.208559 dv-cinder-850574-1-iscsi devstack@placement-api.service[104495]: [pid: 104495|app: 0|req: 49/96] 10.222.0.52 () {60 vars in 1377 bytes} [Tue Jul 26 05:06:16 2022] GET /placement/allocations/da1de98d-16f9-4631-978c-51844cf6fcec => generated 259 bytes in 18 msecs (HTTP/1.1 200) 8 headers in 296 bytes (1 switches on core 0)
Jul 26 05:06:16.795250 dv-cinder-850574-1-iscsi devstack@placement-api.service[104496]: DEBUG dbcounter [-] [104496] Writing DB stats placement:SELECT=67,placement:DELETE=6,placement:INSERT=10,placement:UPDATE=4 {{(pid=104496) stat_writer /usr/local/lib/python3.8/dist-packages/dbcounter.py:114}}
Jul 26 05:06:25.881887 dv-cinder-850574-1-iscsi devstack@placement-api.service[104496]: DEBUG placement.requestlog [req-0bba0a02-b903-4163-8505-6bccfb3b7d97 req-1375dc25-a4c2-42f1-b652-2d91a7170eeb None None] Starting request: 10.222.0.52 "DELETE /placement/allocations/cfddd200-54c7-46ee-9bda-5868344fcb10" {{(pid=104496) __call__ /opt/stack/placement/placement/requestlog.py:55}}
Jul 26 05:06:25.931506 dv-cinder-850574-1-iscsi devstack@placement-api.service[104496]: DEBUG placement.handlers.allocation [req-0bba0a02-b903-4163-8505-6bccfb3b7d97 req-1375dc25-a4c2-42f1-b652-2d91a7170eeb service placement] Successfully deleted allocations [, , ] {{(pid=104496) delete_allocations /opt/stack/placement/placement/handlers/allocation.py:627}}
Jul 26 05:06:25.931966 dv-cinder-850574-1-iscsi devstack@placement-api.service[104496]: INFO placement.requestlog [req-0bba0a02-b903-4163-8505-6bccfb3b7d97 req-1375dc25-a4c2-42f1-b652-2d91a7170eeb service placement] 10.222.0.52 "DELETE /placement/allocations/cfddd200-54c7-46ee-9bda-5868344fcb10" status: 204 len: 0 microversion: 1.0
Jul 26 05:06:25.932528 dv-cinder-850574-1-iscsi devstack@placement-api.service[104496]: [pid: 104496|app: 0|req: 48/97] 10.222.0.52 () {60 vars in 1355 bytes} [Tue Jul 26 05:06:25 2022] DELETE /placement/allocations/cfddd200-54c7-46ee-9bda-5868344fcb10 => generated 0 bytes in 51 msecs (HTTP/1.1 204) 5 headers in 198 bytes (1 switches on core 0)
Jul 26 05:06:26.205777 dv-cinder-850574-1-iscsi devstack@placement-api.service[104495]: DEBUG dbcounter [-] [104495] Writing DB stats placement:SELECT=47,placement:DELETE=4,placement:INSERT=3,placement:UPDATE=2 {{(pid=104495) stat_writer /usr/local/lib/python3.8/dist-packages/dbcounter.py:114}}
Jul 26 05:06:34.726279 dv-cinder-850574-1-iscsi devstack@placement-api.service[104495]: DEBUG placement.requestlog [None req-ca82fea3-25f0-490f-91fd-2856bebf0587 None None] Starting request: 10.222.0.17 "GET /placement/resource_providers/5fbe2362-e83b-40f4-b4cc-6d05323022cb/aggregates" {{(pid=104495) __call__ /opt/stack/placement/placement/requestlog.py:55}}
Jul 26 05:06:34.737793 dv-cinder-850574-1-iscsi devstack@placement-api.service[104495]: INFO placement.requestlog [None req-ca82fea3-25f0-490f-91fd-2856bebf0587 service placement] 10.222.0.17 "GET /placement/resource_providers/5fbe2362-e83b-40f4-b4cc-6d05323022cb/aggregates" status: 404 len: 235 microversion: 1.1
Jul 26 05:06:34.738290 dv-cinder-850574-1-iscsi devstack@placement-api.service[104495]: [pid: 104495|app: 0|req: 50/98] 10.222.0.17 () {58 vars in 1362 bytes} [Tue Jul 26 05:06:34 2022] GET /placement/resource_providers/5fbe2362-e83b-40f4-b4cc-6d05323022cb/aggregates => generated 235 bytes in 12 msecs (HTTP/1.1 404) 5 headers in 202 bytes (1 switches on core 0)
Jul 26 05:06:34.759999 dv-cinder-850574-1-iscsi devstack@placement-api.service[104496]: DEBUG placement.requestlog [None req-d9b61781-82d0-49f5-aba1-4354a956f7de None None] Starting request: 10.222.0.17 "DELETE /placement/resource_providers/5fbe2362-e83b-40f4-b4cc-6d05323022cb" {{(pid=104496) __call__ /opt/stack/placement/placement/requestlog.py:55}}
Jul 26 05:06:34.770716 dv-cinder-850574-1-iscsi devstack@placement-api.service[104496]: DEBUG placement.wsgi_wrapper [None req-d9b61781-82d0-49f5-aba1-4354a956f7de service placement] Placement API returning an error response: No resource provider with uuid 5fbe2362-e83b-40f4-b4cc-6d05323022cb found for delete {{(pid=104496) call_func /opt/stack/placement/placement/wsgi_wrapper.py:31}}
Jul 26 05:06:34.771936 dv-cinder-850574-1-iscsi devstack@placement-api.service[104496]: INFO placement.requestlog [None req-d9b61781-82d0-49f5-aba1-4354a956f7de service placement] 10.222.0.17 "DELETE /placement/resource_providers/5fbe2362-e83b-40f4-b4cc-6d05323022cb" status: 404 len: 246 microversion: 1.1
Jul 26 05:06:34.772995 dv-cinder-850574-1-iscsi devstack@placement-api.service[104496]: [pid: 104496|app: 0|req: 49/99] 10.222.0.17 () {60 vars in 1351 bytes} [Tue Jul 26 05:06:34 2022] DELETE /placement/resource_providers/5fbe2362-e83b-40f4-b4cc-6d05323022cb => generated 246 bytes in 13 msecs (HTTP/1.1 404) 6 headers in 231 bytes (1 switches on core 0)
Jul 26 05:06:35.047842 dv-cinder-850574-1-iscsi devstack@placement-api.service[104495]: DEBUG placement.requestlog [req-18ce5433-776f-4460-ba7b-dd562410f45d req-7f6ff5b4-8ffb-4c10-8123-5399221f7bb0 None None] Starting request: 10.222.0.52 "DELETE /placement/allocations/da1de98d-16f9-4631-978c-51844cf6fcec" {{(pid=104495) __call__ /opt/stack/placement/placement/requestlog.py:55}}
Jul 26 05:06:35.096756 dv-cinder-850574-1-iscsi devstack@placement-api.service[104495]: DEBUG placement.handlers.allocation [req-18ce5433-776f-4460-ba7b-dd562410f45d req-7f6ff5b4-8ffb-4c10-8123-5399221f7bb0 service placement] Successfully deleted allocations [, , ] {{(pid=104495) delete_allocations /opt/stack/placement/placement/handlers/allocation.py:627}}
Jul 26 05:06:35.097339 dv-cinder-850574-1-iscsi devstack@placement-api.service[104495]: INFO placement.requestlog [req-18ce5433-776f-4460-ba7b-dd562410f45d req-7f6ff5b4-8ffb-4c10-8123-5399221f7bb0 service placement] 10.222.0.52 "DELETE /placement/allocations/da1de98d-16f9-4631-978c-51844cf6fcec" status: 204 len: 0 microversion: 1.0
Jul 26 05:06:35.097953 dv-cinder-850574-1-iscsi devstack@placement-api.service[104495]: [pid: 104495|app: 0|req: 51/100] 10.222.0.52 () {60 vars in 1355 bytes} [Tue Jul 26 05:06:35 2022] DELETE /placement/allocations/da1de98d-16f9-4631-978c-51844cf6fcec => generated 0 bytes in 50 msecs (HTTP/1.1 204) 5 headers in 198 bytes (1 switches on core 0)
Jul 26 05:06:36.808652 dv-cinder-850574-1-iscsi devstack@placement-api.service[104496]: DEBUG placement.requestlog [req-6daf2df5-f986-4a77-b4b8-27143add41f1 req-9a5207ce-4c48-4d29-b815-b5e4298ba153 None None] Starting request: 10.222.0.17 "GET /placement/allocation_candidates?limit=1000&resources=DISK_GB%3A1%2CMEMORY_MB%3A1024%2CVCPU%3A1&root_required=%21COMPUTE_STATUS_DISABLED" {{(pid=104496) __call__ /opt/stack/placement/placement/requestlog.py:55}}
Jul 26 05:06:36.855167 dv-cinder-850574-1-iscsi devstack@placement-api.service[104496]: DEBUG placement.objects.research_context [req-6daf2df5-f986-4a77-b4b8-27143add41f1 req-9a5207ce-4c48-4d29-b815-b5e4298ba153 service placement] getting providers with 1 DISK_GB {{(pid=104496) __init__ /opt/stack/placement/placement/objects/research_context.py:136}}
Jul 26 05:06:36.864983 dv-cinder-850574-1-iscsi devstack@placement-api.service[104496]: DEBUG placement.objects.research_context [req-6daf2df5-f986-4a77-b4b8-27143add41f1 req-9a5207ce-4c48-4d29-b815-b5e4298ba153 service placement] getting providers with 1024 MEMORY_MB {{(pid=104496) __init__ /opt/stack/placement/placement/objects/research_context.py:136}}
Jul 26 05:06:36.873483 dv-cinder-850574-1-iscsi devstack@placement-api.service[104496]: DEBUG placement.objects.research_context [req-6daf2df5-f986-4a77-b4b8-27143add41f1 req-9a5207ce-4c48-4d29-b815-b5e4298ba153 service placement] getting providers with 1 VCPU {{(pid=104496) __init__ /opt/stack/placement/placement/objects/research_context.py:136}}
Jul 26 05:06:36.879030 dv-cinder-850574-1-iscsi devstack@placement-api.service[104496]: DEBUG placement.objects.research_context [req-6daf2df5-f986-4a77-b4b8-27143add41f1 req-9a5207ce-4c48-4d29-b815-b5e4298ba153 service placement] found 1 providers with available 1 DISK_GB {{(pid=104496) get_provider_ids_matching /opt/stack/placement/placement/objects/research_context.py:563}}
Jul 26 05:06:36.879289 dv-cinder-850574-1-iscsi devstack@placement-api.service[104496]: DEBUG placement.objects.research_context [req-6daf2df5-f986-4a77-b4b8-27143add41f1 req-9a5207ce-4c48-4d29-b815-b5e4298ba153 service placement] found 1 providers with available 1024 MEMORY_MB {{(pid=104496) get_provider_ids_matching /opt/stack/placement/placement/objects/research_context.py:563}}
Jul 26 05:06:36.879654 dv-cinder-850574-1-iscsi devstack@placement-api.service[104496]: DEBUG placement.objects.research_context [req-6daf2df5-f986-4a77-b4b8-27143add41f1 req-9a5207ce-4c48-4d29-b815-b5e4298ba153 service placement] found 1 providers after filtering by previous result {{(pid=104496) get_provider_ids_matching /opt/stack/placement/placement/objects/research_context.py:594}}
Jul 26 05:06:36.879935 dv-cinder-850574-1-iscsi devstack@placement-api.service[104496]: DEBUG placement.objects.research_context [req-6daf2df5-f986-4a77-b4b8-27143add41f1 req-9a5207ce-4c48-4d29-b815-b5e4298ba153 service placement] found 1 providers with available 1 VCPU {{(pid=104496) get_provider_ids_matching /opt/stack/placement/placement/objects/research_context.py:563}}
Jul 26 05:06:36.880194 dv-cinder-850574-1-iscsi devstack@placement-api.service[104496]: DEBUG placement.objects.research_context [req-6daf2df5-f986-4a77-b4b8-27143add41f1 req-9a5207ce-4c48-4d29-b815-b5e4298ba153 service placement] found 1 providers after filtering by previous result {{(pid=104496) get_provider_ids_matching /opt/stack/placement/placement/objects/research_context.py:594}}
Jul 26 05:06:36.892856 dv-cinder-850574-1-iscsi devstack@placement-api.service[104496]: DEBUG placement.objects.allocation_candidate [req-6daf2df5-f986-4a77-b4b8-27143add41f1 req-9a5207ce-4c48-4d29-b815-b5e4298ba153 service placement] RequestGroup(use_same_provider=False, resources={DISK_GB:1, MEMORY_MB:1024, VCPU:1}, traits=(), aggregates=[]) (suffix '') returned 1 matches {{(pid=104496) _get_by_requests /opt/stack/placement/placement/objects/allocation_candidate.py:156}}
Jul 26 05:06:36.893194 dv-cinder-850574-1-iscsi devstack@placement-api.service[104496]: DEBUG placement.objects.allocation_candidate [req-6daf2df5-f986-4a77-b4b8-27143add41f1 req-9a5207ce-4c48-4d29-b815-b5e4298ba153 service placement] Merging candidates yields 1 allocation requests and 1 provider summaries {{(pid=104496) _merge_candidates /opt/stack/placement/placement/objects/allocation_candidate.py:809}}
Jul 26 05:06:36.896913 dv-cinder-850574-1-iscsi devstack@placement-api.service[104496]: INFO placement.requestlog [req-6daf2df5-f986-4a77-b4b8-27143add41f1 req-9a5207ce-4c48-4d29-b815-b5e4298ba153 service placement] 10.222.0.17 "GET /placement/allocation_candidates?limit=1000&resources=DISK_GB%3A1%2CMEMORY_MB%3A1024%2CVCPU%3A1&root_required=%21COMPUTE_STATUS_DISABLED" status: 200 len: 767 microversion: 1.36
