Jul 24 20:05:33.695808 dv-cinder-850449-2-smb devstack@c-api.service[111489]: [pid: 111489|app: 0|req: 65/133] 10.222.0.39 () {58 vars in 1324 bytes} [Sun Jul 24 20:05:33 2022] GET /volume/v3/09b0fd3e6d454653848b0c1afa074f01/volumes/14403f52-2a9a-4c4c-8d18-821a050991a8 => generated 912 bytes in 128 msecs (HTTP/1.1 200) 7 headers in 285 bytes (1 switches on core 0)
Jul 24 20:05:33.711301 dv-cinder-850449-2-smb devstack@c-api.service[111490]: DEBUG cinder.api.middleware.request_id [None req-0b714d10-487b-4011-94ca-00978c782ec3 None None] RequestId filter calling following filter/app {{(pid=111490) _context_setter /opt/stack/cinder/cinder/api/middleware/request_id.py:62}}
Jul 24 20:05:33.717098 dv-cinder-850449-2-smb devstack@c-api.service[111490]: INFO cinder.api.openstack.wsgi [None req-0b714d10-487b-4011-94ca-00978c782ec3 tempest-SnapshotsActionsTest-1819800248 tempest-SnapshotsActionsTest-1819800248-project] POST http://10.222.0.39/volume/v3/09b0fd3e6d454653848b0c1afa074f01/snapshots
Jul 24 20:05:33.718025 dv-cinder-850449-2-smb devstack@c-api.service[111490]: DEBUG cinder.api.openstack.wsgi [None req-0b714d10-487b-4011-94ca-00978c782ec3 tempest-SnapshotsActionsTest-1819800248 tempest-SnapshotsActionsTest-1819800248-project] Action: 'create', calling method: create, body: {"snapshot": {"volume_id": "14403f52-2a9a-4c4c-8d18-821a050991a8", "name": "tempest-SnapshotsActionsTest-Snapshot-588438123"}} {{(pid=111490) _process_stack /opt/stack/cinder/cinder/api/openstack/wsgi.py:866}}
Jul 24 20:05:33.776293 dv-cinder-850449-2-smb devstack@c-api.service[111490]: /usr/local/lib/python3.8/dist-packages/oslo_context/context.py:100: DeprecationWarning: Policy enforcement is depending on the value of is_admin. This key is deprecated. Please update your policy file to use the standard policy values.
Jul 24 20:05:33.776293 dv-cinder-850449-2-smb devstack@c-api.service[111490]: warnings.warn('Policy enforcement is depending on the value of '
Jul 24 20:05:33.783314 dv-cinder-850449-2-smb devstack@c-api.service[111490]: INFO cinder.volume.api [None req-0b714d10-487b-4011-94ca-00978c782ec3 tempest-SnapshotsActionsTest-1819800248 tempest-SnapshotsActionsTest-1819800248-project] Volume info retrieved successfully.
Jul 24 20:05:33.784640 dv-cinder-850449-2-smb devstack@c-api.service[111490]: INFO cinder.api.v3.snapshots [None req-0b714d10-487b-4011-94ca-00978c782ec3 tempest-SnapshotsActionsTest-1819800248 tempest-SnapshotsActionsTest-1819800248-project] Create snapshot from volume 14403f52-2a9a-4c4c-8d18-821a050991a8
Jul 24 20:05:33.794805 dv-cinder-850449-2-smb devstack@c-api.service[111490]: DEBUG dbcounter [-] [111490] Writing DB stats cinder:SELECT=98,cinder:UPDATE=2 {{(pid=111490) stat_writer /usr/local/lib/python3.8/dist-packages/dbcounter.py:114}}
Jul 24 20:05:34.143294 dv-cinder-850449-2-smb devstack@c-api.service[111490]: DEBUG cinder.quota [None req-0b714d10-487b-4011-94ca-00978c782ec3 tempest-SnapshotsActionsTest-1819800248 tempest-SnapshotsActionsTest-1819800248-project] Created reservations ['f685e0cf-56d4-4dd9-8efa-4ce477362351', '0b491a22-8503-4325-bb8b-75af27191b3a', 'c9c4616d-e3ef-4922-bea7-03e06aee8c5d', 'd75f14c4-9d1f-4b1a-aff6-21e2e8960b00'] {{(pid=111490) reserve /opt/stack/cinder/cinder/quota.py:755}}
Jul 24 20:05:34.460052 dv-cinder-850449-2-smb devstack@c-api.service[111490]: INFO cinder.volume.api [None req-0b714d10-487b-4011-94ca-00978c782ec3 tempest-SnapshotsActionsTest-1819800248 tempest-SnapshotsActionsTest-1819800248-project] Snapshot create request issued successfully.
Jul 24 20:05:34.460052 dv-cinder-850449-2-smb devstack@c-api.service[111490]: INFO cinder.api.openstack.wsgi [None req-0b714d10-487b-4011-94ca-00978c782ec3 tempest-SnapshotsActionsTest-1819800248 tempest-SnapshotsActionsTest-1819800248-project] http://10.222.0.39/volume/v3/09b0fd3e6d454653848b0c1afa074f01/snapshots returned with HTTP 202
Jul 24 20:05:34.461387 dv-cinder-850449-2-smb devstack@c-api.service[111490]: [pid: 111490|app: 0|req: 69/134] 10.222.0.39 () {60 vars in 1241 bytes} [Sun Jul 24 20:05:33 2022] POST /volume/v3/09b0fd3e6d454653848b0c1afa074f01/snapshots => generated 306 bytes in 751 msecs (HTTP/1.1 202) 7 headers in 291 bytes (2 switches on core 0)
Jul 24 20:05:34.468128 dv-cinder-850449-2-smb devstack@c-api.service[111489]: DEBUG cinder.api.middleware.request_id [None req-0cd426ef-823d-4b97-aaae-36f8758fdca8 None None] RequestId filter calling following filter/app {{(pid=111489) _context_setter /opt/stack/cinder/cinder/api/middleware/request_id.py:62}}
Jul 24 20:05:34.472609 dv-cinder-850449-2-smb devstack@c-api.service[111489]: INFO cinder.api.openstack.wsgi [None req-0cd426ef-823d-4b97-aaae-36f8758fdca8 tempest-SnapshotsActionsTest-1819800248 tempest-SnapshotsActionsTest-1819800248-project] GET http://10.222.0.39/volume/v3/09b0fd3e6d454653848b0c1afa074f01/snapshots/3e29080e-4eff-4ed9-b078-8f8daa3d3946
Jul 24 20:05:34.473406 dv-cinder-850449-2-smb devstack@c-api.service[111489]: DEBUG cinder.api.openstack.wsgi [None req-0cd426ef-823d-4b97-aaae-36f8758fdca8 tempest-SnapshotsActionsTest-1819800248 tempest-SnapshotsActionsTest-1819800248-project] Empty body provided in request {{(pid=111489) get_body /opt/stack/cinder/cinder/api/openstack/wsgi.py:715}}
Jul 24 20:05:34.474265 dv-cinder-850449-2-smb devstack@c-api.service[111489]: DEBUG cinder.api.openstack.wsgi [None req-0cd426ef-823d-4b97-aaae-36f8758fdca8 tempest-SnapshotsActionsTest-1819800248 tempest-SnapshotsActionsTest-1819800248-project] Calling method 'show' {{(pid=111489) _process_stack /opt/stack/cinder/cinder/api/openstack/wsgi.py:868}}
Jul 24 20:05:34.484650 dv-cinder-850449-2-smb devstack@c-api.service[111490]: DEBUG cinder.api.middleware.request_id [None req-44b87057-4241-4b39-ace8-966ab82dc1bc None None] RequestId filter calling following filter/app {{(pid=111490) _context_setter /opt/stack/cinder/cinder/api/middleware/request_id.py:62}}
Jul 24 20:05:34.490865 dv-cinder-850449-2-smb devstack@c-api.service[111490]: INFO cinder.api.openstack.wsgi [None req-44b87057-4241-4b39-ace8-966ab82dc1bc tempest-GroupsTest-1930981539 tempest-GroupsTest-1930981539-project] GET http://10.222.0.39/volume/v3/6736ff50e9b74dca85c9b766f4aac998/groups/bfddfadd-58da-4109-96f0-68985b9d219a
Jul 24 20:05:34.492655 dv-cinder-850449-2-smb devstack@c-api.service[111490]: DEBUG cinder.api.openstack.wsgi [None req-44b87057-4241-4b39-ace8-966ab82dc1bc tempest-GroupsTest-1930981539 tempest-GroupsTest-1930981539-project] Empty body provided in request {{(pid=111490) get_body /opt/stack/cinder/cinder/api/openstack/wsgi.py:715}}
Jul 24 20:05:34.493570 dv-cinder-850449-2-smb devstack@c-api.service[111490]: DEBUG cinder.api.openstack.wsgi [None req-44b87057-4241-4b39-ace8-966ab82dc1bc tempest-GroupsTest-1930981539 tempest-GroupsTest-1930981539-project] Calling method 'version_select' {{(pid=111490) _process_stack /opt/stack/cinder/cinder/api/openstack/wsgi.py:868}}
Jul 24 20:05:34.494481 dv-cinder-850449-2-smb devstack@c-api.service[111490]: DEBUG cinder.api.v3.groups [None req-44b87057-4241-4b39-ace8-966ab82dc1bc tempest-GroupsTest-1930981539 tempest-GroupsTest-1930981539-project] show called for member bfddfadd-58da-4109-96f0-68985b9d219a {{(pid=111490) show /opt/stack/cinder/cinder/api/v3/groups.py:58}}
Jul 24 20:05:34.506708 dv-cinder-850449-2-smb devstack@c-api.service[111489]: /usr/local/lib/python3.8/dist-packages/oslo_context/context.py:100: DeprecationWarning: Policy enforcement is depending on the value of is_admin. This key is deprecated. Please update your policy file to use the standard policy values.
Jul 24 20:05:34.506708 dv-cinder-850449-2-smb devstack@c-api.service[111489]: warnings.warn('Policy enforcement is depending on the value of '
Jul 24 20:05:34.507802 dv-cinder-850449-2-smb devstack@c-api.service[111489]: INFO cinder.volume.api [None req-0cd426ef-823d-4b97-aaae-36f8758fdca8 tempest-SnapshotsActionsTest-1819800248 tempest-SnapshotsActionsTest-1819800248-project] Snapshot retrieved successfully.
Jul 24 20:05:34.509677 dv-cinder-850449-2-smb devstack@c-api.service[111489]: INFO cinder.api.openstack.wsgi [None req-0cd426ef-823d-4b97-aaae-36f8758fdca8 tempest-SnapshotsActionsTest-1819800248 tempest-SnapshotsActionsTest-1819800248-project] http://10.222.0.39/volume/v3/09b0fd3e6d454653848b0c1afa074f01/snapshots/3e29080e-4eff-4ed9-b078-8f8daa3d3946 returned with HTTP 200
Jul 24 20:05:34.513965 dv-cinder-850449-2-smb devstack@c-api.service[111489]: [pid: 111489|app: 0|req: 66/135] 10.222.0.39 () {58 vars in 1330 bytes} [Sun Jul 24 20:05:34 2022] GET /volume/v3/09b0fd3e6d454653848b0c1afa074f01/snapshots/3e29080e-4eff-4ed9-b078-8f8daa3d3946 => generated 438 bytes in 47 msecs (HTTP/1.1 200) 7 headers in 285 bytes (1 switches on core 0)
Jul 24 20:05:34.529592 dv-cinder-850449-2-smb devstack@c-api.service[111490]: INFO cinder.api.openstack.wsgi [None req-44b87057-4241-4b39-ace8-966ab82dc1bc tempest-GroupsTest-1930981539 tempest-GroupsTest-1930981539-project] http://10.222.0.39/volume/v3/6736ff50e9b74dca85c9b766f4aac998/groups/bfddfadd-58da-4109-96f0-68985b9d219a returned with HTTP 404
Jul 24 20:05:34.536219 dv-cinder-850449-2-smb devstack@c-api.service[111490]: [pid: 111490|app: 0|req: 70/136] 10.222.0.39 () {60 vars in 1362 bytes} [Sun Jul 24 20:05:34 2022] GET /volume/v3/6736ff50e9b74dca85c9b766f4aac998/groups/bfddfadd-58da-4109-96f0-68985b9d219a => generated 108 bytes in 55 msecs (HTTP/1.1 404) 7 headers in 293 bytes (1 switches on core 0)
Jul 24 20:05:34.541128 dv-cinder-850449-2-smb devstack@c-api.service[111489]: DEBUG cinder.api.middleware.request_id [None req-86366a19-fb61-42e8-ade1-67ee14f8c678 None None] RequestId filter calling following filter/app {{(pid=111489) _context_setter /opt/stack/cinder/cinder/api/middleware/request_id.py:62}}
Jul 24 20:05:34.551218 dv-cinder-850449-2-smb devstack@c-api.service[111489]: INFO cinder.api.openstack.wsgi [None req-86366a19-fb61-42e8-ade1-67ee14f8c678 tempest-GroupsTest-1930981539 tempest-GroupsTest-1930981539-project] POST http://10.222.0.39/volume/v3/6736ff50e9b74dca85c9b766f4aac998/groups/2551ad70-d98e-4d13-8311-1d9dff77e1c3/action
Jul 24 20:05:34.562277 dv-cinder-850449-2-smb devstack@c-api.service[111489]: DEBUG cinder.api.openstack.wsgi [None req-86366a19-fb61-42e8-ade1-67ee14f8c678 tempest-GroupsTest-1930981539 tempest-GroupsTest-1930981539-project] Action body: b'{"delete": {"delete-volumes": false}}' {{(pid=111489) get_method /opt/stack/cinder/cinder/api/openstack/wsgi.py:983}}
Jul 24 20:05:34.562921 dv-cinder-850449-2-smb devstack@c-api.service[111489]: DEBUG cinder.api.openstack.wsgi [None req-86366a19-fb61-42e8-ade1-67ee14f8c678 tempest-GroupsTest-1930981539 tempest-GroupsTest-1930981539-project] Action: 'action', calling method: delete_group, body: {"delete": {"delete-volumes": false}} {{(pid=111489) _process_stack /opt/stack/cinder/cinder/api/openstack/wsgi.py:866}}
Jul 24 20:05:34.564664 dv-cinder-850449-2-smb devstack@c-api.service[111489]: DEBUG cinder.api.v3.groups [None req-86366a19-fb61-42e8-ade1-67ee14f8c678 tempest-GroupsTest-1930981539 tempest-GroupsTest-1930981539-project] delete called for group 2551ad70-d98e-4d13-8311-1d9dff77e1c3 {{(pid=111489) _delete /opt/stack/cinder/cinder/api/v3/groups.py:117}}
Jul 24 20:05:34.565021 dv-cinder-850449-2-smb devstack@c-api.service[111489]: INFO cinder.api.v3.groups [None req-86366a19-fb61-42e8-ade1-67ee14f8c678 tempest-GroupsTest-1930981539 tempest-GroupsTest-1930981539-project] Delete group with id: 2551ad70-d98e-4d13-8311-1d9dff77e1c3
Jul 24 20:05:34.592595 dv-cinder-850449-2-smb devstack@c-api.service[111489]: /usr/local/lib/python3.8/dist-packages/oslo_context/context.py:100: DeprecationWarning: Policy enforcement is depending on the value of is_admin. This key is deprecated. Please update your policy file to use the standard policy values.
Jul 24 20:05:34.592595 dv-cinder-850449-2-smb devstack@c-api.service[111489]: warnings.warn('Policy enforcement is depending on the value of '
Jul 24 20:05:34.786447 dv-cinder-850449-2-smb devstack@c-api.service[111489]: INFO cinder.api.openstack.wsgi [None req-86366a19-fb61-42e8-ade1-67ee14f8c678 tempest-GroupsTest-1930981539 tempest-GroupsTest-1930981539-project] http://10.222.0.39/volume/v3/6736ff50e9b74dca85c9b766f4aac998/groups/2551ad70-d98e-4d13-8311-1d9dff77e1c3/action returned with HTTP 202
Jul 24 20:05:34.788012 dv-cinder-850449-2-smb devstack@c-api.service[111489]: [pid: 111489|app: 0|req: 67/137] 10.222.0.39 () {62 vars in 1404 bytes} [Sun Jul 24 20:05:34 2022] POST /volume/v3/6736ff50e9b74dca85c9b766f4aac998/groups/2551ad70-d98e-4d13-8311-1d9dff77e1c3/action => generated 0 bytes in 248 msecs (HTTP/1.1 202) 6 headers in 234 bytes (1 switches on core 0)
Jul 24 20:05:34.805060 dv-cinder-850449-2-smb devstack@c-api.service[111490]: DEBUG cinder.api.middleware.request_id [None req-2a0ad39e-d652-4e79-b760-a8cdf3deb86a None None] RequestId filter calling following filter/app {{(pid=111490) _context_setter /opt/stack/cinder/cinder/api/middleware/request_id.py:62}}
Jul 24 20:05:34.818959 dv-cinder-850449-2-smb devstack@c-api.service[111490]: INFO cinder.api.openstack.wsgi [None req-2a0ad39e-d652-4e79-b760-a8cdf3deb86a tempest-GroupsTest-1930981539 tempest-GroupsTest-1930981539-project] GET http://10.222.0.39/volume/v3/6736ff50e9b74dca85c9b766f4aac998/groups/2551ad70-d98e-4d13-8311-1d9dff77e1c3
Jul 24 20:05:34.820579 dv-cinder-850449-2-smb devstack@c-api.service[111490]: DEBUG cinder.api.openstack.wsgi [None req-2a0ad39e-d652-4e79-b760-a8cdf3deb86a tempest-GroupsTest-1930981539 tempest-GroupsTest-1930981539-project] Empty body provided in request {{(pid=111490) get_body /opt/stack/cinder/cinder/api/openstack/wsgi.py:715}}
Jul 24 20:05:34.821981 dv-cinder-850449-2-smb devstack@c-api.service[111490]: DEBUG cinder.api.openstack.wsgi [None req-2a0ad39e-d652-4e79-b760-a8cdf3deb86a tempest-GroupsTest-1930981539 tempest-GroupsTest-1930981539-project] Calling method 'version_select' {{(pid=111490) _process_stack /opt/stack/cinder/cinder/api/openstack/wsgi.py:868}}
Jul 24 20:05:34.826761 dv-cinder-850449-2-smb devstack@c-api.service[111490]: DEBUG cinder.api.v3.groups [None req-2a0ad39e-d652-4e79-b760-a8cdf3deb86a tempest-GroupsTest-1930981539 tempest-GroupsTest-1930981539-project] show called for member 2551ad70-d98e-4d13-8311-1d9dff77e1c3 {{(pid=111490) show /opt/stack/cinder/cinder/api/v3/groups.py:58}}
Jul 24 20:05:34.836394 dv-cinder-850449-2-smb devstack@c-api.service[111489]: DEBUG cinder.api.middleware.request_id [None req-684d23ab-6b19-41fb-a029-7ace25a8ee28 None None] RequestId filter calling following filter/app {{(pid=111489) _context_setter /opt/stack/cinder/cinder/api/middleware/request_id.py:62}}
Jul 24 20:05:34.849542 dv-cinder-850449-2-smb devstack@c-api.service[111490]: /usr/local/lib/python3.8/dist-packages/oslo_context/context.py:100: DeprecationWarning: Policy enforcement is depending on the value of is_admin. This key is deprecated. Please update your policy file to use the standard policy values.
Jul 24 20:05:34.849542 dv-cinder-850449-2-smb devstack@c-api.service[111490]: warnings.warn('Policy enforcement is depending on the value of '
Jul 24 20:05:34.883817 dv-cinder-850449-2-smb devstack@c-api.service[111490]: INFO cinder.api.openstack.wsgi [None req-2a0ad39e-d652-4e79-b760-a8cdf3deb86a tempest-GroupsTest-1930981539 tempest-GroupsTest-1930981539-project] http://10.222.0.39/volume/v3/6736ff50e9b74dca85c9b766f4aac998/groups/2551ad70-d98e-4d13-8311-1d9dff77e1c3 returned with HTTP 200
Jul 24 20:05:34.885624 dv-cinder-850449-2-smb devstack@c-api.service[111490]: [pid: 111490|app: 0|req: 71/138] 10.222.0.39 () {60 vars in 1362 bytes} [Sun Jul 24 20:05:34 2022] GET /volume/v3/6736ff50e9b74dca85c9b766f4aac998/groups/2551ad70-d98e-4d13-8311-1d9dff77e1c3 => generated 320 bytes in 94 msecs (HTTP/1.1 200) 7 headers in 286 bytes (2 switches on core 0)
Jul 24 20:05:35.247646 dv-cinder-850449-2-smb devstack@c-api.service[111489]: INFO cinder.api.openstack.wsgi [None req-684d23ab-6b19-41fb-a029-7ace25a8ee28 tempest-VolumeManageAdminTest-428245499 tempest-VolumeManageAdminTest-428245499-project] POST http://10.222.0.39/volume/v3/77778f03391c46fd8accb12f69534aa5/volumes
Jul 24 20:05:35.249101 dv-cinder-850449-2-smb devstack@c-api.service[111489]: DEBUG cinder.api.openstack.wsgi [None req-684d23ab-6b19-41fb-a029-7ace25a8ee28 tempest-VolumeManageAdminTest-428245499 tempest-VolumeManageAdminTest-428245499-project] Action: 'create', calling method: create, body: {"volume": {"size": 1, "name": "tempest-VolumeManageAdminTest-Volume-1731362084"}} {{(pid=111489) _process_stack /opt/stack/cinder/cinder/api/openstack/wsgi.py:866}}
Jul 24 20:05:35.252378 dv-cinder-850449-2-smb devstack@c-api.service[111489]: DEBUG cinder.api.v3.volumes [None req-684d23ab-6b19-41fb-a029-7ace25a8ee28 tempest-VolumeManageAdminTest-428245499 tempest-VolumeManageAdminTest-428245499-project] Create volume request body: {'volume': {'size': 1, 'name': 'tempest-VolumeManageAdminTest-Volume-1731362084'}} {{(pid=111489) create /opt/stack/cinder/cinder/api/v3/volumes.py:298}}
Jul 24 20:05:35.253049 dv-cinder-850449-2-smb devstack@c-api.service[111489]: INFO cinder.api.v3.volumes [None req-684d23ab-6b19-41fb-a029-7ace25a8ee28 tempest-VolumeManageAdminTest-428245499 tempest-VolumeManageAdminTest-428245499-project] Create volume of 1 GB
Jul 24 20:05:35.281786 dv-cinder-850449-2-smb devstack@c-api.service[111489]: INFO cinder.volume.api [None req-684d23ab-6b19-41fb-a029-7ace25a8ee28 tempest-VolumeManageAdminTest-428245499 tempest-VolumeManageAdminTest-428245499-project] Availability Zones retrieved successfully.
Jul 24 20:05:35.314754 dv-cinder-850449-2-smb devstack@c-api.service[111489]: DEBUG cinder.volume.api [None req-684d23ab-6b19-41fb-a029-7ace25a8ee28 tempest-VolumeManageAdminTest-428245499 tempest-VolumeManageAdminTest-428245499-project] Flow 'volume_create_api' (569c6f8f-e2fd-4f99-b39a-9944d1739a01) transitioned into state 'RUNNING' from state 'PENDING' {{(pid=111489) _flow_receiver /usr/local/lib/python3.8/dist-packages/taskflow/listeners/logging.py:141}}
Jul 24 20:05:35.320438 dv-cinder-850449-2-smb devstack@c-api.service[111489]: DEBUG cinder.volume.api [None req-684d23ab-6b19-41fb-a029-7ace25a8ee28 tempest-VolumeManageAdminTest-428245499 tempest-VolumeManageAdminTest-428245499-project] Task 'cinder.volume.flows.api.create_volume.ExtractVolumeRequestTask;volume:create' (7215e651-7423-4d43-8e3e-5a73314ff160) transitioned into state 'RUNNING' from state 'PENDING' {{(pid=111489) _task_receiver /usr/local/lib/python3.8/dist-packages/taskflow/listeners/logging.py:190}}
Jul 24 20:05:35.322329 dv-cinder-850449-2-smb devstack@c-api.service[111489]: DEBUG cinder.volume.flows.api.create_volume [None req-684d23ab-6b19-41fb-a029-7ace25a8ee28 tempest-VolumeManageAdminTest-428245499 tempest-VolumeManageAdminTest-428245499-project] Validating volume size '1' using validate_int {{(pid=111489) _extract_size /opt/stack/cinder/cinder/volume/flows/api/create_volume.py:228}}
Jul 24 20:05:35.367793 dv-cinder-850449-2-smb devstack@c-api.service[111489]: DEBUG dbcounter [-] [111489] Writing DB stats cinder:SELECT=77,cinder:INSERT=10,cinder:UPDATE=13 {{(pid=111489) stat_writer /usr/local/lib/python3.8/dist-packages/dbcounter.py:114}}
Jul 24 20:05:35.375267 dv-cinder-850449-2-smb devstack@c-api.service[111489]: DEBUG cinder.volume.api [None req-684d23ab-6b19-41fb-a029-7ace25a8ee28 tempest-VolumeManageAdminTest-428245499 tempest-VolumeManageAdminTest-428245499-project] Task 'cinder.volume.flows.api.create_volume.ExtractVolumeRequestTask;volume:create' (7215e651-7423-4d43-8e3e-5a73314ff160) transitioned into state 'SUCCESS' from state 'RUNNING' with result '{'size': 1, 'snapshot_id': None, 'source_volid': None, 'volume_type': VolumeType(created_at=2022-07-24T19:49:05Z,deleted=False,deleted_at=None,description='Default Volume Type',extra_specs={},id=5ed5907d-0497-41dd-81ad-d586a3acba16,is_public=True,name='__DEFAULT__',projects=[],qos_specs=,qos_specs_id=None,updated_at=2022-07-24T19:49:05Z), 'volume_type_id': '5ed5907d-0497-41dd-81ad-d586a3acba16', 'encryption_key_id': None, 'qos_specs': None, 'consistencygroup_id': None, 'cgsnapshot_id': None, 'group_id': None, 'replication_status': 'disabled', 'refresh_az': False, 'backup_id': None, 'multiattach': False, 'availability_zones': ['nova']}' {{(pid=111489) _task_receiver /usr/local/lib/python3.8/dist-packages/taskflow/listeners/logging.py:178}}
Jul 24 20:05:35.377651 dv-cinder-850449-2-smb devstack@c-api.service[111489]: DEBUG cinder.volume.api [None req-684d23ab-6b19-41fb-a029-7ace25a8ee28 tempest-VolumeManageAdminTest-428245499 tempest-VolumeManageAdminTest-428245499-project] Task 'cinder.volume.flows.api.create_volume.QuotaReserveTask;volume:create' (2aa260ef-6cb6-4eea-86d9-020e7c81b400) transitioned into state 'RUNNING' from state 'PENDING' {{(pid=111489) _task_receiver /usr/local/lib/python3.8/dist-packages/taskflow/listeners/logging.py:190}}
Jul 24 20:05:35.449800 dv-cinder-850449-2-smb devstack@c-api.service[111490]: DEBUG cinder.api.middleware.request_id [None req-060368eb-68b6-478b-900d-ae3d5a5a19fb None None] RequestId filter calling following filter/app {{(pid=111490) _context_setter /opt/stack/cinder/cinder/api/middleware/request_id.py:62}}
Jul 24 20:05:35.574668 dv-cinder-850449-2-smb devstack@c-api.service[111490]: INFO cinder.api.openstack.wsgi [None req-060368eb-68b6-478b-900d-ae3d5a5a19fb tempest-GroupSnapshotsTest-842132878 tempest-GroupSnapshotsTest-842132878-project-admin] POST http://10.222.0.39/volume/v3/8076be707f9f4de08ab438c20afb8d6c/types
Jul 24 20:05:35.576178 dv-cinder-850449-2-smb devstack@c-api.service[111490]: DEBUG cinder.api.openstack.wsgi [None req-060368eb-68b6-478b-900d-ae3d5a5a19fb tempest-GroupSnapshotsTest-842132878 tempest-GroupSnapshotsTest-842132878-project-admin] Action: 'create', calling method: _create, body: {"volume_type": {"name": "tempest-GroupSnapshotsTest-volume-type-985960168"}} {{(pid=111490) _process_stack /opt/stack/cinder/cinder/api/openstack/wsgi.py:866}}
Jul 24 20:05:35.577602 dv-cinder-850449-2-smb devstack@c-api.service[111490]: /usr/local/lib/python3.8/dist-packages/oslo_context/context.py:100: DeprecationWarning: Policy enforcement is depending on the value of is_admin. This key is deprecated. Please update your policy file to use the standard policy values.
Jul 24 20:05:35.577602 dv-cinder-850449-2-smb devstack@c-api.service[111490]: warnings.warn('Policy enforcement is depending on the value of '
Jul 24 20:05:35.669719 dv-cinder-850449-2-smb devstack@c-api.service[111489]: DEBUG cinder.quota [None req-684d23ab-6b19-41fb-a029-7ace25a8ee28 tempest-VolumeManageAdminTest-428245499 tempest-VolumeManageAdminTest-428245499-project] Created reservations ['662bff2a-9a61-46a2-96cc-f75d91c472c8', 'cbda9914-40ae-4af3-ae59-09d3a309f9ab', '30872c6e-b8f6-4189-87e4-11ed63c878bb', '530ae7c9-127f-4ce0-939f-f3fae96d6c6b'] {{(pid=111489) reserve /opt/stack/cinder/cinder/quota.py:755}}
Jul 24 20:05:35.672373 dv-cinder-850449-2-smb devstack@c-api.service[111489]: DEBUG cinder.volume.api [None req-684d23ab-6b19-41fb-a029-7ace25a8ee28 tempest-VolumeManageAdminTest-428245499 tempest-VolumeManageAdminTest-428245499-project] Task 'cinder.volume.flows.api.create_volume.QuotaReserveTask;volume:create' (2aa260ef-6cb6-4eea-86d9-020e7c81b400) transitioned into state 'SUCCESS' from state 'RUNNING' with result '{'reservations': ['662bff2a-9a61-46a2-96cc-f75d91c472c8', 'cbda9914-40ae-4af3-ae59-09d3a309f9ab', '30872c6e-b8f6-4189-87e4-11ed63c878bb', '530ae7c9-127f-4ce0-939f-f3fae96d6c6b']}' {{(pid=111489) _task_receiver /usr/local/lib/python3.8/dist-packages/taskflow/listeners/logging.py:178}}
Jul 24 20:05:35.680019 dv-cinder-850449-2-smb devstack@c-api.service[111489]: DEBUG cinder.volume.api [None req-684d23ab-6b19-41fb-a029-7ace25a8ee28 tempest-VolumeManageAdminTest-428245499 tempest-VolumeManageAdminTest-428245499-project] Task 'cinder.volume.flows.api.create_volume.EntryCreateTask;volume:create' (09a47095-644a-4bdf-b97f-27b0d4db29d8) transitioned into state 'RUNNING' from state 'PENDING' {{(pid=111489) _task_receiver /usr/local/lib/python3.8/dist-packages/taskflow/listeners/logging.py:190}}
Jul 24 20:05:35.762764 dv-cinder-850449-2-smb devstack@c-api.service[111490]: INFO cinder.api.openstack.wsgi [None req-060368eb-68b6-478b-900d-ae3d5a5a19fb tempest-GroupSnapshotsTest-842132878 tempest-GroupSnapshotsTest-842132878-project-admin] http://10.222.0.39/volume/v3/8076be707f9f4de08ab438c20afb8d6c/types returned with HTTP 200
Jul 24 20:05:35.809879 dv-cinder-850449-2-smb devstack@c-api.service[111490]: [pid: 111490|app: 0|req: 72/139] 10.222.0.39 () {60 vars in 1228 bytes} [Sun Jul 24 20:05:35 2022] POST /volume/v3/8076be707f9f4de08ab438c20afb8d6c/types => generated 223 bytes in 315 msecs (HTTP/1.1 200) 7 headers in 285 bytes (2 switches on core 0)
Jul 24 20:05:35.809879 dv-cinder-850449-2-smb devstack@c-api.service[111490]: DEBUG cinder.api.middleware.request_id [None req-7fa8654c-2581-43de-b642-66ffd34357f4 None None] RequestId filter calling following filter/app {{(pid=111490) _context_setter /opt/stack/cinder/cinder/api/middleware/request_id.py:62}}
Jul 24 20:05:35.809879 dv-cinder-850449-2-smb devstack@c-api.service[111490]: INFO cinder.api.openstack.wsgi [None req-7fa8654c-2581-43de-b642-66ffd34357f4 tempest-SnapshotsActionsTest-1819800248 tempest-SnapshotsActionsTest-1819800248-project] GET http://10.222.0.39/volume/v3/09b0fd3e6d454653848b0c1afa074f01/snapshots/3e29080e-4eff-4ed9-b078-8f8daa3d3946
Jul 24 20:05:35.809879 dv-cinder-850449-2-smb devstack@c-api.service[111490]: DEBUG cinder.api.openstack.wsgi [None req-7fa8654c-2581-43de-b642-66ffd34357f4 tempest-SnapshotsActionsTest-1819800248 tempest-SnapshotsActionsTest-1819800248-project] Empty body provided in request {{(pid=111490) get_body /opt/stack/cinder/cinder/api/openstack/wsgi.py:715}}
Jul 24 20:05:35.809879 dv-cinder-850449-2-smb devstack@c-api.service[111490]: DEBUG cinder.api.openstack.wsgi [None req-7fa8654c-2581-43de-b642-66ffd34357f4 tempest-SnapshotsActionsTest-1819800248 tempest-SnapshotsActionsTest-1819800248-project] Calling method 'show' {{(pid=111490) _process_stack /opt/stack/cinder/cinder/api/openstack/wsgi.py:868}}
Jul 24 20:05:35.809879 dv-cinder-850449-2-smb devstack@c-api.service[111490]: /usr/local/lib/python3.8/dist-packages/oslo_context/context.py:100: DeprecationWarning: Policy enforcement is depending on the value of is_admin. This key is deprecated. Please update your policy file to use the standard policy values.
Jul 24 20:05:35.809879 dv-cinder-850449-2-smb devstack@c-api.service[111490]: warnings.warn('Policy enforcement is depending on the value of '
Jul 24 20:05:35.809879 dv-cinder-850449-2-smb devstack@c-api.service[111490]: INFO cinder.volume.api [None req-7fa8654c-2581-43de-b642-66ffd34357f4 tempest-SnapshotsActionsTest-1819800248 tempest-SnapshotsActionsTest-1819800248-project] Snapshot retrieved successfully.
Jul 24 20:05:35.809879 dv-cinder-850449-2-smb devstack@c-api.service[111490]: INFO cinder.api.openstack.wsgi [None req-7fa8654c-2581-43de-b642-66ffd34357f4 tempest-SnapshotsActionsTest-1819800248 tempest-SnapshotsActionsTest-1819800248-project] http://10.222.0.39/volume/v3/09b0fd3e6d454653848b0c1afa074f01/snapshots/3e29080e-4eff-4ed9-b078-8f8daa3d3946 returned with HTTP 200
Jul 24 20:05:35.809879 dv-cinder-850449-2-smb devstack@c-api.service[111490]: [pid: 111490|app: 0|req: 73/140] 10.222.0.39 () {58 vars in 1330 bytes} [Sun Jul 24 20:05:35 2022] GET /volume/v3/09b0fd3e6d454653848b0c1afa074f01/snapshots/3e29080e-4eff-4ed9-b078-8f8daa3d3946 => generated 531 bytes in 25 msecs (HTTP/1.1 200) 7 headers in 285 bytes (1 switches on core 0)
Jul 24 20:05:35.809879 dv-cinder-850449-2-smb devstack@c-api.service[111490]: DEBUG cinder.api.middleware.request_id [None req-8d251b7d-34ff-4c32-8c9b-d3fde17e315e None None] RequestId filter calling following filter/app {{(pid=111490) _context_setter /opt/stack/cinder/cinder/api/middleware/request_id.py:62}}
Jul 24 20:05:35.809879 dv-cinder-850449-2-smb devstack@c-api.service[111490]: INFO cinder.api.openstack.wsgi [None req-8d251b7d-34ff-4c32-8c9b-d3fde17e315e tempest-GroupSnapshotsTest-842132878 tempest-GroupSnapshotsTest-842132878-project-admin] POST http://10.222.0.39/volume/v3/8076be707f9f4de08ab438c20afb8d6c/group_types
Jul 24 20:05:35.809879 dv-cinder-850449-2-smb devstack@c-api.service[111490]: DEBUG cinder.api.openstack.wsgi [None req-8d251b7d-34ff-4c32-8c9b-d3fde17e315e tempest-GroupSnapshotsTest-842132878 tempest-GroupSnapshotsTest-842132878-project-admin] Action: 'create', calling method: version_select, body: {"group_type": {"name": "tempest-GroupSnapshotsTest-group-type-881145594"}} {{(pid=111490) _process_stack /opt/stack/cinder/cinder/api/openstack/wsgi.py:866}}
Jul 24 20:05:35.831637 dv-cinder-850449-2-smb devstack@c-api.service[111489]: DEBUG cinder.volume.api [None req-684d23ab-6b19-41fb-a029-7ace25a8ee28 tempest-VolumeManageAdminTest-428245499 tempest-VolumeManageAdminTest-428245499-project] Task 'cinder.volume.flows.api.create_volume.EntryCreateTask;volume:create' (09a47095-644a-4bdf-b97f-27b0d4db29d8) transitioned into state 'SUCCESS' from state 'RUNNING' with result '{'volume_id': 'b54bdcd8-3295-4e6d-8420-ab18924c27cd', 'volume_properties': VolumeProperties(attach_status='detached',availability_zone='nova',cgsnapshot_id=None,consistencygroup_id=None,display_description=None,display_name='tempest-VolumeManageAdminTest-Volume-1731362084',encryption_key_id=None,group_id=None,group_type_id=,metadata={},multiattach=False,project_id='77778f03391c46fd8accb12f69534aa5',qos_specs=None,replication_status=,reservations=['662bff2a-9a61-46a2-96cc-f75d91c472c8','cbda9914-40ae-4af3-ae59-09d3a309f9ab','30872c6e-b8f6-4189-87e4-11ed63c878bb','530ae7c9-127f-4ce0-939f-f3fae96d6c6b'],size=1,snapshot_id=None,source_replicaid=,source_volid=None,status='creating',user_id='7111e15316f14e6a8c8b201a60759dac',volume_type_id=5ed5907d-0497-41dd-81ad-d586a3acba16), 'volume': Volume(_name_id=None,admin_metadata=,attach_status='detached',availability_zone='nova',bootable=False,cluster=,cluster_name=None,consistencygroup=,consistencygroup_id=None,created_at=2022-07-24T20:05:35Z,deleted=False,deleted_at=None,display_description=None,display_name='tempest-VolumeManageAdminTest-Volume-1731362084',ec2_id=None,encryption_key_id=None,glance_metadata=,group=,group_id=None,host=None,id=b54bdcd8-3295-4e6d-8420-ab18924c27cd,launched_at=None,metadata={},migration_status=None,multiattach=False,previous_status=None,project_id='77778f03391c46fd8accb12f69534aa5',provider_auth=None,provider_geometry=None,provider_id=None,provider_location=None,replication_driver_data=None,replication_extended_status=None,replication_status=None,scheduled_at=None,service_uuid=None,shared_targets=True,size=1,snapshot_id=None,snapshots=,source_volid=None,status='creating',terminated_at=None,updated_at=None,use_quota=True,user_id='7111e15316f14e6a8c8b201a60759dac',volume_attachment=VolumeAttachmentList,volume_type=VolumeType(5ed5907d-0497-41dd-81ad-d586a3acba16),volume_type_id=5ed5907d-0497-41dd-81ad-d586a3acba16)}' {{(pid=111489) _task_receiver /usr/local/lib/python3.8/dist-packages/taskflow/listeners/logging.py:178}}
Jul 24 20:05:35.833485 dv-cinder-850449-2-smb devstack@c-api.service[111489]: DEBUG cinder.volume.api [None req-684d23ab-6b19-41fb-a029-7ace25a8ee28 tempest-VolumeManageAdminTest-428245499 tempest-VolumeManageAdminTest-428245499-project] Task 'cinder.volume.flows.api.create_volume.QuotaCommitTask;volume:create' (b5c6974e-20de-4cc7-8735-bda633478de7) transitioned into state 'RUNNING' from state 'PENDING' {{(pid=111489) _task_receiver /usr/local/lib/python3.8/dist-packages/taskflow/listeners/logging.py:190}}
Jul 24 20:05:35.943078 dv-cinder-850449-2-smb devstack@c-api.service[111490]: INFO cinder.api.openstack.wsgi [None req-8d251b7d-34ff-4c32-8c9b-d3fde17e315e tempest-GroupSnapshotsTest-842132878 tempest-GroupSnapshotsTest-842132878-project-admin] http://10.222.0.39/volume/v3/8076be707f9f4de08ab438c20afb8d6c/group_types returned with HTTP 202
Jul 24 20:05:35.950035 dv-cinder-850449-2-smb devstack@c-api.service[111490]: [pid: 111490|app: 0|req: 74/141] 10.222.0.39 () {62 vars in 1287 bytes} [Sun Jul 24 20:05:35 2022] POST /volume/v3/8076be707f9f4de08ab438c20afb8d6c/group_types => generated 180 bytes in 154 msecs (HTTP/1.1 202) 7 headers in 292 bytes (1 switches on core 0)
Jul 24 20:05:35.950035 dv-cinder-850449-2-smb devstack@c-api.service[111490]: DEBUG cinder.api.middleware.request_id [None req-2cc7968e-aee0-449e-a100-2843efd8f540 None None] RequestId filter calling following filter/app {{(pid=111490) _context_setter /opt/stack/cinder/cinder/api/middleware/request_id.py:62}}
Jul 24 20:05:36.007586 dv-cinder-850449-2-smb devstack@c-api.service[111489]: DEBUG cinder.volume.api [None req-684d23ab-6b19-41fb-a029-7ace25a8ee28 tempest-VolumeManageAdminTest-428245499 tempest-VolumeManageAdminTest-428245499-project] Task 'cinder.volume.flows.api.create_volume.QuotaCommitTask;volume:create' (b5c6974e-20de-4cc7-8735-bda633478de7) transitioned into state 'SUCCESS' from state 'RUNNING' with result '{'volume_properties': VolumeProperties(attach_status='detached',availability_zone='nova',cgsnapshot_id=None,consistencygroup_id=None,display_description=None,display_name='tempest-VolumeManageAdminTest-Volume-1731362084',encryption_key_id=None,group_id=None,group_type_id=,metadata={},multiattach=False,project_id='77778f03391c46fd8accb12f69534aa5',qos_specs=None,replication_status=,reservations=['662bff2a-9a61-46a2-96cc-f75d91c472c8','cbda9914-40ae-4af3-ae59-09d3a309f9ab','30872c6e-b8f6-4189-87e4-11ed63c878bb','530ae7c9-127f-4ce0-939f-f3fae96d6c6b'],size=1,snapshot_id=None,source_replicaid=,source_volid=None,status='creating',user_id='7111e15316f14e6a8c8b201a60759dac',volume_type_id=5ed5907d-0497-41dd-81ad-d586a3acba16)}' {{(pid=111489) _task_receiver /usr/local/lib/python3.8/dist-packages/taskflow/listeners/logging.py:178}}
Jul 24 20:05:36.009278 dv-cinder-850449-2-smb devstack@c-api.service[111489]: DEBUG cinder.volume.api [None req-684d23ab-6b19-41fb-a029-7ace25a8ee28 tempest-VolumeManageAdminTest-428245499 tempest-VolumeManageAdminTest-428245499-project] Task 'cinder.volume.flows.api.create_volume.VolumeCastTask;volume:create' (e8d74e7b-2bf2-492c-85b0-00495ebbae84) transitioned into state 'RUNNING' from state 'PENDING' {{(pid=111489) _task_receiver /usr/local/lib/python3.8/dist-packages/taskflow/listeners/logging.py:190}}
Jul 24 20:05:36.081767 dv-cinder-850449-2-smb devstack@c-api.service[111490]: INFO cinder.api.openstack.wsgi [None req-2cc7968e-aee0-449e-a100-2843efd8f540 tempest-SnapshotsActionsTest-96116236 tempest-SnapshotsActionsTest-96116236-project-admin] POST http://10.222.0.39/volume/v3/98e02dec783f4d2d88ad46834c570da5/snapshots/3e29080e-4eff-4ed9-b078-8f8daa3d3946/action
Jul 24 20:05:36.083004 dv-cinder-850449-2-smb devstack@c-api.service[111490]: DEBUG cinder.api.openstack.wsgi [None req-2cc7968e-aee0-449e-a100-2843efd8f540 tempest-SnapshotsActionsTest-96116236 tempest-SnapshotsActionsTest-96116236-project-admin] Action body: b'{"os-reset_status": {"status": "creating"}}' {{(pid=111490) get_method /opt/stack/cinder/cinder/api/openstack/wsgi.py:983}}
Jul 24 20:05:36.083537 dv-cinder-850449-2-smb devstack@c-api.service[111490]: DEBUG cinder.api.openstack.wsgi [None req-2cc7968e-aee0-449e-a100-2843efd8f540 tempest-SnapshotsActionsTest-96116236 tempest-SnapshotsActionsTest-96116236-project-admin] Action: 'action', calling method: _reset_status, body: {"os-reset_status": {"status": "creating"}} {{(pid=111490) _process_stack /opt/stack/cinder/cinder/api/openstack/wsgi.py:866}}
Jul 24 20:05:36.084402 dv-cinder-850449-2-smb devstack@c-api.service[111490]: DEBUG cinder.api.contrib.admin_actions [None req-2cc7968e-aee0-449e-a100-2843efd8f540 tempest-SnapshotsActionsTest-96116236 tempest-SnapshotsActionsTest-96116236-project-admin] Updating snapshot '3e29080e-4eff-4ed9-b078-8f8daa3d3946' with '{'status': 'creating'}' {{(pid=111490) _reset_status /opt/stack/cinder/cinder/api/contrib/admin_actions.py:100}}
Jul 24 20:05:36.122961 dv-cinder-850449-2-smb devstack@c-api.service[111490]: /usr/local/lib/python3.8/dist-packages/oslo_context/context.py:100: DeprecationWarning: Policy enforcement is depending on the value of is_admin. This key is deprecated. Please update your policy file to use the standard policy values.
Jul 24 20:05:36.122961 dv-cinder-850449-2-smb devstack@c-api.service[111490]: warnings.warn('Policy enforcement is depending on the value of '
Jul 24 20:05:36.132646 dv-cinder-850449-2-smb devstack@c-api.service[111489]: DEBUG cinder.volume.api [None req-684d23ab-6b19-41fb-a029-7ace25a8ee28 tempest-VolumeManageAdminTest-428245499 tempest-VolumeManageAdminTest-428245499-project] Task 'cinder.volume.flows.api.create_volume.VolumeCastTask;volume:create' (e8d74e7b-2bf2-492c-85b0-00495ebbae84) transitioned into state 'SUCCESS' from state 'RUNNING' with result 'None' {{(pid=111489) _task_receiver /usr/local/lib/python3.8/dist-packages/taskflow/listeners/logging.py:178}}
Jul 24 20:05:36.135637 dv-cinder-850449-2-smb devstack@c-api.service[111489]: DEBUG cinder.volume.api [None req-684d23ab-6b19-41fb-a029-7ace25a8ee28 tempest-VolumeManageAdminTest-428245499 tempest-VolumeManageAdminTest-428245499-project] Flow 'volume_create_api' (569c6f8f-e2fd-4f99-b39a-9944d1739a01) transitioned into state 'SUCCESS' from state 'RUNNING' {{(pid=111489) _flow_receiver /usr/local/lib/python3.8/dist-packages/taskflow/listeners/logging.py:141}}
Jul 24 20:05:36.136329 dv-cinder-850449-2-smb devstack@c-api.service[111489]: INFO cinder.volume.api [None req-684d23ab-6b19-41fb-a029-7ace25a8ee28 tempest-VolumeManageAdminTest-428245499 tempest-VolumeManageAdminTest-428245499-project] Create volume request issued successfully.
Jul 24 20:05:36.137616 dv-cinder-850449-2-smb devstack@c-api.service[111489]: INFO cinder.api.openstack.wsgi [None req-684d23ab-6b19-41fb-a029-7ace25a8ee28 tempest-VolumeManageAdminTest-428245499 tempest-VolumeManageAdminTest-428245499-project] http://10.222.0.39/volume/v3/77778f03391c46fd8accb12f69534aa5/volumes returned with HTTP 202
Jul 24 20:05:36.138396 dv-cinder-850449-2-smb devstack@c-api.service[111489]: [pid: 111489|app: 0|req: 68/142] 10.222.0.39 () {60 vars in 1234 bytes} [Sun Jul 24 20:05:34 2022] POST /volume/v3/77778f03391c46fd8accb12f69534aa5/volumes => generated 821 bytes in 1304 msecs (HTTP/1.1 202) 7 headers in 291 bytes (1 switches on core 0)
Jul 24 20:05:36.140141 dv-cinder-850449-2-smb devstack@c-api.service[111489]: DEBUG cinder.api.middleware.request_id [None req-526020b1-67ba-4f4f-8abd-9530a1ae5d94 None None] RequestId filter calling following filter/app {{(pid=111489) _context_setter /opt/stack/cinder/cinder/api/middleware/request_id.py:62}}
Jul 24 20:05:36.144152 dv-cinder-850449-2-smb devstack@c-api.service[111489]: INFO cinder.api.openstack.wsgi [None req-526020b1-67ba-4f4f-8abd-9530a1ae5d94 tempest-GroupsTest-1930981539 tempest-GroupsTest-1930981539-project] GET http://10.222.0.39/volume/v3/6736ff50e9b74dca85c9b766f4aac998/groups/2551ad70-d98e-4d13-8311-1d9dff77e1c3
Jul 24 20:05:36.144821 dv-cinder-850449-2-smb devstack@c-api.service[111489]: DEBUG cinder.api.openstack.wsgi [None req-526020b1-67ba-4f4f-8abd-9530a1ae5d94 tempest-GroupsTest-1930981539 tempest-GroupsTest-1930981539-project] Empty body provided in request {{(pid=111489) get_body /opt/stack/cinder/cinder/api/openstack/wsgi.py:715}}
Jul 24 20:05:36.145434 dv-cinder-850449-2-smb devstack@c-api.service[111489]: DEBUG cinder.api.openstack.wsgi [None req-526020b1-67ba-4f4f-8abd-9530a1ae5d94 tempest-GroupsTest-1930981539 tempest-GroupsTest-1930981539-project] Calling method 'version_select' {{(pid=111489) _process_stack /opt/stack/cinder/cinder/api/openstack/wsgi.py:868}}
Jul 24 20:05:36.145825 dv-cinder-850449-2-smb devstack@c-api.service[111489]: DEBUG cinder.api.v3.groups [None req-526020b1-67ba-4f4f-8abd-9530a1ae5d94 tempest-GroupsTest-1930981539 tempest-GroupsTest-1930981539-project] show called for member 2551ad70-d98e-4d13-8311-1d9dff77e1c3 {{(pid=111489) show /opt/stack/cinder/cinder/api/v3/groups.py:58}}
Jul 24 20:05:36.151716 dv-cinder-850449-2-smb devstack@c-api.service[111489]: INFO cinder.api.openstack.wsgi [None req-526020b1-67ba-4f4f-8abd-9530a1ae5d94 tempest-GroupsTest-1930981539 tempest-GroupsTest-1930981539-project] http://10.222.0.39/volume/v3/6736ff50e9b74dca85c9b766f4aac998/groups/2551ad70-d98e-4d13-8311-1d9dff77e1c3 returned with HTTP 404
Jul 24 20:05:36.152592 dv-cinder-850449-2-smb devstack@c-api.service[111489]: [pid: 111489|app: 0|req: 69/143] 10.222.0.39 () {60 vars in 1362 bytes} [Sun Jul 24 20:05:36 2022] GET /volume/v3/6736ff50e9b74dca85c9b766f4aac998/groups/2551ad70-d98e-4d13-8311-1d9dff77e1c3 => generated 108 bytes in 13 msecs (HTTP/1.1 404) 7 headers in 293 bytes (1 switches on core 0)
Jul 24 20:05:36.154029 dv-cinder-850449-2-smb devstack@c-api.service[111489]: DEBUG cinder.api.middleware.request_id [None req-7eb8caac-940e-4df9-9407-3d24181681e5 None None] RequestId filter calling following filter/app {{(pid=111489) _context_setter /opt/stack/cinder/cinder/api/middleware/request_id.py:62}}
Jul 24 20:05:36.255244 dv-cinder-850449-2-smb devstack@c-api.service[111489]: INFO cinder.api.openstack.wsgi [None req-7eb8caac-940e-4df9-9407-3d24181681e5 tempest-GroupSnapshotsTest-253100000 tempest-GroupSnapshotsTest-253100000-project] POST http://10.222.0.39/volume/v3/64412f3e3fff454d99e7c068e6330b8e/groups
Jul 24 20:05:36.255409 dv-cinder-850449-2-smb devstack@c-api.service[111490]: INFO cinder.api.openstack.wsgi [None req-2cc7968e-aee0-449e-a100-2843efd8f540 tempest-SnapshotsActionsTest-96116236 tempest-SnapshotsActionsTest-96116236-project-admin] http://10.222.0.39/volume/v3/98e02dec783f4d2d88ad46834c570da5/snapshots/3e29080e-4eff-4ed9-b078-8f8daa3d3946/action returned with HTTP 202
Jul 24 20:05:36.256152 dv-cinder-850449-2-smb devstack@c-api.service[111490]: [pid: 111490|app: 0|req: 75/144] 10.222.0.39 () {60 vars in 1372 bytes} [Sun Jul 24 20:05:35 2022] POST /volume/v3/98e02dec783f4d2d88ad46834c570da5/snapshots/3e29080e-4eff-4ed9-b078-8f8daa3d3946/action => generated 0 bytes in 312 msecs (HTTP/1.1 202) 7 headers in 289 bytes (1 switches on core 0)
Jul 24 20:05:36.256651 dv-cinder-850449-2-smb devstack@c-api.service[111489]: DEBUG cinder.api.openstack.wsgi [None req-7eb8caac-940e-4df9-9407-3d24181681e5 tempest-GroupSnapshotsTest-253100000 tempest-GroupSnapshotsTest-253100000-project] Action: 'create', calling method: version_select, body: {"group": {"group_type": "62310685-6077-435a-a43f-6a3b10db16bd", "volume_types": ["5390c3fe-df97-4c48-ab61-25bc28612dda"], "name": "tempest-GroupSnapshotsTest-Group-718086401"}} {{(pid=111489) _process_stack /opt/stack/cinder/cinder/api/openstack/wsgi.py:866}}
Jul 24 20:05:36.257542 dv-cinder-850449-2-smb devstack@c-api.service[111490]: DEBUG cinder.api.middleware.request_id [None req-e3f3f165-0e9b-4bca-affc-17fa751bda66 None None] RequestId filter calling following filter/app {{(pid=111490) _context_setter /opt/stack/cinder/cinder/api/middleware/request_id.py:62}}
Jul 24 20:05:36.257938 dv-cinder-850449-2-smb devstack@c-api.service[111489]: DEBUG cinder.api.v3.groups [None req-7eb8caac-940e-4df9-9407-3d24181681e5 tempest-GroupSnapshotsTest-253100000 tempest-GroupSnapshotsTest-253100000-project] Creating new group {'group': {'group_type': '62310685-6077-435a-a43f-6a3b10db16bd', 'volume_types': ['5390c3fe-df97-4c48-ab61-25bc28612dda'], 'name': 'tempest-GroupSnapshotsTest-Group-718086401'}} {{(pid=111489) create /opt/stack/cinder/cinder/api/v3/groups.py:190}}
Jul 24 20:05:36.261515 dv-cinder-850449-2-smb devstack@c-api.service[111490]: INFO cinder.api.openstack.wsgi [None req-e3f3f165-0e9b-4bca-affc-17fa751bda66 tempest-VolumeManageAdminTest-428245499 tempest-VolumeManageAdminTest-428245499-project] GET http://10.222.0.39/volume/v3/77778f03391c46fd8accb12f69534aa5/volumes/b54bdcd8-3295-4e6d-8420-ab18924c27cd
Jul 24 20:05:36.261989 dv-cinder-850449-2-smb devstack@c-api.service[111490]: DEBUG cinder.api.openstack.wsgi [None req-e3f3f165-0e9b-4bca-affc-17fa751bda66 tempest-VolumeManageAdminTest-428245499 tempest-VolumeManageAdminTest-428245499-project] Empty body provided in request {{(pid=111490) get_body /opt/stack/cinder/cinder/api/openstack/wsgi.py:715}}
Jul 24 20:05:36.262443 dv-cinder-850449-2-smb devstack@c-api.service[111490]: DEBUG cinder.api.openstack.wsgi [None req-e3f3f165-0e9b-4bca-affc-17fa751bda66 tempest-VolumeManageAdminTest-428245499 tempest-VolumeManageAdminTest-428245499-project] Calling method 'show' {{(pid=111490) _process_stack /opt/stack/cinder/cinder/api/openstack/wsgi.py:868}}
Jul 24 20:05:36.265299 dv-cinder-850449-2-smb devstack@c-api.service[111489]: INFO cinder.api.v3.groups [None req-7eb8caac-940e-4df9-9407-3d24181681e5 tempest-GroupSnapshotsTest-253100000 tempest-GroupSnapshotsTest-253100000-project] Creating group tempest-GroupSnapshotsTest-Group-718086401.
Jul 24 20:05:36.266413 dv-cinder-850449-2-smb devstack@c-api.service[111489]: /usr/local/lib/python3.8/dist-packages/oslo_context/context.py:100: DeprecationWarning: Policy enforcement is depending on the value of is_admin. This key is deprecated. Please update your policy file to use the standard policy values.
Jul 24 20:05:36.266413 dv-cinder-850449-2-smb devstack@c-api.service[111489]: warnings.warn('Policy enforcement is depending on the value of '
Jul 24 20:05:36.278147 dv-cinder-850449-2-smb devstack@c-api.service[111490]: /usr/local/lib/python3.8/dist-packages/oslo_context/context.py:100: DeprecationWarning: Policy enforcement is depending on the value of is_admin. This key is deprecated. Please update your policy file to use the standard policy values.
Jul 24 20:05:36.278147 dv-cinder-850449-2-smb devstack@c-api.service[111490]: warnings.warn('Policy enforcement is depending on the value of '
Jul 24 20:05:36.286058 dv-cinder-850449-2-smb devstack@c-api.service[111490]: INFO cinder.volume.api [None req-e3f3f165-0e9b-4bca-affc-17fa751bda66 tempest-VolumeManageAdminTest-428245499 tempest-VolumeManageAdminTest-428245499-project] Volume info retrieved successfully.
Jul 24 20:05:36.293353 dv-cinder-850449-2-smb devstack@c-api.service[111489]: DEBUG cinder.volume.api [None req-7eb8caac-940e-4df9-9407-3d24181681e5 tempest-GroupSnapshotsTest-253100000 tempest-GroupSnapshotsTest-253100000-project] Availability zone cache updated, next update will occur around 2022-07-24 21:05:36.292800. {{(pid=111489) list_availability_zones /opt/stack/cinder/cinder/volume/api.py:153}}
Jul 24 20:05:36.293656 dv-cinder-850449-2-smb devstack@c-api.service[111489]: INFO cinder.volume.api [None req-7eb8caac-940e-4df9-9407-3d24181681e5 tempest-GroupSnapshotsTest-253100000 tempest-GroupSnapshotsTest-253100000-project] Availability Zones retrieved successfully.
Jul 24 20:05:36.296761 dv-cinder-850449-2-smb devstack@c-api.service[111490]: INFO cinder.api.openstack.wsgi [None req-e3f3f165-0e9b-4bca-affc-17fa751bda66 tempest-VolumeManageAdminTest-428245499 tempest-VolumeManageAdminTest-428245499-project] http://10.222.0.39/volume/v3/77778f03391c46fd8accb12f69534aa5/volumes/b54bdcd8-3295-4e6d-8420-ab18924c27cd returned with HTTP 200
Jul 24 20:05:36.297539 dv-cinder-850449-2-smb devstack@c-api.service[111490]: [pid: 111490|app: 0|req: 76/145] 10.222.0.39 () {58 vars in 1324 bytes} [Sun Jul 24 20:05:36 2022] GET /volume/v3/77778f03391c46fd8accb12f69534aa5/volumes/b54bdcd8-3295-4e6d-8420-ab18924c27cd => generated 889 bytes in 41 msecs (HTTP/1.1 200) 7 headers in 285 bytes (1 switches on core 0)
Jul 24 20:05:36.306262 dv-cinder-850449-2-smb devstack@c-api.service[111490]: DEBUG cinder.api.middleware.request_id [None req-7ba2399a-1c27-4683-ae27-7ec117bf4d92 None None] RequestId filter calling following filter/app {{(pid=111490) _context_setter /opt/stack/cinder/cinder/api/middleware/request_id.py:62}}
Jul 24 20:05:36.311403 dv-cinder-850449-2-smb devstack@c-api.service[111490]: INFO cinder.api.openstack.wsgi [None req-7ba2399a-1c27-4683-ae27-7ec117bf4d92 tempest-GroupsTest-1930981539 tempest-GroupsTest-1930981539-project] GET http://10.222.0.39/volume/v3/6736ff50e9b74dca85c9b766f4aac998/groups/detail
Jul 24 20:05:36.312589 dv-cinder-850449-2-smb devstack@c-api.service[111490]: DEBUG cinder.api.openstack.wsgi [None req-7ba2399a-1c27-4683-ae27-7ec117bf4d92 tempest-GroupsTest-1930981539 tempest-GroupsTest-1930981539-project] Empty body provided in request {{(pid=111490) get_body /opt/stack/cinder/cinder/api/openstack/wsgi.py:715}}
Jul 24 20:05:36.313961 dv-cinder-850449-2-smb devstack@c-api.service[111490]: DEBUG cinder.api.openstack.wsgi [None req-7ba2399a-1c27-4683-ae27-7ec117bf4d92 tempest-GroupsTest-1930981539 tempest-GroupsTest-1930981539-project] Calling method 'version_select' {{(pid=111490) _process_stack /opt/stack/cinder/cinder/api/openstack/wsgi.py:868}}
Jul 24 20:05:36.323206 dv-cinder-850449-2-smb devstack@c-api.service[111490]: INFO cinder.api.openstack.wsgi [None req-7ba2399a-1c27-4683-ae27-7ec117bf4d92 tempest-GroupsTest-1930981539 tempest-GroupsTest-1930981539-project] http://10.222.0.39/volume/v3/6736ff50e9b74dca85c9b766f4aac998/groups/detail returned with HTTP 200
Jul 24 20:05:36.324305 dv-cinder-850449-2-smb devstack@c-api.service[111490]: [pid: 111490|app: 0|req: 77/146] 10.222.0.39 () {60 vars in 1272 bytes} [Sun Jul 24 20:05:36 2022] GET /volume/v3/6736ff50e9b74dca85c9b766f4aac998/groups/detail => generated 14 bytes in 26 msecs (HTTP/1.1 200) 7 headers in 285 bytes (1 switches on core 0)
Jul 24 20:05:36.341414 dv-cinder-850449-2-smb devstack@c-api.service[111490]: DEBUG cinder.api.middleware.request_id [None req-a3b463e1-5eff-4f7f-9468-ebbdbefbe9ad None None] RequestId filter calling following filter/app {{(pid=111490) _context_setter /opt/stack/cinder/cinder/api/middleware/request_id.py:62}}
