Jul 24 20:05:44.442786 dv-cinder-850449-2-smb devstack@c-api.service[111490]: warnings.warn('Policy enforcement is depending on the value of '
Jul 24 20:05:44.485999 dv-cinder-850449-2-smb devstack@c-api.service[111489]: DEBUG dbcounter [-] [111489] Writing DB stats cinder:SELECT=80,cinder:INSERT=6,cinder:UPDATE=14 {{(pid=111489) stat_writer /usr/local/lib/python3.8/dist-packages/dbcounter.py:114}}
Jul 24 20:05:44.621793 dv-cinder-850449-2-smb devstack@c-api.service[111490]: INFO cinder.api.openstack.wsgi [None req-34dc7b3f-6588-435b-bd14-4f544ace7914 tempest-GroupsTest-1930981539 tempest-GroupsTest-1930981539-project] http://10.222.0.39/volume/v3/6736ff50e9b74dca85c9b766f4aac998/groups/e6859d03-758c-4b32-86a5-6adade103a72 returned with HTTP 202
Jul 24 20:05:44.623588 dv-cinder-850449-2-smb devstack@c-api.service[111490]: [pid: 111490|app: 0|req: 110/221] 10.222.0.39 () {62 vars in 1382 bytes} [Sun Jul 24 20:05:44 2022] PUT /volume/v3/6736ff50e9b74dca85c9b766f4aac998/groups/e6859d03-758c-4b32-86a5-6adade103a72 => generated 0 bytes in 199 msecs (HTTP/1.1 202) 6 headers in 234 bytes (1 switches on core 0)
Jul 24 20:05:44.634691 dv-cinder-850449-2-smb devstack@c-api.service[111489]: DEBUG cinder.api.middleware.request_id [None req-425432da-0015-410b-b53c-fff8f0df9e94 None None] RequestId filter calling following filter/app {{(pid=111489) _context_setter /opt/stack/cinder/cinder/api/middleware/request_id.py:62}}
Jul 24 20:05:44.642219 dv-cinder-850449-2-smb devstack@c-api.service[111489]: INFO cinder.api.openstack.wsgi [None req-425432da-0015-410b-b53c-fff8f0df9e94 tempest-GroupsTest-1930981539 tempest-GroupsTest-1930981539-project] GET http://10.222.0.39/volume/v3/6736ff50e9b74dca85c9b766f4aac998/groups/e6859d03-758c-4b32-86a5-6adade103a72
Jul 24 20:05:44.643511 dv-cinder-850449-2-smb devstack@c-api.service[111489]: DEBUG cinder.api.openstack.wsgi [None req-425432da-0015-410b-b53c-fff8f0df9e94 tempest-GroupsTest-1930981539 tempest-GroupsTest-1930981539-project] Empty body provided in request {{(pid=111489) get_body /opt/stack/cinder/cinder/api/openstack/wsgi.py:715}}
Jul 24 20:05:44.650969 dv-cinder-850449-2-smb devstack@c-api.service[111490]: DEBUG cinder.api.middleware.request_id [None req-0791024f-11b8-40f0-b716-2eac7c9d0a1d None None] RequestId filter calling following filter/app {{(pid=111490) _context_setter /opt/stack/cinder/cinder/api/middleware/request_id.py:62}}
Jul 24 20:05:44.658905 dv-cinder-850449-2-smb devstack@c-api.service[111490]: INFO cinder.api.openstack.wsgi [None req-0791024f-11b8-40f0-b716-2eac7c9d0a1d tempest-GroupSnapshotsTest-253100000 tempest-GroupSnapshotsTest-253100000-project] GET http://10.222.0.39/volume/v3/64412f3e3fff454d99e7c068e6330b8e/volumes/b4eac607-3c9f-4e0c-a42c-9556fb38e67d
Jul 24 20:05:44.659567 dv-cinder-850449-2-smb devstack@c-api.service[111489]: DEBUG cinder.api.openstack.wsgi [None req-425432da-0015-410b-b53c-fff8f0df9e94 tempest-GroupsTest-1930981539 tempest-GroupsTest-1930981539-project] Calling method 'version_select' {{(pid=111489) _process_stack /opt/stack/cinder/cinder/api/openstack/wsgi.py:868}}
Jul 24 20:05:44.660321 dv-cinder-850449-2-smb devstack@c-api.service[111489]: DEBUG cinder.api.v3.groups [None req-425432da-0015-410b-b53c-fff8f0df9e94 tempest-GroupsTest-1930981539 tempest-GroupsTest-1930981539-project] show called for member e6859d03-758c-4b32-86a5-6adade103a72 {{(pid=111489) show /opt/stack/cinder/cinder/api/v3/groups.py:58}}
Jul 24 20:05:44.686372 dv-cinder-850449-2-smb devstack@c-api.service[111490]: DEBUG cinder.api.openstack.wsgi [None req-0791024f-11b8-40f0-b716-2eac7c9d0a1d tempest-GroupSnapshotsTest-253100000 tempest-GroupSnapshotsTest-253100000-project] Empty body provided in request {{(pid=111490) get_body /opt/stack/cinder/cinder/api/openstack/wsgi.py:715}}
Jul 24 20:05:44.691973 dv-cinder-850449-2-smb devstack@c-api.service[111490]: DEBUG cinder.api.openstack.wsgi [None req-0791024f-11b8-40f0-b716-2eac7c9d0a1d tempest-GroupSnapshotsTest-253100000 tempest-GroupSnapshotsTest-253100000-project] Calling method 'show' {{(pid=111490) _process_stack /opt/stack/cinder/cinder/api/openstack/wsgi.py:868}}
Jul 24 20:05:44.720226 dv-cinder-850449-2-smb devstack@c-api.service[111489]: /usr/local/lib/python3.8/dist-packages/oslo_context/context.py:100: DeprecationWarning: Policy enforcement is depending on the value of is_admin. This key is deprecated. Please update your policy file to use the standard policy values.
Jul 24 20:05:44.720226 dv-cinder-850449-2-smb devstack@c-api.service[111489]: warnings.warn('Policy enforcement is depending on the value of '
Jul 24 20:05:44.778425 dv-cinder-850449-2-smb devstack@c-api.service[111490]: /usr/local/lib/python3.8/dist-packages/oslo_context/context.py:100: DeprecationWarning: Policy enforcement is depending on the value of is_admin. This key is deprecated. Please update your policy file to use the standard policy values.
Jul 24 20:05:44.778425 dv-cinder-850449-2-smb devstack@c-api.service[111490]: warnings.warn('Policy enforcement is depending on the value of '
Jul 24 20:05:44.785176 dv-cinder-850449-2-smb devstack@c-api.service[111489]: INFO cinder.api.openstack.wsgi [None req-425432da-0015-410b-b53c-fff8f0df9e94 tempest-GroupsTest-1930981539 tempest-GroupsTest-1930981539-project] http://10.222.0.39/volume/v3/6736ff50e9b74dca85c9b766f4aac998/groups/e6859d03-758c-4b32-86a5-6adade103a72 returned with HTTP 200
Jul 24 20:05:44.788209 dv-cinder-850449-2-smb devstack@c-api.service[111489]: [pid: 111489|app: 0|req: 112/222] 10.222.0.39 () {60 vars in 1362 bytes} [Sun Jul 24 20:05:44 2022] GET /volume/v3/6736ff50e9b74dca85c9b766f4aac998/groups/e6859d03-758c-4b32-86a5-6adade103a72 => generated 323 bytes in 158 msecs (HTTP/1.1 200) 7 headers in 286 bytes (1 switches on core 0)
Jul 24 20:05:44.801631 dv-cinder-850449-2-smb devstack@c-api.service[111490]: INFO cinder.volume.api [None req-0791024f-11b8-40f0-b716-2eac7c9d0a1d tempest-GroupSnapshotsTest-253100000 tempest-GroupSnapshotsTest-253100000-project] Volume info retrieved successfully.
Jul 24 20:05:44.804587 dv-cinder-850449-2-smb devstack@c-api.service[111490]: WARNING stevedore.named [None req-0791024f-11b8-40f0-b716-2eac7c9d0a1d tempest-GroupSnapshotsTest-253100000 tempest-GroupSnapshotsTest-253100000-project] Could not load cinder.keymgr.conf_key_mgr.ConfKeyManager
Jul 24 20:05:44.805275 dv-cinder-850449-2-smb devstack@c-api.service[111490]: WARNING castellan.key_manager [None req-0791024f-11b8-40f0-b716-2eac7c9d0a1d tempest-GroupSnapshotsTest-253100000 tempest-GroupSnapshotsTest-253100000-project] Deprecation Warning : cinder.keymgr.conf_key_mgr.ConfKeyManager is not a stevedore based driver, trying to load it as a class: stevedore.exception.NoMatches: No 'castellan.drivers' driver found, looking for 'cinder.keymgr.conf_key_mgr.ConfKeyManager'
Jul 24 20:05:44.828665 dv-cinder-850449-2-smb devstack@c-api.service[111490]: DEBUG oslo_db.sqlalchemy.engines [None req-0791024f-11b8-40f0-b716-2eac7c9d0a1d tempest-GroupSnapshotsTest-253100000 tempest-GroupSnapshotsTest-253100000-project] MySQL server mode set to STRICT_TRANS_TABLES,STRICT_ALL_TABLES,NO_ZERO_IN_DATE,NO_ZERO_DATE,ERROR_FOR_DIVISION_BY_ZERO,TRADITIONAL,NO_ENGINE_SUBSTITUTION {{(pid=111490) _check_effective_sql_mode /usr/local/lib/python3.8/dist-packages/oslo_db/sqlalchemy/engines.py:314}}
Jul 24 20:05:44.844743 dv-cinder-850449-2-smb devstack@c-api.service[111490]: /usr/local/lib/python3.8/dist-packages/oslo_context/context.py:100: DeprecationWarning: Policy enforcement is depending on the value of is_admin. This key is deprecated. Please update your policy file to use the standard policy values.
Jul 24 20:05:44.844743 dv-cinder-850449-2-smb devstack@c-api.service[111490]: warnings.warn('Policy enforcement is depending on the value of '
Jul 24 20:05:44.876965 dv-cinder-850449-2-smb devstack@c-api.service[111490]: INFO cinder.api.openstack.wsgi [None req-0791024f-11b8-40f0-b716-2eac7c9d0a1d tempest-GroupSnapshotsTest-253100000 tempest-GroupSnapshotsTest-253100000-project] http://10.222.0.39/volume/v3/64412f3e3fff454d99e7c068e6330b8e/volumes/b4eac607-3c9f-4e0c-a42c-9556fb38e67d returned with HTTP 200
Jul 24 20:05:44.878575 dv-cinder-850449-2-smb devstack@c-api.service[111490]: [pid: 111490|app: 0|req: 111/223] 10.222.0.39 () {60 vars in 1365 bytes} [Sun Jul 24 20:05:44 2022] GET /volume/v3/64412f3e3fff454d99e7c068e6330b8e/volumes/b4eac607-3c9f-4e0c-a42c-9556fb38e67d => generated 992 bytes in 230 msecs (HTTP/1.1 200) 7 headers in 286 bytes (1 switches on core 0)
Jul 24 20:05:44.904022 dv-cinder-850449-2-smb devstack@c-api.service[111489]: DEBUG cinder.api.middleware.request_id [None req-52343384-db21-4809-a5f1-0ef062eece6b None None] RequestId filter calling following filter/app {{(pid=111489) _context_setter /opt/stack/cinder/cinder/api/middleware/request_id.py:62}}
Jul 24 20:05:44.912278 dv-cinder-850449-2-smb devstack@c-api.service[111489]: INFO cinder.api.openstack.wsgi [None req-52343384-db21-4809-a5f1-0ef062eece6b tempest-GroupSnapshotsTest-253100000 tempest-GroupSnapshotsTest-253100000-project] GET http://10.222.0.39/volume/v3/64412f3e3fff454d99e7c068e6330b8e/groups/d4a214b5-d937-4673-b400-644348e91d28
Jul 24 20:05:44.913519 dv-cinder-850449-2-smb devstack@c-api.service[111489]: DEBUG cinder.api.openstack.wsgi [None req-52343384-db21-4809-a5f1-0ef062eece6b tempest-GroupSnapshotsTest-253100000 tempest-GroupSnapshotsTest-253100000-project] Empty body provided in request {{(pid=111489) get_body /opt/stack/cinder/cinder/api/openstack/wsgi.py:715}}
Jul 24 20:05:44.914505 dv-cinder-850449-2-smb devstack@c-api.service[111489]: DEBUG cinder.api.openstack.wsgi [None req-52343384-db21-4809-a5f1-0ef062eece6b tempest-GroupSnapshotsTest-253100000 tempest-GroupSnapshotsTest-253100000-project] Calling method 'version_select' {{(pid=111489) _process_stack /opt/stack/cinder/cinder/api/openstack/wsgi.py:868}}
Jul 24 20:05:44.915293 dv-cinder-850449-2-smb devstack@c-api.service[111489]: DEBUG cinder.api.v3.groups [None req-52343384-db21-4809-a5f1-0ef062eece6b tempest-GroupSnapshotsTest-253100000 tempest-GroupSnapshotsTest-253100000-project] show called for member d4a214b5-d937-4673-b400-644348e91d28 {{(pid=111489) show /opt/stack/cinder/cinder/api/v3/groups.py:58}}
Jul 24 20:05:44.930135 dv-cinder-850449-2-smb devstack@c-api.service[111489]: /usr/local/lib/python3.8/dist-packages/oslo_context/context.py:100: DeprecationWarning: Policy enforcement is depending on the value of is_admin. This key is deprecated. Please update your policy file to use the standard policy values.
Jul 24 20:05:44.930135 dv-cinder-850449-2-smb devstack@c-api.service[111489]: warnings.warn('Policy enforcement is depending on the value of '
Jul 24 20:05:44.934551 dv-cinder-850449-2-smb devstack@c-api.service[111490]: DEBUG cinder.api.middleware.request_id [None req-38ec86fd-c84f-46a1-b255-7864ab2de4bd None None] RequestId filter calling following filter/app {{(pid=111490) _context_setter /opt/stack/cinder/cinder/api/middleware/request_id.py:62}}
Jul 24 20:05:44.949267 dv-cinder-850449-2-smb devstack@c-api.service[111490]: INFO cinder.api.openstack.wsgi [None req-38ec86fd-c84f-46a1-b255-7864ab2de4bd tempest-SnapshotsActionsTest-1819800248 tempest-SnapshotsActionsTest-1819800248-project] GET http://10.222.0.39/volume/v3/09b0fd3e6d454653848b0c1afa074f01/snapshots/fb4c994b-d6dc-47f6-bd2c-62ca5b062ec3
Jul 24 20:05:44.950387 dv-cinder-850449-2-smb devstack@c-api.service[111490]: DEBUG cinder.api.openstack.wsgi [None req-38ec86fd-c84f-46a1-b255-7864ab2de4bd tempest-SnapshotsActionsTest-1819800248 tempest-SnapshotsActionsTest-1819800248-project] Empty body provided in request {{(pid=111490) get_body /opt/stack/cinder/cinder/api/openstack/wsgi.py:715}}
Jul 24 20:05:44.951499 dv-cinder-850449-2-smb devstack@c-api.service[111490]: DEBUG cinder.api.openstack.wsgi [None req-38ec86fd-c84f-46a1-b255-7864ab2de4bd tempest-SnapshotsActionsTest-1819800248 tempest-SnapshotsActionsTest-1819800248-project] Calling method 'show' {{(pid=111490) _process_stack /opt/stack/cinder/cinder/api/openstack/wsgi.py:868}}
Jul 24 20:05:45.000891 dv-cinder-850449-2-smb devstack@c-api.service[111490]: /usr/local/lib/python3.8/dist-packages/oslo_context/context.py:100: DeprecationWarning: Policy enforcement is depending on the value of is_admin. This key is deprecated. Please update your policy file to use the standard policy values.
Jul 24 20:05:45.000891 dv-cinder-850449-2-smb devstack@c-api.service[111490]: warnings.warn('Policy enforcement is depending on the value of '
Jul 24 20:05:45.005000 dv-cinder-850449-2-smb devstack@c-api.service[111490]: INFO cinder.volume.api [None req-38ec86fd-c84f-46a1-b255-7864ab2de4bd tempest-SnapshotsActionsTest-1819800248 tempest-SnapshotsActionsTest-1819800248-project] Snapshot retrieved successfully.
Jul 24 20:05:45.009008 dv-cinder-850449-2-smb devstack@c-api.service[111490]: INFO cinder.api.openstack.wsgi [None req-38ec86fd-c84f-46a1-b255-7864ab2de4bd tempest-SnapshotsActionsTest-1819800248 tempest-SnapshotsActionsTest-1819800248-project] http://10.222.0.39/volume/v3/09b0fd3e6d454653848b0c1afa074f01/snapshots/fb4c994b-d6dc-47f6-bd2c-62ca5b062ec3 returned with HTTP 200
Jul 24 20:05:45.010906 dv-cinder-850449-2-smb devstack@c-api.service[111490]: [pid: 111490|app: 0|req: 112/224] 10.222.0.39 () {58 vars in 1330 bytes} [Sun Jul 24 20:05:44 2022] GET /volume/v3/09b0fd3e6d454653848b0c1afa074f01/snapshots/fb4c994b-d6dc-47f6-bd2c-62ca5b062ec3 => generated 569 bytes in 79 msecs (HTTP/1.1 200) 7 headers in 285 bytes (1 switches on core 0)
Jul 24 20:05:45.011725 dv-cinder-850449-2-smb devstack@c-api.service[111489]: INFO cinder.api.openstack.wsgi [None req-52343384-db21-4809-a5f1-0ef062eece6b tempest-GroupSnapshotsTest-253100000 tempest-GroupSnapshotsTest-253100000-project] http://10.222.0.39/volume/v3/64412f3e3fff454d99e7c068e6330b8e/groups/d4a214b5-d937-4673-b400-644348e91d28 returned with HTTP 200
Jul 24 20:05:45.012509 dv-cinder-850449-2-smb devstack@c-api.service[111489]: [pid: 111489|app: 0|req: 113/225] 10.222.0.39 () {60 vars in 1362 bytes} [Sun Jul 24 20:05:44 2022] GET /volume/v3/64412f3e3fff454d99e7c068e6330b8e/groups/d4a214b5-d937-4673-b400-644348e91d28 => generated 417 bytes in 111 msecs (HTTP/1.1 200) 7 headers in 286 bytes (1 switches on core 0)
Jul 24 20:05:45.024609 dv-cinder-850449-2-smb devstack@c-api.service[111490]: DEBUG cinder.api.middleware.request_id [None req-34d0189e-3c54-48d1-b2f2-83f46f9a516a None None] RequestId filter calling following filter/app {{(pid=111490) _context_setter /opt/stack/cinder/cinder/api/middleware/request_id.py:62}}
Jul 24 20:05:45.026077 dv-cinder-850449-2-smb devstack@c-api.service[111489]: DEBUG cinder.api.middleware.request_id [None req-e48f26a2-7173-4c44-9e7b-06a7e062d340 None None] RequestId filter calling following filter/app {{(pid=111489) _context_setter /opt/stack/cinder/cinder/api/middleware/request_id.py:62}}
Jul 24 20:05:45.030054 dv-cinder-850449-2-smb devstack@c-api.service[111489]: INFO cinder.api.openstack.wsgi [None req-e48f26a2-7173-4c44-9e7b-06a7e062d340 tempest-GroupSnapshotsTest-253100000 tempest-GroupSnapshotsTest-253100000-project] GET http://10.222.0.39/volume/v3/64412f3e3fff454d99e7c068e6330b8e/volumes/detail
Jul 24 20:05:45.030621 dv-cinder-850449-2-smb devstack@c-api.service[111489]: DEBUG cinder.api.openstack.wsgi [None req-e48f26a2-7173-4c44-9e7b-06a7e062d340 tempest-GroupSnapshotsTest-253100000 tempest-GroupSnapshotsTest-253100000-project] Empty body provided in request {{(pid=111489) get_body /opt/stack/cinder/cinder/api/openstack/wsgi.py:715}}
Jul 24 20:05:45.032192 dv-cinder-850449-2-smb devstack@c-api.service[111489]: DEBUG cinder.api.openstack.wsgi [None req-e48f26a2-7173-4c44-9e7b-06a7e062d340 tempest-GroupSnapshotsTest-253100000 tempest-GroupSnapshotsTest-253100000-project] Calling method 'detail' {{(pid=111489) _process_stack /opt/stack/cinder/cinder/api/openstack/wsgi.py:868}}
Jul 24 20:05:45.032192 dv-cinder-850449-2-smb devstack@c-api.service[111489]: DEBUG cinder.api.api_utils [None req-e48f26a2-7173-4c44-9e7b-06a7e062d340 tempest-GroupSnapshotsTest-253100000 tempest-GroupSnapshotsTest-253100000-project] Removing options '' from query. {{(pid=111489) remove_invalid_filter_options /opt/stack/cinder/cinder/api/api_utils.py:83}}
Jul 24 20:05:45.033062 dv-cinder-850449-2-smb devstack@c-api.service[111490]: INFO cinder.api.openstack.wsgi [None req-34d0189e-3c54-48d1-b2f2-83f46f9a516a tempest-SnapshotsActionsTest-96116236 tempest-SnapshotsActionsTest-96116236-project-admin] POST http://10.222.0.39/volume/v3/98e02dec783f4d2d88ad46834c570da5/snapshots/fb4c994b-d6dc-47f6-bd2c-62ca5b062ec3/action
Jul 24 20:05:45.033707 dv-cinder-850449-2-smb devstack@c-api.service[111489]: /usr/local/lib/python3.8/dist-packages/oslo_context/context.py:100: DeprecationWarning: Policy enforcement is depending on the value of is_admin. This key is deprecated. Please update your policy file to use the standard policy values.
Jul 24 20:05:45.033707 dv-cinder-850449-2-smb devstack@c-api.service[111489]: warnings.warn('Policy enforcement is depending on the value of '
Jul 24 20:05:45.035236 dv-cinder-850449-2-smb devstack@c-api.service[111489]: DEBUG cinder.volume.api [None req-e48f26a2-7173-4c44-9e7b-06a7e062d340 tempest-GroupSnapshotsTest-253100000 tempest-GroupSnapshotsTest-253100000-project] Searching by: MultiDict([('no_migration_targets', True)]). {{(pid=111489) get_all /opt/stack/cinder/cinder/volume/api.py:664}}
Jul 24 20:05:45.038361 dv-cinder-850449-2-smb devstack@c-api.service[111490]: DEBUG cinder.api.openstack.wsgi [None req-34d0189e-3c54-48d1-b2f2-83f46f9a516a tempest-SnapshotsActionsTest-96116236 tempest-SnapshotsActionsTest-96116236-project-admin] Action body: b'{"os-reset_status": {"status": "error"}}' {{(pid=111490) get_method /opt/stack/cinder/cinder/api/openstack/wsgi.py:983}}
Jul 24 20:05:45.039240 dv-cinder-850449-2-smb devstack@c-api.service[111490]: DEBUG cinder.api.openstack.wsgi [None req-34d0189e-3c54-48d1-b2f2-83f46f9a516a tempest-SnapshotsActionsTest-96116236 tempest-SnapshotsActionsTest-96116236-project-admin] Action: 'action', calling method: _reset_status, body: {"os-reset_status": {"status": "error"}} {{(pid=111490) _process_stack /opt/stack/cinder/cinder/api/openstack/wsgi.py:866}}
Jul 24 20:05:45.041231 dv-cinder-850449-2-smb devstack@c-api.service[111490]: DEBUG cinder.api.contrib.admin_actions [None req-34d0189e-3c54-48d1-b2f2-83f46f9a516a tempest-SnapshotsActionsTest-96116236 tempest-SnapshotsActionsTest-96116236-project-admin] Updating snapshot 'fb4c994b-d6dc-47f6-bd2c-62ca5b062ec3' with '{'status': 'error'}' {{(pid=111490) _reset_status /opt/stack/cinder/cinder/api/contrib/admin_actions.py:100}}
Jul 24 20:05:45.087820 dv-cinder-850449-2-smb devstack@c-api.service[111490]: /usr/local/lib/python3.8/dist-packages/oslo_context/context.py:100: DeprecationWarning: Policy enforcement is depending on the value of is_admin. This key is deprecated. Please update your policy file to use the standard policy values.
Jul 24 20:05:45.087820 dv-cinder-850449-2-smb devstack@c-api.service[111490]: warnings.warn('Policy enforcement is depending on the value of '
Jul 24 20:05:45.110760 dv-cinder-850449-2-smb devstack@c-api.service[111489]: INFO cinder.volume.api [None req-e48f26a2-7173-4c44-9e7b-06a7e062d340 tempest-GroupSnapshotsTest-253100000 tempest-GroupSnapshotsTest-253100000-project] Get all volumes completed successfully.
Jul 24 20:05:45.112707 dv-cinder-850449-2-smb devstack@c-api.service[111489]: WARNING stevedore.named [None req-e48f26a2-7173-4c44-9e7b-06a7e062d340 tempest-GroupSnapshotsTest-253100000 tempest-GroupSnapshotsTest-253100000-project] Could not load cinder.keymgr.conf_key_mgr.ConfKeyManager
Jul 24 20:05:45.113083 dv-cinder-850449-2-smb devstack@c-api.service[111489]: WARNING castellan.key_manager [None req-e48f26a2-7173-4c44-9e7b-06a7e062d340 tempest-GroupSnapshotsTest-253100000 tempest-GroupSnapshotsTest-253100000-project] Deprecation Warning : cinder.keymgr.conf_key_mgr.ConfKeyManager is not a stevedore based driver, trying to load it as a class: stevedore.exception.NoMatches: No 'castellan.drivers' driver found, looking for 'cinder.keymgr.conf_key_mgr.ConfKeyManager'
Jul 24 20:05:45.124887 dv-cinder-850449-2-smb devstack@c-api.service[111489]: DEBUG oslo_db.sqlalchemy.engines [None req-e48f26a2-7173-4c44-9e7b-06a7e062d340 tempest-GroupSnapshotsTest-253100000 tempest-GroupSnapshotsTest-253100000-project] MySQL server mode set to STRICT_TRANS_TABLES,STRICT_ALL_TABLES,NO_ZERO_IN_DATE,NO_ZERO_DATE,ERROR_FOR_DIVISION_BY_ZERO,TRADITIONAL,NO_ENGINE_SUBSTITUTION {{(pid=111489) _check_effective_sql_mode /usr/local/lib/python3.8/dist-packages/oslo_db/sqlalchemy/engines.py:314}}
Jul 24 20:05:45.141784 dv-cinder-850449-2-smb devstack@c-api.service[111489]: /usr/local/lib/python3.8/dist-packages/oslo_context/context.py:100: DeprecationWarning: Policy enforcement is depending on the value of is_admin. This key is deprecated. Please update your policy file to use the standard policy values.
Jul 24 20:05:45.141784 dv-cinder-850449-2-smb devstack@c-api.service[111489]: warnings.warn('Policy enforcement is depending on the value of '
Jul 24 20:05:45.162011 dv-cinder-850449-2-smb devstack@c-api.service[111489]: WARNING stevedore.named [None req-e48f26a2-7173-4c44-9e7b-06a7e062d340 tempest-GroupSnapshotsTest-253100000 tempest-GroupSnapshotsTest-253100000-project] Could not load cinder.keymgr.conf_key_mgr.ConfKeyManager
Jul 24 20:05:45.163054 dv-cinder-850449-2-smb devstack@c-api.service[111489]: WARNING castellan.key_manager [None req-e48f26a2-7173-4c44-9e7b-06a7e062d340 tempest-GroupSnapshotsTest-253100000 tempest-GroupSnapshotsTest-253100000-project] Deprecation Warning : cinder.keymgr.conf_key_mgr.ConfKeyManager is not a stevedore based driver, trying to load it as a class: stevedore.exception.NoMatches: No 'castellan.drivers' driver found, looking for 'cinder.keymgr.conf_key_mgr.ConfKeyManager'
Jul 24 20:05:45.178177 dv-cinder-850449-2-smb devstack@c-api.service[111489]: DEBUG oslo_db.sqlalchemy.engines [None req-e48f26a2-7173-4c44-9e7b-06a7e062d340 tempest-GroupSnapshotsTest-253100000 tempest-GroupSnapshotsTest-253100000-project] MySQL server mode set to STRICT_TRANS_TABLES,STRICT_ALL_TABLES,NO_ZERO_IN_DATE,NO_ZERO_DATE,ERROR_FOR_DIVISION_BY_ZERO,TRADITIONAL,NO_ENGINE_SUBSTITUTION {{(pid=111489) _check_effective_sql_mode /usr/local/lib/python3.8/dist-packages/oslo_db/sqlalchemy/engines.py:314}}
Jul 24 20:05:45.188308 dv-cinder-850449-2-smb devstack@c-api.service[111489]: /usr/local/lib/python3.8/dist-packages/oslo_context/context.py:100: DeprecationWarning: Policy enforcement is depending on the value of is_admin. This key is deprecated. Please update your policy file to use the standard policy values.
Jul 24 20:05:45.188308 dv-cinder-850449-2-smb devstack@c-api.service[111489]: warnings.warn('Policy enforcement is depending on the value of '
Jul 24 20:05:45.211337 dv-cinder-850449-2-smb devstack@c-api.service[111489]: INFO cinder.api.openstack.wsgi [None req-e48f26a2-7173-4c44-9e7b-06a7e062d340 tempest-GroupSnapshotsTest-253100000 tempest-GroupSnapshotsTest-253100000-project] http://10.222.0.39/volume/v3/64412f3e3fff454d99e7c068e6330b8e/volumes/detail returned with HTTP 200
Jul 24 20:05:45.212141 dv-cinder-850449-2-smb devstack@c-api.service[111489]: [pid: 111489|app: 0|req: 114/226] 10.222.0.39 () {60 vars in 1275 bytes} [Sun Jul 24 20:05:45 2022] GET /volume/v3/64412f3e3fff454d99e7c068e6330b8e/volumes/detail => generated 1984 bytes in 187 msecs (HTTP/1.1 200) 7 headers in 287 bytes (1 switches on core 0)
Jul 24 20:05:45.227473 dv-cinder-850449-2-smb devstack@c-api.service[111489]: DEBUG cinder.api.middleware.request_id [None req-162646fc-7b96-4e91-a5d2-930294166a19 None None] RequestId filter calling following filter/app {{(pid=111489) _context_setter /opt/stack/cinder/cinder/api/middleware/request_id.py:62}}
Jul 24 20:05:45.232509 dv-cinder-850449-2-smb devstack@c-api.service[111489]: INFO cinder.api.openstack.wsgi [None req-162646fc-7b96-4e91-a5d2-930294166a19 tempest-GroupSnapshotsTest-253100000 tempest-GroupSnapshotsTest-253100000-project] POST http://10.222.0.39/volume/v3/64412f3e3fff454d99e7c068e6330b8e/groups/d4a214b5-d937-4673-b400-644348e91d28/action
Jul 24 20:05:45.233928 dv-cinder-850449-2-smb devstack@c-api.service[111489]: DEBUG cinder.api.openstack.wsgi [None req-162646fc-7b96-4e91-a5d2-930294166a19 tempest-GroupSnapshotsTest-253100000 tempest-GroupSnapshotsTest-253100000-project] Action body: b'{"delete": {"delete-volumes": true}}' {{(pid=111489) get_method /opt/stack/cinder/cinder/api/openstack/wsgi.py:983}}
Jul 24 20:05:45.235314 dv-cinder-850449-2-smb devstack@c-api.service[111489]: DEBUG cinder.api.openstack.wsgi [None req-162646fc-7b96-4e91-a5d2-930294166a19 tempest-GroupSnapshotsTest-253100000 tempest-GroupSnapshotsTest-253100000-project] Action: 'action', calling method: delete_group, body: {"delete": {"delete-volumes": true}} {{(pid=111489) _process_stack /opt/stack/cinder/cinder/api/openstack/wsgi.py:866}}
Jul 24 20:05:45.236552 dv-cinder-850449-2-smb devstack@c-api.service[111489]: DEBUG cinder.api.v3.groups [None req-162646fc-7b96-4e91-a5d2-930294166a19 tempest-GroupSnapshotsTest-253100000 tempest-GroupSnapshotsTest-253100000-project] delete called for group d4a214b5-d937-4673-b400-644348e91d28 {{(pid=111489) _delete /opt/stack/cinder/cinder/api/v3/groups.py:117}}
Jul 24 20:05:45.237016 dv-cinder-850449-2-smb devstack@c-api.service[111489]: INFO cinder.api.v3.groups [None req-162646fc-7b96-4e91-a5d2-930294166a19 tempest-GroupSnapshotsTest-253100000 tempest-GroupSnapshotsTest-253100000-project] Delete group with id: d4a214b5-d937-4673-b400-644348e91d28
Jul 24 20:05:45.245124 dv-cinder-850449-2-smb devstack@c-api.service[111490]: INFO cinder.api.openstack.wsgi [None req-34d0189e-3c54-48d1-b2f2-83f46f9a516a tempest-SnapshotsActionsTest-96116236 tempest-SnapshotsActionsTest-96116236-project-admin] http://10.222.0.39/volume/v3/98e02dec783f4d2d88ad46834c570da5/snapshots/fb4c994b-d6dc-47f6-bd2c-62ca5b062ec3/action returned with HTTP 202
Jul 24 20:05:45.252519 dv-cinder-850449-2-smb devstack@c-api.service[111490]: [pid: 111490|app: 0|req: 113/227] 10.222.0.39 () {60 vars in 1372 bytes} [Sun Jul 24 20:05:45 2022] POST /volume/v3/98e02dec783f4d2d88ad46834c570da5/snapshots/fb4c994b-d6dc-47f6-bd2c-62ca5b062ec3/action => generated 0 bytes in 230 msecs (HTTP/1.1 202) 7 headers in 289 bytes (1 switches on core 0)
Jul 24 20:05:45.259076 dv-cinder-850449-2-smb devstack@c-api.service[111490]: DEBUG cinder.api.middleware.request_id [None req-38acd70d-083d-44cd-a6b4-9b7c3ca46b10 None None] RequestId filter calling following filter/app {{(pid=111490) _context_setter /opt/stack/cinder/cinder/api/middleware/request_id.py:62}}
Jul 24 20:05:45.260424 dv-cinder-850449-2-smb devstack@c-api.service[111489]: /usr/local/lib/python3.8/dist-packages/oslo_context/context.py:100: DeprecationWarning: Policy enforcement is depending on the value of is_admin. This key is deprecated. Please update your policy file to use the standard policy values.
Jul 24 20:05:45.260424 dv-cinder-850449-2-smb devstack@c-api.service[111489]: warnings.warn('Policy enforcement is depending on the value of '
Jul 24 20:05:45.263381 dv-cinder-850449-2-smb devstack@c-api.service[111490]: INFO cinder.api.openstack.wsgi [None req-38acd70d-083d-44cd-a6b4-9b7c3ca46b10 tempest-SnapshotsActionsTest-1819800248 tempest-SnapshotsActionsTest-1819800248-project] GET http://10.222.0.39/volume/v3/09b0fd3e6d454653848b0c1afa074f01/snapshots/fb4c994b-d6dc-47f6-bd2c-62ca5b062ec3
Jul 24 20:05:45.268012 dv-cinder-850449-2-smb devstack@c-api.service[111490]: DEBUG cinder.api.openstack.wsgi [None req-38acd70d-083d-44cd-a6b4-9b7c3ca46b10 tempest-SnapshotsActionsTest-1819800248 tempest-SnapshotsActionsTest-1819800248-project] Empty body provided in request {{(pid=111490) get_body /opt/stack/cinder/cinder/api/openstack/wsgi.py:715}}
Jul 24 20:05:45.268012 dv-cinder-850449-2-smb devstack@c-api.service[111490]: DEBUG cinder.api.openstack.wsgi [None req-38acd70d-083d-44cd-a6b4-9b7c3ca46b10 tempest-SnapshotsActionsTest-1819800248 tempest-SnapshotsActionsTest-1819800248-project] Calling method 'show' {{(pid=111490) _process_stack /opt/stack/cinder/cinder/api/openstack/wsgi.py:868}}
Jul 24 20:05:45.282766 dv-cinder-850449-2-smb devstack@c-api.service[111490]: /usr/local/lib/python3.8/dist-packages/oslo_context/context.py:100: DeprecationWarning: Policy enforcement is depending on the value of is_admin. This key is deprecated. Please update your policy file to use the standard policy values.
Jul 24 20:05:45.282766 dv-cinder-850449-2-smb devstack@c-api.service[111490]: warnings.warn('Policy enforcement is depending on the value of '
Jul 24 20:05:45.283794 dv-cinder-850449-2-smb devstack@c-api.service[111490]: INFO cinder.volume.api [None req-38acd70d-083d-44cd-a6b4-9b7c3ca46b10 tempest-SnapshotsActionsTest-1819800248 tempest-SnapshotsActionsTest-1819800248-project] Snapshot retrieved successfully.
Jul 24 20:05:45.287943 dv-cinder-850449-2-smb devstack@c-api.service[111490]: INFO cinder.api.openstack.wsgi [None req-38acd70d-083d-44cd-a6b4-9b7c3ca46b10 tempest-SnapshotsActionsTest-1819800248 tempest-SnapshotsActionsTest-1819800248-project] http://10.222.0.39/volume/v3/09b0fd3e6d454653848b0c1afa074f01/snapshots/fb4c994b-d6dc-47f6-bd2c-62ca5b062ec3 returned with HTTP 200
Jul 24 20:05:45.288722 dv-cinder-850449-2-smb devstack@c-api.service[111490]: [pid: 111490|app: 0|req: 114/228] 10.222.0.39 () {58 vars in 1330 bytes} [Sun Jul 24 20:05:45 2022] GET /volume/v3/09b0fd3e6d454653848b0c1afa074f01/snapshots/fb4c994b-d6dc-47f6-bd2c-62ca5b062ec3 => generated 565 bytes in 31 msecs (HTTP/1.1 200) 7 headers in 285 bytes (2 switches on core 0)
Jul 24 20:05:45.304074 dv-cinder-850449-2-smb devstack@c-api.service[111490]: DEBUG cinder.api.middleware.request_id [None req-f6ef2e03-4715-43ec-bc71-ce07de8af15c None None] RequestId filter calling following filter/app {{(pid=111490) _context_setter /opt/stack/cinder/cinder/api/middleware/request_id.py:62}}
Jul 24 20:05:45.310690 dv-cinder-850449-2-smb devstack@c-api.service[111490]: INFO cinder.api.openstack.wsgi [None req-f6ef2e03-4715-43ec-bc71-ce07de8af15c tempest-SnapshotsActionsTest-96116236 tempest-SnapshotsActionsTest-96116236-project-admin] POST http://10.222.0.39/volume/v3/98e02dec783f4d2d88ad46834c570da5/snapshots/fb4c994b-d6dc-47f6-bd2c-62ca5b062ec3/action
Jul 24 20:05:45.311919 dv-cinder-850449-2-smb devstack@c-api.service[111490]: DEBUG cinder.api.openstack.wsgi [None req-f6ef2e03-4715-43ec-bc71-ce07de8af15c tempest-SnapshotsActionsTest-96116236 tempest-SnapshotsActionsTest-96116236-project-admin] Action body: b'{"os-force_delete": {}}' {{(pid=111490) get_method /opt/stack/cinder/cinder/api/openstack/wsgi.py:983}}
Jul 24 20:05:45.312461 dv-cinder-850449-2-smb devstack@c-api.service[111490]: DEBUG cinder.api.openstack.wsgi [None req-f6ef2e03-4715-43ec-bc71-ce07de8af15c tempest-SnapshotsActionsTest-96116236 tempest-SnapshotsActionsTest-96116236-project-admin] Action: 'action', calling method: _force_delete, body: {"os-force_delete": {}} {{(pid=111490) _process_stack /opt/stack/cinder/cinder/api/openstack/wsgi.py:866}}
Jul 24 20:05:45.338697 dv-cinder-850449-2-smb devstack@c-api.service[111490]: /usr/local/lib/python3.8/dist-packages/oslo_context/context.py:100: DeprecationWarning: Policy enforcement is depending on the value of is_admin. This key is deprecated. Please update your policy file to use the standard policy values.
Jul 24 20:05:45.338697 dv-cinder-850449-2-smb devstack@c-api.service[111490]: warnings.warn('Policy enforcement is depending on the value of '
Jul 24 20:05:45.339731 dv-cinder-850449-2-smb devstack@c-api.service[111490]: INFO cinder.volume.api [None req-f6ef2e03-4715-43ec-bc71-ce07de8af15c tempest-SnapshotsActionsTest-96116236 tempest-SnapshotsActionsTest-96116236-project-admin] Snapshot retrieved successfully.
Jul 24 20:05:45.445780 dv-cinder-850449-2-smb devstack@c-api.service[111490]: INFO cinder.volume.api [None req-f6ef2e03-4715-43ec-bc71-ce07de8af15c tempest-SnapshotsActionsTest-96116236 tempest-SnapshotsActionsTest-96116236-project-admin] Snapshot delete request issued successfully.
Jul 24 20:05:45.447177 dv-cinder-850449-2-smb devstack@c-api.service[111490]: INFO cinder.api.openstack.wsgi [None req-f6ef2e03-4715-43ec-bc71-ce07de8af15c tempest-SnapshotsActionsTest-96116236 tempest-SnapshotsActionsTest-96116236-project-admin] http://10.222.0.39/volume/v3/98e02dec783f4d2d88ad46834c570da5/snapshots/fb4c994b-d6dc-47f6-bd2c-62ca5b062ec3/action returned with HTTP 202
Jul 24 20:05:45.450434 dv-cinder-850449-2-smb devstack@c-api.service[111490]: [pid: 111490|app: 0|req: 115/229] 10.222.0.39 () {60 vars in 1372 bytes} [Sun Jul 24 20:05:45 2022] POST /volume/v3/98e02dec783f4d2d88ad46834c570da5/snapshots/fb4c994b-d6dc-47f6-bd2c-62ca5b062ec3/action => generated 0 bytes in 147 msecs (HTTP/1.1 202) 7 headers in 289 bytes (2 switches on core 0)
Jul 24 20:05:45.457540 dv-cinder-850449-2-smb devstack@c-api.service[111490]: DEBUG cinder.api.middleware.request_id [None req-f68b686d-519b-4425-ac2f-0f7104d81dc3 None None] RequestId filter calling following filter/app {{(pid=111490) _context_setter /opt/stack/cinder/cinder/api/middleware/request_id.py:62}}
Jul 24 20:05:45.476089 dv-cinder-850449-2-smb devstack@c-api.service[111490]: INFO cinder.api.openstack.wsgi [None req-f68b686d-519b-4425-ac2f-0f7104d81dc3 tempest-SnapshotsActionsTest-1819800248 tempest-SnapshotsActionsTest-1819800248-project] GET http://10.222.0.39/volume/v3/09b0fd3e6d454653848b0c1afa074f01/snapshots/fb4c994b-d6dc-47f6-bd2c-62ca5b062ec3
Jul 24 20:05:45.482576 dv-cinder-850449-2-smb devstack@c-api.service[111490]: DEBUG cinder.api.openstack.wsgi [None req-f68b686d-519b-4425-ac2f-0f7104d81dc3 tempest-SnapshotsActionsTest-1819800248 tempest-SnapshotsActionsTest-1819800248-project] Empty body provided in request {{(pid=111490) get_body /opt/stack/cinder/cinder/api/openstack/wsgi.py:715}}
Jul 24 20:05:45.484334 dv-cinder-850449-2-smb devstack@c-api.service[111490]: DEBUG cinder.api.openstack.wsgi [None req-f68b686d-519b-4425-ac2f-0f7104d81dc3 tempest-SnapshotsActionsTest-1819800248 tempest-SnapshotsActionsTest-1819800248-project] Calling method 'show' {{(pid=111490) _process_stack /opt/stack/cinder/cinder/api/openstack/wsgi.py:868}}
Jul 24 20:05:45.505362 dv-cinder-850449-2-smb devstack@c-api.service[111490]: /usr/local/lib/python3.8/dist-packages/oslo_context/context.py:100: DeprecationWarning: Policy enforcement is depending on the value of is_admin. This key is deprecated. Please update your policy file to use the standard policy values.
Jul 24 20:05:45.505362 dv-cinder-850449-2-smb devstack@c-api.service[111490]: warnings.warn('Policy enforcement is depending on the value of '
Jul 24 20:05:45.508557 dv-cinder-850449-2-smb devstack@c-api.service[111490]: INFO cinder.volume.api [None req-f68b686d-519b-4425-ac2f-0f7104d81dc3 tempest-SnapshotsActionsTest-1819800248 tempest-SnapshotsActionsTest-1819800248-project] Snapshot retrieved successfully.
Jul 24 20:05:45.525469 dv-cinder-850449-2-smb devstack@c-api.service[111490]: INFO cinder.api.openstack.wsgi [None req-f68b686d-519b-4425-ac2f-0f7104d81dc3 tempest-SnapshotsActionsTest-1819800248 tempest-SnapshotsActionsTest-1819800248-project] http://10.222.0.39/volume/v3/09b0fd3e6d454653848b0c1afa074f01/snapshots/fb4c994b-d6dc-47f6-bd2c-62ca5b062ec3 returned with HTTP 200
Jul 24 20:05:45.528086 dv-cinder-850449-2-smb devstack@c-api.service[111490]: [pid: 111490|app: 0|req: 116/230] 10.222.0.39 () {58 vars in 1330 bytes} [Sun Jul 24 20:05:45 2022] GET /volume/v3/09b0fd3e6d454653848b0c1afa074f01/snapshots/fb4c994b-d6dc-47f6-bd2c-62ca5b062ec3 => generated 568 bytes in 73 msecs (HTTP/1.1 200) 7 headers in 285 bytes (1 switches on core 0)
Jul 24 20:05:45.636641 dv-cinder-850449-2-smb devstack@c-api.service[111489]: INFO cinder.api.openstack.wsgi [None req-162646fc-7b96-4e91-a5d2-930294166a19 tempest-GroupSnapshotsTest-253100000 tempest-GroupSnapshotsTest-253100000-project] http://10.222.0.39/volume/v3/64412f3e3fff454d99e7c068e6330b8e/groups/d4a214b5-d937-4673-b400-644348e91d28/action returned with HTTP 202
Jul 24 20:05:45.638435 dv-cinder-850449-2-smb devstack@c-api.service[111489]: [pid: 111489|app: 0|req: 115/231] 10.222.0.39 () {62 vars in 1404 bytes} [Sun Jul 24 20:05:45 2022] POST /volume/v3/64412f3e3fff454d99e7c068e6330b8e/groups/d4a214b5-d937-4673-b400-644348e91d28/action => generated 0 bytes in 413 msecs (HTTP/1.1 202) 6 headers in 234 bytes (1 switches on core 0)
Jul 24 20:05:45.644228 dv-cinder-850449-2-smb devstack@c-api.service[111490]: DEBUG cinder.api.middleware.request_id [None req-d8d92a67-c225-4a6e-803b-bd83c412a53e None None] RequestId filter calling following filter/app {{(pid=111490) _context_setter /opt/stack/cinder/cinder/api/middleware/request_id.py:62}}
Jul 24 20:05:45.648591 dv-cinder-850449-2-smb devstack@c-api.service[111490]: INFO cinder.api.openstack.wsgi [None req-d8d92a67-c225-4a6e-803b-bd83c412a53e tempest-GroupSnapshotsTest-253100000 tempest-GroupSnapshotsTest-253100000-project] GET http://10.222.0.39/volume/v3/64412f3e3fff454d99e7c068e6330b8e/volumes/b4eac607-3c9f-4e0c-a42c-9556fb38e67d
Jul 24 20:05:45.649239 dv-cinder-850449-2-smb devstack@c-api.service[111490]: DEBUG cinder.api.openstack.wsgi [None req-d8d92a67-c225-4a6e-803b-bd83c412a53e tempest-GroupSnapshotsTest-253100000 tempest-GroupSnapshotsTest-253100000-project] Empty body provided in request {{(pid=111490) get_body /opt/stack/cinder/cinder/api/openstack/wsgi.py:715}}
Jul 24 20:05:45.649938 dv-cinder-850449-2-smb devstack@c-api.service[111490]: DEBUG cinder.api.openstack.wsgi [None req-d8d92a67-c225-4a6e-803b-bd83c412a53e tempest-GroupSnapshotsTest-253100000 tempest-GroupSnapshotsTest-253100000-project] Calling method 'show' {{(pid=111490) _process_stack /opt/stack/cinder/cinder/api/openstack/wsgi.py:868}}
Jul 24 20:05:45.667920 dv-cinder-850449-2-smb devstack@c-api.service[111490]: /usr/local/lib/python3.8/dist-packages/oslo_context/context.py:100: DeprecationWarning: Policy enforcement is depending on the value of is_admin. This key is deprecated. Please update your policy file to use the standard policy values.
Jul 24 20:05:45.667920 dv-cinder-850449-2-smb devstack@c-api.service[111490]: warnings.warn('Policy enforcement is depending on the value of '
Jul 24 20:05:45.679716 dv-cinder-850449-2-smb devstack@c-api.service[111490]: INFO cinder.volume.api [None req-d8d92a67-c225-4a6e-803b-bd83c412a53e tempest-GroupSnapshotsTest-253100000 tempest-GroupSnapshotsTest-253100000-project] Volume info retrieved successfully.
Jul 24 20:05:45.682527 dv-cinder-850449-2-smb devstack@c-api.service[111490]: WARNING stevedore.named [None req-d8d92a67-c225-4a6e-803b-bd83c412a53e tempest-GroupSnapshotsTest-253100000 tempest-GroupSnapshotsTest-253100000-project] Could not load cinder.keymgr.conf_key_mgr.ConfKeyManager
Jul 24 20:05:45.683289 dv-cinder-850449-2-smb devstack@c-api.service[111490]: WARNING castellan.key_manager [None req-d8d92a67-c225-4a6e-803b-bd83c412a53e tempest-GroupSnapshotsTest-253100000 tempest-GroupSnapshotsTest-253100000-project] Deprecation Warning : cinder.keymgr.conf_key_mgr.ConfKeyManager is not a stevedore based driver, trying to load it as a class: stevedore.exception.NoMatches: No 'castellan.drivers' driver found, looking for 'cinder.keymgr.conf_key_mgr.ConfKeyManager'
Jul 24 20:05:45.694691 dv-cinder-850449-2-smb devstack@c-api.service[111490]: DEBUG oslo_db.sqlalchemy.engines [None req-d8d92a67-c225-4a6e-803b-bd83c412a53e tempest-GroupSnapshotsTest-253100000 tempest-GroupSnapshotsTest-253100000-project] MySQL server mode set to STRICT_TRANS_TABLES,STRICT_ALL_TABLES,NO_ZERO_IN_DATE,NO_ZERO_DATE,ERROR_FOR_DIVISION_BY_ZERO,TRADITIONAL,NO_ENGINE_SUBSTITUTION {{(pid=111490) _check_effective_sql_mode /usr/local/lib/python3.8/dist-packages/oslo_db/sqlalchemy/engines.py:314}}
Jul 24 20:05:45.707042 dv-cinder-850449-2-smb devstack@c-api.service[111490]: /usr/local/lib/python3.8/dist-packages/oslo_context/context.py:100: DeprecationWarning: Policy enforcement is depending on the value of is_admin. This key is deprecated. Please update your policy file to use the standard policy values.
Jul 24 20:05:45.707042 dv-cinder-850449-2-smb devstack@c-api.service[111490]: warnings.warn('Policy enforcement is depending on the value of '
Jul 24 20:05:45.749084 dv-cinder-850449-2-smb devstack@c-api.service[111490]: INFO cinder.api.openstack.wsgi [None req-d8d92a67-c225-4a6e-803b-bd83c412a53e tempest-GroupSnapshotsTest-253100000 tempest-GroupSnapshotsTest-253100000-project] http://10.222.0.39/volume/v3/64412f3e3fff454d99e7c068e6330b8e/volumes/b4eac607-3c9f-4e0c-a42c-9556fb38e67d returned with HTTP 200
Jul 24 20:05:45.750662 dv-cinder-850449-2-smb devstack@c-api.service[111490]: [pid: 111490|app: 0|req: 117/232] 10.222.0.39 () {60 vars in 1365 bytes} [Sun Jul 24 20:05:45 2022] GET /volume/v3/64412f3e3fff454d99e7c068e6330b8e/volumes/b4eac607-3c9f-4e0c-a42c-9556fb38e67d => generated 991 bytes in 108 msecs (HTTP/1.1 200) 7 headers in 286 bytes (2 switches on core 0)
Jul 24 20:05:45.800843 dv-cinder-850449-2-smb devstack@c-api.service[111489]: DEBUG cinder.api.middleware.request_id [None req-6440132b-9c71-4f58-be6c-99ba7c5ac689 None None] RequestId filter calling following filter/app {{(pid=111489) _context_setter /opt/stack/cinder/cinder/api/middleware/request_id.py:62}}
Jul 24 20:05:45.811043 dv-cinder-850449-2-smb devstack@c-api.service[111489]: INFO cinder.api.openstack.wsgi [None req-6440132b-9c71-4f58-be6c-99ba7c5ac689 tempest-GroupsTest-1930981539 tempest-GroupsTest-1930981539-project] GET http://10.222.0.39/volume/v3/6736ff50e9b74dca85c9b766f4aac998/groups/e6859d03-758c-4b32-86a5-6adade103a72
Jul 24 20:05:45.815519 dv-cinder-850449-2-smb devstack@c-api.service[111489]: DEBUG cinder.api.openstack.wsgi [None req-6440132b-9c71-4f58-be6c-99ba7c5ac689 tempest-GroupsTest-1930981539 tempest-GroupsTest-1930981539-project] Empty body provided in request {{(pid=111489) get_body /opt/stack/cinder/cinder/api/openstack/wsgi.py:715}}
Jul 24 20:05:45.815519 dv-cinder-850449-2-smb devstack@c-api.service[111489]: DEBUG cinder.api.openstack.wsgi [None req-6440132b-9c71-4f58-be6c-99ba7c5ac689 tempest-GroupsTest-1930981539 tempest-GroupsTest-1930981539-project] Calling method 'version_select' {{(pid=111489) _process_stack /opt/stack/cinder/cinder/api/openstack/wsgi.py:868}}
Jul 24 20:05:45.815519 dv-cinder-850449-2-smb devstack@c-api.service[111489]: DEBUG cinder.api.v3.groups [None req-6440132b-9c71-4f58-be6c-99ba7c5ac689 tempest-GroupsTest-1930981539 tempest-GroupsTest-1930981539-project] show called for member e6859d03-758c-4b32-86a5-6adade103a72 {{(pid=111489) show /opt/stack/cinder/cinder/api/v3/groups.py:58}}
Jul 24 20:05:45.835682 dv-cinder-850449-2-smb devstack@c-api.service[111490]: DEBUG dbcounter [-] [111490] Writing DB stats cinder:SELECT=80,cinder:INSERT=8,cinder:UPDATE=12 {{(pid=111490) stat_writer /usr/local/lib/python3.8/dist-packages/dbcounter.py:114}}
Jul 24 20:05:45.836921 dv-cinder-850449-2-smb devstack@c-api.service[111489]: /usr/local/lib/python3.8/dist-packages/oslo_context/context.py:100: DeprecationWarning: Policy enforcement is depending on the value of is_admin. This key is deprecated. Please update your policy file to use the standard policy values.
Jul 24 20:05:45.836921 dv-cinder-850449-2-smb devstack@c-api.service[111489]: warnings.warn('Policy enforcement is depending on the value of '
Jul 24 20:05:45.878000 dv-cinder-850449-2-smb devstack@c-api.service[111489]: INFO cinder.api.openstack.wsgi [None req-6440132b-9c71-4f58-be6c-99ba7c5ac689 tempest-GroupsTest-1930981539 tempest-GroupsTest-1930981539-project] http://10.222.0.39/volume/v3/6736ff50e9b74dca85c9b766f4aac998/groups/e6859d03-758c-4b32-86a5-6adade103a72 returned with HTTP 200
Jul 24 20:05:45.880147 dv-cinder-850449-2-smb devstack@c-api.service[111489]: [pid: 111489|app: 0|req: 116/233] 10.222.0.39 () {60 vars in 1362 bytes} [Sun Jul 24 20:05:45 2022] GET /volume/v3/6736ff50e9b74dca85c9b766f4aac998/groups/e6859d03-758c-4b32-86a5-6adade103a72 => generated 324 bytes in 80 msecs (HTTP/1.1 200) 7 headers in 286 bytes (1 switches on core 0)
Jul 24 20:05:45.891825 dv-cinder-850449-2-smb devstack@c-api.service[111490]: DEBUG cinder.api.middleware.request_id [None req-5508e0fb-5708-4271-b871-828021c67622 None None] RequestId filter calling following filter/app {{(pid=111490) _context_setter /opt/stack/cinder/cinder/api/middleware/request_id.py:62}}
Jul 24 20:05:45.899544 dv-cinder-850449-2-smb devstack@c-api.service[111490]: INFO cinder.api.openstack.wsgi [None req-5508e0fb-5708-4271-b871-828021c67622 tempest-GroupsTest-1930981539 tempest-GroupsTest-1930981539-project] GET http://10.222.0.39/volume/v3/6736ff50e9b74dca85c9b766f4aac998/volumes/detail
Jul 24 20:05:45.901297 dv-cinder-850449-2-smb devstack@c-api.service[111490]: DEBUG cinder.api.openstack.wsgi [None req-5508e0fb-5708-4271-b871-828021c67622 tempest-GroupsTest-1930981539 tempest-GroupsTest-1930981539-project] Empty body provided in request {{(pid=111490) get_body /opt/stack/cinder/cinder/api/openstack/wsgi.py:715}}
Jul 24 20:05:45.902525 dv-cinder-850449-2-smb devstack@c-api.service[111490]: DEBUG cinder.api.openstack.wsgi [None req-5508e0fb-5708-4271-b871-828021c67622 tempest-GroupsTest-1930981539 tempest-GroupsTest-1930981539-project] Calling method 'detail' {{(pid=111490) _process_stack /opt/stack/cinder/cinder/api/openstack/wsgi.py:868}}
Jul 24 20:05:45.904578 dv-cinder-850449-2-smb devstack@c-api.service[111490]: DEBUG cinder.api.api_utils [None req-5508e0fb-5708-4271-b871-828021c67622 tempest-GroupsTest-1930981539 tempest-GroupsTest-1930981539-project] Removing options '' from query. {{(pid=111490) remove_invalid_filter_options /opt/stack/cinder/cinder/api/api_utils.py:83}}
Jul 24 20:05:45.917415 dv-cinder-850449-2-smb devstack@c-api.service[111490]: DEBUG cinder.volume.api [None req-5508e0fb-5708-4271-b871-828021c67622 tempest-GroupsTest-1930981539 tempest-GroupsTest-1930981539-project] Searching by: MultiDict([('no_migration_targets', True)]). {{(pid=111490) get_all /opt/stack/cinder/cinder/volume/api.py:664}}
Jul 24 20:05:46.105196 dv-cinder-850449-2-smb devstack@c-api.service[111490]: INFO cinder.volume.api [None req-5508e0fb-5708-4271-b871-828021c67622 tempest-GroupsTest-1930981539 tempest-GroupsTest-1930981539-project] Get all volumes completed successfully.
Jul 24 20:05:46.109512 dv-cinder-850449-2-smb devstack@c-api.service[111490]: WARNING stevedore.named [None req-5508e0fb-5708-4271-b871-828021c67622 tempest-GroupsTest-1930981539 tempest-GroupsTest-1930981539-project] Could not load cinder.keymgr.conf_key_mgr.ConfKeyManager
Jul 24 20:05:46.111822 dv-cinder-850449-2-smb devstack@c-api.service[111490]: WARNING castellan.key_manager [None req-5508e0fb-5708-4271-b871-828021c67622 tempest-GroupsTest-1930981539 tempest-GroupsTest-1930981539-project] Deprecation Warning : cinder.keymgr.conf_key_mgr.ConfKeyManager is not a stevedore based driver, trying to load it as a class: stevedore.exception.NoMatches: No 'castellan.drivers' driver found, looking for 'cinder.keymgr.conf_key_mgr.ConfKeyManager'
Jul 24 20:05:46.125350 dv-cinder-850449-2-smb devstack@c-api.service[111490]: DEBUG oslo_db.sqlalchemy.engines [None req-5508e0fb-5708-4271-b871-828021c67622 tempest-GroupsTest-1930981539 tempest-GroupsTest-1930981539-project] MySQL server mode set to STRICT_TRANS_TABLES,STRICT_ALL_TABLES,NO_ZERO_IN_DATE,NO_ZERO_DATE,ERROR_FOR_DIVISION_BY_ZERO,TRADITIONAL,NO_ENGINE_SUBSTITUTION {{(pid=111490) _check_effective_sql_mode /usr/local/lib/python3.8/dist-packages/oslo_db/sqlalchemy/engines.py:314}}
Jul 24 20:05:46.137695 dv-cinder-850449-2-smb devstack@c-api.service[111490]: /usr/local/lib/python3.8/dist-packages/oslo_context/context.py:100: DeprecationWarning: Policy enforcement is depending on the value of is_admin. This key is deprecated. Please update your policy file to use the standard policy values.
Jul 24 20:05:46.137695 dv-cinder-850449-2-smb devstack@c-api.service[111490]: warnings.warn('Policy enforcement is depending on the value of '
Jul 24 20:05:46.149770 dv-cinder-850449-2-smb devstack@c-api.service[111490]: WARNING stevedore.named [None req-5508e0fb-5708-4271-b871-828021c67622 tempest-GroupsTest-1930981539 tempest-GroupsTest-1930981539-project] Could not load cinder.keymgr.conf_key_mgr.ConfKeyManager
Jul 24 20:05:46.150454 dv-cinder-850449-2-smb devstack@c-api.service[111490]: WARNING castellan.key_manager [None req-5508e0fb-5708-4271-b871-828021c67622 tempest-GroupsTest-1930981539 tempest-GroupsTest-1930981539-project] Deprecation Warning : cinder.keymgr.conf_key_mgr.ConfKeyManager is not a stevedore based driver, trying to load it as a class: stevedore.exception.NoMatches: No 'castellan.drivers' driver found, looking for 'cinder.keymgr.conf_key_mgr.ConfKeyManager'
Jul 24 20:05:46.162669 dv-cinder-850449-2-smb devstack@c-api.service[111490]: DEBUG oslo_db.sqlalchemy.engines [None req-5508e0fb-5708-4271-b871-828021c67622 tempest-GroupsTest-1930981539 tempest-GroupsTest-1930981539-project] MySQL server mode set to STRICT_TRANS_TABLES,STRICT_ALL_TABLES,NO_ZERO_IN_DATE,NO_ZERO_DATE,ERROR_FOR_DIVISION_BY_ZERO,TRADITIONAL,NO_ENGINE_SUBSTITUTION {{(pid=111490) _check_effective_sql_mode /usr/local/lib/python3.8/dist-packages/oslo_db/sqlalchemy/engines.py:314}}
Jul 24 20:05:46.172835 dv-cinder-850449-2-smb devstack@c-api.service[111490]: /usr/local/lib/python3.8/dist-packages/oslo_context/context.py:100: DeprecationWarning: Policy enforcement is depending on the value of is_admin. This key is deprecated. Please update your policy file to use the standard policy values.
Jul 24 20:05:46.172835 dv-cinder-850449-2-smb devstack@c-api.service[111490]: warnings.warn('Policy enforcement is depending on the value of '
