Jul 24 20:05:08.872678 dv-cinder-850449-2-smb devstack@c-api.service[111489]: [pid: 111489|app: 0|req: 35/66] 10.222.0.39 () {60 vars in 1327 bytes} [Sun Jul 24 20:05:08 2022] GET /volume/v3/a004d30680034d10934081bba65a3eab/group_types?sort=name%3Aasc&is_public=None => generated 710 bytes in 95 msecs (HTTP/1.1 200) 7 headers in 286 bytes (2 switches on core 0)
Jul 24 20:05:08.875446 dv-cinder-850449-2-smb devstack@c-api.service[111490]: DEBUG cinder.api.middleware.request_id [None req-7364fe65-2af9-4660-a73d-526465199a13 None None] RequestId filter calling following filter/app {{(pid=111490) _context_setter /opt/stack/cinder/cinder/api/middleware/request_id.py:62}}
Jul 24 20:05:08.881861 dv-cinder-850449-2-smb devstack@c-api.service[111490]: INFO cinder.api.openstack.wsgi [None req-7364fe65-2af9-4660-a73d-526465199a13 tempest-GroupTypesTest-1502957887 tempest-GroupTypesTest-1502957887-project-admin] GET http://10.222.0.39/volume/v3/a004d30680034d10934081bba65a3eab/group_types?sort=name%3Adesc&is_public=None
Jul 24 20:05:08.882597 dv-cinder-850449-2-smb devstack@c-api.service[111490]: DEBUG cinder.api.openstack.wsgi [None req-7364fe65-2af9-4660-a73d-526465199a13 tempest-GroupTypesTest-1502957887 tempest-GroupTypesTest-1502957887-project-admin] Empty body provided in request {{(pid=111490) get_body /opt/stack/cinder/cinder/api/openstack/wsgi.py:715}}
Jul 24 20:05:08.883239 dv-cinder-850449-2-smb devstack@c-api.service[111490]: DEBUG cinder.api.openstack.wsgi [None req-7364fe65-2af9-4660-a73d-526465199a13 tempest-GroupTypesTest-1502957887 tempest-GroupTypesTest-1502957887-project-admin] Calling method 'version_select' {{(pid=111490) _process_stack /opt/stack/cinder/cinder/api/openstack/wsgi.py:868}}
Jul 24 20:05:08.886207 dv-cinder-850449-2-smb devstack@c-api.service[111489]: DEBUG cinder.api.middleware.request_id [None req-1d76be07-efac-41cf-a9cf-b7fc22d85f73 None None] RequestId filter calling following filter/app {{(pid=111489) _context_setter /opt/stack/cinder/cinder/api/middleware/request_id.py:62}}
Jul 24 20:05:08.900497 dv-cinder-850449-2-smb devstack@c-api.service[111489]: INFO cinder.api.openstack.wsgi [None req-1d76be07-efac-41cf-a9cf-b7fc22d85f73 tempest-VolumesTestJSON-4462943 tempest-VolumesTestJSON-4462943-project] GET http://10.222.0.39/volume/v3/15c730f0c8fb42f6bf791ab22f7dc929/volumes/584ecf35-a104-4a9f-86b4-1300dfe608f2
Jul 24 20:05:08.905976 dv-cinder-850449-2-smb devstack@c-api.service[111489]: DEBUG cinder.api.openstack.wsgi [None req-1d76be07-efac-41cf-a9cf-b7fc22d85f73 tempest-VolumesTestJSON-4462943 tempest-VolumesTestJSON-4462943-project] Empty body provided in request {{(pid=111489) get_body /opt/stack/cinder/cinder/api/openstack/wsgi.py:715}}
Jul 24 20:05:08.909334 dv-cinder-850449-2-smb devstack@c-api.service[111489]: DEBUG cinder.api.openstack.wsgi [None req-1d76be07-efac-41cf-a9cf-b7fc22d85f73 tempest-VolumesTestJSON-4462943 tempest-VolumesTestJSON-4462943-project] Calling method 'show' {{(pid=111489) _process_stack /opt/stack/cinder/cinder/api/openstack/wsgi.py:868}}
Jul 24 20:05:08.945821 dv-cinder-850449-2-smb devstack@c-api.service[111490]: INFO cinder.api.openstack.wsgi [None req-7364fe65-2af9-4660-a73d-526465199a13 tempest-GroupTypesTest-1502957887 tempest-GroupTypesTest-1502957887-project-admin] http://10.222.0.39/volume/v3/a004d30680034d10934081bba65a3eab/group_types?sort=name%3Adesc&is_public=None returned with HTTP 200
Jul 24 20:05:08.950449 dv-cinder-850449-2-smb devstack@c-api.service[111490]: [pid: 111490|app: 0|req: 32/67] 10.222.0.39 () {60 vars in 1329 bytes} [Sun Jul 24 20:05:08 2022] GET /volume/v3/a004d30680034d10934081bba65a3eab/group_types?sort=name%3Adesc&is_public=None => generated 710 bytes in 78 msecs (HTTP/1.1 200) 7 headers in 286 bytes (1 switches on core 0)
Jul 24 20:05:08.957596 dv-cinder-850449-2-smb devstack@c-api.service[111490]: DEBUG cinder.api.middleware.request_id [None req-3af7db7b-7b57-498e-9be8-0aaaf24b5899 None None] RequestId filter calling following filter/app {{(pid=111490) _context_setter /opt/stack/cinder/cinder/api/middleware/request_id.py:62}}
Jul 24 20:05:08.963523 dv-cinder-850449-2-smb devstack@c-api.service[111490]: INFO cinder.api.openstack.wsgi [None req-3af7db7b-7b57-498e-9be8-0aaaf24b5899 tempest-GroupTypesTest-1502957887 tempest-GroupTypesTest-1502957887-project-admin] GET http://10.222.0.39/volume/v3/a004d30680034d10934081bba65a3eab/group_types?is_public=False
Jul 24 20:05:08.964039 dv-cinder-850449-2-smb devstack@c-api.service[111489]: /usr/local/lib/python3.8/dist-packages/oslo_context/context.py:100: DeprecationWarning: Policy enforcement is depending on the value of is_admin. This key is deprecated. Please update your policy file to use the standard policy values.
Jul 24 20:05:08.964039 dv-cinder-850449-2-smb devstack@c-api.service[111489]: warnings.warn('Policy enforcement is depending on the value of '
Jul 24 20:05:08.969591 dv-cinder-850449-2-smb devstack@c-api.service[111490]: DEBUG cinder.api.openstack.wsgi [None req-3af7db7b-7b57-498e-9be8-0aaaf24b5899 tempest-GroupTypesTest-1502957887 tempest-GroupTypesTest-1502957887-project-admin] Empty body provided in request {{(pid=111490) get_body /opt/stack/cinder/cinder/api/openstack/wsgi.py:715}}
Jul 24 20:05:08.970311 dv-cinder-850449-2-smb devstack@c-api.service[111490]: DEBUG cinder.api.openstack.wsgi [None req-3af7db7b-7b57-498e-9be8-0aaaf24b5899 tempest-GroupTypesTest-1502957887 tempest-GroupTypesTest-1502957887-project-admin] Calling method 'version_select' {{(pid=111490) _process_stack /opt/stack/cinder/cinder/api/openstack/wsgi.py:868}}
Jul 24 20:05:08.992201 dv-cinder-850449-2-smb devstack@c-api.service[111490]: DEBUG dbcounter [-] [111490] Writing DB stats cinder:SELECT=78,cinder:INSERT=10,cinder:UPDATE=12 {{(pid=111490) stat_writer /usr/local/lib/python3.8/dist-packages/dbcounter.py:114}}
Jul 24 20:05:08.996595 dv-cinder-850449-2-smb devstack@c-api.service[111489]: INFO cinder.volume.api [None req-1d76be07-efac-41cf-a9cf-b7fc22d85f73 tempest-VolumesTestJSON-4462943 tempest-VolumesTestJSON-4462943-project] Volume info retrieved successfully.
Jul 24 20:05:09.010872 dv-cinder-850449-2-smb devstack@c-api.service[111490]: INFO cinder.api.openstack.wsgi [None req-3af7db7b-7b57-498e-9be8-0aaaf24b5899 tempest-GroupTypesTest-1502957887 tempest-GroupTypesTest-1502957887-project-admin] http://10.222.0.39/volume/v3/a004d30680034d10934081bba65a3eab/group_types?is_public=False returned with HTTP 200
Jul 24 20:05:09.015336 dv-cinder-850449-2-smb devstack@c-api.service[111490]: [pid: 111490|app: 0|req: 33/68] 10.222.0.39 () {60 vars in 1297 bytes} [Sun Jul 24 20:05:08 2022] GET /volume/v3/a004d30680034d10934081bba65a3eab/group_types?is_public=False => generated 168 bytes in 59 msecs (HTTP/1.1 200) 7 headers in 286 bytes (2 switches on core 0)
Jul 24 20:05:09.023534 dv-cinder-850449-2-smb devstack@c-api.service[111490]: DEBUG cinder.api.middleware.request_id [None req-5a0d0299-7343-4615-87ff-f510e2d992e8 None None] RequestId filter calling following filter/app {{(pid=111490) _context_setter /opt/stack/cinder/cinder/api/middleware/request_id.py:62}}
Jul 24 20:05:09.032855 dv-cinder-850449-2-smb devstack@c-api.service[111489]: INFO cinder.api.openstack.wsgi [None req-1d76be07-efac-41cf-a9cf-b7fc22d85f73 tempest-VolumesTestJSON-4462943 tempest-VolumesTestJSON-4462943-project] http://10.222.0.39/volume/v3/15c730f0c8fb42f6bf791ab22f7dc929/volumes/584ecf35-a104-4a9f-86b4-1300dfe608f2 returned with HTTP 200
Jul 24 20:05:09.048321 dv-cinder-850449-2-smb devstack@c-api.service[111489]: [pid: 111489|app: 0|req: 36/69] 10.222.0.39 () {58 vars in 1324 bytes} [Sun Jul 24 20:05:08 2022] GET /volume/v3/15c730f0c8fb42f6bf791ab22f7dc929/volumes/584ecf35-a104-4a9f-86b4-1300dfe608f2 => generated 922 bytes in 164 msecs (HTTP/1.1 200) 7 headers in 285 bytes (2 switches on core 0)
Jul 24 20:05:09.058237 dv-cinder-850449-2-smb devstack@c-api.service[111490]: INFO cinder.api.openstack.wsgi [None req-5a0d0299-7343-4615-87ff-f510e2d992e8 tempest-GroupTypesTest-1502957887 tempest-GroupTypesTest-1502957887-project-admin] GET http://10.222.0.39/volume/v3/a004d30680034d10934081bba65a3eab/group_types?is_public=True
Jul 24 20:05:09.061159 dv-cinder-850449-2-smb devstack@c-api.service[111490]: DEBUG cinder.api.openstack.wsgi [None req-5a0d0299-7343-4615-87ff-f510e2d992e8 tempest-GroupTypesTest-1502957887 tempest-GroupTypesTest-1502957887-project-admin] Empty body provided in request {{(pid=111490) get_body /opt/stack/cinder/cinder/api/openstack/wsgi.py:715}}
Jul 24 20:05:09.069588 dv-cinder-850449-2-smb devstack@c-api.service[111490]: DEBUG cinder.api.openstack.wsgi [None req-5a0d0299-7343-4615-87ff-f510e2d992e8 tempest-GroupTypesTest-1502957887 tempest-GroupTypesTest-1502957887-project-admin] Calling method 'version_select' {{(pid=111490) _process_stack /opt/stack/cinder/cinder/api/openstack/wsgi.py:868}}
Jul 24 20:05:09.098159 dv-cinder-850449-2-smb devstack@c-api.service[111490]: INFO cinder.api.openstack.wsgi [None req-5a0d0299-7343-4615-87ff-f510e2d992e8 tempest-GroupTypesTest-1502957887 tempest-GroupTypesTest-1502957887-project-admin] http://10.222.0.39/volume/v3/a004d30680034d10934081bba65a3eab/group_types?is_public=True returned with HTTP 200
Jul 24 20:05:09.102369 dv-cinder-850449-2-smb devstack@c-api.service[111490]: [pid: 111490|app: 0|req: 34/70] 10.222.0.39 () {60 vars in 1295 bytes} [Sun Jul 24 20:05:09 2022] GET /volume/v3/a004d30680034d10934081bba65a3eab/group_types?is_public=True => generated 559 bytes in 80 msecs (HTTP/1.1 200) 7 headers in 286 bytes (1 switches on core 0)
Jul 24 20:05:09.118955 dv-cinder-850449-2-smb devstack@c-api.service[111489]: DEBUG cinder.api.middleware.request_id [None req-61727cb6-6ca1-4b7d-8eb0-afa2b3467949 None None] RequestId filter calling following filter/app {{(pid=111489) _context_setter /opt/stack/cinder/cinder/api/middleware/request_id.py:62}}
Jul 24 20:05:09.122694 dv-cinder-850449-2-smb devstack@c-api.service[111489]: INFO cinder.api.openstack.wsgi [None req-61727cb6-6ca1-4b7d-8eb0-afa2b3467949 tempest-GroupTypesTest-1502957887 tempest-GroupTypesTest-1502957887-project-admin] DELETE http://10.222.0.39/volume/v3/a004d30680034d10934081bba65a3eab/group_types/192140a5-5de1-4c8c-bdb3-cd2cae1b4e91
Jul 24 20:05:09.123242 dv-cinder-850449-2-smb devstack@c-api.service[111489]: DEBUG cinder.api.openstack.wsgi [None req-61727cb6-6ca1-4b7d-8eb0-afa2b3467949 tempest-GroupTypesTest-1502957887 tempest-GroupTypesTest-1502957887-project-admin] Empty body provided in request {{(pid=111489) get_body /opt/stack/cinder/cinder/api/openstack/wsgi.py:715}}
Jul 24 20:05:09.123709 dv-cinder-850449-2-smb devstack@c-api.service[111489]: DEBUG cinder.api.openstack.wsgi [None req-61727cb6-6ca1-4b7d-8eb0-afa2b3467949 tempest-GroupTypesTest-1502957887 tempest-GroupTypesTest-1502957887-project-admin] Calling method 'version_select' {{(pid=111489) _process_stack /opt/stack/cinder/cinder/api/openstack/wsgi.py:868}}
Jul 24 20:05:09.144244 dv-cinder-850449-2-smb devstack@c-api.service[111490]: DEBUG cinder.api.middleware.request_id [None req-188fbcc4-03c9-406f-9019-bcaae419dd1a None None] RequestId filter calling following filter/app {{(pid=111490) _context_setter /opt/stack/cinder/cinder/api/middleware/request_id.py:62}}
Jul 24 20:05:09.148644 dv-cinder-850449-2-smb devstack@c-api.service[111490]: INFO cinder.api.openstack.wsgi [None req-188fbcc4-03c9-406f-9019-bcaae419dd1a tempest-GroupsV314Test-35252002 tempest-GroupsV314Test-35252002-project] GET http://10.222.0.39/volume/v3/d5a4a965751a4c40a6d1449af3274fd7/volumes/b71b097f-5585-47a5-b037-26f1544b18f5
Jul 24 20:05:09.149152 dv-cinder-850449-2-smb devstack@c-api.service[111490]: DEBUG cinder.api.openstack.wsgi [None req-188fbcc4-03c9-406f-9019-bcaae419dd1a tempest-GroupsV314Test-35252002 tempest-GroupsV314Test-35252002-project] Empty body provided in request {{(pid=111490) get_body /opt/stack/cinder/cinder/api/openstack/wsgi.py:715}}
Jul 24 20:05:09.149640 dv-cinder-850449-2-smb devstack@c-api.service[111490]: DEBUG cinder.api.openstack.wsgi [None req-188fbcc4-03c9-406f-9019-bcaae419dd1a tempest-GroupsV314Test-35252002 tempest-GroupsV314Test-35252002-project] Calling method 'show' {{(pid=111490) _process_stack /opt/stack/cinder/cinder/api/openstack/wsgi.py:868}}
Jul 24 20:05:09.200639 dv-cinder-850449-2-smb devstack@c-api.service[111490]: /usr/local/lib/python3.8/dist-packages/oslo_context/context.py:100: DeprecationWarning: Policy enforcement is depending on the value of is_admin. This key is deprecated. Please update your policy file to use the standard policy values.
Jul 24 20:05:09.200639 dv-cinder-850449-2-smb devstack@c-api.service[111490]: warnings.warn('Policy enforcement is depending on the value of '
Jul 24 20:05:09.227466 dv-cinder-850449-2-smb devstack@c-api.service[111490]: INFO cinder.volume.api [None req-188fbcc4-03c9-406f-9019-bcaae419dd1a tempest-GroupsV314Test-35252002 tempest-GroupsV314Test-35252002-project] Volume info retrieved successfully.
Jul 24 20:05:09.229050 dv-cinder-850449-2-smb devstack@c-api.service[111490]: WARNING stevedore.named [None req-188fbcc4-03c9-406f-9019-bcaae419dd1a tempest-GroupsV314Test-35252002 tempest-GroupsV314Test-35252002-project] Could not load cinder.keymgr.conf_key_mgr.ConfKeyManager
Jul 24 20:05:09.229469 dv-cinder-850449-2-smb devstack@c-api.service[111490]: WARNING castellan.key_manager [None req-188fbcc4-03c9-406f-9019-bcaae419dd1a tempest-GroupsV314Test-35252002 tempest-GroupsV314Test-35252002-project] Deprecation Warning : cinder.keymgr.conf_key_mgr.ConfKeyManager is not a stevedore based driver, trying to load it as a class: stevedore.exception.NoMatches: No 'castellan.drivers' driver found, looking for 'cinder.keymgr.conf_key_mgr.ConfKeyManager'
Jul 24 20:05:09.252327 dv-cinder-850449-2-smb devstack@c-api.service[111490]: DEBUG oslo_db.sqlalchemy.engines [None req-188fbcc4-03c9-406f-9019-bcaae419dd1a tempest-GroupsV314Test-35252002 tempest-GroupsV314Test-35252002-project] MySQL server mode set to STRICT_TRANS_TABLES,STRICT_ALL_TABLES,NO_ZERO_IN_DATE,NO_ZERO_DATE,ERROR_FOR_DIVISION_BY_ZERO,TRADITIONAL,NO_ENGINE_SUBSTITUTION {{(pid=111490) _check_effective_sql_mode /usr/local/lib/python3.8/dist-packages/oslo_db/sqlalchemy/engines.py:314}}
Jul 24 20:05:09.265349 dv-cinder-850449-2-smb devstack@c-api.service[111490]: /usr/local/lib/python3.8/dist-packages/oslo_context/context.py:100: DeprecationWarning: Policy enforcement is depending on the value of is_admin. This key is deprecated. Please update your policy file to use the standard policy values.
Jul 24 20:05:09.265349 dv-cinder-850449-2-smb devstack@c-api.service[111490]: warnings.warn('Policy enforcement is depending on the value of '
Jul 24 20:05:09.313728 dv-cinder-850449-2-smb devstack@c-api.service[111489]: INFO cinder.api.openstack.wsgi [None req-61727cb6-6ca1-4b7d-8eb0-afa2b3467949 tempest-GroupTypesTest-1502957887 tempest-GroupTypesTest-1502957887-project-admin] http://10.222.0.39/volume/v3/a004d30680034d10934081bba65a3eab/group_types/192140a5-5de1-4c8c-bdb3-cd2cae1b4e91 returned with HTTP 202
Jul 24 20:05:09.316576 dv-cinder-850449-2-smb devstack@c-api.service[111489]: [pid: 111489|app: 0|req: 37/71] 10.222.0.39 () {60 vars in 1380 bytes} [Sun Jul 24 20:05:09 2022] DELETE /volume/v3/a004d30680034d10934081bba65a3eab/group_types/192140a5-5de1-4c8c-bdb3-cd2cae1b4e91 => generated 0 bytes in 205 msecs (HTTP/1.1 202) 6 headers in 234 bytes (1 switches on core 0)
Jul 24 20:05:09.321835 dv-cinder-850449-2-smb devstack@c-api.service[111490]: INFO cinder.api.openstack.wsgi [None req-188fbcc4-03c9-406f-9019-bcaae419dd1a tempest-GroupsV314Test-35252002 tempest-GroupsV314Test-35252002-project] http://10.222.0.39/volume/v3/d5a4a965751a4c40a6d1449af3274fd7/volumes/b71b097f-5585-47a5-b037-26f1544b18f5 returned with HTTP 200
Jul 24 20:05:09.325831 dv-cinder-850449-2-smb devstack@c-api.service[111490]: [pid: 111490|app: 0|req: 35/72] 10.222.0.39 () {60 vars in 1365 bytes} [Sun Jul 24 20:05:09 2022] GET /volume/v3/d5a4a965751a4c40a6d1449af3274fd7/volumes/b71b097f-5585-47a5-b037-26f1544b18f5 => generated 992 bytes in 180 msecs (HTTP/1.1 200) 7 headers in 286 bytes (2 switches on core 0)
Jul 24 20:05:09.328987 dv-cinder-850449-2-smb devstack@c-api.service[111489]: DEBUG cinder.api.middleware.request_id [None req-328f088a-653c-4824-9467-d572a2ac9988 None None] RequestId filter calling following filter/app {{(pid=111489) _context_setter /opt/stack/cinder/cinder/api/middleware/request_id.py:62}}
Jul 24 20:05:09.336062 dv-cinder-850449-2-smb devstack@c-api.service[111489]: INFO cinder.api.openstack.wsgi [None req-328f088a-653c-4824-9467-d572a2ac9988 tempest-GroupTypesTest-1502957887 tempest-GroupTypesTest-1502957887-project-admin] DELETE http://10.222.0.39/volume/v3/a004d30680034d10934081bba65a3eab/group_types/91a81c3c-5198-4d6c-80d2-7c041fcac5bc
Jul 24 20:05:09.336682 dv-cinder-850449-2-smb devstack@c-api.service[111490]: DEBUG cinder.api.middleware.request_id [None req-50d5197a-a0e3-461f-b734-f4a595a81dc3 None None] RequestId filter calling following filter/app {{(pid=111490) _context_setter /opt/stack/cinder/cinder/api/middleware/request_id.py:62}}
Jul 24 20:05:09.339348 dv-cinder-850449-2-smb devstack@c-api.service[111489]: DEBUG cinder.api.openstack.wsgi [None req-328f088a-653c-4824-9467-d572a2ac9988 tempest-GroupTypesTest-1502957887 tempest-GroupTypesTest-1502957887-project-admin] Empty body provided in request {{(pid=111489) get_body /opt/stack/cinder/cinder/api/openstack/wsgi.py:715}}
Jul 24 20:05:09.341702 dv-cinder-850449-2-smb devstack@c-api.service[111489]: DEBUG cinder.api.openstack.wsgi [None req-328f088a-653c-4824-9467-d572a2ac9988 tempest-GroupTypesTest-1502957887 tempest-GroupTypesTest-1502957887-project-admin] Calling method 'version_select' {{(pid=111489) _process_stack /opt/stack/cinder/cinder/api/openstack/wsgi.py:868}}
Jul 24 20:05:09.343135 dv-cinder-850449-2-smb devstack@c-api.service[111490]: INFO cinder.api.openstack.wsgi [None req-50d5197a-a0e3-461f-b734-f4a595a81dc3 tempest-GroupsV314Test-35252002 tempest-GroupsV314Test-35252002-project] POST http://10.222.0.39/volume/v3/d5a4a965751a4c40a6d1449af3274fd7/groups/action
Jul 24 20:05:09.344461 dv-cinder-850449-2-smb devstack@c-api.service[111490]: DEBUG cinder.api.openstack.wsgi [None req-50d5197a-a0e3-461f-b734-f4a595a81dc3 tempest-GroupsV314Test-35252002 tempest-GroupsV314Test-35252002-project] Action body: b'{"create-from-src": {"source_group_id": "932d4e6e-d01f-46e2-a2ed-78213d04a8a3", "name": "tempest-Group_from_grp-1323835290"}}' {{(pid=111490) get_method /opt/stack/cinder/cinder/api/openstack/wsgi.py:983}}
Jul 24 20:05:09.344802 dv-cinder-850449-2-smb devstack@c-api.service[111490]: DEBUG cinder.api.openstack.wsgi [None req-50d5197a-a0e3-461f-b734-f4a595a81dc3 tempest-GroupsV314Test-35252002 tempest-GroupsV314Test-35252002-project] Action: 'action', calling method: version_select, body: {"create-from-src": {"source_group_id": "932d4e6e-d01f-46e2-a2ed-78213d04a8a3", "name": "tempest-Group_from_grp-1323835290"}} {{(pid=111490) _process_stack /opt/stack/cinder/cinder/api/openstack/wsgi.py:866}}
Jul 24 20:05:09.348276 dv-cinder-850449-2-smb devstack@c-api.service[111490]: DEBUG cinder.api.v3.groups [None req-50d5197a-a0e3-461f-b734-f4a595a81dc3 tempest-GroupsV314Test-35252002 tempest-GroupsV314Test-35252002-project] Creating new group {'create-from-src': {'source_group_id': '932d4e6e-d01f-46e2-a2ed-78213d04a8a3', 'name': 'tempest-Group_from_grp-1323835290'}}. {{(pid=111490) create_from_src /opt/stack/cinder/cinder/api/v3/groups.py:236}}
Jul 24 20:05:09.348866 dv-cinder-850449-2-smb devstack@c-api.service[111490]: INFO cinder.api.v3.groups [None req-50d5197a-a0e3-461f-b734-f4a595a81dc3 tempest-GroupsV314Test-35252002 tempest-GroupsV314Test-35252002-project] Creating group tempest-Group_from_grp-1323835290 from source group 932d4e6e-d01f-46e2-a2ed-78213d04a8a3.
Jul 24 20:05:09.363448 dv-cinder-850449-2-smb devstack@c-api.service[111490]: /usr/local/lib/python3.8/dist-packages/oslo_context/context.py:100: DeprecationWarning: Policy enforcement is depending on the value of is_admin. This key is deprecated. Please update your policy file to use the standard policy values.
Jul 24 20:05:09.363448 dv-cinder-850449-2-smb devstack@c-api.service[111490]: warnings.warn('Policy enforcement is depending on the value of '
Jul 24 20:05:09.387959 dv-cinder-850449-2-smb devstack@c-api.service[111490]: /usr/local/lib/python3.8/dist-packages/oslo_context/context.py:100: DeprecationWarning: Policy enforcement is depending on the value of is_admin. This key is deprecated. Please update your policy file to use the standard policy values.
Jul 24 20:05:09.387959 dv-cinder-850449-2-smb devstack@c-api.service[111490]: warnings.warn('Policy enforcement is depending on the value of '
Jul 24 20:05:09.501442 dv-cinder-850449-2-smb devstack@c-api.service[111489]: INFO cinder.api.openstack.wsgi [None req-328f088a-653c-4824-9467-d572a2ac9988 tempest-GroupTypesTest-1502957887 tempest-GroupTypesTest-1502957887-project-admin] http://10.222.0.39/volume/v3/a004d30680034d10934081bba65a3eab/group_types/91a81c3c-5198-4d6c-80d2-7c041fcac5bc returned with HTTP 202
Jul 24 20:05:09.513531 dv-cinder-850449-2-smb devstack@c-api.service[111489]: [pid: 111489|app: 0|req: 38/73] 10.222.0.39 () {60 vars in 1380 bytes} [Sun Jul 24 20:05:09 2022] DELETE /volume/v3/a004d30680034d10934081bba65a3eab/group_types/91a81c3c-5198-4d6c-80d2-7c041fcac5bc => generated 0 bytes in 186 msecs (HTTP/1.1 202) 6 headers in 234 bytes (1 switches on core 0)
Jul 24 20:05:09.623059 dv-cinder-850449-2-smb devstack@c-api.service[111490]: DEBUG cinder.quota [None req-50d5197a-a0e3-461f-b734-f4a595a81dc3 tempest-GroupsV314Test-35252002 tempest-GroupsV314Test-35252002-project] Created reservations ['b70af4ef-d3e5-46d0-9380-547c33d05751'] {{(pid=111490) reserve /opt/stack/cinder/cinder/quota.py:755}}
Jul 24 20:05:10.050579 dv-cinder-850449-2-smb devstack@c-api.service[111490]: INFO cinder.group.api [None req-50d5197a-a0e3-461f-b734-f4a595a81dc3 tempest-GroupsV314Test-35252002 tempest-GroupsV314Test-35252002-project] A mapping entry already exists for group e236464a-1ca6-4bd7-89b0-8069b35d7d2f and volume type 35a6f371-8b52-4774-89ca-e3d27f4f489d. Do not need to create again.
Jul 24 20:05:10.053291 dv-cinder-850449-2-smb devstack@c-api.service[111490]: /usr/local/lib/python3.8/dist-packages/oslo_context/context.py:100: DeprecationWarning: Policy enforcement is depending on the value of is_admin. This key is deprecated. Please update your policy file to use the standard policy values.
Jul 24 20:05:10.053291 dv-cinder-850449-2-smb devstack@c-api.service[111490]: warnings.warn('Policy enforcement is depending on the value of '
Jul 24 20:05:10.055002 dv-cinder-850449-2-smb devstack@c-api.service[111490]: INFO cinder.volume.api [None req-50d5197a-a0e3-461f-b734-f4a595a81dc3 tempest-GroupsV314Test-35252002 tempest-GroupsV314Test-35252002-project] Availability Zones retrieved successfully.
Jul 24 20:05:10.091760 dv-cinder-850449-2-smb devstack@c-api.service[111490]: DEBUG cinder.volume.api [None req-50d5197a-a0e3-461f-b734-f4a595a81dc3 tempest-GroupsV314Test-35252002 tempest-GroupsV314Test-35252002-project] Flow 'volume_create_api' (dc2c0f3f-f1b7-4d96-9241-a5efa0da3855) transitioned into state 'RUNNING' from state 'PENDING' {{(pid=111490) _flow_receiver /usr/local/lib/python3.8/dist-packages/taskflow/listeners/logging.py:141}}
Jul 24 20:05:10.095739 dv-cinder-850449-2-smb devstack@c-api.service[111490]: DEBUG cinder.volume.api [None req-50d5197a-a0e3-461f-b734-f4a595a81dc3 tempest-GroupsV314Test-35252002 tempest-GroupsV314Test-35252002-project] Task 'cinder.volume.flows.api.create_volume.ExtractVolumeRequestTask;volume:create' (0dc98e7c-267a-4775-9046-b23011aca4ba) transitioned into state 'RUNNING' from state 'PENDING' {{(pid=111490) _task_receiver /usr/local/lib/python3.8/dist-packages/taskflow/listeners/logging.py:190}}
Jul 24 20:05:10.101103 dv-cinder-850449-2-smb devstack@c-api.service[111490]: DEBUG cinder.volume.flows.api.create_volume [None req-50d5197a-a0e3-461f-b734-f4a595a81dc3 tempest-GroupsV314Test-35252002 tempest-GroupsV314Test-35252002-project] Validating volume size '1' using validate_int, validate_source_size {{(pid=111490) _extract_size /opt/stack/cinder/cinder/volume/flows/api/create_volume.py:228}}
Jul 24 20:05:10.161003 dv-cinder-850449-2-smb devstack@c-api.service[111490]: DEBUG cinder.volume.api [None req-50d5197a-a0e3-461f-b734-f4a595a81dc3 tempest-GroupsV314Test-35252002 tempest-GroupsV314Test-35252002-project] Task 'cinder.volume.flows.api.create_volume.ExtractVolumeRequestTask;volume:create' (0dc98e7c-267a-4775-9046-b23011aca4ba) transitioned into state 'SUCCESS' from state 'RUNNING' with result '{'size': 1, 'snapshot_id': None, 'source_volid': 'b71b097f-5585-47a5-b037-26f1544b18f5', 'volume_type': VolumeType(created_at=2022-07-24T20:05:04Z,deleted=False,deleted_at=None,description=None,extra_specs={},id=35a6f371-8b52-4774-89ca-e3d27f4f489d,is_public=True,name='tempest-GroupsV314Test-volume-type-1870348489',projects=[],qos_specs=,qos_specs_id=None,updated_at=None), 'volume_type_id': '35a6f371-8b52-4774-89ca-e3d27f4f489d', 'encryption_key_id': None, 'qos_specs': None, 'consistencygroup_id': None, 'cgsnapshot_id': None, 'group_id': 'e236464a-1ca6-4bd7-89b0-8069b35d7d2f', 'replication_status': 'disabled', 'refresh_az': False, 'backup_id': None, 'multiattach': False, 'availability_zones': ['nova']}' {{(pid=111490) _task_receiver /usr/local/lib/python3.8/dist-packages/taskflow/listeners/logging.py:178}}
Jul 24 20:05:10.167287 dv-cinder-850449-2-smb devstack@c-api.service[111490]: DEBUG cinder.volume.api [None req-50d5197a-a0e3-461f-b734-f4a595a81dc3 tempest-GroupsV314Test-35252002 tempest-GroupsV314Test-35252002-project] Task 'cinder.volume.flows.api.create_volume.QuotaReserveTask;volume:create' (086501fe-9d11-40d2-b88b-49e051d739e6) transitioned into state 'RUNNING' from state 'PENDING' {{(pid=111490) _task_receiver /usr/local/lib/python3.8/dist-packages/taskflow/listeners/logging.py:190}}
Jul 24 20:05:10.250246 dv-cinder-850449-2-smb devstack@c-api.service[111490]: WARNING cinder.quota [None req-50d5197a-a0e3-461f-b734-f4a595a81dc3 tempest-GroupsV314Test-35252002 tempest-GroupsV314Test-35252002-project] Deprecated: Default quota for resource: volumes_tempest-GroupsV314Test-volume-type-1870348489 is set by the default quota flag: quota_volumes_tempest-GroupsV314Test-volume-type-1870348489, it is now deprecated. Please use the default quota class for default quota.
Jul 24 20:05:10.255967 dv-cinder-850449-2-smb devstack@c-api.service[111490]: WARNING cinder.quota [None req-50d5197a-a0e3-461f-b734-f4a595a81dc3 tempest-GroupsV314Test-35252002 tempest-GroupsV314Test-35252002-project] Deprecated: Default quota for resource: gigabytes_tempest-GroupsV314Test-volume-type-1870348489 is set by the default quota flag: quota_gigabytes_tempest-GroupsV314Test-volume-type-1870348489, it is now deprecated. Please use the default quota class for default quota.
Jul 24 20:05:10.358949 dv-cinder-850449-2-smb devstack@c-api.service[111490]: DEBUG cinder.quota [None req-50d5197a-a0e3-461f-b734-f4a595a81dc3 tempest-GroupsV314Test-35252002 tempest-GroupsV314Test-35252002-project] Created reservations ['de345978-f68e-41ae-ba95-b3ca5c49ace7', 'ad0d919c-5cc5-4fa0-b208-60a4fba76586', 'b09f26fc-5e8d-45e2-9df6-97ab9c409a65', '0753170f-f68e-437a-8d6f-8f494a01aeec'] {{(pid=111490) reserve /opt/stack/cinder/cinder/quota.py:755}}
Jul 24 20:05:10.362520 dv-cinder-850449-2-smb devstack@c-api.service[111490]: DEBUG cinder.volume.api [None req-50d5197a-a0e3-461f-b734-f4a595a81dc3 tempest-GroupsV314Test-35252002 tempest-GroupsV314Test-35252002-project] Task 'cinder.volume.flows.api.create_volume.QuotaReserveTask;volume:create' (086501fe-9d11-40d2-b88b-49e051d739e6) transitioned into state 'SUCCESS' from state 'RUNNING' with result '{'reservations': ['de345978-f68e-41ae-ba95-b3ca5c49ace7', 'ad0d919c-5cc5-4fa0-b208-60a4fba76586', 'b09f26fc-5e8d-45e2-9df6-97ab9c409a65', '0753170f-f68e-437a-8d6f-8f494a01aeec']}' {{(pid=111490) _task_receiver /usr/local/lib/python3.8/dist-packages/taskflow/listeners/logging.py:178}}
Jul 24 20:05:10.367708 dv-cinder-850449-2-smb devstack@c-api.service[111490]: DEBUG cinder.volume.api [None req-50d5197a-a0e3-461f-b734-f4a595a81dc3 tempest-GroupsV314Test-35252002 tempest-GroupsV314Test-35252002-project] Task 'cinder.volume.flows.api.create_volume.EntryCreateTask;volume:create' (b9acec91-cd71-408c-8e33-e06a84a8147c) transitioned into state 'RUNNING' from state 'PENDING' {{(pid=111490) _task_receiver /usr/local/lib/python3.8/dist-packages/taskflow/listeners/logging.py:190}}
Jul 24 20:05:10.525886 dv-cinder-850449-2-smb devstack@c-api.service[111490]: DEBUG cinder.volume.api [None req-50d5197a-a0e3-461f-b734-f4a595a81dc3 tempest-GroupsV314Test-35252002 tempest-GroupsV314Test-35252002-project] Task 'cinder.volume.flows.api.create_volume.EntryCreateTask;volume:create' (b9acec91-cd71-408c-8e33-e06a84a8147c) transitioned into state 'SUCCESS' from state 'RUNNING' with result '{'volume_id': '3275eb38-88e3-4d7d-8738-1dca9328ed94', 'volume_properties': VolumeProperties(attach_status='detached',availability_zone='nova',cgsnapshot_id=None,consistencygroup_id=None,display_description=None,display_name=None,encryption_key_id=None,group_id=e236464a-1ca6-4bd7-89b0-8069b35d7d2f,group_type_id=,metadata={},multiattach=False,project_id='d5a4a965751a4c40a6d1449af3274fd7',qos_specs=None,replication_status=,reservations=['de345978-f68e-41ae-ba95-b3ca5c49ace7','ad0d919c-5cc5-4fa0-b208-60a4fba76586','b09f26fc-5e8d-45e2-9df6-97ab9c409a65','0753170f-f68e-437a-8d6f-8f494a01aeec'],size=1,snapshot_id=None,source_replicaid=,source_volid=b71b097f-5585-47a5-b037-26f1544b18f5,status='creating',user_id='c818e75f11e64c3d9fe963becea5b8dc',volume_type_id=35a6f371-8b52-4774-89ca-e3d27f4f489d), 'volume': Volume(_name_id=None,admin_metadata=,attach_status='detached',availability_zone='nova',bootable=False,cluster=,cluster_name=None,consistencygroup=,consistencygroup_id=None,created_at=2022-07-24T20:05:10Z,deleted=False,deleted_at=None,display_description=None,display_name=None,ec2_id=None,encryption_key_id=None,glance_metadata=,group=,group_id=e236464a-1ca6-4bd7-89b0-8069b35d7d2f,host=None,id=3275eb38-88e3-4d7d-8738-1dca9328ed94,launched_at=None,metadata={},migration_status=None,multiattach=False,previous_status=None,project_id='d5a4a965751a4c40a6d1449af3274fd7',provider_auth=None,provider_geometry=None,provider_id=None,provider_location=None,replication_driver_data=None,replication_extended_status=None,replication_status=None,scheduled_at=None,service_uuid=None,shared_targets=True,size=1,snapshot_id=None,snapshots=,source_volid=b71b097f-5585-47a5-b037-26f1544b18f5,status='creating',terminated_at=None,updated_at=None,use_quota=True,user_id='c818e75f11e64c3d9fe963becea5b8dc',volume_attachment=VolumeAttachmentList,volume_type=VolumeType(35a6f371-8b52-4774-89ca-e3d27f4f489d),volume_type_id=35a6f371-8b52-4774-89ca-e3d27f4f489d)}' {{(pid=111490) _task_receiver /usr/local/lib/python3.8/dist-packages/taskflow/listeners/logging.py:178}}
Jul 24 20:05:10.528192 dv-cinder-850449-2-smb devstack@c-api.service[111490]: DEBUG cinder.volume.api [None req-50d5197a-a0e3-461f-b734-f4a595a81dc3 tempest-GroupsV314Test-35252002 tempest-GroupsV314Test-35252002-project] Task 'cinder.volume.flows.api.create_volume.QuotaCommitTask;volume:create' (344da45f-24bc-4304-9563-3bc497d9354d) transitioned into state 'RUNNING' from state 'PENDING' {{(pid=111490) _task_receiver /usr/local/lib/python3.8/dist-packages/taskflow/listeners/logging.py:190}}
Jul 24 20:05:10.728115 dv-cinder-850449-2-smb devstack@c-api.service[111490]: DEBUG cinder.volume.api [None req-50d5197a-a0e3-461f-b734-f4a595a81dc3 tempest-GroupsV314Test-35252002 tempest-GroupsV314Test-35252002-project] Task 'cinder.volume.flows.api.create_volume.QuotaCommitTask;volume:create' (344da45f-24bc-4304-9563-3bc497d9354d) transitioned into state 'SUCCESS' from state 'RUNNING' with result '{'volume_properties': VolumeProperties(attach_status='detached',availability_zone='nova',cgsnapshot_id=None,consistencygroup_id=None,display_description=None,display_name=None,encryption_key_id=None,group_id=e236464a-1ca6-4bd7-89b0-8069b35d7d2f,group_type_id=,metadata={},multiattach=False,project_id='d5a4a965751a4c40a6d1449af3274fd7',qos_specs=None,replication_status=,reservations=['de345978-f68e-41ae-ba95-b3ca5c49ace7','ad0d919c-5cc5-4fa0-b208-60a4fba76586','b09f26fc-5e8d-45e2-9df6-97ab9c409a65','0753170f-f68e-437a-8d6f-8f494a01aeec'],size=1,snapshot_id=None,source_replicaid=,source_volid=b71b097f-5585-47a5-b037-26f1544b18f5,status='creating',user_id='c818e75f11e64c3d9fe963becea5b8dc',volume_type_id=35a6f371-8b52-4774-89ca-e3d27f4f489d)}' {{(pid=111490) _task_receiver /usr/local/lib/python3.8/dist-packages/taskflow/listeners/logging.py:178}}
Jul 24 20:05:10.728115 dv-cinder-850449-2-smb devstack@c-api.service[111490]: DEBUG cinder.volume.api [None req-50d5197a-a0e3-461f-b734-f4a595a81dc3 tempest-GroupsV314Test-35252002 tempest-GroupsV314Test-35252002-project] Flow 'volume_create_api' (dc2c0f3f-f1b7-4d96-9241-a5efa0da3855) transitioned into state 'SUCCESS' from state 'RUNNING' {{(pid=111490) _flow_receiver /usr/local/lib/python3.8/dist-packages/taskflow/listeners/logging.py:141}}
Jul 24 20:05:10.728115 dv-cinder-850449-2-smb devstack@c-api.service[111490]: INFO cinder.volume.api [None req-50d5197a-a0e3-461f-b734-f4a595a81dc3 tempest-GroupsV314Test-35252002 tempest-GroupsV314Test-35252002-project] Create volume request issued successfully.
Jul 24 20:05:10.858868 dv-cinder-850449-2-smb devstack@c-api.service[111490]: INFO cinder.api.openstack.wsgi [None req-50d5197a-a0e3-461f-b734-f4a595a81dc3 tempest-GroupsV314Test-35252002 tempest-GroupsV314Test-35252002-project] http://10.222.0.39/volume/v3/d5a4a965751a4c40a6d1449af3274fd7/groups/action returned with HTTP 202
Jul 24 20:05:10.859767 dv-cinder-850449-2-smb devstack@c-api.service[111490]: [pid: 111490|app: 0|req: 36/74] 10.222.0.39 () {62 vars in 1294 bytes} [Sun Jul 24 20:05:09 2022] POST /volume/v3/d5a4a965751a4c40a6d1449af3274fd7/groups/action => generated 102 bytes in 1524 msecs (HTTP/1.1 202) 7 headers in 292 bytes (1 switches on core 0)
Jul 24 20:05:10.866705 dv-cinder-850449-2-smb devstack@c-api.service[111489]: DEBUG cinder.api.middleware.request_id [None req-fd110d3e-c499-452b-9ed3-5abbb68428d6 None None] RequestId filter calling following filter/app {{(pid=111489) _context_setter /opt/stack/cinder/cinder/api/middleware/request_id.py:62}}
Jul 24 20:05:10.871068 dv-cinder-850449-2-smb devstack@c-api.service[111489]: INFO cinder.api.openstack.wsgi [None req-fd110d3e-c499-452b-9ed3-5abbb68428d6 tempest-GroupsV314Test-35252002 tempest-GroupsV314Test-35252002-project] GET http://10.222.0.39/volume/v3/d5a4a965751a4c40a6d1449af3274fd7/volumes/detail
Jul 24 20:05:10.871865 dv-cinder-850449-2-smb devstack@c-api.service[111489]: DEBUG cinder.api.openstack.wsgi [None req-fd110d3e-c499-452b-9ed3-5abbb68428d6 tempest-GroupsV314Test-35252002 tempest-GroupsV314Test-35252002-project] Empty body provided in request {{(pid=111489) get_body /opt/stack/cinder/cinder/api/openstack/wsgi.py:715}}
Jul 24 20:05:10.872541 dv-cinder-850449-2-smb devstack@c-api.service[111489]: DEBUG cinder.api.openstack.wsgi [None req-fd110d3e-c499-452b-9ed3-5abbb68428d6 tempest-GroupsV314Test-35252002 tempest-GroupsV314Test-35252002-project] Calling method 'detail' {{(pid=111489) _process_stack /opt/stack/cinder/cinder/api/openstack/wsgi.py:868}}
Jul 24 20:05:10.873831 dv-cinder-850449-2-smb devstack@c-api.service[111489]: DEBUG cinder.api.api_utils [None req-fd110d3e-c499-452b-9ed3-5abbb68428d6 tempest-GroupsV314Test-35252002 tempest-GroupsV314Test-35252002-project] Removing options '' from query. {{(pid=111489) remove_invalid_filter_options /opt/stack/cinder/cinder/api/api_utils.py:83}}
Jul 24 20:05:10.879070 dv-cinder-850449-2-smb devstack@c-api.service[111490]: DEBUG cinder.api.middleware.request_id [req-65b073ce-3168-4f44-967d-468679009233 req-5b4125fc-e52b-4f59-907b-fcf96207965b None None] RequestId filter calling following filter/app {{(pid=111490) _context_setter /opt/stack/cinder/cinder/api/middleware/request_id.py:62}}
Jul 24 20:05:10.881344 dv-cinder-850449-2-smb devstack@c-api.service[111489]: DEBUG cinder.volume.api [None req-fd110d3e-c499-452b-9ed3-5abbb68428d6 tempest-GroupsV314Test-35252002 tempest-GroupsV314Test-35252002-project] Searching by: MultiDict([('no_migration_targets', True)]). {{(pid=111489) get_all /opt/stack/cinder/cinder/volume/api.py:664}}
Jul 24 20:05:10.884369 dv-cinder-850449-2-smb devstack@c-api.service[111490]: INFO cinder.api.openstack.wsgi [req-65b073ce-3168-4f44-967d-468679009233 req-5b4125fc-e52b-4f59-907b-fcf96207965b tempest-VolumesTestJSON-4462943 tempest-VolumesTestJSON-4462943-project] GET http://10.222.0.39/volume/v3/15c730f0c8fb42f6bf791ab22f7dc929/volumes/584ecf35-a104-4a9f-86b4-1300dfe608f2
Jul 24 20:05:10.884842 dv-cinder-850449-2-smb devstack@c-api.service[111490]: DEBUG cinder.api.openstack.wsgi [req-65b073ce-3168-4f44-967d-468679009233 req-5b4125fc-e52b-4f59-907b-fcf96207965b tempest-VolumesTestJSON-4462943 tempest-VolumesTestJSON-4462943-project] Empty body provided in request {{(pid=111490) get_body /opt/stack/cinder/cinder/api/openstack/wsgi.py:715}}
Jul 24 20:05:10.885399 dv-cinder-850449-2-smb devstack@c-api.service[111490]: DEBUG cinder.api.openstack.wsgi [req-65b073ce-3168-4f44-967d-468679009233 req-5b4125fc-e52b-4f59-907b-fcf96207965b tempest-VolumesTestJSON-4462943 tempest-VolumesTestJSON-4462943-project] Calling method 'show' {{(pid=111490) _process_stack /opt/stack/cinder/cinder/api/openstack/wsgi.py:868}}
Jul 24 20:05:10.909847 dv-cinder-850449-2-smb devstack@c-api.service[111490]: /usr/local/lib/python3.8/dist-packages/oslo_context/context.py:100: DeprecationWarning: Policy enforcement is depending on the value of is_admin. This key is deprecated. Please update your policy file to use the standard policy values.
Jul 24 20:05:10.909847 dv-cinder-850449-2-smb devstack@c-api.service[111490]: warnings.warn('Policy enforcement is depending on the value of '
Jul 24 20:05:10.920127 dv-cinder-850449-2-smb devstack@c-api.service[111490]: INFO cinder.volume.api [req-65b073ce-3168-4f44-967d-468679009233 req-5b4125fc-e52b-4f59-907b-fcf96207965b tempest-VolumesTestJSON-4462943 tempest-VolumesTestJSON-4462943-project] Volume info retrieved successfully.
Jul 24 20:05:10.934469 dv-cinder-850449-2-smb devstack@c-api.service[111490]: INFO cinder.api.openstack.wsgi [req-65b073ce-3168-4f44-967d-468679009233 req-5b4125fc-e52b-4f59-907b-fcf96207965b tempest-VolumesTestJSON-4462943 tempest-VolumesTestJSON-4462943-project] http://10.222.0.39/volume/v3/15c730f0c8fb42f6bf791ab22f7dc929/volumes/584ecf35-a104-4a9f-86b4-1300dfe608f2 returned with HTTP 200
Jul 24 20:05:10.959153 dv-cinder-850449-2-smb devstack@c-api.service[111490]: [pid: 111490|app: 0|req: 37/75] 10.222.0.39 () {60 vars in 1578 bytes} [Sun Jul 24 20:05:10 2022] GET /volume/v3/15c730f0c8fb42f6bf791ab22f7dc929/volumes/584ecf35-a104-4a9f-86b4-1300dfe608f2 => generated 922 bytes in 82 msecs (HTTP/1.1 200) 7 headers in 285 bytes (2 switches on core 0)
Jul 24 20:05:11.029613 dv-cinder-850449-2-smb devstack@c-api.service[111489]: INFO cinder.volume.api [None req-fd110d3e-c499-452b-9ed3-5abbb68428d6 tempest-GroupsV314Test-35252002 tempest-GroupsV314Test-35252002-project] Get all volumes completed successfully.
Jul 24 20:05:11.029613 dv-cinder-850449-2-smb devstack@c-api.service[111489]: WARNING stevedore.named [None req-fd110d3e-c499-452b-9ed3-5abbb68428d6 tempest-GroupsV314Test-35252002 tempest-GroupsV314Test-35252002-project] Could not load cinder.keymgr.conf_key_mgr.ConfKeyManager
Jul 24 20:05:11.029613 dv-cinder-850449-2-smb devstack@c-api.service[111489]: WARNING castellan.key_manager [None req-fd110d3e-c499-452b-9ed3-5abbb68428d6 tempest-GroupsV314Test-35252002 tempest-GroupsV314Test-35252002-project] Deprecation Warning : cinder.keymgr.conf_key_mgr.ConfKeyManager is not a stevedore based driver, trying to load it as a class: stevedore.exception.NoMatches: No 'castellan.drivers' driver found, looking for 'cinder.keymgr.conf_key_mgr.ConfKeyManager'
Jul 24 20:05:11.051751 dv-cinder-850449-2-smb devstack@c-api.service[111489]: DEBUG oslo_db.sqlalchemy.engines [None req-fd110d3e-c499-452b-9ed3-5abbb68428d6 tempest-GroupsV314Test-35252002 tempest-GroupsV314Test-35252002-project] MySQL server mode set to STRICT_TRANS_TABLES,STRICT_ALL_TABLES,NO_ZERO_IN_DATE,NO_ZERO_DATE,ERROR_FOR_DIVISION_BY_ZERO,TRADITIONAL,NO_ENGINE_SUBSTITUTION {{(pid=111489) _check_effective_sql_mode /usr/local/lib/python3.8/dist-packages/oslo_db/sqlalchemy/engines.py:314}}
Jul 24 20:05:11.059259 dv-cinder-850449-2-smb devstack@c-api.service[111489]: /usr/local/lib/python3.8/dist-packages/oslo_context/context.py:100: DeprecationWarning: Policy enforcement is depending on the value of is_admin. This key is deprecated. Please update your policy file to use the standard policy values.
Jul 24 20:05:11.059259 dv-cinder-850449-2-smb devstack@c-api.service[111489]: warnings.warn('Policy enforcement is depending on the value of '
Jul 24 20:05:11.082712 dv-cinder-850449-2-smb devstack@c-api.service[111489]: WARNING stevedore.named [None req-fd110d3e-c499-452b-9ed3-5abbb68428d6 tempest-GroupsV314Test-35252002 tempest-GroupsV314Test-35252002-project] Could not load cinder.keymgr.conf_key_mgr.ConfKeyManager
Jul 24 20:05:11.085522 dv-cinder-850449-2-smb devstack@c-api.service[111489]: WARNING castellan.key_manager [None req-fd110d3e-c499-452b-9ed3-5abbb68428d6 tempest-GroupsV314Test-35252002 tempest-GroupsV314Test-35252002-project] Deprecation Warning : cinder.keymgr.conf_key_mgr.ConfKeyManager is not a stevedore based driver, trying to load it as a class: stevedore.exception.NoMatches: No 'castellan.drivers' driver found, looking for 'cinder.keymgr.conf_key_mgr.ConfKeyManager'
Jul 24 20:05:11.096304 dv-cinder-850449-2-smb devstack@c-api.service[111489]: DEBUG oslo_db.sqlalchemy.engines [None req-fd110d3e-c499-452b-9ed3-5abbb68428d6 tempest-GroupsV314Test-35252002 tempest-GroupsV314Test-35252002-project] MySQL server mode set to STRICT_TRANS_TABLES,STRICT_ALL_TABLES,NO_ZERO_IN_DATE,NO_ZERO_DATE,ERROR_FOR_DIVISION_BY_ZERO,TRADITIONAL,NO_ENGINE_SUBSTITUTION {{(pid=111489) _check_effective_sql_mode /usr/local/lib/python3.8/dist-packages/oslo_db/sqlalchemy/engines.py:314}}
Jul 24 20:05:11.107518 dv-cinder-850449-2-smb devstack@c-api.service[111489]: /usr/local/lib/python3.8/dist-packages/oslo_context/context.py:100: DeprecationWarning: Policy enforcement is depending on the value of is_admin. This key is deprecated. Please update your policy file to use the standard policy values.
Jul 24 20:05:11.107518 dv-cinder-850449-2-smb devstack@c-api.service[111489]: warnings.warn('Policy enforcement is depending on the value of '
Jul 24 20:05:11.138996 dv-cinder-850449-2-smb devstack@c-api.service[111489]: INFO cinder.api.openstack.wsgi [None req-fd110d3e-c499-452b-9ed3-5abbb68428d6 tempest-GroupsV314Test-35252002 tempest-GroupsV314Test-35252002-project] http://10.222.0.39/volume/v3/d5a4a965751a4c40a6d1449af3274fd7/volumes/detail returned with HTTP 200
Jul 24 20:05:11.139998 dv-cinder-850449-2-smb devstack@c-api.service[111489]: [pid: 111489|app: 0|req: 39/76] 10.222.0.39 () {60 vars in 1275 bytes} [Sun Jul 24 20:05:10 2022] GET /volume/v3/d5a4a965751a4c40a6d1449af3274fd7/volumes/detail => generated 1973 bytes in 276 msecs (HTTP/1.1 200) 7 headers in 287 bytes (1 switches on core 0)
Jul 24 20:05:11.154051 dv-cinder-850449-2-smb devstack@c-api.service[111490]: DEBUG cinder.api.middleware.request_id [None req-bd60a0f7-a3b6-4da4-8cd9-faa36646d1e3 None None] RequestId filter calling following filter/app {{(pid=111490) _context_setter /opt/stack/cinder/cinder/api/middleware/request_id.py:62}}
Jul 24 20:05:11.159062 dv-cinder-850449-2-smb devstack@c-api.service[111490]: INFO cinder.api.openstack.wsgi [None req-bd60a0f7-a3b6-4da4-8cd9-faa36646d1e3 tempest-GroupsV314Test-35252002 tempest-GroupsV314Test-35252002-project] GET http://10.222.0.39/volume/v3/d5a4a965751a4c40a6d1449af3274fd7/volumes/3275eb38-88e3-4d7d-8738-1dca9328ed94
Jul 24 20:05:11.160370 dv-cinder-850449-2-smb devstack@c-api.service[111490]: DEBUG cinder.api.openstack.wsgi [None req-bd60a0f7-a3b6-4da4-8cd9-faa36646d1e3 tempest-GroupsV314Test-35252002 tempest-GroupsV314Test-35252002-project] Empty body provided in request {{(pid=111490) get_body /opt/stack/cinder/cinder/api/openstack/wsgi.py:715}}
Jul 24 20:05:11.161494 dv-cinder-850449-2-smb devstack@c-api.service[111490]: DEBUG cinder.api.openstack.wsgi [None req-bd60a0f7-a3b6-4da4-8cd9-faa36646d1e3 tempest-GroupsV314Test-35252002 tempest-GroupsV314Test-35252002-project] Calling method 'show' {{(pid=111490) _process_stack /opt/stack/cinder/cinder/api/openstack/wsgi.py:868}}
Jul 24 20:05:11.184138 dv-cinder-850449-2-smb devstack@c-api.service[111490]: /usr/local/lib/python3.8/dist-packages/oslo_context/context.py:100: DeprecationWarning: Policy enforcement is depending on the value of is_admin. This key is deprecated. Please update your policy file to use the standard policy values.
Jul 24 20:05:11.184138 dv-cinder-850449-2-smb devstack@c-api.service[111490]: warnings.warn('Policy enforcement is depending on the value of '
Jul 24 20:05:11.194394 dv-cinder-850449-2-smb devstack@c-api.service[111490]: INFO cinder.volume.api [None req-bd60a0f7-a3b6-4da4-8cd9-faa36646d1e3 tempest-GroupsV314Test-35252002 tempest-GroupsV314Test-35252002-project] Volume info retrieved successfully.
Jul 24 20:05:11.196222 dv-cinder-850449-2-smb devstack@c-api.service[111490]: WARNING stevedore.named [None req-bd60a0f7-a3b6-4da4-8cd9-faa36646d1e3 tempest-GroupsV314Test-35252002 tempest-GroupsV314Test-35252002-project] Could not load cinder.keymgr.conf_key_mgr.ConfKeyManager
Jul 24 20:05:11.197507 dv-cinder-850449-2-smb devstack@c-api.service[111490]: WARNING castellan.key_manager [None req-bd60a0f7-a3b6-4da4-8cd9-faa36646d1e3 tempest-GroupsV314Test-35252002 tempest-GroupsV314Test-35252002-project] Deprecation Warning : cinder.keymgr.conf_key_mgr.ConfKeyManager is not a stevedore based driver, trying to load it as a class: stevedore.exception.NoMatches: No 'castellan.drivers' driver found, looking for 'cinder.keymgr.conf_key_mgr.ConfKeyManager'
Jul 24 20:05:11.206370 dv-cinder-850449-2-smb devstack@c-api.service[111490]: DEBUG oslo_db.sqlalchemy.engines [None req-bd60a0f7-a3b6-4da4-8cd9-faa36646d1e3 tempest-GroupsV314Test-35252002 tempest-GroupsV314Test-35252002-project] MySQL server mode set to STRICT_TRANS_TABLES,STRICT_ALL_TABLES,NO_ZERO_IN_DATE,NO_ZERO_DATE,ERROR_FOR_DIVISION_BY_ZERO,TRADITIONAL,NO_ENGINE_SUBSTITUTION {{(pid=111490) _check_effective_sql_mode /usr/local/lib/python3.8/dist-packages/oslo_db/sqlalchemy/engines.py:314}}
Jul 24 20:05:11.214232 dv-cinder-850449-2-smb devstack@c-api.service[111490]: /usr/local/lib/python3.8/dist-packages/oslo_context/context.py:100: DeprecationWarning: Policy enforcement is depending on the value of is_admin. This key is deprecated. Please update your policy file to use the standard policy values.
Jul 24 20:05:11.214232 dv-cinder-850449-2-smb devstack@c-api.service[111490]: warnings.warn('Policy enforcement is depending on the value of '
Jul 24 20:05:11.281381 dv-cinder-850449-2-smb devstack@c-api.service[111490]: INFO cinder.api.openstack.wsgi [None req-bd60a0f7-a3b6-4da4-8cd9-faa36646d1e3 tempest-GroupsV314Test-35252002 tempest-GroupsV314Test-35252002-project] http://10.222.0.39/volume/v3/d5a4a965751a4c40a6d1449af3274fd7/volumes/3275eb38-88e3-4d7d-8738-1dca9328ed94 returned with HTTP 200
Jul 24 20:05:11.284200 dv-cinder-850449-2-smb devstack@c-api.service[111490]: [pid: 111490|app: 0|req: 38/77] 10.222.0.39 () {60 vars in 1365 bytes} [Sun Jul 24 20:05:11 2022] GET /volume/v3/d5a4a965751a4c40a6d1449af3274fd7/volumes/3275eb38-88e3-4d7d-8738-1dca9328ed94 => generated 989 bytes in 130 msecs (HTTP/1.1 200) 7 headers in 286 bytes (1 switches on core 0)
Jul 24 20:05:11.293745 dv-cinder-850449-2-smb devstack@c-api.service[111489]: DEBUG cinder.api.middleware.request_id [None req-f50fa322-2d88-4700-8886-5c7f3795a7d2 None None] RequestId filter calling following filter/app {{(pid=111489) _context_setter /opt/stack/cinder/cinder/api/middleware/request_id.py:62}}
Jul 24 20:05:11.300080 dv-cinder-850449-2-smb devstack@c-api.service[111489]: INFO cinder.api.openstack.wsgi [None req-f50fa322-2d88-4700-8886-5c7f3795a7d2 tempest-GroupsV314Test-35252002 tempest-GroupsV314Test-35252002-project] GET http://10.222.0.39/volume/v3/d5a4a965751a4c40a6d1449af3274fd7/groups/e236464a-1ca6-4bd7-89b0-8069b35d7d2f
Jul 24 20:05:11.301559 dv-cinder-850449-2-smb devstack@c-api.service[111489]: DEBUG cinder.api.openstack.wsgi [None req-f50fa322-2d88-4700-8886-5c7f3795a7d2 tempest-GroupsV314Test-35252002 tempest-GroupsV314Test-35252002-project] Empty body provided in request {{(pid=111489) get_body /opt/stack/cinder/cinder/api/openstack/wsgi.py:715}}
Jul 24 20:05:11.307684 dv-cinder-850449-2-smb devstack@c-api.service[111489]: DEBUG cinder.api.openstack.wsgi [None req-f50fa322-2d88-4700-8886-5c7f3795a7d2 tempest-GroupsV314Test-35252002 tempest-GroupsV314Test-35252002-project] Calling method 'version_select' {{(pid=111489) _process_stack /opt/stack/cinder/cinder/api/openstack/wsgi.py:868}}
Jul 24 20:05:11.307684 dv-cinder-850449-2-smb devstack@c-api.service[111489]: DEBUG cinder.api.v3.groups [None req-f50fa322-2d88-4700-8886-5c7f3795a7d2 tempest-GroupsV314Test-35252002 tempest-GroupsV314Test-35252002-project] show called for member e236464a-1ca6-4bd7-89b0-8069b35d7d2f {{(pid=111489) show /opt/stack/cinder/cinder/api/v3/groups.py:58}}
