Jul 24 20:01:57.677487 dv-cinder-850449-2-iscsi devstack@c-api.service[117722]: DEBUG cinder.volume.api [None req-e90f1bf6-ba84-4472-ba9d-640ce7339d91 tempest-GroupSnapshotsTest-2073178172 tempest-GroupSnapshotsTest-2073178172-project] Task 'cinder.volume.flows.api.create_volume.ExtractVolumeRequestTask;volume:create' (5f16e0b6-8b27-4af4-a04a-91ea60469a84) transitioned into state 'RUNNING' from state 'PENDING' {{(pid=117722) _task_receiver /usr/local/lib/python3.8/dist-packages/taskflow/listeners/logging.py:190}}
Jul 24 20:01:57.679860 dv-cinder-850449-2-iscsi devstack@c-api.service[117722]: /usr/local/lib/python3.8/dist-packages/oslo_context/context.py:100: DeprecationWarning: Policy enforcement is depending on the value of is_admin. This key is deprecated. Please update your policy file to use the standard policy values.
Jul 24 20:01:57.679860 dv-cinder-850449-2-iscsi devstack@c-api.service[117722]: warnings.warn('Policy enforcement is depending on the value of '
Jul 24 20:01:57.680808 dv-cinder-850449-2-iscsi devstack@c-api.service[117722]: DEBUG cinder.volume.flows.api.create_volume [None req-e90f1bf6-ba84-4472-ba9d-640ce7339d91 tempest-GroupSnapshotsTest-2073178172 tempest-GroupSnapshotsTest-2073178172-project] Validating volume size '1' using validate_int {{(pid=117722) _extract_size /opt/stack/cinder/cinder/volume/flows/api/create_volume.py:228}}
Jul 24 20:01:57.704811 dv-cinder-850449-2-iscsi devstack@c-api.service[117722]: DEBUG cinder.volume.api [None req-e90f1bf6-ba84-4472-ba9d-640ce7339d91 tempest-GroupSnapshotsTest-2073178172 tempest-GroupSnapshotsTest-2073178172-project] Task 'cinder.volume.flows.api.create_volume.ExtractVolumeRequestTask;volume:create' (5f16e0b6-8b27-4af4-a04a-91ea60469a84) transitioned into state 'SUCCESS' from state 'RUNNING' with result '{'size': 1, 'snapshot_id': None, 'source_volid': None, 'volume_type': VolumeType(created_at=2022-07-24T20:01:56Z,deleted=False,deleted_at=None,description=None,extra_specs={},id=4c35d094-a7dd-4bdc-9a6c-513fbff68327,is_public=True,name='tempest-GroupSnapshotsTest-volume-type-2056669409',projects=[],qos_specs=,qos_specs_id=None,updated_at=None), 'volume_type_id': '4c35d094-a7dd-4bdc-9a6c-513fbff68327', 'encryption_key_id': None, 'qos_specs': None, 'consistencygroup_id': None, 'cgsnapshot_id': None, 'group_id': '1c3c8ac7-b933-481a-bf8a-56212a9750f1', 'replication_status': 'disabled', 'refresh_az': False, 'backup_id': None, 'multiattach': False, 'availability_zones': ['nova']}' {{(pid=117722) _task_receiver /usr/local/lib/python3.8/dist-packages/taskflow/listeners/logging.py:178}}
Jul 24 20:01:57.707032 dv-cinder-850449-2-iscsi devstack@c-api.service[117722]: DEBUG cinder.volume.api [None req-e90f1bf6-ba84-4472-ba9d-640ce7339d91 tempest-GroupSnapshotsTest-2073178172 tempest-GroupSnapshotsTest-2073178172-project] Task 'cinder.volume.flows.api.create_volume.QuotaReserveTask;volume:create' (6775b3f6-11ad-41b2-a087-13a1c5dc6a58) transitioned into state 'RUNNING' from state 'PENDING' {{(pid=117722) _task_receiver /usr/local/lib/python3.8/dist-packages/taskflow/listeners/logging.py:190}}
Jul 24 20:01:57.738878 dv-cinder-850449-2-iscsi devstack@c-api.service[117723]: DEBUG cinder.quota [None req-2df0ef0a-d80b-4e8f-94f4-3076ed257d6d tempest-GroupsV320Test-2100386483 tempest-GroupsV320Test-2100386483-project] Created reservations ['ce07c3ad-d586-4c85-9699-4e84602872f9'] {{(pid=117723) reserve /opt/stack/cinder/cinder/quota.py:755}}
Jul 24 20:01:57.757897 dv-cinder-850449-2-iscsi devstack@c-api.service[117722]: WARNING cinder.quota [None req-e90f1bf6-ba84-4472-ba9d-640ce7339d91 tempest-GroupSnapshotsTest-2073178172 tempest-GroupSnapshotsTest-2073178172-project] Deprecated: Default quota for resource: volumes_tempest-GroupSnapshotsTest-volume-type-2056669409 is set by the default quota flag: quota_volumes_tempest-GroupSnapshotsTest-volume-type-2056669409, it is now deprecated. Please use the default quota class for default quota.
Jul 24 20:01:57.758846 dv-cinder-850449-2-iscsi devstack@c-api.service[117722]: WARNING cinder.quota [None req-e90f1bf6-ba84-4472-ba9d-640ce7339d91 tempest-GroupSnapshotsTest-2073178172 tempest-GroupSnapshotsTest-2073178172-project] Deprecated: Default quota for resource: gigabytes_tempest-GroupSnapshotsTest-volume-type-2056669409 is set by the default quota flag: quota_gigabytes_tempest-GroupSnapshotsTest-volume-type-2056669409, it is now deprecated. Please use the default quota class for default quota.
Jul 24 20:01:57.972562 dv-cinder-850449-2-iscsi devstack@c-api.service[117723]: DEBUG dbcounter [-] [117723] Writing DB stats cinder:SELECT=85,cinder:INSERT=9,cinder:UPDATE=6 {{(pid=117723) stat_writer /usr/local/lib/python3.8/dist-packages/dbcounter.py:114}}
Jul 24 20:01:57.998872 dv-cinder-850449-2-iscsi devstack@c-api.service[117723]: INFO cinder.api.openstack.wsgi [None req-2df0ef0a-d80b-4e8f-94f4-3076ed257d6d tempest-GroupsV320Test-2100386483 tempest-GroupsV320Test-2100386483-project] http://10.222.0.17/volume/v3/99136a2dbbfc49a2bccce9d17eb5d6a6/groups returned with HTTP 202
Jul 24 20:01:57.999672 dv-cinder-850449-2-iscsi devstack@c-api.service[117723]: [pid: 117723|app: 0|req: 196/399] 10.222.0.17 () {62 vars in 1273 bytes} [Sun Jul 24 20:01:57 2022] POST /volume/v3/99136a2dbbfc49a2bccce9d17eb5d6a6/groups => generated 108 bytes in 737 msecs (HTTP/1.1 202) 7 headers in 292 bytes (2 switches on core 0)
Jul 24 20:01:58.010167 dv-cinder-850449-2-iscsi devstack@c-api.service[117723]: DEBUG cinder.api.middleware.request_id [None req-8bab1490-c448-43ed-b6ea-868dbd56f7dd None None] RequestId filter calling following filter/app {{(pid=117723) _context_setter /opt/stack/cinder/cinder/api/middleware/request_id.py:62}}
Jul 24 20:01:58.022713 dv-cinder-850449-2-iscsi devstack@c-api.service[117723]: INFO cinder.api.openstack.wsgi [None req-8bab1490-c448-43ed-b6ea-868dbd56f7dd tempest-VolumesCloneTest-1841174765 tempest-VolumesCloneTest-1841174765-project] GET http://10.222.0.17/volume/v3/d4ff6904678f4a49a91913587c5b6e3f/volumes/e1d00f7c-fdbd-47c5-a3a2-c1ac72234e5d
Jul 24 20:01:58.031029 dv-cinder-850449-2-iscsi devstack@c-api.service[117723]: DEBUG cinder.api.openstack.wsgi [None req-8bab1490-c448-43ed-b6ea-868dbd56f7dd tempest-VolumesCloneTest-1841174765 tempest-VolumesCloneTest-1841174765-project] Empty body provided in request {{(pid=117723) get_body /opt/stack/cinder/cinder/api/openstack/wsgi.py:715}}
Jul 24 20:01:58.031029 dv-cinder-850449-2-iscsi devstack@c-api.service[117723]: DEBUG cinder.api.openstack.wsgi [None req-8bab1490-c448-43ed-b6ea-868dbd56f7dd tempest-VolumesCloneTest-1841174765 tempest-VolumesCloneTest-1841174765-project] Calling method 'show' {{(pid=117723) _process_stack /opt/stack/cinder/cinder/api/openstack/wsgi.py:868}}
Jul 24 20:01:58.063766 dv-cinder-850449-2-iscsi devstack@c-api.service[117723]: /usr/local/lib/python3.8/dist-packages/oslo_context/context.py:100: DeprecationWarning: Policy enforcement is depending on the value of is_admin. This key is deprecated. Please update your policy file to use the standard policy values.
Jul 24 20:01:58.063766 dv-cinder-850449-2-iscsi devstack@c-api.service[117723]: warnings.warn('Policy enforcement is depending on the value of '
Jul 24 20:01:58.072083 dv-cinder-850449-2-iscsi devstack@c-api.service[117723]: INFO cinder.volume.api [None req-8bab1490-c448-43ed-b6ea-868dbd56f7dd tempest-VolumesCloneTest-1841174765 tempest-VolumesCloneTest-1841174765-project] Volume info retrieved successfully.
Jul 24 20:01:58.083903 dv-cinder-850449-2-iscsi devstack@c-api.service[117723]: INFO cinder.api.openstack.wsgi [None req-8bab1490-c448-43ed-b6ea-868dbd56f7dd tempest-VolumesCloneTest-1841174765 tempest-VolumesCloneTest-1841174765-project] http://10.222.0.17/volume/v3/d4ff6904678f4a49a91913587c5b6e3f/volumes/e1d00f7c-fdbd-47c5-a3a2-c1ac72234e5d returned with HTTP 200
Jul 24 20:01:58.086050 dv-cinder-850449-2-iscsi devstack@c-api.service[117723]: [pid: 117723|app: 0|req: 197/400] 10.222.0.17 () {58 vars in 1324 bytes} [Sun Jul 24 20:01:58 2022] GET /volume/v3/d4ff6904678f4a49a91913587c5b6e3f/volumes/e1d00f7c-fdbd-47c5-a3a2-c1ac72234e5d => generated 907 bytes in 80 msecs (HTTP/1.1 200) 7 headers in 285 bytes (1 switches on core 0)
Jul 24 20:01:58.088071 dv-cinder-850449-2-iscsi devstack@c-api.service[117723]: DEBUG cinder.api.middleware.request_id [None req-af27b1b4-9a74-490d-94bf-469f48d7e535 None None] RequestId filter calling following filter/app {{(pid=117723) _context_setter /opt/stack/cinder/cinder/api/middleware/request_id.py:62}}
Jul 24 20:01:58.093178 dv-cinder-850449-2-iscsi devstack@c-api.service[117723]: INFO cinder.api.openstack.wsgi [None req-af27b1b4-9a74-490d-94bf-469f48d7e535 tempest-GroupsV320Test-2100386483 tempest-GroupsV320Test-2100386483-project] GET http://10.222.0.17/volume/v3/99136a2dbbfc49a2bccce9d17eb5d6a6/groups/079268c3-b60f-4955-ad1d-35eb101c3097
Jul 24 20:01:58.093611 dv-cinder-850449-2-iscsi devstack@c-api.service[117723]: DEBUG cinder.api.openstack.wsgi [None req-af27b1b4-9a74-490d-94bf-469f48d7e535 tempest-GroupsV320Test-2100386483 tempest-GroupsV320Test-2100386483-project] Empty body provided in request {{(pid=117723) get_body /opt/stack/cinder/cinder/api/openstack/wsgi.py:715}}
Jul 24 20:01:58.093758 dv-cinder-850449-2-iscsi devstack@c-api.service[117722]: DEBUG cinder.quota [None req-e90f1bf6-ba84-4472-ba9d-640ce7339d91 tempest-GroupSnapshotsTest-2073178172 tempest-GroupSnapshotsTest-2073178172-project] Created reservations ['d0e5d009-525e-49a4-9c6c-76b9ff3215a0', 'c52912d8-09be-4160-b3b3-d8e3fa65c327', 'e4900705-a6ba-4372-92bd-79bcdd64ab97', 'bf9d434f-77e2-423a-bffc-6620a0c42e75'] {{(pid=117722) reserve /opt/stack/cinder/cinder/quota.py:755}}
Jul 24 20:01:58.097683 dv-cinder-850449-2-iscsi devstack@c-api.service[117722]: DEBUG cinder.volume.api [None req-e90f1bf6-ba84-4472-ba9d-640ce7339d91 tempest-GroupSnapshotsTest-2073178172 tempest-GroupSnapshotsTest-2073178172-project] Task 'cinder.volume.flows.api.create_volume.QuotaReserveTask;volume:create' (6775b3f6-11ad-41b2-a087-13a1c5dc6a58) transitioned into state 'SUCCESS' from state 'RUNNING' with result '{'reservations': ['d0e5d009-525e-49a4-9c6c-76b9ff3215a0', 'c52912d8-09be-4160-b3b3-d8e3fa65c327', 'e4900705-a6ba-4372-92bd-79bcdd64ab97', 'bf9d434f-77e2-423a-bffc-6620a0c42e75']}' {{(pid=117722) _task_receiver /usr/local/lib/python3.8/dist-packages/taskflow/listeners/logging.py:178}}
Jul 24 20:01:58.098395 dv-cinder-850449-2-iscsi devstack@c-api.service[117723]: DEBUG cinder.api.openstack.wsgi [None req-af27b1b4-9a74-490d-94bf-469f48d7e535 tempest-GroupsV320Test-2100386483 tempest-GroupsV320Test-2100386483-project] Calling method 'version_select' {{(pid=117723) _process_stack /opt/stack/cinder/cinder/api/openstack/wsgi.py:868}}
Jul 24 20:01:58.098395 dv-cinder-850449-2-iscsi devstack@c-api.service[117723]: DEBUG cinder.api.v3.groups [None req-af27b1b4-9a74-490d-94bf-469f48d7e535 tempest-GroupsV320Test-2100386483 tempest-GroupsV320Test-2100386483-project] show called for member 079268c3-b60f-4955-ad1d-35eb101c3097 {{(pid=117723) show /opt/stack/cinder/cinder/api/v3/groups.py:58}}
Jul 24 20:01:58.098565 dv-cinder-850449-2-iscsi devstack@c-api.service[117722]: DEBUG cinder.volume.api [None req-e90f1bf6-ba84-4472-ba9d-640ce7339d91 tempest-GroupSnapshotsTest-2073178172 tempest-GroupSnapshotsTest-2073178172-project] Task 'cinder.volume.flows.api.create_volume.EntryCreateTask;volume:create' (b3acafb2-bcd2-4ecc-b2e2-39827d5e737e) transitioned into state 'RUNNING' from state 'PENDING' {{(pid=117722) _task_receiver /usr/local/lib/python3.8/dist-packages/taskflow/listeners/logging.py:190}}
Jul 24 20:01:58.118272 dv-cinder-850449-2-iscsi devstack@c-api.service[117723]: /usr/local/lib/python3.8/dist-packages/oslo_context/context.py:100: DeprecationWarning: Policy enforcement is depending on the value of is_admin. This key is deprecated. Please update your policy file to use the standard policy values.
Jul 24 20:01:58.118272 dv-cinder-850449-2-iscsi devstack@c-api.service[117723]: warnings.warn('Policy enforcement is depending on the value of '
Jul 24 20:01:58.135423 dv-cinder-850449-2-iscsi devstack@c-api.service[117723]: INFO cinder.api.openstack.wsgi [None req-af27b1b4-9a74-490d-94bf-469f48d7e535 tempest-GroupsV320Test-2100386483 tempest-GroupsV320Test-2100386483-project] http://10.222.0.17/volume/v3/99136a2dbbfc49a2bccce9d17eb5d6a6/groups/079268c3-b60f-4955-ad1d-35eb101c3097 returned with HTTP 200
Jul 24 20:01:58.136629 dv-cinder-850449-2-iscsi devstack@c-api.service[117723]: [pid: 117723|app: 0|req: 198/401] 10.222.0.17 () {60 vars in 1362 bytes} [Sun Jul 24 20:01:58 2022] GET /volume/v3/99136a2dbbfc49a2bccce9d17eb5d6a6/groups/079268c3-b60f-4955-ad1d-35eb101c3097 => generated 388 bytes in 50 msecs (HTTP/1.1 200) 7 headers in 286 bytes (1 switches on core 0)
Jul 24 20:01:58.267466 dv-cinder-850449-2-iscsi devstack@c-api.service[117722]: DEBUG cinder.volume.api [None req-e90f1bf6-ba84-4472-ba9d-640ce7339d91 tempest-GroupSnapshotsTest-2073178172 tempest-GroupSnapshotsTest-2073178172-project] Task 'cinder.volume.flows.api.create_volume.EntryCreateTask;volume:create' (b3acafb2-bcd2-4ecc-b2e2-39827d5e737e) transitioned into state 'SUCCESS' from state 'RUNNING' with result '{'volume_id': 'e33436e4-99da-4942-9324-b23cc467f3b5', 'volume_properties': VolumeProperties(attach_status='detached',availability_zone='nova',cgsnapshot_id=None,consistencygroup_id=None,display_description=None,display_name='tempest-GroupSnapshotsTest-Volume-104206625',encryption_key_id=None,group_id=1c3c8ac7-b933-481a-bf8a-56212a9750f1,group_type_id=,metadata={},multiattach=False,project_id='ba0a6e1b9a2b43a097a0b25f913ad2d9',qos_specs=None,replication_status=,reservations=['d0e5d009-525e-49a4-9c6c-76b9ff3215a0','c52912d8-09be-4160-b3b3-d8e3fa65c327','e4900705-a6ba-4372-92bd-79bcdd64ab97','bf9d434f-77e2-423a-bffc-6620a0c42e75'],size=1,snapshot_id=None,source_replicaid=,source_volid=None,status='creating',user_id='b723d57a7dc44b4d8f8af2a9f47c614f',volume_type_id=4c35d094-a7dd-4bdc-9a6c-513fbff68327), 'volume': Volume(_name_id=None,admin_metadata=,attach_status='detached',availability_zone='nova',bootable=False,cluster=,cluster_name=None,consistencygroup=,consistencygroup_id=None,created_at=2022-07-24T20:01:58Z,deleted=False,deleted_at=None,display_description=None,display_name='tempest-GroupSnapshotsTest-Volume-104206625',ec2_id=None,encryption_key_id=None,glance_metadata=,group=,group_id=1c3c8ac7-b933-481a-bf8a-56212a9750f1,host=None,id=e33436e4-99da-4942-9324-b23cc467f3b5,launched_at=None,metadata={},migration_status=None,multiattach=False,previous_status=None,project_id='ba0a6e1b9a2b43a097a0b25f913ad2d9',provider_auth=None,provider_geometry=None,provider_id=None,provider_location=None,replication_driver_data=None,replication_extended_status=None,replication_status=None,scheduled_at=None,service_uuid=None,shared_targets=True,size=1,snapshot_id=None,snapshots=,source_volid=None,status='creating',terminated_at=None,updated_at=None,use_quota=True,user_id='b723d57a7dc44b4d8f8af2a9f47c614f',volume_attachment=VolumeAttachmentList,volume_type=VolumeType(4c35d094-a7dd-4bdc-9a6c-513fbff68327),volume_type_id=4c35d094-a7dd-4bdc-9a6c-513fbff68327)}' {{(pid=117722) _task_receiver /usr/local/lib/python3.8/dist-packages/taskflow/listeners/logging.py:178}}
Jul 24 20:01:58.271543 dv-cinder-850449-2-iscsi devstack@c-api.service[117722]: DEBUG cinder.volume.api [None req-e90f1bf6-ba84-4472-ba9d-640ce7339d91 tempest-GroupSnapshotsTest-2073178172 tempest-GroupSnapshotsTest-2073178172-project] Task 'cinder.volume.flows.api.create_volume.QuotaCommitTask;volume:create' (54496422-2ea5-4ebc-83ac-05a998c6f6db) transitioned into state 'RUNNING' from state 'PENDING' {{(pid=117722) _task_receiver /usr/local/lib/python3.8/dist-packages/taskflow/listeners/logging.py:190}}
Jul 24 20:01:58.370292 dv-cinder-850449-2-iscsi devstack@c-api.service[117722]: DEBUG cinder.volume.api [None req-e90f1bf6-ba84-4472-ba9d-640ce7339d91 tempest-GroupSnapshotsTest-2073178172 tempest-GroupSnapshotsTest-2073178172-project] Task 'cinder.volume.flows.api.create_volume.QuotaCommitTask;volume:create' (54496422-2ea5-4ebc-83ac-05a998c6f6db) transitioned into state 'SUCCESS' from state 'RUNNING' with result '{'volume_properties': VolumeProperties(attach_status='detached',availability_zone='nova',cgsnapshot_id=None,consistencygroup_id=None,display_description=None,display_name='tempest-GroupSnapshotsTest-Volume-104206625',encryption_key_id=None,group_id=1c3c8ac7-b933-481a-bf8a-56212a9750f1,group_type_id=,metadata={},multiattach=False,project_id='ba0a6e1b9a2b43a097a0b25f913ad2d9',qos_specs=None,replication_status=,reservations=['d0e5d009-525e-49a4-9c6c-76b9ff3215a0','c52912d8-09be-4160-b3b3-d8e3fa65c327','e4900705-a6ba-4372-92bd-79bcdd64ab97','bf9d434f-77e2-423a-bffc-6620a0c42e75'],size=1,snapshot_id=None,source_replicaid=,source_volid=None,status='creating',user_id='b723d57a7dc44b4d8f8af2a9f47c614f',volume_type_id=4c35d094-a7dd-4bdc-9a6c-513fbff68327)}' {{(pid=117722) _task_receiver /usr/local/lib/python3.8/dist-packages/taskflow/listeners/logging.py:178}}
Jul 24 20:01:58.372518 dv-cinder-850449-2-iscsi devstack@c-api.service[117722]: DEBUG cinder.volume.api [None req-e90f1bf6-ba84-4472-ba9d-640ce7339d91 tempest-GroupSnapshotsTest-2073178172 tempest-GroupSnapshotsTest-2073178172-project] Task 'cinder.volume.flows.api.create_volume.VolumeCastTask;volume:create' (94329e57-72c0-4f26-8771-3b14433bf330) transitioned into state 'RUNNING' from state 'PENDING' {{(pid=117722) _task_receiver /usr/local/lib/python3.8/dist-packages/taskflow/listeners/logging.py:190}}
Jul 24 20:01:58.376411 dv-cinder-850449-2-iscsi devstack@c-api.service[117723]: DEBUG cinder.api.middleware.request_id [None req-9bd586f8-20c8-4d1c-b9ae-c2f3c19137aa None None] RequestId filter calling following filter/app {{(pid=117723) _context_setter /opt/stack/cinder/cinder/api/middleware/request_id.py:62}}
Jul 24 20:01:58.481414 dv-cinder-850449-2-iscsi devstack@c-api.service[117722]: DEBUG cinder.volume.api [None req-e90f1bf6-ba84-4472-ba9d-640ce7339d91 tempest-GroupSnapshotsTest-2073178172 tempest-GroupSnapshotsTest-2073178172-project] Task 'cinder.volume.flows.api.create_volume.VolumeCastTask;volume:create' (94329e57-72c0-4f26-8771-3b14433bf330) transitioned into state 'SUCCESS' from state 'RUNNING' with result 'None' {{(pid=117722) _task_receiver /usr/local/lib/python3.8/dist-packages/taskflow/listeners/logging.py:178}}
Jul 24 20:01:58.484577 dv-cinder-850449-2-iscsi devstack@c-api.service[117722]: DEBUG cinder.volume.api [None req-e90f1bf6-ba84-4472-ba9d-640ce7339d91 tempest-GroupSnapshotsTest-2073178172 tempest-GroupSnapshotsTest-2073178172-project] Flow 'volume_create_api' (ec19914f-e979-41e1-aa3d-d5daad7b7f4a) transitioned into state 'SUCCESS' from state 'RUNNING' {{(pid=117722) _flow_receiver /usr/local/lib/python3.8/dist-packages/taskflow/listeners/logging.py:141}}
Jul 24 20:01:58.488788 dv-cinder-850449-2-iscsi devstack@c-api.service[117722]: INFO cinder.volume.api [None req-e90f1bf6-ba84-4472-ba9d-640ce7339d91 tempest-GroupSnapshotsTest-2073178172 tempest-GroupSnapshotsTest-2073178172-project] Create volume request issued successfully.
Jul 24 20:01:58.490884 dv-cinder-850449-2-iscsi devstack@c-api.service[117722]: WARNING stevedore.named [None req-e90f1bf6-ba84-4472-ba9d-640ce7339d91 tempest-GroupSnapshotsTest-2073178172 tempest-GroupSnapshotsTest-2073178172-project] Could not load cinder.keymgr.conf_key_mgr.ConfKeyManager
Jul 24 20:01:58.492992 dv-cinder-850449-2-iscsi devstack@c-api.service[117722]: WARNING castellan.key_manager [None req-e90f1bf6-ba84-4472-ba9d-640ce7339d91 tempest-GroupSnapshotsTest-2073178172 tempest-GroupSnapshotsTest-2073178172-project] Deprecation Warning : cinder.keymgr.conf_key_mgr.ConfKeyManager is not a stevedore based driver, trying to load it as a class: stevedore.exception.NoMatches: No 'castellan.drivers' driver found, looking for 'cinder.keymgr.conf_key_mgr.ConfKeyManager'
Jul 24 20:01:58.508693 dv-cinder-850449-2-iscsi devstack@c-api.service[117722]: DEBUG oslo_db.sqlalchemy.engines [None req-e90f1bf6-ba84-4472-ba9d-640ce7339d91 tempest-GroupSnapshotsTest-2073178172 tempest-GroupSnapshotsTest-2073178172-project] MySQL server mode set to STRICT_TRANS_TABLES,STRICT_ALL_TABLES,NO_ZERO_IN_DATE,NO_ZERO_DATE,ERROR_FOR_DIVISION_BY_ZERO,TRADITIONAL,NO_ENGINE_SUBSTITUTION {{(pid=117722) _check_effective_sql_mode /usr/local/lib/python3.8/dist-packages/oslo_db/sqlalchemy/engines.py:314}}
Jul 24 20:01:58.517155 dv-cinder-850449-2-iscsi devstack@c-api.service[117722]: /usr/local/lib/python3.8/dist-packages/oslo_context/context.py:100: DeprecationWarning: Policy enforcement is depending on the value of is_admin. This key is deprecated. Please update your policy file to use the standard policy values.
Jul 24 20:01:58.517155 dv-cinder-850449-2-iscsi devstack@c-api.service[117722]: warnings.warn('Policy enforcement is depending on the value of '
Jul 24 20:01:58.525746 dv-cinder-850449-2-iscsi devstack@c-api.service[117722]: INFO cinder.api.openstack.wsgi [None req-e90f1bf6-ba84-4472-ba9d-640ce7339d91 tempest-GroupSnapshotsTest-2073178172 tempest-GroupSnapshotsTest-2073178172-project] http://10.222.0.17/volume/v3/ba0a6e1b9a2b43a097a0b25f913ad2d9/volumes returned with HTTP 202
Jul 24 20:01:58.527725 dv-cinder-850449-2-iscsi devstack@c-api.service[117722]: [pid: 117722|app: 0|req: 204/402] 10.222.0.17 () {62 vars in 1276 bytes} [Sun Jul 24 20:01:57 2022] POST /volume/v3/ba0a6e1b9a2b43a097a0b25f913ad2d9/volumes => generated 907 bytes in 901 msecs (HTTP/1.1 202) 7 headers in 292 bytes (2 switches on core 0)
Jul 24 20:01:58.544119 dv-cinder-850449-2-iscsi devstack@c-api.service[117722]: DEBUG cinder.api.middleware.request_id [None req-c939d5eb-f624-4b22-8a0a-ed20fb7b980a None None] RequestId filter calling following filter/app {{(pid=117722) _context_setter /opt/stack/cinder/cinder/api/middleware/request_id.py:62}}
Jul 24 20:01:58.548828 dv-cinder-850449-2-iscsi devstack@c-api.service[117722]: INFO cinder.api.openstack.wsgi [None req-c939d5eb-f624-4b22-8a0a-ed20fb7b980a tempest-GroupSnapshotsTest-2073178172 tempest-GroupSnapshotsTest-2073178172-project] GET http://10.222.0.17/volume/v3/ba0a6e1b9a2b43a097a0b25f913ad2d9/volumes/e33436e4-99da-4942-9324-b23cc467f3b5
Jul 24 20:01:58.549973 dv-cinder-850449-2-iscsi devstack@c-api.service[117722]: DEBUG cinder.api.openstack.wsgi [None req-c939d5eb-f624-4b22-8a0a-ed20fb7b980a tempest-GroupSnapshotsTest-2073178172 tempest-GroupSnapshotsTest-2073178172-project] Empty body provided in request {{(pid=117722) get_body /opt/stack/cinder/cinder/api/openstack/wsgi.py:715}}
Jul 24 20:01:58.550647 dv-cinder-850449-2-iscsi devstack@c-api.service[117722]: DEBUG cinder.api.openstack.wsgi [None req-c939d5eb-f624-4b22-8a0a-ed20fb7b980a tempest-GroupSnapshotsTest-2073178172 tempest-GroupSnapshotsTest-2073178172-project] Calling method 'show' {{(pid=117722) _process_stack /opt/stack/cinder/cinder/api/openstack/wsgi.py:868}}
Jul 24 20:01:58.566837 dv-cinder-850449-2-iscsi devstack@c-api.service[117722]: /usr/local/lib/python3.8/dist-packages/oslo_context/context.py:100: DeprecationWarning: Policy enforcement is depending on the value of is_admin. This key is deprecated. Please update your policy file to use the standard policy values.
Jul 24 20:01:58.566837 dv-cinder-850449-2-iscsi devstack@c-api.service[117722]: warnings.warn('Policy enforcement is depending on the value of '
Jul 24 20:01:58.575852 dv-cinder-850449-2-iscsi devstack@c-api.service[117722]: INFO cinder.volume.api [None req-c939d5eb-f624-4b22-8a0a-ed20fb7b980a tempest-GroupSnapshotsTest-2073178172 tempest-GroupSnapshotsTest-2073178172-project] Volume info retrieved successfully.
Jul 24 20:01:58.588150 dv-cinder-850449-2-iscsi devstack@c-api.service[117722]: WARNING stevedore.named [None req-c939d5eb-f624-4b22-8a0a-ed20fb7b980a tempest-GroupSnapshotsTest-2073178172 tempest-GroupSnapshotsTest-2073178172-project] Could not load cinder.keymgr.conf_key_mgr.ConfKeyManager
Jul 24 20:01:58.589040 dv-cinder-850449-2-iscsi devstack@c-api.service[117722]: WARNING castellan.key_manager [None req-c939d5eb-f624-4b22-8a0a-ed20fb7b980a tempest-GroupSnapshotsTest-2073178172 tempest-GroupSnapshotsTest-2073178172-project] Deprecation Warning : cinder.keymgr.conf_key_mgr.ConfKeyManager is not a stevedore based driver, trying to load it as a class: stevedore.exception.NoMatches: No 'castellan.drivers' driver found, looking for 'cinder.keymgr.conf_key_mgr.ConfKeyManager'
Jul 24 20:01:58.607732 dv-cinder-850449-2-iscsi devstack@c-api.service[117722]: DEBUG oslo_db.sqlalchemy.engines [None req-c939d5eb-f624-4b22-8a0a-ed20fb7b980a tempest-GroupSnapshotsTest-2073178172 tempest-GroupSnapshotsTest-2073178172-project] MySQL server mode set to STRICT_TRANS_TABLES,STRICT_ALL_TABLES,NO_ZERO_IN_DATE,NO_ZERO_DATE,ERROR_FOR_DIVISION_BY_ZERO,TRADITIONAL,NO_ENGINE_SUBSTITUTION {{(pid=117722) _check_effective_sql_mode /usr/local/lib/python3.8/dist-packages/oslo_db/sqlalchemy/engines.py:314}}
Jul 24 20:01:58.610725 dv-cinder-850449-2-iscsi devstack@c-api.service[117722]: DEBUG dbcounter [-] [117722] Writing DB stats cinder:SELECT=79,cinder:INSERT=9,cinder:UPDATE=12 {{(pid=117722) stat_writer /usr/local/lib/python3.8/dist-packages/dbcounter.py:114}}
Jul 24 20:01:58.615770 dv-cinder-850449-2-iscsi devstack@c-api.service[117722]: /usr/local/lib/python3.8/dist-packages/oslo_context/context.py:100: DeprecationWarning: Policy enforcement is depending on the value of is_admin. This key is deprecated. Please update your policy file to use the standard policy values.
Jul 24 20:01:58.615770 dv-cinder-850449-2-iscsi devstack@c-api.service[117722]: warnings.warn('Policy enforcement is depending on the value of '
Jul 24 20:01:58.643125 dv-cinder-850449-2-iscsi devstack@c-api.service[117722]: INFO cinder.api.openstack.wsgi [None req-c939d5eb-f624-4b22-8a0a-ed20fb7b980a tempest-GroupSnapshotsTest-2073178172 tempest-GroupSnapshotsTest-2073178172-project] http://10.222.0.17/volume/v3/ba0a6e1b9a2b43a097a0b25f913ad2d9/volumes/e33436e4-99da-4942-9324-b23cc467f3b5 returned with HTTP 200
Jul 24 20:01:58.644759 dv-cinder-850449-2-iscsi devstack@c-api.service[117722]: [pid: 117722|app: 0|req: 205/403] 10.222.0.17 () {60 vars in 1365 bytes} [Sun Jul 24 20:01:58 2022] GET /volume/v3/ba0a6e1b9a2b43a097a0b25f913ad2d9/volumes/e33436e4-99da-4942-9324-b23cc467f3b5 => generated 975 bytes in 101 msecs (HTTP/1.1 200) 7 headers in 286 bytes (2 switches on core 0)
Jul 24 20:01:58.681799 dv-cinder-850449-2-iscsi devstack@c-api.service[117723]: INFO cinder.api.openstack.wsgi [None req-9bd586f8-20c8-4d1c-b9ae-c2f3c19137aa tempest-VolumeHostsAdminTestsJSON-712279251 tempest-VolumeHostsAdminTestsJSON-712279251-project-admin] GET http://10.222.0.17/volume/v3/533517fb139041fc8cdc568748aa83a2/os-hosts
Jul 24 20:01:58.682376 dv-cinder-850449-2-iscsi devstack@c-api.service[117723]: DEBUG cinder.api.openstack.wsgi [None req-9bd586f8-20c8-4d1c-b9ae-c2f3c19137aa tempest-VolumeHostsAdminTestsJSON-712279251 tempest-VolumeHostsAdminTestsJSON-712279251-project-admin] Empty body provided in request {{(pid=117723) get_body /opt/stack/cinder/cinder/api/openstack/wsgi.py:715}}
Jul 24 20:01:58.682944 dv-cinder-850449-2-iscsi devstack@c-api.service[117723]: DEBUG cinder.api.openstack.wsgi [None req-9bd586f8-20c8-4d1c-b9ae-c2f3c19137aa tempest-VolumeHostsAdminTestsJSON-712279251 tempest-VolumeHostsAdminTestsJSON-712279251-project-admin] Calling method 'index' {{(pid=117723) _process_stack /opt/stack/cinder/cinder/api/openstack/wsgi.py:868}}
Jul 24 20:01:58.685039 dv-cinder-850449-2-iscsi devstack@c-api.service[117723]: /usr/local/lib/python3.8/dist-packages/oslo_context/context.py:100: DeprecationWarning: Policy enforcement is depending on the value of is_admin. This key is deprecated. Please update your policy file to use the standard policy values.
Jul 24 20:01:58.685039 dv-cinder-850449-2-iscsi devstack@c-api.service[117723]: warnings.warn('Policy enforcement is depending on the value of '
Jul 24 20:01:58.700008 dv-cinder-850449-2-iscsi devstack@c-api.service[117723]: DEBUG cinder.api.contrib.hosts [None req-9bd586f8-20c8-4d1c-b9ae-c2f3c19137aa tempest-VolumeHostsAdminTestsJSON-712279251 tempest-VolumeHostsAdminTestsJSON-712279251-project-admin] status, active and update: available, enabled, 2022-07-24 20:01:54+00:00 {{(pid=117723) _list_hosts /opt/stack/cinder/cinder/api/contrib/hosts.py:59}}
Jul 24 20:01:58.700470 dv-cinder-850449-2-iscsi devstack@c-api.service[117723]: DEBUG cinder.api.contrib.hosts [None req-9bd586f8-20c8-4d1c-b9ae-c2f3c19137aa tempest-VolumeHostsAdminTestsJSON-712279251 tempest-VolumeHostsAdminTestsJSON-712279251-project-admin] status, active and update: available, enabled, 2022-07-24 20:01:55+00:00 {{(pid=117723) _list_hosts /opt/stack/cinder/cinder/api/contrib/hosts.py:59}}
Jul 24 20:01:58.701069 dv-cinder-850449-2-iscsi devstack@c-api.service[117723]: DEBUG cinder.api.contrib.hosts [None req-9bd586f8-20c8-4d1c-b9ae-c2f3c19137aa tempest-VolumeHostsAdminTestsJSON-712279251 tempest-VolumeHostsAdminTestsJSON-712279251-project-admin] status, active and update: available, enabled, 2022-07-24 20:01:58+00:00 {{(pid=117723) _list_hosts /opt/stack/cinder/cinder/api/contrib/hosts.py:59}}
Jul 24 20:01:58.701946 dv-cinder-850449-2-iscsi devstack@c-api.service[117723]: INFO cinder.api.openstack.wsgi [None req-9bd586f8-20c8-4d1c-b9ae-c2f3c19137aa tempest-VolumeHostsAdminTestsJSON-712279251 tempest-VolumeHostsAdminTestsJSON-712279251-project-admin] http://10.222.0.17/volume/v3/533517fb139041fc8cdc568748aa83a2/os-hosts returned with HTTP 200
Jul 24 20:01:58.703437 dv-cinder-850449-2-iscsi devstack@c-api.service[117723]: [pid: 117723|app: 0|req: 199/404] 10.222.0.17 () {58 vars in 1216 bytes} [Sun Jul 24 20:01:58 2022] GET /volume/v3/533517fb139041fc8cdc568748aa83a2/os-hosts => generated 576 bytes in 328 msecs (HTTP/1.1 200) 7 headers in 285 bytes (1 switches on core 0)
Jul 24 20:01:59.098372 dv-cinder-850449-2-iscsi devstack@c-api.service[117722]: DEBUG cinder.api.middleware.request_id [None req-d0b702a0-176e-4424-9765-20c49de10377 None None] RequestId filter calling following filter/app {{(pid=117722) _context_setter /opt/stack/cinder/cinder/api/middleware/request_id.py:62}}
Jul 24 20:01:59.102940 dv-cinder-850449-2-iscsi devstack@c-api.service[117722]: INFO cinder.api.openstack.wsgi [None req-d0b702a0-176e-4424-9765-20c49de10377 tempest-VolumesCloneTest-1841174765 tempest-VolumesCloneTest-1841174765-project] GET http://10.222.0.17/volume/v3/d4ff6904678f4a49a91913587c5b6e3f/volumes/e1d00f7c-fdbd-47c5-a3a2-c1ac72234e5d
Jul 24 20:01:59.103418 dv-cinder-850449-2-iscsi devstack@c-api.service[117722]: DEBUG cinder.api.openstack.wsgi [None req-d0b702a0-176e-4424-9765-20c49de10377 tempest-VolumesCloneTest-1841174765 tempest-VolumesCloneTest-1841174765-project] Empty body provided in request {{(pid=117722) get_body /opt/stack/cinder/cinder/api/openstack/wsgi.py:715}}
Jul 24 20:01:59.103868 dv-cinder-850449-2-iscsi devstack@c-api.service[117722]: DEBUG cinder.api.openstack.wsgi [None req-d0b702a0-176e-4424-9765-20c49de10377 tempest-VolumesCloneTest-1841174765 tempest-VolumesCloneTest-1841174765-project] Calling method 'show' {{(pid=117722) _process_stack /opt/stack/cinder/cinder/api/openstack/wsgi.py:868}}
Jul 24 20:01:59.118354 dv-cinder-850449-2-iscsi devstack@c-api.service[117722]: /usr/local/lib/python3.8/dist-packages/oslo_context/context.py:100: DeprecationWarning: Policy enforcement is depending on the value of is_admin. This key is deprecated. Please update your policy file to use the standard policy values.
Jul 24 20:01:59.118354 dv-cinder-850449-2-iscsi devstack@c-api.service[117722]: warnings.warn('Policy enforcement is depending on the value of '
Jul 24 20:01:59.125398 dv-cinder-850449-2-iscsi devstack@c-api.service[117722]: INFO cinder.volume.api [None req-d0b702a0-176e-4424-9765-20c49de10377 tempest-VolumesCloneTest-1841174765 tempest-VolumesCloneTest-1841174765-project] Volume info retrieved successfully.
Jul 24 20:01:59.134815 dv-cinder-850449-2-iscsi devstack@c-api.service[117722]: INFO cinder.api.openstack.wsgi [None req-d0b702a0-176e-4424-9765-20c49de10377 tempest-VolumesCloneTest-1841174765 tempest-VolumesCloneTest-1841174765-project] http://10.222.0.17/volume/v3/d4ff6904678f4a49a91913587c5b6e3f/volumes/e1d00f7c-fdbd-47c5-a3a2-c1ac72234e5d returned with HTTP 200
Jul 24 20:01:59.135561 dv-cinder-850449-2-iscsi devstack@c-api.service[117722]: [pid: 117722|app: 0|req: 206/405] 10.222.0.17 () {58 vars in 1324 bytes} [Sun Jul 24 20:01:59 2022] GET /volume/v3/d4ff6904678f4a49a91913587c5b6e3f/volumes/e1d00f7c-fdbd-47c5-a3a2-c1ac72234e5d => generated 907 bytes in 38 msecs (HTTP/1.1 200) 7 headers in 285 bytes (1 switches on core 0)
Jul 24 20:01:59.149966 dv-cinder-850449-2-iscsi devstack@c-api.service[117723]: DEBUG cinder.api.middleware.request_id [None req-86f45992-48dd-4633-92fd-6204f5595a5d None None] RequestId filter calling following filter/app {{(pid=117723) _context_setter /opt/stack/cinder/cinder/api/middleware/request_id.py:62}}
Jul 24 20:01:59.154797 dv-cinder-850449-2-iscsi devstack@c-api.service[117723]: INFO cinder.api.openstack.wsgi [None req-86f45992-48dd-4633-92fd-6204f5595a5d tempest-GroupsV320Test-2100386483 tempest-GroupsV320Test-2100386483-project] GET http://10.222.0.17/volume/v3/99136a2dbbfc49a2bccce9d17eb5d6a6/groups/079268c3-b60f-4955-ad1d-35eb101c3097
Jul 24 20:01:59.161304 dv-cinder-850449-2-iscsi devstack@c-api.service[117723]: DEBUG cinder.api.openstack.wsgi [None req-86f45992-48dd-4633-92fd-6204f5595a5d tempest-GroupsV320Test-2100386483 tempest-GroupsV320Test-2100386483-project] Empty body provided in request {{(pid=117723) get_body /opt/stack/cinder/cinder/api/openstack/wsgi.py:715}}
Jul 24 20:01:59.161304 dv-cinder-850449-2-iscsi devstack@c-api.service[117723]: DEBUG cinder.api.openstack.wsgi [None req-86f45992-48dd-4633-92fd-6204f5595a5d tempest-GroupsV320Test-2100386483 tempest-GroupsV320Test-2100386483-project] Calling method 'version_select' {{(pid=117723) _process_stack /opt/stack/cinder/cinder/api/openstack/wsgi.py:868}}
Jul 24 20:01:59.161304 dv-cinder-850449-2-iscsi devstack@c-api.service[117723]: DEBUG cinder.api.v3.groups [None req-86f45992-48dd-4633-92fd-6204f5595a5d tempest-GroupsV320Test-2100386483 tempest-GroupsV320Test-2100386483-project] show called for member 079268c3-b60f-4955-ad1d-35eb101c3097 {{(pid=117723) show /opt/stack/cinder/cinder/api/v3/groups.py:58}}
Jul 24 20:01:59.163902 dv-cinder-850449-2-iscsi devstack@c-api.service[117723]: /usr/local/lib/python3.8/dist-packages/oslo_context/context.py:100: DeprecationWarning: Policy enforcement is depending on the value of is_admin. This key is deprecated. Please update your policy file to use the standard policy values.
Jul 24 20:01:59.163902 dv-cinder-850449-2-iscsi devstack@c-api.service[117723]: warnings.warn('Policy enforcement is depending on the value of '
Jul 24 20:01:59.180413 dv-cinder-850449-2-iscsi devstack@c-api.service[117723]: INFO cinder.api.openstack.wsgi [None req-86f45992-48dd-4633-92fd-6204f5595a5d tempest-GroupsV320Test-2100386483 tempest-GroupsV320Test-2100386483-project] http://10.222.0.17/volume/v3/99136a2dbbfc49a2bccce9d17eb5d6a6/groups/079268c3-b60f-4955-ad1d-35eb101c3097 returned with HTTP 200
Jul 24 20:01:59.181374 dv-cinder-850449-2-iscsi devstack@c-api.service[117723]: [pid: 117723|app: 0|req: 200/406] 10.222.0.17 () {60 vars in 1362 bytes} [Sun Jul 24 20:01:59 2022] GET /volume/v3/99136a2dbbfc49a2bccce9d17eb5d6a6/groups/079268c3-b60f-4955-ad1d-35eb101c3097 => generated 389 bytes in 33 msecs (HTTP/1.1 200) 7 headers in 286 bytes (1 switches on core 0)
Jul 24 20:01:59.193732 dv-cinder-850449-2-iscsi devstack@c-api.service[117722]: DEBUG cinder.api.middleware.request_id [None req-9e29b84a-6ecf-4d6e-845a-e4b830508586 None None] RequestId filter calling following filter/app {{(pid=117722) _context_setter /opt/stack/cinder/cinder/api/middleware/request_id.py:62}}
Jul 24 20:01:59.198174 dv-cinder-850449-2-iscsi devstack@c-api.service[117722]: INFO cinder.api.openstack.wsgi [None req-9e29b84a-6ecf-4d6e-845a-e4b830508586 tempest-GroupsV320Test-1965579575 tempest-GroupsV320Test-1965579575-project-admin] POST http://10.222.0.17/volume/v3/6c19c512fb284410ab35ae2f4e3cc0b4/groups/079268c3-b60f-4955-ad1d-35eb101c3097/action
Jul 24 20:01:59.198963 dv-cinder-850449-2-iscsi devstack@c-api.service[117722]: DEBUG cinder.api.openstack.wsgi [None req-9e29b84a-6ecf-4d6e-845a-e4b830508586 tempest-GroupsV320Test-1965579575 tempest-GroupsV320Test-1965579575-project-admin] Action body: b'{"reset_status": {"status": "creating"}}' {{(pid=117722) get_method /opt/stack/cinder/cinder/api/openstack/wsgi.py:983}}
Jul 24 20:01:59.199640 dv-cinder-850449-2-iscsi devstack@c-api.service[117722]: DEBUG cinder.api.openstack.wsgi [None req-9e29b84a-6ecf-4d6e-845a-e4b830508586 tempest-GroupsV320Test-1965579575 tempest-GroupsV320Test-1965579575-project-admin] Action: 'action', calling method: version_select, body: {"reset_status": {"status": "creating"}} {{(pid=117722) _process_stack /opt/stack/cinder/cinder/api/openstack/wsgi.py:866}}
Jul 24 20:01:59.200464 dv-cinder-850449-2-iscsi devstack@c-api.service[117722]: DEBUG cinder.api.v3.groups [None req-9e29b84a-6ecf-4d6e-845a-e4b830508586 tempest-GroupsV320Test-1965579575 tempest-GroupsV320Test-1965579575-project-admin] Updating group '079268c3-b60f-4955-ad1d-35eb101c3097' with 'creating' {{(pid=117722) _reset_status /opt/stack/cinder/cinder/api/v3/groups.py:82}}
Jul 24 20:01:59.209231 dv-cinder-850449-2-iscsi devstack@c-api.service[117722]: /usr/local/lib/python3.8/dist-packages/oslo_context/context.py:100: DeprecationWarning: Policy enforcement is depending on the value of is_admin. This key is deprecated. Please update your policy file to use the standard policy values.
Jul 24 20:01:59.209231 dv-cinder-850449-2-iscsi devstack@c-api.service[117722]: warnings.warn('Policy enforcement is depending on the value of '
Jul 24 20:01:59.338158 dv-cinder-850449-2-iscsi devstack@c-api.service[117722]: INFO cinder.api.openstack.wsgi [None req-9e29b84a-6ecf-4d6e-845a-e4b830508586 tempest-GroupsV320Test-1965579575 tempest-GroupsV320Test-1965579575-project-admin] http://10.222.0.17/volume/v3/6c19c512fb284410ab35ae2f4e3cc0b4/groups/079268c3-b60f-4955-ad1d-35eb101c3097/action returned with HTTP 202
Jul 24 20:01:59.341718 dv-cinder-850449-2-iscsi devstack@c-api.service[117723]: DEBUG cinder.api.middleware.request_id [None req-def72dec-44ac-4a4d-84b3-ccfa88801d2f None None] RequestId filter calling following filter/app {{(pid=117723) _context_setter /opt/stack/cinder/cinder/api/middleware/request_id.py:62}}
Jul 24 20:01:59.342354 dv-cinder-850449-2-iscsi devstack@c-api.service[117722]: [pid: 117722|app: 0|req: 207/407] 10.222.0.17 () {62 vars in 1404 bytes} [Sun Jul 24 20:01:59 2022] POST /volume/v3/6c19c512fb284410ab35ae2f4e3cc0b4/groups/079268c3-b60f-4955-ad1d-35eb101c3097/action => generated 0 bytes in 150 msecs (HTTP/1.1 202) 6 headers in 234 bytes (2 switches on core 0)
Jul 24 20:01:59.344036 dv-cinder-850449-2-iscsi devstack@c-api.service[117722]: DEBUG cinder.api.middleware.request_id [None req-1a526e6b-3aa7-45b7-92c5-bd5a5de5a75c None None] RequestId filter calling following filter/app {{(pid=117722) _context_setter /opt/stack/cinder/cinder/api/middleware/request_id.py:62}}
Jul 24 20:01:59.348180 dv-cinder-850449-2-iscsi devstack@c-api.service[117722]: INFO cinder.api.openstack.wsgi [None req-1a526e6b-3aa7-45b7-92c5-bd5a5de5a75c tempest-GroupsV320Test-2100386483 tempest-GroupsV320Test-2100386483-project] GET http://10.222.0.17/volume/v3/99136a2dbbfc49a2bccce9d17eb5d6a6/groups/079268c3-b60f-4955-ad1d-35eb101c3097
Jul 24 20:01:59.350844 dv-cinder-850449-2-iscsi devstack@c-api.service[117722]: DEBUG cinder.api.openstack.wsgi [None req-1a526e6b-3aa7-45b7-92c5-bd5a5de5a75c tempest-GroupsV320Test-2100386483 tempest-GroupsV320Test-2100386483-project] Empty body provided in request {{(pid=117722) get_body /opt/stack/cinder/cinder/api/openstack/wsgi.py:715}}
Jul 24 20:01:59.350844 dv-cinder-850449-2-iscsi devstack@c-api.service[117722]: DEBUG cinder.api.openstack.wsgi [None req-1a526e6b-3aa7-45b7-92c5-bd5a5de5a75c tempest-GroupsV320Test-2100386483 tempest-GroupsV320Test-2100386483-project] Calling method 'version_select' {{(pid=117722) _process_stack /opt/stack/cinder/cinder/api/openstack/wsgi.py:868}}
Jul 24 20:01:59.350844 dv-cinder-850449-2-iscsi devstack@c-api.service[117722]: DEBUG cinder.api.v3.groups [None req-1a526e6b-3aa7-45b7-92c5-bd5a5de5a75c tempest-GroupsV320Test-2100386483 tempest-GroupsV320Test-2100386483-project] show called for member 079268c3-b60f-4955-ad1d-35eb101c3097 {{(pid=117722) show /opt/stack/cinder/cinder/api/v3/groups.py:58}}
Jul 24 20:01:59.361030 dv-cinder-850449-2-iscsi devstack@c-api.service[117722]: /usr/local/lib/python3.8/dist-packages/oslo_context/context.py:100: DeprecationWarning: Policy enforcement is depending on the value of is_admin. This key is deprecated. Please update your policy file to use the standard policy values.
Jul 24 20:01:59.361030 dv-cinder-850449-2-iscsi devstack@c-api.service[117722]: warnings.warn('Policy enforcement is depending on the value of '
Jul 24 20:01:59.388826 dv-cinder-850449-2-iscsi devstack@c-api.service[117722]: INFO cinder.api.openstack.wsgi [None req-1a526e6b-3aa7-45b7-92c5-bd5a5de5a75c tempest-GroupsV320Test-2100386483 tempest-GroupsV320Test-2100386483-project] http://10.222.0.17/volume/v3/99136a2dbbfc49a2bccce9d17eb5d6a6/groups/079268c3-b60f-4955-ad1d-35eb101c3097 returned with HTTP 200
Jul 24 20:01:59.393948 dv-cinder-850449-2-iscsi devstack@c-api.service[117722]: [pid: 117722|app: 0|req: 208/408] 10.222.0.17 () {60 vars in 1362 bytes} [Sun Jul 24 20:01:59 2022] GET /volume/v3/99136a2dbbfc49a2bccce9d17eb5d6a6/groups/079268c3-b60f-4955-ad1d-35eb101c3097 => generated 388 bytes in 51 msecs (HTTP/1.1 200) 7 headers in 286 bytes (1 switches on core 0)
Jul 24 20:01:59.410108 dv-cinder-850449-2-iscsi devstack@c-api.service[117722]: DEBUG cinder.api.middleware.request_id [None req-82aa47df-36e0-4563-9df2-db872c29f495 None None] RequestId filter calling following filter/app {{(pid=117722) _context_setter /opt/stack/cinder/cinder/api/middleware/request_id.py:62}}
Jul 24 20:01:59.415451 dv-cinder-850449-2-iscsi devstack@c-api.service[117722]: INFO cinder.api.openstack.wsgi [None req-82aa47df-36e0-4563-9df2-db872c29f495 tempest-GroupsV320Test-1965579575 tempest-GroupsV320Test-1965579575-project-admin] POST http://10.222.0.17/volume/v3/6c19c512fb284410ab35ae2f4e3cc0b4/groups/079268c3-b60f-4955-ad1d-35eb101c3097/action
Jul 24 20:01:59.416549 dv-cinder-850449-2-iscsi devstack@c-api.service[117722]: DEBUG cinder.api.openstack.wsgi [None req-82aa47df-36e0-4563-9df2-db872c29f495 tempest-GroupsV320Test-1965579575 tempest-GroupsV320Test-1965579575-project-admin] Action body: b'{"reset_status": {"status": "available"}}' {{(pid=117722) get_method /opt/stack/cinder/cinder/api/openstack/wsgi.py:983}}
Jul 24 20:01:59.417192 dv-cinder-850449-2-iscsi devstack@c-api.service[117722]: DEBUG cinder.api.openstack.wsgi [None req-82aa47df-36e0-4563-9df2-db872c29f495 tempest-GroupsV320Test-1965579575 tempest-GroupsV320Test-1965579575-project-admin] Action: 'action', calling method: reset_status, body: {"reset_status": {"status": "available"}} {{(pid=117722) _process_stack /opt/stack/cinder/cinder/api/openstack/wsgi.py:866}}
Jul 24 20:01:59.418617 dv-cinder-850449-2-iscsi devstack@c-api.service[117722]: DEBUG cinder.api.v3.groups [None req-82aa47df-36e0-4563-9df2-db872c29f495 tempest-GroupsV320Test-1965579575 tempest-GroupsV320Test-1965579575-project-admin] Updating group '079268c3-b60f-4955-ad1d-35eb101c3097' with 'available' {{(pid=117722) _reset_status /opt/stack/cinder/cinder/api/v3/groups.py:82}}
Jul 24 20:01:59.426137 dv-cinder-850449-2-iscsi devstack@c-api.service[117722]: /usr/local/lib/python3.8/dist-packages/oslo_context/context.py:100: DeprecationWarning: Policy enforcement is depending on the value of is_admin. This key is deprecated. Please update your policy file to use the standard policy values.
Jul 24 20:01:59.426137 dv-cinder-850449-2-iscsi devstack@c-api.service[117722]: warnings.warn('Policy enforcement is depending on the value of '
Jul 24 20:01:59.501248 dv-cinder-850449-2-iscsi devstack@c-api.service[117723]: INFO cinder.api.openstack.wsgi [None req-def72dec-44ac-4a4d-84b3-ccfa88801d2f tempest-VolumePoolsAdminTestsJSON-124590057 tempest-VolumePoolsAdminTestsJSON-124590057-project-admin] GET http://10.222.0.17/volume/v3/209bfbb387514f499868a78461fcd568/scheduler-stats/get_pools?detail=True
Jul 24 20:01:59.501917 dv-cinder-850449-2-iscsi devstack@c-api.service[117723]: DEBUG cinder.api.openstack.wsgi [None req-def72dec-44ac-4a4d-84b3-ccfa88801d2f tempest-VolumePoolsAdminTestsJSON-124590057 tempest-VolumePoolsAdminTestsJSON-124590057-project-admin] Empty body provided in request {{(pid=117723) get_body /opt/stack/cinder/cinder/api/openstack/wsgi.py:715}}
Jul 24 20:01:59.502557 dv-cinder-850449-2-iscsi devstack@c-api.service[117723]: DEBUG cinder.api.openstack.wsgi [None req-def72dec-44ac-4a4d-84b3-ccfa88801d2f tempest-VolumePoolsAdminTestsJSON-124590057 tempest-VolumePoolsAdminTestsJSON-124590057-project-admin] Calling method 'get_pools' {{(pid=117723) _process_stack /opt/stack/cinder/cinder/api/openstack/wsgi.py:868}}
Jul 24 20:01:59.503575 dv-cinder-850449-2-iscsi devstack@c-api.service[117723]: /usr/local/lib/python3.8/dist-packages/oslo_context/context.py:100: DeprecationWarning: Policy enforcement is depending on the value of is_admin. This key is deprecated. Please update your policy file to use the standard policy values.
Jul 24 20:01:59.503575 dv-cinder-850449-2-iscsi devstack@c-api.service[117723]: warnings.warn('Policy enforcement is depending on the value of '
Jul 24 20:01:59.505303 dv-cinder-850449-2-iscsi devstack@c-api.service[117722]: INFO cinder.api.openstack.wsgi [None req-82aa47df-36e0-4563-9df2-db872c29f495 tempest-GroupsV320Test-1965579575 tempest-GroupsV320Test-1965579575-project-admin] http://10.222.0.17/volume/v3/6c19c512fb284410ab35ae2f4e3cc0b4/groups/079268c3-b60f-4955-ad1d-35eb101c3097/action returned with HTTP 202
Jul 24 20:01:59.506410 dv-cinder-850449-2-iscsi devstack@c-api.service[117722]: [pid: 117722|app: 0|req: 209/409] 10.222.0.17 () {62 vars in 1404 bytes} [Sun Jul 24 20:01:59 2022] POST /volume/v3/6c19c512fb284410ab35ae2f4e3cc0b4/groups/079268c3-b60f-4955-ad1d-35eb101c3097/action => generated 0 bytes in 106 msecs (HTTP/1.1 202) 6 headers in 234 bytes (2 switches on core 0)
Jul 24 20:01:59.514987 dv-cinder-850449-2-iscsi devstack@c-api.service[117722]: DEBUG cinder.api.middleware.request_id [None req-d274caba-e8fd-4120-8999-3114cde30ccb None None] RequestId filter calling following filter/app {{(pid=117722) _context_setter /opt/stack/cinder/cinder/api/middleware/request_id.py:62}}
Jul 24 20:01:59.519417 dv-cinder-850449-2-iscsi devstack@c-api.service[117723]: INFO cinder.api.openstack.wsgi [None req-def72dec-44ac-4a4d-84b3-ccfa88801d2f tempest-VolumePoolsAdminTestsJSON-124590057 tempest-VolumePoolsAdminTestsJSON-124590057-project-admin] http://10.222.0.17/volume/v3/209bfbb387514f499868a78461fcd568/scheduler-stats/get_pools?detail=True returned with HTTP 200
Jul 24 20:01:59.524696 dv-cinder-850449-2-iscsi devstack@c-api.service[117723]: [pid: 117723|app: 0|req: 201/410] 10.222.0.17 () {58 vars in 1290 bytes} [Sun Jul 24 20:01:59 2022] GET /volume/v3/209bfbb387514f499868a78461fcd568/scheduler-stats/get_pools?detail=True => generated 482 bytes in 180 msecs (HTTP/1.1 200) 7 headers in 285 bytes (1 switches on core 0)
Jul 24 20:01:59.524838 dv-cinder-850449-2-iscsi devstack@c-api.service[117722]: INFO cinder.api.openstack.wsgi [None req-d274caba-e8fd-4120-8999-3114cde30ccb tempest-GroupsV320Test-2100386483 tempest-GroupsV320Test-2100386483-project] GET http://10.222.0.17/volume/v3/99136a2dbbfc49a2bccce9d17eb5d6a6/groups/079268c3-b60f-4955-ad1d-35eb101c3097
Jul 24 20:01:59.524838 dv-cinder-850449-2-iscsi devstack@c-api.service[117722]: DEBUG cinder.api.openstack.wsgi [None req-d274caba-e8fd-4120-8999-3114cde30ccb tempest-GroupsV320Test-2100386483 tempest-GroupsV320Test-2100386483-project] Empty body provided in request {{(pid=117722) get_body /opt/stack/cinder/cinder/api/openstack/wsgi.py:715}}
Jul 24 20:01:59.524838 dv-cinder-850449-2-iscsi devstack@c-api.service[117722]: DEBUG cinder.api.openstack.wsgi [None req-d274caba-e8fd-4120-8999-3114cde30ccb tempest-GroupsV320Test-2100386483 tempest-GroupsV320Test-2100386483-project] Calling method 'version_select' {{(pid=117722) _process_stack /opt/stack/cinder/cinder/api/openstack/wsgi.py:868}}
Jul 24 20:01:59.524838 dv-cinder-850449-2-iscsi devstack@c-api.service[117722]: DEBUG cinder.api.v3.groups [None req-d274caba-e8fd-4120-8999-3114cde30ccb tempest-GroupsV320Test-2100386483 tempest-GroupsV320Test-2100386483-project] show called for member 079268c3-b60f-4955-ad1d-35eb101c3097 {{(pid=117722) show /opt/stack/cinder/cinder/api/v3/groups.py:58}}
Jul 24 20:01:59.528958 dv-cinder-850449-2-iscsi devstack@c-api.service[117723]: DEBUG cinder.api.middleware.request_id [None req-0db2f0f3-1770-44f2-9534-e7bcda5bd6fc None None] RequestId filter calling following filter/app {{(pid=117723) _context_setter /opt/stack/cinder/cinder/api/middleware/request_id.py:62}}
Jul 24 20:01:59.532351 dv-cinder-850449-2-iscsi devstack@c-api.service[117722]: /usr/local/lib/python3.8/dist-packages/oslo_context/context.py:100: DeprecationWarning: Policy enforcement is depending on the value of is_admin. This key is deprecated. Please update your policy file to use the standard policy values.
Jul 24 20:01:59.532351 dv-cinder-850449-2-iscsi devstack@c-api.service[117722]: warnings.warn('Policy enforcement is depending on the value of '
