Jul 24 20:01:13.517112 dv-cinder-850449-2-iscsi devstack@c-api.service[117722]: DEBUG oslo_db.sqlalchemy.engines [None req-0ab6f2a9-02d0-45d4-a0a7-d282547602d0 tempest-GroupsTest-2118660574 tempest-GroupsTest-2118660574-project] MySQL server mode set to STRICT_TRANS_TABLES,STRICT_ALL_TABLES,NO_ZERO_IN_DATE,NO_ZERO_DATE,ERROR_FOR_DIVISION_BY_ZERO,TRADITIONAL,NO_ENGINE_SUBSTITUTION {{(pid=117722) _check_effective_sql_mode /usr/local/lib/python3.8/dist-packages/oslo_db/sqlalchemy/engines.py:314}}
Jul 24 20:01:13.518952 dv-cinder-850449-2-iscsi devstack@c-api.service[117723]: INFO cinder.api.openstack.wsgi [None req-0d5996f8-4f82-4635-9363-23e9fda8aabb tempest-SnapshotsActionsTest-565968213 tempest-SnapshotsActionsTest-565968213-project] http://10.222.0.17/volume/v3/54d28b408f5e445f98ae90382124f24d/snapshots/8eea0aa9-8247-4fa6-addb-eb32b0a7b4c8 returned with HTTP 200
Jul 24 20:01:13.525683 dv-cinder-850449-2-iscsi devstack@c-api.service[117723]: [pid: 117723|app: 0|req: 34/65] 10.222.0.17 () {58 vars in 1330 bytes} [Sun Jul 24 20:01:13 2022] GET /volume/v3/54d28b408f5e445f98ae90382124f24d/snapshots/8eea0aa9-8247-4fa6-addb-eb32b0a7b4c8 => generated 464 bytes in 47 msecs (HTTP/1.1 200) 7 headers in 285 bytes (1 switches on core 0)
Jul 24 20:01:13.525683 dv-cinder-850449-2-iscsi devstack@c-api.service[117723]: DEBUG cinder.api.middleware.request_id [None req-4b15709f-c92c-4bca-bf53-9673697c9ea1 None None] RequestId filter calling following filter/app {{(pid=117723) _context_setter /opt/stack/cinder/cinder/api/middleware/request_id.py:62}}
Jul 24 20:01:13.531611 dv-cinder-850449-2-iscsi devstack@c-api.service[117722]: /usr/local/lib/python3.8/dist-packages/oslo_context/context.py:100: DeprecationWarning: Policy enforcement is depending on the value of is_admin. This key is deprecated. Please update your policy file to use the standard policy values.
Jul 24 20:01:13.531611 dv-cinder-850449-2-iscsi devstack@c-api.service[117722]: warnings.warn('Policy enforcement is depending on the value of '
Jul 24 20:01:13.532425 dv-cinder-850449-2-iscsi devstack@c-api.service[117723]: INFO cinder.api.openstack.wsgi [None req-4b15709f-c92c-4bca-bf53-9673697c9ea1 tempest-UserMessagesTest-1267132088 tempest-UserMessagesTest-1267132088-project-admin] GET http://10.222.0.17/volume/v3/bd9a62a6eaaa48a288c6d76bc368f0ba/types/45227d66-d79e-4a03-9b34-9b1709f02845
Jul 24 20:01:13.533190 dv-cinder-850449-2-iscsi devstack@c-api.service[117723]: DEBUG cinder.api.openstack.wsgi [None req-4b15709f-c92c-4bca-bf53-9673697c9ea1 tempest-UserMessagesTest-1267132088 tempest-UserMessagesTest-1267132088-project-admin] Empty body provided in request {{(pid=117723) get_body /opt/stack/cinder/cinder/api/openstack/wsgi.py:715}}
Jul 24 20:01:13.533999 dv-cinder-850449-2-iscsi devstack@c-api.service[117723]: DEBUG cinder.api.openstack.wsgi [None req-4b15709f-c92c-4bca-bf53-9673697c9ea1 tempest-UserMessagesTest-1267132088 tempest-UserMessagesTest-1267132088-project-admin] Calling method 'show' {{(pid=117723) _process_stack /opt/stack/cinder/cinder/api/openstack/wsgi.py:868}}
Jul 24 20:01:13.558279 dv-cinder-850449-2-iscsi devstack@c-api.service[117723]: INFO cinder.api.openstack.wsgi [None req-4b15709f-c92c-4bca-bf53-9673697c9ea1 tempest-UserMessagesTest-1267132088 tempest-UserMessagesTest-1267132088-project-admin] http://10.222.0.17/volume/v3/bd9a62a6eaaa48a288c6d76bc368f0ba/types/45227d66-d79e-4a03-9b34-9b1709f02845 returned with HTTP 404
Jul 24 20:01:13.562332 dv-cinder-850449-2-iscsi devstack@c-api.service[117723]: [pid: 117723|app: 0|req: 35/66] 10.222.0.17 () {58 vars in 1318 bytes} [Sun Jul 24 20:01:13 2022] GET /volume/v3/bd9a62a6eaaa48a288c6d76bc368f0ba/types/45227d66-d79e-4a03-9b34-9b1709f02845 => generated 114 bytes in 41 msecs (HTTP/1.1 404) 7 headers in 292 bytes (1 switches on core 0)
Jul 24 20:01:13.565312 dv-cinder-850449-2-iscsi devstack@c-api.service[117723]: DEBUG cinder.api.middleware.request_id [req-87064acc-3088-4f3c-abf7-7d362bd206ee req-a5dfdb7f-60d6-4596-895c-61cd34e90a05 None None] RequestId filter calling following filter/app {{(pid=117723) _context_setter /opt/stack/cinder/cinder/api/middleware/request_id.py:62}}
Jul 24 20:01:13.572435 dv-cinder-850449-2-iscsi devstack@c-api.service[117723]: WARNING keystonemiddleware.auth_token [req-87064acc-3088-4f3c-abf7-7d362bd206ee req-a5dfdb7f-60d6-4596-895c-61cd34e90a05 None None] A valid token was submitted as a service token, but it was not a valid service token. This is incorrect but backwards compatible behaviour. This will be removed in future releases.
Jul 24 20:01:13.577609 dv-cinder-850449-2-iscsi devstack@c-api.service[117723]: INFO cinder.api.openstack.wsgi [req-87064acc-3088-4f3c-abf7-7d362bd206ee req-a5dfdb7f-60d6-4596-895c-61cd34e90a05 tempest-VolumesTestJSON-1496036776 tempest-VolumesTestJSON-1496036776-project] GET http://10.222.0.17/volume/v3/b6b7c24ef86e420fb3e454ef5a185551/volumes/b52b07bd-6884-47d5-94c1-95a08f0fa173
Jul 24 20:01:13.578159 dv-cinder-850449-2-iscsi devstack@c-api.service[117723]: DEBUG cinder.api.openstack.wsgi [req-87064acc-3088-4f3c-abf7-7d362bd206ee req-a5dfdb7f-60d6-4596-895c-61cd34e90a05 tempest-VolumesTestJSON-1496036776 tempest-VolumesTestJSON-1496036776-project] Empty body provided in request {{(pid=117723) get_body /opt/stack/cinder/cinder/api/openstack/wsgi.py:715}}
Jul 24 20:01:13.581051 dv-cinder-850449-2-iscsi devstack@c-api.service[117723]: DEBUG cinder.api.openstack.wsgi [req-87064acc-3088-4f3c-abf7-7d362bd206ee req-a5dfdb7f-60d6-4596-895c-61cd34e90a05 tempest-VolumesTestJSON-1496036776 tempest-VolumesTestJSON-1496036776-project] Calling method 'show' {{(pid=117723) _process_stack /opt/stack/cinder/cinder/api/openstack/wsgi.py:868}}
Jul 24 20:01:13.597359 dv-cinder-850449-2-iscsi devstack@c-api.service[117722]: INFO cinder.api.openstack.wsgi [None req-0ab6f2a9-02d0-45d4-a0a7-d282547602d0 tempest-GroupsTest-2118660574 tempest-GroupsTest-2118660574-project] http://10.222.0.17/volume/v3/2e432ae974854f22b41d5c922fa4bd86/volumes/56155fe6-5c81-4161-8182-2431b1f15df5 returned with HTTP 200
Jul 24 20:01:13.607305 dv-cinder-850449-2-iscsi devstack@c-api.service[117722]: [pid: 117722|app: 0|req: 32/67] 10.222.0.17 () {60 vars in 1365 bytes} [Sun Jul 24 20:01:13 2022] GET /volume/v3/2e432ae974854f22b41d5c922fa4bd86/volumes/56155fe6-5c81-4161-8182-2431b1f15df5 => generated 948 bytes in 233 msecs (HTTP/1.1 200) 7 headers in 286 bytes (1 switches on core 0)
Jul 24 20:01:13.609230 dv-cinder-850449-2-iscsi devstack@c-api.service[117722]: DEBUG cinder.api.middleware.request_id [None req-6a3532c5-2fb7-4350-8263-538e192eabb2 None None] RequestId filter calling following filter/app {{(pid=117722) _context_setter /opt/stack/cinder/cinder/api/middleware/request_id.py:62}}
Jul 24 20:01:13.611849 dv-cinder-850449-2-iscsi devstack@c-api.service[117723]: /usr/local/lib/python3.8/dist-packages/oslo_context/context.py:100: DeprecationWarning: Policy enforcement is depending on the value of is_admin. This key is deprecated. Please update your policy file to use the standard policy values.
Jul 24 20:01:13.611849 dv-cinder-850449-2-iscsi devstack@c-api.service[117723]: warnings.warn('Policy enforcement is depending on the value of '
Jul 24 20:01:13.620122 dv-cinder-850449-2-iscsi devstack@c-api.service[117722]: INFO cinder.api.openstack.wsgi [None req-6a3532c5-2fb7-4350-8263-538e192eabb2 tempest-SnapshotsActionsTest-975819321 tempest-SnapshotsActionsTest-975819321-project-admin] POST http://10.222.0.17/volume/v3/d35c4a2b642949658935d4da44b298e4/snapshots/8eea0aa9-8247-4fa6-addb-eb32b0a7b4c8/action
Jul 24 20:01:13.629027 dv-cinder-850449-2-iscsi devstack@c-api.service[117723]: INFO cinder.volume.api [req-87064acc-3088-4f3c-abf7-7d362bd206ee req-a5dfdb7f-60d6-4596-895c-61cd34e90a05 tempest-VolumesTestJSON-1496036776 tempest-VolumesTestJSON-1496036776-project] Volume info retrieved successfully.
Jul 24 20:01:13.629224 dv-cinder-850449-2-iscsi devstack@c-api.service[117722]: DEBUG cinder.api.openstack.wsgi [None req-6a3532c5-2fb7-4350-8263-538e192eabb2 tempest-SnapshotsActionsTest-975819321 tempest-SnapshotsActionsTest-975819321-project-admin] Action body: b'{"os-reset_status": {"status": "available"}}' {{(pid=117722) get_method /opt/stack/cinder/cinder/api/openstack/wsgi.py:983}}
Jul 24 20:01:13.629489 dv-cinder-850449-2-iscsi devstack@c-api.service[117722]: DEBUG cinder.api.openstack.wsgi [None req-6a3532c5-2fb7-4350-8263-538e192eabb2 tempest-SnapshotsActionsTest-975819321 tempest-SnapshotsActionsTest-975819321-project-admin] Action: 'action', calling method: _reset_status, body: {"os-reset_status": {"status": "available"}} {{(pid=117722) _process_stack /opt/stack/cinder/cinder/api/openstack/wsgi.py:866}}
Jul 24 20:01:13.637922 dv-cinder-850449-2-iscsi devstack@c-api.service[117722]: DEBUG cinder.api.contrib.admin_actions [None req-6a3532c5-2fb7-4350-8263-538e192eabb2 tempest-SnapshotsActionsTest-975819321 tempest-SnapshotsActionsTest-975819321-project-admin] Updating snapshot '8eea0aa9-8247-4fa6-addb-eb32b0a7b4c8' with '{'status': 'available'}' {{(pid=117722) _reset_status /opt/stack/cinder/cinder/api/contrib/admin_actions.py:100}}
Jul 24 20:01:13.657693 dv-cinder-850449-2-iscsi devstack@c-api.service[117723]: INFO cinder.api.openstack.wsgi [req-87064acc-3088-4f3c-abf7-7d362bd206ee req-a5dfdb7f-60d6-4596-895c-61cd34e90a05 tempest-VolumesTestJSON-1496036776 tempest-VolumesTestJSON-1496036776-project] http://10.222.0.17/volume/v3/b6b7c24ef86e420fb3e454ef5a185551/volumes/b52b07bd-6884-47d5-94c1-95a08f0fa173 returned with HTTP 200
Jul 24 20:01:13.662833 dv-cinder-850449-2-iscsi devstack@c-api.service[117723]: [pid: 117723|app: 0|req: 36/68] 10.222.0.17 () {60 vars in 1578 bytes} [Sun Jul 24 20:01:13 2022] GET /volume/v3/b6b7c24ef86e420fb3e454ef5a185551/volumes/b52b07bd-6884-47d5-94c1-95a08f0fa173 => generated 922 bytes in 100 msecs (HTTP/1.1 200) 7 headers in 285 bytes (1 switches on core 0)
Jul 24 20:01:13.674909 dv-cinder-850449-2-iscsi devstack@c-api.service[117723]: DEBUG cinder.api.middleware.request_id [None req-756102b8-c378-4df8-b2ba-b89181191bac None None] RequestId filter calling following filter/app {{(pid=117723) _context_setter /opt/stack/cinder/cinder/api/middleware/request_id.py:62}}
Jul 24 20:01:13.684869 dv-cinder-850449-2-iscsi devstack@c-api.service[117723]: INFO cinder.api.openstack.wsgi [None req-756102b8-c378-4df8-b2ba-b89181191bac tempest-VolumesTestJSON-1496036776 tempest-VolumesTestJSON-1496036776-project] POST http://10.222.0.17/volume/v3/b6b7c24ef86e420fb3e454ef5a185551/volumes
Jul 24 20:01:13.686358 dv-cinder-850449-2-iscsi devstack@c-api.service[117723]: DEBUG cinder.api.openstack.wsgi [None req-756102b8-c378-4df8-b2ba-b89181191bac tempest-VolumesTestJSON-1496036776 tempest-VolumesTestJSON-1496036776-project] Action: 'create', calling method: create, body: {"volume": {"metadata": {"Type": "work"}, "size": 1, "display_name": "tempest-VolumesTestJSON-volume-61343812"}} {{(pid=117723) _process_stack /opt/stack/cinder/cinder/api/openstack/wsgi.py:866}}
Jul 24 20:01:13.686842 dv-cinder-850449-2-iscsi devstack@c-api.service[117723]: DEBUG cinder.api.v3.volumes [None req-756102b8-c378-4df8-b2ba-b89181191bac tempest-VolumesTestJSON-1496036776 tempest-VolumesTestJSON-1496036776-project] Create volume request body: {'volume': {'metadata': {'Type': 'work'}, 'size': 1, 'display_name': 'tempest-VolumesTestJSON-volume-61343812'}} {{(pid=117723) create /opt/stack/cinder/cinder/api/v3/volumes.py:298}}
Jul 24 20:01:13.687258 dv-cinder-850449-2-iscsi devstack@c-api.service[117723]: INFO cinder.api.v3.volumes [None req-756102b8-c378-4df8-b2ba-b89181191bac tempest-VolumesTestJSON-1496036776 tempest-VolumesTestJSON-1496036776-project] Create volume of 1 GB
Jul 24 20:01:13.708201 dv-cinder-850449-2-iscsi devstack@c-api.service[117723]: INFO cinder.volume.api [None req-756102b8-c378-4df8-b2ba-b89181191bac tempest-VolumesTestJSON-1496036776 tempest-VolumesTestJSON-1496036776-project] Availability Zones retrieved successfully.
Jul 24 20:01:13.727609 dv-cinder-850449-2-iscsi devstack@c-api.service[117722]: /usr/local/lib/python3.8/dist-packages/oslo_context/context.py:100: DeprecationWarning: Policy enforcement is depending on the value of is_admin. This key is deprecated. Please update your policy file to use the standard policy values.
Jul 24 20:01:13.727609 dv-cinder-850449-2-iscsi devstack@c-api.service[117722]: warnings.warn('Policy enforcement is depending on the value of '
Jul 24 20:01:13.739227 dv-cinder-850449-2-iscsi devstack@c-api.service[117723]: DEBUG cinder.volume.api [None req-756102b8-c378-4df8-b2ba-b89181191bac tempest-VolumesTestJSON-1496036776 tempest-VolumesTestJSON-1496036776-project] Flow 'volume_create_api' (f81f39fa-6960-455b-91d4-7486372419e3) transitioned into state 'RUNNING' from state 'PENDING' {{(pid=117723) _flow_receiver /usr/local/lib/python3.8/dist-packages/taskflow/listeners/logging.py:141}}
Jul 24 20:01:13.742531 dv-cinder-850449-2-iscsi devstack@c-api.service[117723]: DEBUG cinder.volume.api [None req-756102b8-c378-4df8-b2ba-b89181191bac tempest-VolumesTestJSON-1496036776 tempest-VolumesTestJSON-1496036776-project] Task 'cinder.volume.flows.api.create_volume.ExtractVolumeRequestTask;volume:create' (ebe9e55e-82d4-4d62-b60c-cba8b5d93fd6) transitioned into state 'RUNNING' from state 'PENDING' {{(pid=117723) _task_receiver /usr/local/lib/python3.8/dist-packages/taskflow/listeners/logging.py:190}}
Jul 24 20:01:13.745750 dv-cinder-850449-2-iscsi devstack@c-api.service[117723]: DEBUG cinder.volume.flows.api.create_volume [None req-756102b8-c378-4df8-b2ba-b89181191bac tempest-VolumesTestJSON-1496036776 tempest-VolumesTestJSON-1496036776-project] Validating volume size '1' using validate_int {{(pid=117723) _extract_size /opt/stack/cinder/cinder/volume/flows/api/create_volume.py:228}}
Jul 24 20:01:13.818223 dv-cinder-850449-2-iscsi devstack@c-api.service[117723]: DEBUG dbcounter [-] [117723] Writing DB stats cinder:UPDATE=22,cinder:SELECT=73,cinder:INSERT=4,cinder:DELETE=1 {{(pid=117723) stat_writer /usr/local/lib/python3.8/dist-packages/dbcounter.py:114}}
Jul 24 20:01:13.836629 dv-cinder-850449-2-iscsi devstack@c-api.service[117722]: INFO cinder.api.openstack.wsgi [None req-6a3532c5-2fb7-4350-8263-538e192eabb2 tempest-SnapshotsActionsTest-975819321 tempest-SnapshotsActionsTest-975819321-project-admin] http://10.222.0.17/volume/v3/d35c4a2b642949658935d4da44b298e4/snapshots/8eea0aa9-8247-4fa6-addb-eb32b0a7b4c8/action returned with HTTP 202
Jul 24 20:01:13.841010 dv-cinder-850449-2-iscsi devstack@c-api.service[117722]: [pid: 117722|app: 0|req: 33/69] 10.222.0.17 () {60 vars in 1372 bytes} [Sun Jul 24 20:01:13 2022] POST /volume/v3/d35c4a2b642949658935d4da44b298e4/snapshots/8eea0aa9-8247-4fa6-addb-eb32b0a7b4c8/action => generated 0 bytes in 233 msecs (HTTP/1.1 202) 7 headers in 289 bytes (1 switches on core 0)
Jul 24 20:01:13.853447 dv-cinder-850449-2-iscsi devstack@c-api.service[117722]: DEBUG cinder.api.middleware.request_id [None req-a53ad5e1-c460-4038-8730-5842fa041542 None None] RequestId filter calling following filter/app {{(pid=117722) _context_setter /opt/stack/cinder/cinder/api/middleware/request_id.py:62}}
Jul 24 20:01:13.865244 dv-cinder-850449-2-iscsi devstack@c-api.service[117723]: DEBUG cinder.volume.api [None req-756102b8-c378-4df8-b2ba-b89181191bac tempest-VolumesTestJSON-1496036776 tempest-VolumesTestJSON-1496036776-project] Task 'cinder.volume.flows.api.create_volume.ExtractVolumeRequestTask;volume:create' (ebe9e55e-82d4-4d62-b60c-cba8b5d93fd6) transitioned into state 'SUCCESS' from state 'RUNNING' with result '{'size': 1, 'snapshot_id': None, 'source_volid': None, 'volume_type': VolumeType(created_at=2022-07-24T19:45:08Z,deleted=False,deleted_at=None,description='Default Volume Type',extra_specs={},id=47e3964e-786f-45c3-af1b-f0f8e13c5394,is_public=True,name='__DEFAULT__',projects=[],qos_specs=,qos_specs_id=None,updated_at=2022-07-24T19:45:08Z), 'volume_type_id': '47e3964e-786f-45c3-af1b-f0f8e13c5394', 'encryption_key_id': None, 'qos_specs': None, 'consistencygroup_id': None, 'cgsnapshot_id': None, 'group_id': None, 'replication_status': 'disabled', 'refresh_az': False, 'backup_id': None, 'multiattach': False, 'availability_zones': ['nova']}' {{(pid=117723) _task_receiver /usr/local/lib/python3.8/dist-packages/taskflow/listeners/logging.py:178}}
Jul 24 20:01:13.870179 dv-cinder-850449-2-iscsi devstack@c-api.service[117722]: INFO cinder.api.openstack.wsgi [None req-a53ad5e1-c460-4038-8730-5842fa041542 tempest-SnapshotsActionsTest-565968213 tempest-SnapshotsActionsTest-565968213-project] GET http://10.222.0.17/volume/v3/54d28b408f5e445f98ae90382124f24d/snapshots/8eea0aa9-8247-4fa6-addb-eb32b0a7b4c8
Jul 24 20:01:13.870675 dv-cinder-850449-2-iscsi devstack@c-api.service[117723]: DEBUG cinder.volume.api [None req-756102b8-c378-4df8-b2ba-b89181191bac tempest-VolumesTestJSON-1496036776 tempest-VolumesTestJSON-1496036776-project] Task 'cinder.volume.flows.api.create_volume.QuotaReserveTask;volume:create' (63b1fa09-e8ab-4b52-96b1-b7073b967c96) transitioned into state 'RUNNING' from state 'PENDING' {{(pid=117723) _task_receiver /usr/local/lib/python3.8/dist-packages/taskflow/listeners/logging.py:190}}
Jul 24 20:01:13.871000 dv-cinder-850449-2-iscsi devstack@c-api.service[117722]: DEBUG cinder.api.openstack.wsgi [None req-a53ad5e1-c460-4038-8730-5842fa041542 tempest-SnapshotsActionsTest-565968213 tempest-SnapshotsActionsTest-565968213-project] Empty body provided in request {{(pid=117722) get_body /opt/stack/cinder/cinder/api/openstack/wsgi.py:715}}
Jul 24 20:01:13.871624 dv-cinder-850449-2-iscsi devstack@c-api.service[117722]: DEBUG cinder.api.openstack.wsgi [None req-a53ad5e1-c460-4038-8730-5842fa041542 tempest-SnapshotsActionsTest-565968213 tempest-SnapshotsActionsTest-565968213-project] Calling method 'show' {{(pid=117722) _process_stack /opt/stack/cinder/cinder/api/openstack/wsgi.py:868}}
Jul 24 20:01:13.896327 dv-cinder-850449-2-iscsi devstack@c-api.service[117722]: /usr/local/lib/python3.8/dist-packages/oslo_context/context.py:100: DeprecationWarning: Policy enforcement is depending on the value of is_admin. This key is deprecated. Please update your policy file to use the standard policy values.
Jul 24 20:01:13.896327 dv-cinder-850449-2-iscsi devstack@c-api.service[117722]: warnings.warn('Policy enforcement is depending on the value of '
Jul 24 20:01:13.900123 dv-cinder-850449-2-iscsi devstack@c-api.service[117722]: INFO cinder.volume.api [None req-a53ad5e1-c460-4038-8730-5842fa041542 tempest-SnapshotsActionsTest-565968213 tempest-SnapshotsActionsTest-565968213-project] Snapshot retrieved successfully.
Jul 24 20:01:13.904195 dv-cinder-850449-2-iscsi devstack@c-api.service[117722]: INFO cinder.api.openstack.wsgi [None req-a53ad5e1-c460-4038-8730-5842fa041542 tempest-SnapshotsActionsTest-565968213 tempest-SnapshotsActionsTest-565968213-project] http://10.222.0.17/volume/v3/54d28b408f5e445f98ae90382124f24d/snapshots/8eea0aa9-8247-4fa6-addb-eb32b0a7b4c8 returned with HTTP 200
Jul 24 20:01:13.921971 dv-cinder-850449-2-iscsi devstack@c-api.service[117722]: [pid: 117722|app: 0|req: 34/70] 10.222.0.17 () {58 vars in 1330 bytes} [Sun Jul 24 20:01:13 2022] GET /volume/v3/54d28b408f5e445f98ae90382124f24d/snapshots/8eea0aa9-8247-4fa6-addb-eb32b0a7b4c8 => generated 465 bytes in 77 msecs (HTTP/1.1 200) 7 headers in 285 bytes (1 switches on core 0)
Jul 24 20:01:13.931531 dv-cinder-850449-2-iscsi devstack@c-api.service[117722]: DEBUG cinder.api.middleware.request_id [None req-ecd5a9b5-1ad3-4763-8583-59b7a9cd9d71 None None] RequestId filter calling following filter/app {{(pid=117722) _context_setter /opt/stack/cinder/cinder/api/middleware/request_id.py:62}}
Jul 24 20:01:13.943651 dv-cinder-850449-2-iscsi devstack@c-api.service[117722]: INFO cinder.api.openstack.wsgi [None req-ecd5a9b5-1ad3-4763-8583-59b7a9cd9d71 tempest-SnapshotsActionsTest-565968213 tempest-SnapshotsActionsTest-565968213-project] POST http://10.222.0.17/volume/v3/54d28b408f5e445f98ae90382124f24d/snapshots
Jul 24 20:01:13.951984 dv-cinder-850449-2-iscsi devstack@c-api.service[117722]: DEBUG cinder.api.openstack.wsgi [None req-ecd5a9b5-1ad3-4763-8583-59b7a9cd9d71 tempest-SnapshotsActionsTest-565968213 tempest-SnapshotsActionsTest-565968213-project] Action: 'create', calling method: create, body: {"snapshot": {"volume_id": "3040abeb-0d26-475f-8b12-a6a355e02077", "name": "tempest-SnapshotsActionsTest-Snapshot-415879072"}} {{(pid=117722) _process_stack /opt/stack/cinder/cinder/api/openstack/wsgi.py:866}}
Jul 24 20:01:13.997092 dv-cinder-850449-2-iscsi devstack@c-api.service[117722]: /usr/local/lib/python3.8/dist-packages/oslo_context/context.py:100: DeprecationWarning: Policy enforcement is depending on the value of is_admin. This key is deprecated. Please update your policy file to use the standard policy values.
Jul 24 20:01:13.997092 dv-cinder-850449-2-iscsi devstack@c-api.service[117722]: warnings.warn('Policy enforcement is depending on the value of '
Jul 24 20:01:13.998742 dv-cinder-850449-2-iscsi devstack@c-api.service[117722]: INFO cinder.volume.api [None req-ecd5a9b5-1ad3-4763-8583-59b7a9cd9d71 tempest-SnapshotsActionsTest-565968213 tempest-SnapshotsActionsTest-565968213-project] Volume info retrieved successfully.
Jul 24 20:01:14.002866 dv-cinder-850449-2-iscsi devstack@c-api.service[117722]: INFO cinder.api.v3.snapshots [None req-ecd5a9b5-1ad3-4763-8583-59b7a9cd9d71 tempest-SnapshotsActionsTest-565968213 tempest-SnapshotsActionsTest-565968213-project] Create snapshot from volume 3040abeb-0d26-475f-8b12-a6a355e02077
Jul 24 20:01:14.136013 dv-cinder-850449-2-iscsi devstack@c-api.service[117723]: DEBUG cinder.quota [None req-756102b8-c378-4df8-b2ba-b89181191bac tempest-VolumesTestJSON-1496036776 tempest-VolumesTestJSON-1496036776-project] Created reservations ['04f623bd-04a1-4f99-8bd8-32ac5b25c0ed', 'd8fb8f30-70f6-461f-abdd-648d0e51d0e0', 'ca700972-2af1-4cad-8288-703d3e8dbd8c', '82edc032-1476-4e0c-881d-46f01cc5a364'] {{(pid=117723) reserve /opt/stack/cinder/cinder/quota.py:755}}
Jul 24 20:01:14.140803 dv-cinder-850449-2-iscsi devstack@c-api.service[117723]: DEBUG cinder.volume.api [None req-756102b8-c378-4df8-b2ba-b89181191bac tempest-VolumesTestJSON-1496036776 tempest-VolumesTestJSON-1496036776-project] Task 'cinder.volume.flows.api.create_volume.QuotaReserveTask;volume:create' (63b1fa09-e8ab-4b52-96b1-b7073b967c96) transitioned into state 'SUCCESS' from state 'RUNNING' with result '{'reservations': ['04f623bd-04a1-4f99-8bd8-32ac5b25c0ed', 'd8fb8f30-70f6-461f-abdd-648d0e51d0e0', 'ca700972-2af1-4cad-8288-703d3e8dbd8c', '82edc032-1476-4e0c-881d-46f01cc5a364']}' {{(pid=117723) _task_receiver /usr/local/lib/python3.8/dist-packages/taskflow/listeners/logging.py:178}}
Jul 24 20:01:14.140803 dv-cinder-850449-2-iscsi devstack@c-api.service[117723]: DEBUG cinder.volume.api [None req-756102b8-c378-4df8-b2ba-b89181191bac tempest-VolumesTestJSON-1496036776 tempest-VolumesTestJSON-1496036776-project] Task 'cinder.volume.flows.api.create_volume.EntryCreateTask;volume:create' (49e60751-32de-4b6c-b10f-4b6b3a135ff1) transitioned into state 'RUNNING' from state 'PENDING' {{(pid=117723) _task_receiver /usr/local/lib/python3.8/dist-packages/taskflow/listeners/logging.py:190}}
Jul 24 20:01:14.267410 dv-cinder-850449-2-iscsi devstack@c-api.service[117722]: DEBUG cinder.quota [None req-ecd5a9b5-1ad3-4763-8583-59b7a9cd9d71 tempest-SnapshotsActionsTest-565968213 tempest-SnapshotsActionsTest-565968213-project] Created reservations ['6ef41bd6-87fb-4156-9304-2b605c964e74', '5a165ee0-9035-41e7-83ad-f1cc1bc4f07f', 'eebab0a8-1814-4fe8-b866-132ecb04cbaf', 'e73fa4e4-1d36-4000-a39c-e420e86ca284'] {{(pid=117722) reserve /opt/stack/cinder/cinder/quota.py:755}}
Jul 24 20:01:14.275295 dv-cinder-850449-2-iscsi devstack@c-api.service[117723]: DEBUG cinder.volume.api [None req-756102b8-c378-4df8-b2ba-b89181191bac tempest-VolumesTestJSON-1496036776 tempest-VolumesTestJSON-1496036776-project] Task 'cinder.volume.flows.api.create_volume.EntryCreateTask;volume:create' (49e60751-32de-4b6c-b10f-4b6b3a135ff1) transitioned into state 'SUCCESS' from state 'RUNNING' with result '{'volume_id': '64e5c11b-819c-411a-a6d6-cf6d9ad08527', 'volume_properties': VolumeProperties(attach_status='detached',availability_zone='nova',cgsnapshot_id=None,consistencygroup_id=None,display_description=None,display_name='tempest-VolumesTestJSON-volume-61343812',encryption_key_id=None,group_id=None,group_type_id=,metadata={Type='work'},multiattach=False,project_id='b6b7c24ef86e420fb3e454ef5a185551',qos_specs=None,replication_status=,reservations=['04f623bd-04a1-4f99-8bd8-32ac5b25c0ed','d8fb8f30-70f6-461f-abdd-648d0e51d0e0','ca700972-2af1-4cad-8288-703d3e8dbd8c','82edc032-1476-4e0c-881d-46f01cc5a364'],size=1,snapshot_id=None,source_replicaid=,source_volid=None,status='creating',user_id='249bb2916e1a4257b8c2aeb8eee99191',volume_type_id=47e3964e-786f-45c3-af1b-f0f8e13c5394), 'volume': Volume(_name_id=None,admin_metadata=,attach_status='detached',availability_zone='nova',bootable=False,cluster=,cluster_name=None,consistencygroup=,consistencygroup_id=None,created_at=2022-07-24T20:01:14Z,deleted=False,deleted_at=None,display_description=None,display_name='tempest-VolumesTestJSON-volume-61343812',ec2_id=None,encryption_key_id=None,glance_metadata=,group=,group_id=None,host=None,id=64e5c11b-819c-411a-a6d6-cf6d9ad08527,launched_at=None,metadata={Type='work'},migration_status=None,multiattach=False,previous_status=None,project_id='b6b7c24ef86e420fb3e454ef5a185551',provider_auth=None,provider_geometry=None,provider_id=None,provider_location=None,replication_driver_data=None,replication_extended_status=None,replication_status=None,scheduled_at=None,service_uuid=None,shared_targets=True,size=1,snapshot_id=None,snapshots=,source_volid=None,status='creating',terminated_at=None,updated_at=None,use_quota=True,user_id='249bb2916e1a4257b8c2aeb8eee99191',volume_attachment=VolumeAttachmentList,volume_type=VolumeType(47e3964e-786f-45c3-af1b-f0f8e13c5394),volume_type_id=47e3964e-786f-45c3-af1b-f0f8e13c5394)}' {{(pid=117723) _task_receiver /usr/local/lib/python3.8/dist-packages/taskflow/listeners/logging.py:178}}
Jul 24 20:01:14.275912 dv-cinder-850449-2-iscsi devstack@c-api.service[117723]: DEBUG cinder.volume.api [None req-756102b8-c378-4df8-b2ba-b89181191bac tempest-VolumesTestJSON-1496036776 tempest-VolumesTestJSON-1496036776-project] Task 'cinder.volume.flows.api.create_volume.QuotaCommitTask;volume:create' (f5a4f55e-e7da-4ca3-9cd4-7da47e94a78e) transitioned into state 'RUNNING' from state 'PENDING' {{(pid=117723) _task_receiver /usr/local/lib/python3.8/dist-packages/taskflow/listeners/logging.py:190}}
Jul 24 20:01:14.446897 dv-cinder-850449-2-iscsi devstack@c-api.service[117723]: DEBUG cinder.volume.api [None req-756102b8-c378-4df8-b2ba-b89181191bac tempest-VolumesTestJSON-1496036776 tempest-VolumesTestJSON-1496036776-project] Task 'cinder.volume.flows.api.create_volume.QuotaCommitTask;volume:create' (f5a4f55e-e7da-4ca3-9cd4-7da47e94a78e) transitioned into state 'SUCCESS' from state 'RUNNING' with result '{'volume_properties': VolumeProperties(attach_status='detached',availability_zone='nova',cgsnapshot_id=None,consistencygroup_id=None,display_description=None,display_name='tempest-VolumesTestJSON-volume-61343812',encryption_key_id=None,group_id=None,group_type_id=,metadata={Type='work'},multiattach=False,project_id='b6b7c24ef86e420fb3e454ef5a185551',qos_specs=None,replication_status=,reservations=['04f623bd-04a1-4f99-8bd8-32ac5b25c0ed','d8fb8f30-70f6-461f-abdd-648d0e51d0e0','ca700972-2af1-4cad-8288-703d3e8dbd8c','82edc032-1476-4e0c-881d-46f01cc5a364'],size=1,snapshot_id=None,source_replicaid=,source_volid=None,status='creating',user_id='249bb2916e1a4257b8c2aeb8eee99191',volume_type_id=47e3964e-786f-45c3-af1b-f0f8e13c5394)}' {{(pid=117723) _task_receiver /usr/local/lib/python3.8/dist-packages/taskflow/listeners/logging.py:178}}
Jul 24 20:01:14.448092 dv-cinder-850449-2-iscsi devstack@c-api.service[117723]: DEBUG cinder.volume.api [None req-756102b8-c378-4df8-b2ba-b89181191bac tempest-VolumesTestJSON-1496036776 tempest-VolumesTestJSON-1496036776-project] Task 'cinder.volume.flows.api.create_volume.VolumeCastTask;volume:create' (e8101034-b3c2-4a1a-8966-5aa4c6864cd6) transitioned into state 'RUNNING' from state 'PENDING' {{(pid=117723) _task_receiver /usr/local/lib/python3.8/dist-packages/taskflow/listeners/logging.py:190}}
Jul 24 20:01:14.557535 dv-cinder-850449-2-iscsi devstack@c-api.service[117722]: INFO cinder.volume.api [None req-ecd5a9b5-1ad3-4763-8583-59b7a9cd9d71 tempest-SnapshotsActionsTest-565968213 tempest-SnapshotsActionsTest-565968213-project] Snapshot create request issued successfully.
Jul 24 20:01:14.558339 dv-cinder-850449-2-iscsi devstack@c-api.service[117722]: INFO cinder.api.openstack.wsgi [None req-ecd5a9b5-1ad3-4763-8583-59b7a9cd9d71 tempest-SnapshotsActionsTest-565968213 tempest-SnapshotsActionsTest-565968213-project] http://10.222.0.17/volume/v3/54d28b408f5e445f98ae90382124f24d/snapshots returned with HTTP 202
Jul 24 20:01:14.571589 dv-cinder-850449-2-iscsi devstack@c-api.service[117722]: [pid: 117722|app: 0|req: 35/71] 10.222.0.17 () {60 vars in 1241 bytes} [Sun Jul 24 20:01:13 2022] POST /volume/v3/54d28b408f5e445f98ae90382124f24d/snapshots => generated 306 bytes in 642 msecs (HTTP/1.1 202) 7 headers in 291 bytes (1 switches on core 0)
Jul 24 20:01:14.573638 dv-cinder-850449-2-iscsi devstack@c-api.service[117722]: DEBUG cinder.api.middleware.request_id [None req-602a2189-4ebf-4309-be56-637bb6211c6e None None] RequestId filter calling following filter/app {{(pid=117722) _context_setter /opt/stack/cinder/cinder/api/middleware/request_id.py:62}}
Jul 24 20:01:14.577409 dv-cinder-850449-2-iscsi devstack@c-api.service[117723]: DEBUG cinder.volume.api [None req-756102b8-c378-4df8-b2ba-b89181191bac tempest-VolumesTestJSON-1496036776 tempest-VolumesTestJSON-1496036776-project] Task 'cinder.volume.flows.api.create_volume.VolumeCastTask;volume:create' (e8101034-b3c2-4a1a-8966-5aa4c6864cd6) transitioned into state 'SUCCESS' from state 'RUNNING' with result 'None' {{(pid=117723) _task_receiver /usr/local/lib/python3.8/dist-packages/taskflow/listeners/logging.py:178}}
Jul 24 20:01:14.584340 dv-cinder-850449-2-iscsi devstack@c-api.service[117722]: INFO cinder.api.openstack.wsgi [None req-602a2189-4ebf-4309-be56-637bb6211c6e tempest-SnapshotsActionsTest-565968213 tempest-SnapshotsActionsTest-565968213-project] GET http://10.222.0.17/volume/v3/54d28b408f5e445f98ae90382124f24d/snapshots/ab0cfe64-a471-48e9-b2fa-7fedd8380ec5
Jul 24 20:01:14.584340 dv-cinder-850449-2-iscsi devstack@c-api.service[117722]: DEBUG cinder.api.openstack.wsgi [None req-602a2189-4ebf-4309-be56-637bb6211c6e tempest-SnapshotsActionsTest-565968213 tempest-SnapshotsActionsTest-565968213-project] Empty body provided in request {{(pid=117722) get_body /opt/stack/cinder/cinder/api/openstack/wsgi.py:715}}
Jul 24 20:01:14.584340 dv-cinder-850449-2-iscsi devstack@c-api.service[117722]: DEBUG cinder.api.openstack.wsgi [None req-602a2189-4ebf-4309-be56-637bb6211c6e tempest-SnapshotsActionsTest-565968213 tempest-SnapshotsActionsTest-565968213-project] Calling method 'show' {{(pid=117722) _process_stack /opt/stack/cinder/cinder/api/openstack/wsgi.py:868}}
Jul 24 20:01:14.587911 dv-cinder-850449-2-iscsi devstack@c-api.service[117723]: DEBUG cinder.volume.api [None req-756102b8-c378-4df8-b2ba-b89181191bac tempest-VolumesTestJSON-1496036776 tempest-VolumesTestJSON-1496036776-project] Flow 'volume_create_api' (f81f39fa-6960-455b-91d4-7486372419e3) transitioned into state 'SUCCESS' from state 'RUNNING' {{(pid=117723) _flow_receiver /usr/local/lib/python3.8/dist-packages/taskflow/listeners/logging.py:141}}
Jul 24 20:01:14.588637 dv-cinder-850449-2-iscsi devstack@c-api.service[117723]: INFO cinder.volume.api [None req-756102b8-c378-4df8-b2ba-b89181191bac tempest-VolumesTestJSON-1496036776 tempest-VolumesTestJSON-1496036776-project] Create volume request issued successfully.
Jul 24 20:01:14.609588 dv-cinder-850449-2-iscsi devstack@c-api.service[117723]: INFO cinder.api.openstack.wsgi [None req-756102b8-c378-4df8-b2ba-b89181191bac tempest-VolumesTestJSON-1496036776 tempest-VolumesTestJSON-1496036776-project] http://10.222.0.17/volume/v3/b6b7c24ef86e420fb3e454ef5a185551/volumes returned with HTTP 202
Jul 24 20:01:14.613003 dv-cinder-850449-2-iscsi devstack@c-api.service[117723]: [pid: 117723|app: 0|req: 37/72] 10.222.0.17 () {60 vars in 1235 bytes} [Sun Jul 24 20:01:13 2022] POST /volume/v3/b6b7c24ef86e420fb3e454ef5a185551/volumes => generated 827 bytes in 937 msecs (HTTP/1.1 202) 7 headers in 291 bytes (1 switches on core 0)
Jul 24 20:01:14.613003 dv-cinder-850449-2-iscsi devstack@c-api.service[117723]: DEBUG cinder.api.middleware.request_id [None req-dfcbaa1a-4df2-4315-88f5-42964cb308c4 None None] RequestId filter calling following filter/app {{(pid=117723) _context_setter /opt/stack/cinder/cinder/api/middleware/request_id.py:62}}
Jul 24 20:01:14.628681 dv-cinder-850449-2-iscsi devstack@c-api.service[117722]: /usr/local/lib/python3.8/dist-packages/oslo_context/context.py:100: DeprecationWarning: Policy enforcement is depending on the value of is_admin. This key is deprecated. Please update your policy file to use the standard policy values.
Jul 24 20:01:14.628681 dv-cinder-850449-2-iscsi devstack@c-api.service[117722]: warnings.warn('Policy enforcement is depending on the value of '
Jul 24 20:01:14.630477 dv-cinder-850449-2-iscsi devstack@c-api.service[117722]: INFO cinder.volume.api [None req-602a2189-4ebf-4309-be56-637bb6211c6e tempest-SnapshotsActionsTest-565968213 tempest-SnapshotsActionsTest-565968213-project] Snapshot retrieved successfully.
Jul 24 20:01:14.636146 dv-cinder-850449-2-iscsi devstack@c-api.service[117722]: INFO cinder.api.openstack.wsgi [None req-602a2189-4ebf-4309-be56-637bb6211c6e tempest-SnapshotsActionsTest-565968213 tempest-SnapshotsActionsTest-565968213-project] http://10.222.0.17/volume/v3/54d28b408f5e445f98ae90382124f24d/snapshots/ab0cfe64-a471-48e9-b2fa-7fedd8380ec5 returned with HTTP 200
Jul 24 20:01:14.649492 dv-cinder-850449-2-iscsi devstack@c-api.service[117722]: [pid: 117722|app: 0|req: 36/73] 10.222.0.17 () {58 vars in 1330 bytes} [Sun Jul 24 20:01:14 2022] GET /volume/v3/54d28b408f5e445f98ae90382124f24d/snapshots/ab0cfe64-a471-48e9-b2fa-7fedd8380ec5 => generated 438 bytes in 77 msecs (HTTP/1.1 200) 7 headers in 285 bytes (1 switches on core 0)
Jul 24 20:01:14.655366 dv-cinder-850449-2-iscsi devstack@c-api.service[117722]: DEBUG cinder.api.middleware.request_id [None req-0f445372-635d-447f-89a7-ebebd134abfb None None] RequestId filter calling following filter/app {{(pid=117722) _context_setter /opt/stack/cinder/cinder/api/middleware/request_id.py:62}}
Jul 24 20:01:14.671321 dv-cinder-850449-2-iscsi devstack@c-api.service[117722]: INFO cinder.api.openstack.wsgi [None req-0f445372-635d-447f-89a7-ebebd134abfb tempest-VolumesTestJSON-1496036776 tempest-VolumesTestJSON-1496036776-project] GET http://10.222.0.17/volume/v3/b6b7c24ef86e420fb3e454ef5a185551/volumes/64e5c11b-819c-411a-a6d6-cf6d9ad08527
Jul 24 20:01:14.673503 dv-cinder-850449-2-iscsi devstack@c-api.service[117722]: DEBUG cinder.api.openstack.wsgi [None req-0f445372-635d-447f-89a7-ebebd134abfb tempest-VolumesTestJSON-1496036776 tempest-VolumesTestJSON-1496036776-project] Empty body provided in request {{(pid=117722) get_body /opt/stack/cinder/cinder/api/openstack/wsgi.py:715}}
Jul 24 20:01:14.674350 dv-cinder-850449-2-iscsi devstack@c-api.service[117722]: DEBUG cinder.api.openstack.wsgi [None req-0f445372-635d-447f-89a7-ebebd134abfb tempest-VolumesTestJSON-1496036776 tempest-VolumesTestJSON-1496036776-project] Calling method 'show' {{(pid=117722) _process_stack /opt/stack/cinder/cinder/api/openstack/wsgi.py:868}}
Jul 24 20:01:14.675664 dv-cinder-850449-2-iscsi devstack@c-api.service[117723]: INFO cinder.api.openstack.wsgi [None req-dfcbaa1a-4df2-4315-88f5-42964cb308c4 tempest-GroupsTest-2118660574 tempest-GroupsTest-2118660574-project] GET http://10.222.0.17/volume/v3/2e432ae974854f22b41d5c922fa4bd86/volumes/56155fe6-5c81-4161-8182-2431b1f15df5
Jul 24 20:01:14.676196 dv-cinder-850449-2-iscsi devstack@c-api.service[117723]: DEBUG cinder.api.openstack.wsgi [None req-dfcbaa1a-4df2-4315-88f5-42964cb308c4 tempest-GroupsTest-2118660574 tempest-GroupsTest-2118660574-project] Empty body provided in request {{(pid=117723) get_body /opt/stack/cinder/cinder/api/openstack/wsgi.py:715}}
Jul 24 20:01:14.676701 dv-cinder-850449-2-iscsi devstack@c-api.service[117723]: DEBUG cinder.api.openstack.wsgi [None req-dfcbaa1a-4df2-4315-88f5-42964cb308c4 tempest-GroupsTest-2118660574 tempest-GroupsTest-2118660574-project] Calling method 'show' {{(pid=117723) _process_stack /opt/stack/cinder/cinder/api/openstack/wsgi.py:868}}
Jul 24 20:01:14.712445 dv-cinder-850449-2-iscsi devstack@c-api.service[117722]: /usr/local/lib/python3.8/dist-packages/oslo_context/context.py:100: DeprecationWarning: Policy enforcement is depending on the value of is_admin. This key is deprecated. Please update your policy file to use the standard policy values.
Jul 24 20:01:14.712445 dv-cinder-850449-2-iscsi devstack@c-api.service[117722]: warnings.warn('Policy enforcement is depending on the value of '
Jul 24 20:01:14.734856 dv-cinder-850449-2-iscsi devstack@c-api.service[117722]: INFO cinder.volume.api [None req-0f445372-635d-447f-89a7-ebebd134abfb tempest-VolumesTestJSON-1496036776 tempest-VolumesTestJSON-1496036776-project] Volume info retrieved successfully.
Jul 24 20:01:14.739537 dv-cinder-850449-2-iscsi devstack@c-api.service[117723]: /usr/local/lib/python3.8/dist-packages/oslo_context/context.py:100: DeprecationWarning: Policy enforcement is depending on the value of is_admin. This key is deprecated. Please update your policy file to use the standard policy values.
Jul 24 20:01:14.739537 dv-cinder-850449-2-iscsi devstack@c-api.service[117723]: warnings.warn('Policy enforcement is depending on the value of '
Jul 24 20:01:14.760849 dv-cinder-850449-2-iscsi devstack@c-api.service[117722]: INFO cinder.api.openstack.wsgi [None req-0f445372-635d-447f-89a7-ebebd134abfb tempest-VolumesTestJSON-1496036776 tempest-VolumesTestJSON-1496036776-project] http://10.222.0.17/volume/v3/b6b7c24ef86e420fb3e454ef5a185551/volumes/64e5c11b-819c-411a-a6d6-cf6d9ad08527 returned with HTTP 200
Jul 24 20:01:14.761617 dv-cinder-850449-2-iscsi devstack@c-api.service[117722]: [pid: 117722|app: 0|req: 37/74] 10.222.0.17 () {58 vars in 1324 bytes} [Sun Jul 24 20:01:14 2022] GET /volume/v3/b6b7c24ef86e420fb3e454ef5a185551/volumes/64e5c11b-819c-411a-a6d6-cf6d9ad08527 => generated 895 bytes in 107 msecs (HTTP/1.1 200) 7 headers in 285 bytes (1 switches on core 0)
Jul 24 20:01:14.763877 dv-cinder-850449-2-iscsi devstack@c-api.service[117723]: INFO cinder.volume.api [None req-dfcbaa1a-4df2-4315-88f5-42964cb308c4 tempest-GroupsTest-2118660574 tempest-GroupsTest-2118660574-project] Volume info retrieved successfully.
Jul 24 20:01:14.765218 dv-cinder-850449-2-iscsi devstack@c-api.service[117723]: WARNING stevedore.named [None req-dfcbaa1a-4df2-4315-88f5-42964cb308c4 tempest-GroupsTest-2118660574 tempest-GroupsTest-2118660574-project] Could not load cinder.keymgr.conf_key_mgr.ConfKeyManager
Jul 24 20:01:14.765596 dv-cinder-850449-2-iscsi devstack@c-api.service[117723]: WARNING castellan.key_manager [None req-dfcbaa1a-4df2-4315-88f5-42964cb308c4 tempest-GroupsTest-2118660574 tempest-GroupsTest-2118660574-project] Deprecation Warning : cinder.keymgr.conf_key_mgr.ConfKeyManager is not a stevedore based driver, trying to load it as a class: stevedore.exception.NoMatches: No 'castellan.drivers' driver found, looking for 'cinder.keymgr.conf_key_mgr.ConfKeyManager'
Jul 24 20:01:14.787996 dv-cinder-850449-2-iscsi devstack@c-api.service[117723]: DEBUG oslo_db.sqlalchemy.engines [None req-dfcbaa1a-4df2-4315-88f5-42964cb308c4 tempest-GroupsTest-2118660574 tempest-GroupsTest-2118660574-project] MySQL server mode set to STRICT_TRANS_TABLES,STRICT_ALL_TABLES,NO_ZERO_IN_DATE,NO_ZERO_DATE,ERROR_FOR_DIVISION_BY_ZERO,TRADITIONAL,NO_ENGINE_SUBSTITUTION {{(pid=117723) _check_effective_sql_mode /usr/local/lib/python3.8/dist-packages/oslo_db/sqlalchemy/engines.py:314}}
Jul 24 20:01:14.798951 dv-cinder-850449-2-iscsi devstack@c-api.service[117723]: /usr/local/lib/python3.8/dist-packages/oslo_context/context.py:100: DeprecationWarning: Policy enforcement is depending on the value of is_admin. This key is deprecated. Please update your policy file to use the standard policy values.
Jul 24 20:01:14.798951 dv-cinder-850449-2-iscsi devstack@c-api.service[117723]: warnings.warn('Policy enforcement is depending on the value of '
Jul 24 20:01:14.827470 dv-cinder-850449-2-iscsi devstack@c-api.service[117723]: INFO cinder.api.openstack.wsgi [None req-dfcbaa1a-4df2-4315-88f5-42964cb308c4 tempest-GroupsTest-2118660574 tempest-GroupsTest-2118660574-project] http://10.222.0.17/volume/v3/2e432ae974854f22b41d5c922fa4bd86/volumes/56155fe6-5c81-4161-8182-2431b1f15df5 returned with HTTP 200
Jul 24 20:01:14.828232 dv-cinder-850449-2-iscsi devstack@c-api.service[117723]: [pid: 117723|app: 0|req: 38/75] 10.222.0.17 () {60 vars in 1365 bytes} [Sun Jul 24 20:01:14 2022] GET /volume/v3/2e432ae974854f22b41d5c922fa4bd86/volumes/56155fe6-5c81-4161-8182-2431b1f15df5 => generated 973 bytes in 216 msecs (HTTP/1.1 200) 7 headers in 286 bytes (1 switches on core 0)
Jul 24 20:01:14.845622 dv-cinder-850449-2-iscsi devstack@c-api.service[117722]: DEBUG cinder.api.middleware.request_id [None req-060a91c0-65eb-46d0-96bc-4fa0ebb26f66 None None] RequestId filter calling following filter/app {{(pid=117722) _context_setter /opt/stack/cinder/cinder/api/middleware/request_id.py:62}}
Jul 24 20:01:14.852174 dv-cinder-850449-2-iscsi devstack@c-api.service[117722]: INFO cinder.api.openstack.wsgi [None req-060a91c0-65eb-46d0-96bc-4fa0ebb26f66 tempest-GroupsTest-2118660574 tempest-GroupsTest-2118660574-project] GET http://10.222.0.17/volume/v3/2e432ae974854f22b41d5c922fa4bd86/groups/7f374169-c90a-4b10-a2bd-d91e26c40134
Jul 24 20:01:14.852708 dv-cinder-850449-2-iscsi devstack@c-api.service[117722]: DEBUG cinder.api.openstack.wsgi [None req-060a91c0-65eb-46d0-96bc-4fa0ebb26f66 tempest-GroupsTest-2118660574 tempest-GroupsTest-2118660574-project] Empty body provided in request {{(pid=117722) get_body /opt/stack/cinder/cinder/api/openstack/wsgi.py:715}}
Jul 24 20:01:14.853354 dv-cinder-850449-2-iscsi devstack@c-api.service[117722]: DEBUG cinder.api.openstack.wsgi [None req-060a91c0-65eb-46d0-96bc-4fa0ebb26f66 tempest-GroupsTest-2118660574 tempest-GroupsTest-2118660574-project] Calling method 'version_select' {{(pid=117722) _process_stack /opt/stack/cinder/cinder/api/openstack/wsgi.py:868}}
Jul 24 20:01:14.853861 dv-cinder-850449-2-iscsi devstack@c-api.service[117722]: DEBUG cinder.api.v3.groups [None req-060a91c0-65eb-46d0-96bc-4fa0ebb26f66 tempest-GroupsTest-2118660574 tempest-GroupsTest-2118660574-project] show called for member 7f374169-c90a-4b10-a2bd-d91e26c40134 {{(pid=117722) show /opt/stack/cinder/cinder/api/v3/groups.py:58}}
Jul 24 20:01:14.874083 dv-cinder-850449-2-iscsi devstack@c-api.service[117722]: /usr/local/lib/python3.8/dist-packages/oslo_context/context.py:100: DeprecationWarning: Policy enforcement is depending on the value of is_admin. This key is deprecated. Please update your policy file to use the standard policy values.
Jul 24 20:01:14.874083 dv-cinder-850449-2-iscsi devstack@c-api.service[117722]: warnings.warn('Policy enforcement is depending on the value of '
Jul 24 20:01:14.933466 dv-cinder-850449-2-iscsi devstack@c-api.service[117722]: INFO cinder.api.openstack.wsgi [None req-060a91c0-65eb-46d0-96bc-4fa0ebb26f66 tempest-GroupsTest-2118660574 tempest-GroupsTest-2118660574-project] http://10.222.0.17/volume/v3/2e432ae974854f22b41d5c922fa4bd86/groups/7f374169-c90a-4b10-a2bd-d91e26c40134 returned with HTTP 200
Jul 24 20:01:14.935553 dv-cinder-850449-2-iscsi devstack@c-api.service[117722]: [pid: 117722|app: 0|req: 38/76] 10.222.0.17 () {60 vars in 1362 bytes} [Sun Jul 24 20:01:14 2022] GET /volume/v3/2e432ae974854f22b41d5c922fa4bd86/groups/7f374169-c90a-4b10-a2bd-d91e26c40134 => generated 323 bytes in 91 msecs (HTTP/1.1 200) 7 headers in 286 bytes (1 switches on core 0)
Jul 24 20:01:14.941878 dv-cinder-850449-2-iscsi devstack@c-api.service[117723]: DEBUG cinder.api.middleware.request_id [None req-8fbd8c93-300c-4d90-980a-c90bcbdb22e0 None None] RequestId filter calling following filter/app {{(pid=117723) _context_setter /opt/stack/cinder/cinder/api/middleware/request_id.py:62}}
Jul 24 20:01:14.946635 dv-cinder-850449-2-iscsi devstack@c-api.service[117723]: INFO cinder.api.openstack.wsgi [None req-8fbd8c93-300c-4d90-980a-c90bcbdb22e0 tempest-GroupsTest-2118660574 tempest-GroupsTest-2118660574-project] GET http://10.222.0.17/volume/v3/2e432ae974854f22b41d5c922fa4bd86/groups/9681bf12-e961-497c-b7ca-acaabde3558a
Jul 24 20:01:14.948593 dv-cinder-850449-2-iscsi devstack@c-api.service[117723]: DEBUG cinder.api.openstack.wsgi [None req-8fbd8c93-300c-4d90-980a-c90bcbdb22e0 tempest-GroupsTest-2118660574 tempest-GroupsTest-2118660574-project] Empty body provided in request {{(pid=117723) get_body /opt/stack/cinder/cinder/api/openstack/wsgi.py:715}}
Jul 24 20:01:14.948593 dv-cinder-850449-2-iscsi devstack@c-api.service[117723]: DEBUG cinder.api.openstack.wsgi [None req-8fbd8c93-300c-4d90-980a-c90bcbdb22e0 tempest-GroupsTest-2118660574 tempest-GroupsTest-2118660574-project] Calling method 'version_select' {{(pid=117723) _process_stack /opt/stack/cinder/cinder/api/openstack/wsgi.py:868}}
Jul 24 20:01:14.948593 dv-cinder-850449-2-iscsi devstack@c-api.service[117723]: DEBUG cinder.api.v3.groups [None req-8fbd8c93-300c-4d90-980a-c90bcbdb22e0 tempest-GroupsTest-2118660574 tempest-GroupsTest-2118660574-project] show called for member 9681bf12-e961-497c-b7ca-acaabde3558a {{(pid=117723) show /opt/stack/cinder/cinder/api/v3/groups.py:58}}
Jul 24 20:01:14.969767 dv-cinder-850449-2-iscsi devstack@c-api.service[117723]: /usr/local/lib/python3.8/dist-packages/oslo_context/context.py:100: DeprecationWarning: Policy enforcement is depending on the value of is_admin. This key is deprecated. Please update your policy file to use the standard policy values.
Jul 24 20:01:14.969767 dv-cinder-850449-2-iscsi devstack@c-api.service[117723]: warnings.warn('Policy enforcement is depending on the value of '
Jul 24 20:01:15.023247 dv-cinder-850449-2-iscsi devstack@c-api.service[117723]: INFO cinder.api.openstack.wsgi [None req-8fbd8c93-300c-4d90-980a-c90bcbdb22e0 tempest-GroupsTest-2118660574 tempest-GroupsTest-2118660574-project] http://10.222.0.17/volume/v3/2e432ae974854f22b41d5c922fa4bd86/groups/9681bf12-e961-497c-b7ca-acaabde3558a returned with HTTP 200
Jul 24 20:01:15.024532 dv-cinder-850449-2-iscsi devstack@c-api.service[117723]: [pid: 117723|app: 0|req: 39/77] 10.222.0.17 () {60 vars in 1362 bytes} [Sun Jul 24 20:01:14 2022] GET /volume/v3/2e432ae974854f22b41d5c922fa4bd86/groups/9681bf12-e961-497c-b7ca-acaabde3558a => generated 323 bytes in 84 msecs (HTTP/1.1 200) 7 headers in 286 bytes (1 switches on core 0)
Jul 24 20:01:15.031732 dv-cinder-850449-2-iscsi devstack@c-api.service[117722]: DEBUG cinder.api.middleware.request_id [None req-30fbf6ec-ad18-46d9-bf14-ae990f1cf1ac None None] RequestId filter calling following filter/app {{(pid=117722) _context_setter /opt/stack/cinder/cinder/api/middleware/request_id.py:62}}
Jul 24 20:01:15.036698 dv-cinder-850449-2-iscsi devstack@c-api.service[117722]: INFO cinder.api.openstack.wsgi [None req-30fbf6ec-ad18-46d9-bf14-ae990f1cf1ac tempest-GroupsTest-2118660574 tempest-GroupsTest-2118660574-project] GET http://10.222.0.17/volume/v3/2e432ae974854f22b41d5c922fa4bd86/groups/detail
Jul 24 20:01:15.037333 dv-cinder-850449-2-iscsi devstack@c-api.service[117722]: DEBUG cinder.api.openstack.wsgi [None req-30fbf6ec-ad18-46d9-bf14-ae990f1cf1ac tempest-GroupsTest-2118660574 tempest-GroupsTest-2118660574-project] Empty body provided in request {{(pid=117722) get_body /opt/stack/cinder/cinder/api/openstack/wsgi.py:715}}
Jul 24 20:01:15.037853 dv-cinder-850449-2-iscsi devstack@c-api.service[117722]: DEBUG cinder.api.openstack.wsgi [None req-30fbf6ec-ad18-46d9-bf14-ae990f1cf1ac tempest-GroupsTest-2118660574 tempest-GroupsTest-2118660574-project] Calling method 'version_select' {{(pid=117722) _process_stack /opt/stack/cinder/cinder/api/openstack/wsgi.py:868}}
Jul 24 20:01:15.039519 dv-cinder-850449-2-iscsi devstack@c-api.service[117722]: /usr/local/lib/python3.8/dist-packages/oslo_context/context.py:100: DeprecationWarning: Policy enforcement is depending on the value of is_admin. This key is deprecated. Please update your policy file to use the standard policy values.
Jul 24 20:01:15.039519 dv-cinder-850449-2-iscsi devstack@c-api.service[117722]: warnings.warn('Policy enforcement is depending on the value of '
Jul 24 20:01:15.130938 dv-cinder-850449-2-iscsi devstack@c-api.service[117722]: INFO cinder.api.openstack.wsgi [None req-30fbf6ec-ad18-46d9-bf14-ae990f1cf1ac tempest-GroupsTest-2118660574 tempest-GroupsTest-2118660574-project] http://10.222.0.17/volume/v3/2e432ae974854f22b41d5c922fa4bd86/groups/detail returned with HTTP 200
Jul 24 20:01:15.131737 dv-cinder-850449-2-iscsi devstack@c-api.service[117722]: [pid: 117722|app: 0|req: 39/78] 10.222.0.17 () {60 vars in 1272 bytes} [Sun Jul 24 20:01:15 2022] GET /volume/v3/2e432ae974854f22b41d5c922fa4bd86/groups/detail => generated 640 bytes in 101 msecs (HTTP/1.1 200) 7 headers in 286 bytes (2 switches on core 0)
Jul 24 20:01:15.141272 dv-cinder-850449-2-iscsi devstack@c-api.service[117723]: DEBUG cinder.api.middleware.request_id [None req-d686db04-fb56-4f72-a685-bfd6cf2831e5 None None] RequestId filter calling following filter/app {{(pid=117723) _context_setter /opt/stack/cinder/cinder/api/middleware/request_id.py:62}}
