Jul 24 20:01:49.147543 dv-cinder-850449-2-iscsi devstack@c-api.service[117723]: INFO cinder.api.openstack.wsgi [None req-6514523f-82e9-4fed-8746-63f0d887f60b tempest-VolumesCloneTest-1841174765 tempest-VolumesCloneTest-1841174765-project] GET http://10.222.0.17/volume/v3/d4ff6904678f4a49a91913587c5b6e3f/volumes/e1d00f7c-fdbd-47c5-a3a2-c1ac72234e5d
Jul 24 20:01:49.149613 dv-cinder-850449-2-iscsi devstack@c-api.service[117723]: DEBUG cinder.api.openstack.wsgi [None req-6514523f-82e9-4fed-8746-63f0d887f60b tempest-VolumesCloneTest-1841174765 tempest-VolumesCloneTest-1841174765-project] Empty body provided in request {{(pid=117723) get_body /opt/stack/cinder/cinder/api/openstack/wsgi.py:715}}
Jul 24 20:01:49.150220 dv-cinder-850449-2-iscsi devstack@c-api.service[117723]: DEBUG cinder.api.openstack.wsgi [None req-6514523f-82e9-4fed-8746-63f0d887f60b tempest-VolumesCloneTest-1841174765 tempest-VolumesCloneTest-1841174765-project] Calling method 'show' {{(pid=117723) _process_stack /opt/stack/cinder/cinder/api/openstack/wsgi.py:868}}
Jul 24 20:01:49.171413 dv-cinder-850449-2-iscsi devstack@c-api.service[117722]: INFO cinder.api.openstack.wsgi [None req-109cbc48-fa50-4fb7-858a-9029467b3d1c tempest-GroupSnapshotsTest-2073178172 tempest-GroupSnapshotsTest-2073178172-project] http://10.222.0.17/volume/v3/ba0a6e1b9a2b43a097a0b25f913ad2d9/groups/action returned with HTTP 202
Jul 24 20:01:49.176544 dv-cinder-850449-2-iscsi devstack@c-api.service[117723]: /usr/local/lib/python3.8/dist-packages/oslo_context/context.py:100: DeprecationWarning: Policy enforcement is depending on the value of is_admin. This key is deprecated. Please update your policy file to use the standard policy values.
Jul 24 20:01:49.176544 dv-cinder-850449-2-iscsi devstack@c-api.service[117723]: warnings.warn('Policy enforcement is depending on the value of '
Jul 24 20:01:49.176829 dv-cinder-850449-2-iscsi devstack@c-api.service[117722]: [pid: 117722|app: 0|req: 161/313] 10.222.0.17 () {62 vars in 1294 bytes} [Sun Jul 24 20:01:47 2022] POST /volume/v3/ba0a6e1b9a2b43a097a0b25f913ad2d9/groups/action => generated 103 bytes in 1242 msecs (HTTP/1.1 202) 7 headers in 292 bytes (2 switches on core 0)
Jul 24 20:01:49.176829 dv-cinder-850449-2-iscsi devstack@c-api.service[117722]: DEBUG cinder.api.middleware.request_id [None req-a8a56abd-4877-499f-95fc-b7d2f35c5665 None None] RequestId filter calling following filter/app {{(pid=117722) _context_setter /opt/stack/cinder/cinder/api/middleware/request_id.py:62}}
Jul 24 20:01:49.181120 dv-cinder-850449-2-iscsi devstack@c-api.service[117722]: INFO cinder.api.openstack.wsgi [None req-a8a56abd-4877-499f-95fc-b7d2f35c5665 tempest-QosSpecsTestJSON-747658356 tempest-QosSpecsTestJSON-747658356-project-admin] GET http://10.222.0.17/volume/v3/449a47b98a5546d189029e1f3957cc72/qos-specs
Jul 24 20:01:49.181578 dv-cinder-850449-2-iscsi devstack@c-api.service[117722]: DEBUG cinder.api.openstack.wsgi [None req-a8a56abd-4877-499f-95fc-b7d2f35c5665 tempest-QosSpecsTestJSON-747658356 tempest-QosSpecsTestJSON-747658356-project-admin] Empty body provided in request {{(pid=117722) get_body /opt/stack/cinder/cinder/api/openstack/wsgi.py:715}}
Jul 24 20:01:49.182043 dv-cinder-850449-2-iscsi devstack@c-api.service[117722]: DEBUG cinder.api.openstack.wsgi [None req-a8a56abd-4877-499f-95fc-b7d2f35c5665 tempest-QosSpecsTestJSON-747658356 tempest-QosSpecsTestJSON-747658356-project-admin] Calling method 'index' {{(pid=117722) _process_stack /opt/stack/cinder/cinder/api/openstack/wsgi.py:868}}
Jul 24 20:01:49.185414 dv-cinder-850449-2-iscsi devstack@c-api.service[117723]: INFO cinder.volume.api [None req-6514523f-82e9-4fed-8746-63f0d887f60b tempest-VolumesCloneTest-1841174765 tempest-VolumesCloneTest-1841174765-project] Volume info retrieved successfully.
Jul 24 20:01:49.193660 dv-cinder-850449-2-iscsi devstack@c-api.service[117722]: /usr/local/lib/python3.8/dist-packages/oslo_context/context.py:100: DeprecationWarning: Policy enforcement is depending on the value of is_admin. This key is deprecated. Please update your policy file to use the standard policy values.
Jul 24 20:01:49.193660 dv-cinder-850449-2-iscsi devstack@c-api.service[117722]: warnings.warn('Policy enforcement is depending on the value of '
Jul 24 20:01:49.208343 dv-cinder-850449-2-iscsi devstack@c-api.service[117722]: INFO cinder.api.openstack.wsgi [None req-a8a56abd-4877-499f-95fc-b7d2f35c5665 tempest-QosSpecsTestJSON-747658356 tempest-QosSpecsTestJSON-747658356-project-admin] http://10.222.0.17/volume/v3/449a47b98a5546d189029e1f3957cc72/qos-specs returned with HTTP 200
Jul 24 20:01:49.210953 dv-cinder-850449-2-iscsi devstack@c-api.service[117722]: [pid: 117722|app: 0|req: 162/314] 10.222.0.17 () {58 vars in 1219 bytes} [Sun Jul 24 20:01:49 2022] GET /volume/v3/449a47b98a5546d189029e1f3957cc72/qos-specs => generated 174 bytes in 38 msecs (HTTP/1.1 200) 7 headers in 285 bytes (1 switches on core 0)
Jul 24 20:01:49.212220 dv-cinder-850449-2-iscsi devstack@c-api.service[117723]: INFO cinder.api.openstack.wsgi [None req-6514523f-82e9-4fed-8746-63f0d887f60b tempest-VolumesCloneTest-1841174765 tempest-VolumesCloneTest-1841174765-project] http://10.222.0.17/volume/v3/d4ff6904678f4a49a91913587c5b6e3f/volumes/e1d00f7c-fdbd-47c5-a3a2-c1ac72234e5d returned with HTTP 200
Jul 24 20:01:49.214801 dv-cinder-850449-2-iscsi devstack@c-api.service[117722]: DEBUG cinder.api.middleware.request_id [None req-c342b6c5-d3cf-4021-bb43-d4a987ad7dad None None] RequestId filter calling following filter/app {{(pid=117722) _context_setter /opt/stack/cinder/cinder/api/middleware/request_id.py:62}}
Jul 24 20:01:49.215841 dv-cinder-850449-2-iscsi devstack@c-api.service[117723]: [pid: 117723|app: 0|req: 153/315] 10.222.0.17 () {58 vars in 1324 bytes} [Sun Jul 24 20:01:49 2022] GET /volume/v3/d4ff6904678f4a49a91913587c5b6e3f/volumes/e1d00f7c-fdbd-47c5-a3a2-c1ac72234e5d => generated 883 bytes in 75 msecs (HTTP/1.1 200) 7 headers in 285 bytes (1 switches on core 0)
Jul 24 20:01:49.224594 dv-cinder-850449-2-iscsi devstack@c-api.service[117722]: INFO cinder.api.openstack.wsgi [None req-c342b6c5-d3cf-4021-bb43-d4a987ad7dad tempest-GroupsV314Test-1845001344 tempest-GroupsV314Test-1845001344-project] GET http://10.222.0.17/volume/v3/d433f409f9b14f928953c72559e139cd/groups/b47e04e2-c7be-4443-b507-0d1034a0b843
Jul 24 20:01:49.225453 dv-cinder-850449-2-iscsi devstack@c-api.service[117722]: DEBUG cinder.api.openstack.wsgi [None req-c342b6c5-d3cf-4021-bb43-d4a987ad7dad tempest-GroupsV314Test-1845001344 tempest-GroupsV314Test-1845001344-project] Empty body provided in request {{(pid=117722) get_body /opt/stack/cinder/cinder/api/openstack/wsgi.py:715}}
Jul 24 20:01:49.225890 dv-cinder-850449-2-iscsi devstack@c-api.service[117723]: DEBUG cinder.api.middleware.request_id [None req-f8e06c84-5a38-40ef-8eb3-dbc306d1150c None None] RequestId filter calling following filter/app {{(pid=117723) _context_setter /opt/stack/cinder/cinder/api/middleware/request_id.py:62}}
Jul 24 20:01:49.226789 dv-cinder-850449-2-iscsi devstack@c-api.service[117722]: DEBUG cinder.api.openstack.wsgi [None req-c342b6c5-d3cf-4021-bb43-d4a987ad7dad tempest-GroupsV314Test-1845001344 tempest-GroupsV314Test-1845001344-project] Calling method 'version_select' {{(pid=117722) _process_stack /opt/stack/cinder/cinder/api/openstack/wsgi.py:868}}
Jul 24 20:01:49.227148 dv-cinder-850449-2-iscsi devstack@c-api.service[117722]: DEBUG cinder.api.v3.groups [None req-c342b6c5-d3cf-4021-bb43-d4a987ad7dad tempest-GroupsV314Test-1845001344 tempest-GroupsV314Test-1845001344-project] show called for member b47e04e2-c7be-4443-b507-0d1034a0b843 {{(pid=117722) show /opt/stack/cinder/cinder/api/v3/groups.py:58}}
Jul 24 20:01:49.235700 dv-cinder-850449-2-iscsi devstack@c-api.service[117722]: INFO cinder.api.openstack.wsgi [None req-c342b6c5-d3cf-4021-bb43-d4a987ad7dad tempest-GroupsV314Test-1845001344 tempest-GroupsV314Test-1845001344-project] http://10.222.0.17/volume/v3/d433f409f9b14f928953c72559e139cd/groups/b47e04e2-c7be-4443-b507-0d1034a0b843 returned with HTTP 404
Jul 24 20:01:49.238923 dv-cinder-850449-2-iscsi devstack@c-api.service[117723]: INFO cinder.api.openstack.wsgi [None req-f8e06c84-5a38-40ef-8eb3-dbc306d1150c tempest-SnapshotsActionsTest-975819321 tempest-SnapshotsActionsTest-975819321-project-admin] POST http://10.222.0.17/volume/v3/d35c4a2b642949658935d4da44b298e4/snapshots/8eea0aa9-8247-4fa6-addb-eb32b0a7b4c8/action
Jul 24 20:01:49.238923 dv-cinder-850449-2-iscsi devstack@c-api.service[117723]: DEBUG cinder.api.openstack.wsgi [None req-f8e06c84-5a38-40ef-8eb3-dbc306d1150c tempest-SnapshotsActionsTest-975819321 tempest-SnapshotsActionsTest-975819321-project-admin] Action body: b'{"os-reset_status": {"status": "available"}}' {{(pid=117723) get_method /opt/stack/cinder/cinder/api/openstack/wsgi.py:983}}
Jul 24 20:01:49.239139 dv-cinder-850449-2-iscsi devstack@c-api.service[117722]: [pid: 117722|app: 0|req: 163/316] 10.222.0.17 () {60 vars in 1362 bytes} [Sun Jul 24 20:01:49 2022] GET /volume/v3/d433f409f9b14f928953c72559e139cd/groups/b47e04e2-c7be-4443-b507-0d1034a0b843 => generated 108 bytes in 26 msecs (HTTP/1.1 404) 7 headers in 293 bytes (1 switches on core 0)
Jul 24 20:01:49.241804 dv-cinder-850449-2-iscsi devstack@c-api.service[117723]: DEBUG cinder.api.openstack.wsgi [None req-f8e06c84-5a38-40ef-8eb3-dbc306d1150c tempest-SnapshotsActionsTest-975819321 tempest-SnapshotsActionsTest-975819321-project-admin] Action: 'action', calling method: _reset_status, body: {"os-reset_status": {"status": "available"}} {{(pid=117723) _process_stack /opt/stack/cinder/cinder/api/openstack/wsgi.py:866}}
Jul 24 20:01:49.242358 dv-cinder-850449-2-iscsi devstack@c-api.service[117722]: DEBUG cinder.api.middleware.request_id [None req-2f86c28f-34f0-4f67-ba93-365b1307151d None None] RequestId filter calling following filter/app {{(pid=117722) _context_setter /opt/stack/cinder/cinder/api/middleware/request_id.py:62}}
Jul 24 20:01:49.243386 dv-cinder-850449-2-iscsi devstack@c-api.service[117723]: DEBUG cinder.api.contrib.admin_actions [None req-f8e06c84-5a38-40ef-8eb3-dbc306d1150c tempest-SnapshotsActionsTest-975819321 tempest-SnapshotsActionsTest-975819321-project-admin] Updating snapshot '8eea0aa9-8247-4fa6-addb-eb32b0a7b4c8' with '{'status': 'available'}' {{(pid=117723) _reset_status /opt/stack/cinder/cinder/api/contrib/admin_actions.py:100}}
Jul 24 20:01:49.247866 dv-cinder-850449-2-iscsi devstack@c-api.service[117722]: INFO cinder.api.openstack.wsgi [None req-2f86c28f-34f0-4f67-ba93-365b1307151d tempest-GroupSnapshotsTest-2073178172 tempest-GroupSnapshotsTest-2073178172-project] GET http://10.222.0.17/volume/v3/ba0a6e1b9a2b43a097a0b25f913ad2d9/volumes/detail
Jul 24 20:01:49.249147 dv-cinder-850449-2-iscsi devstack@c-api.service[117722]: DEBUG cinder.api.openstack.wsgi [None req-2f86c28f-34f0-4f67-ba93-365b1307151d tempest-GroupSnapshotsTest-2073178172 tempest-GroupSnapshotsTest-2073178172-project] Empty body provided in request {{(pid=117722) get_body /opt/stack/cinder/cinder/api/openstack/wsgi.py:715}}
Jul 24 20:01:49.250116 dv-cinder-850449-2-iscsi devstack@c-api.service[117722]: DEBUG cinder.api.openstack.wsgi [None req-2f86c28f-34f0-4f67-ba93-365b1307151d tempest-GroupSnapshotsTest-2073178172 tempest-GroupSnapshotsTest-2073178172-project] Calling method 'detail' {{(pid=117722) _process_stack /opt/stack/cinder/cinder/api/openstack/wsgi.py:868}}
Jul 24 20:01:49.251400 dv-cinder-850449-2-iscsi devstack@c-api.service[117722]: DEBUG cinder.api.api_utils [None req-2f86c28f-34f0-4f67-ba93-365b1307151d tempest-GroupSnapshotsTest-2073178172 tempest-GroupSnapshotsTest-2073178172-project] Removing options '' from query. {{(pid=117722) remove_invalid_filter_options /opt/stack/cinder/cinder/api/api_utils.py:83}}
Jul 24 20:01:49.252680 dv-cinder-850449-2-iscsi devstack@c-api.service[117722]: /usr/local/lib/python3.8/dist-packages/oslo_context/context.py:100: DeprecationWarning: Policy enforcement is depending on the value of is_admin. This key is deprecated. Please update your policy file to use the standard policy values.
Jul 24 20:01:49.252680 dv-cinder-850449-2-iscsi devstack@c-api.service[117722]: warnings.warn('Policy enforcement is depending on the value of '
Jul 24 20:01:49.253840 dv-cinder-850449-2-iscsi devstack@c-api.service[117722]: DEBUG cinder.volume.api [None req-2f86c28f-34f0-4f67-ba93-365b1307151d tempest-GroupSnapshotsTest-2073178172 tempest-GroupSnapshotsTest-2073178172-project] Searching by: MultiDict([('no_migration_targets', True)]). {{(pid=117722) get_all /opt/stack/cinder/cinder/volume/api.py:664}}
Jul 24 20:01:49.282835 dv-cinder-850449-2-iscsi devstack@c-api.service[117723]: /usr/local/lib/python3.8/dist-packages/oslo_context/context.py:100: DeprecationWarning: Policy enforcement is depending on the value of is_admin. This key is deprecated. Please update your policy file to use the standard policy values.
Jul 24 20:01:49.282835 dv-cinder-850449-2-iscsi devstack@c-api.service[117723]: warnings.warn('Policy enforcement is depending on the value of '
Jul 24 20:01:49.329695 dv-cinder-850449-2-iscsi devstack@c-api.service[117722]: INFO cinder.volume.api [None req-2f86c28f-34f0-4f67-ba93-365b1307151d tempest-GroupSnapshotsTest-2073178172 tempest-GroupSnapshotsTest-2073178172-project] Get all volumes completed successfully.
Jul 24 20:01:49.331540 dv-cinder-850449-2-iscsi devstack@c-api.service[117722]: WARNING stevedore.named [None req-2f86c28f-34f0-4f67-ba93-365b1307151d tempest-GroupSnapshotsTest-2073178172 tempest-GroupSnapshotsTest-2073178172-project] Could not load cinder.keymgr.conf_key_mgr.ConfKeyManager
Jul 24 20:01:49.332229 dv-cinder-850449-2-iscsi devstack@c-api.service[117722]: WARNING castellan.key_manager [None req-2f86c28f-34f0-4f67-ba93-365b1307151d tempest-GroupSnapshotsTest-2073178172 tempest-GroupSnapshotsTest-2073178172-project] Deprecation Warning : cinder.keymgr.conf_key_mgr.ConfKeyManager is not a stevedore based driver, trying to load it as a class: stevedore.exception.NoMatches: No 'castellan.drivers' driver found, looking for 'cinder.keymgr.conf_key_mgr.ConfKeyManager'
Jul 24 20:01:49.343172 dv-cinder-850449-2-iscsi devstack@c-api.service[117722]: DEBUG oslo_db.sqlalchemy.engines [None req-2f86c28f-34f0-4f67-ba93-365b1307151d tempest-GroupSnapshotsTest-2073178172 tempest-GroupSnapshotsTest-2073178172-project] MySQL server mode set to STRICT_TRANS_TABLES,STRICT_ALL_TABLES,NO_ZERO_IN_DATE,NO_ZERO_DATE,ERROR_FOR_DIVISION_BY_ZERO,TRADITIONAL,NO_ENGINE_SUBSTITUTION {{(pid=117722) _check_effective_sql_mode /usr/local/lib/python3.8/dist-packages/oslo_db/sqlalchemy/engines.py:314}}
Jul 24 20:01:49.353464 dv-cinder-850449-2-iscsi devstack@c-api.service[117722]: /usr/local/lib/python3.8/dist-packages/oslo_context/context.py:100: DeprecationWarning: Policy enforcement is depending on the value of is_admin. This key is deprecated. Please update your policy file to use the standard policy values.
Jul 24 20:01:49.353464 dv-cinder-850449-2-iscsi devstack@c-api.service[117722]: warnings.warn('Policy enforcement is depending on the value of '
Jul 24 20:01:49.361852 dv-cinder-850449-2-iscsi devstack@c-api.service[117722]: WARNING stevedore.named [None req-2f86c28f-34f0-4f67-ba93-365b1307151d tempest-GroupSnapshotsTest-2073178172 tempest-GroupSnapshotsTest-2073178172-project] Could not load cinder.keymgr.conf_key_mgr.ConfKeyManager
Jul 24 20:01:49.362408 dv-cinder-850449-2-iscsi devstack@c-api.service[117722]: WARNING castellan.key_manager [None req-2f86c28f-34f0-4f67-ba93-365b1307151d tempest-GroupSnapshotsTest-2073178172 tempest-GroupSnapshotsTest-2073178172-project] Deprecation Warning : cinder.keymgr.conf_key_mgr.ConfKeyManager is not a stevedore based driver, trying to load it as a class: stevedore.exception.NoMatches: No 'castellan.drivers' driver found, looking for 'cinder.keymgr.conf_key_mgr.ConfKeyManager'
Jul 24 20:01:49.373346 dv-cinder-850449-2-iscsi devstack@c-api.service[117722]: DEBUG oslo_db.sqlalchemy.engines [None req-2f86c28f-34f0-4f67-ba93-365b1307151d tempest-GroupSnapshotsTest-2073178172 tempest-GroupSnapshotsTest-2073178172-project] MySQL server mode set to STRICT_TRANS_TABLES,STRICT_ALL_TABLES,NO_ZERO_IN_DATE,NO_ZERO_DATE,ERROR_FOR_DIVISION_BY_ZERO,TRADITIONAL,NO_ENGINE_SUBSTITUTION {{(pid=117722) _check_effective_sql_mode /usr/local/lib/python3.8/dist-packages/oslo_db/sqlalchemy/engines.py:314}}
Jul 24 20:01:49.379321 dv-cinder-850449-2-iscsi devstack@c-api.service[117722]: /usr/local/lib/python3.8/dist-packages/oslo_context/context.py:100: DeprecationWarning: Policy enforcement is depending on the value of is_admin. This key is deprecated. Please update your policy file to use the standard policy values.
Jul 24 20:01:49.379321 dv-cinder-850449-2-iscsi devstack@c-api.service[117722]: warnings.warn('Policy enforcement is depending on the value of '
Jul 24 20:01:49.385379 dv-cinder-850449-2-iscsi devstack@c-api.service[117723]: INFO cinder.api.openstack.wsgi [None req-f8e06c84-5a38-40ef-8eb3-dbc306d1150c tempest-SnapshotsActionsTest-975819321 tempest-SnapshotsActionsTest-975819321-project-admin] http://10.222.0.17/volume/v3/d35c4a2b642949658935d4da44b298e4/snapshots/8eea0aa9-8247-4fa6-addb-eb32b0a7b4c8/action returned with HTTP 202
Jul 24 20:01:49.386510 dv-cinder-850449-2-iscsi devstack@c-api.service[117723]: [pid: 117723|app: 0|req: 154/317] 10.222.0.17 () {60 vars in 1372 bytes} [Sun Jul 24 20:01:49 2022] POST /volume/v3/d35c4a2b642949658935d4da44b298e4/snapshots/8eea0aa9-8247-4fa6-addb-eb32b0a7b4c8/action => generated 0 bytes in 170 msecs (HTTP/1.1 202) 7 headers in 289 bytes (1 switches on core 0)
Jul 24 20:01:49.389130 dv-cinder-850449-2-iscsi devstack@c-api.service[117723]: DEBUG cinder.api.middleware.request_id [None req-a71d4212-4370-49cf-ae4c-d7c61d3705e7 None None] RequestId filter calling following filter/app {{(pid=117723) _context_setter /opt/stack/cinder/cinder/api/middleware/request_id.py:62}}
Jul 24 20:01:49.395792 dv-cinder-850449-2-iscsi devstack@c-api.service[117723]: INFO cinder.api.openstack.wsgi [None req-a71d4212-4370-49cf-ae4c-d7c61d3705e7 tempest-QosSpecsTestJSON-747658356 tempest-QosSpecsTestJSON-747658356-project-admin] POST http://10.222.0.17/volume/v3/449a47b98a5546d189029e1f3957cc72/qos-specs
Jul 24 20:01:49.396928 dv-cinder-850449-2-iscsi devstack@c-api.service[117723]: DEBUG cinder.api.openstack.wsgi [None req-a71d4212-4370-49cf-ae4c-d7c61d3705e7 tempest-QosSpecsTestJSON-747658356 tempest-QosSpecsTestJSON-747658356-project-admin] Action: 'create', calling method: create, body: {"qos_specs": {"name": "tempest-QosSpecsTestJSON-qos-656755530", "consumer": "front-end"}} {{(pid=117723) _process_stack /opt/stack/cinder/cinder/api/openstack/wsgi.py:866}}
Jul 24 20:01:49.398410 dv-cinder-850449-2-iscsi devstack@c-api.service[117723]: /usr/local/lib/python3.8/dist-packages/oslo_context/context.py:100: DeprecationWarning: Policy enforcement is depending on the value of is_admin. This key is deprecated. Please update your policy file to use the standard policy values.
Jul 24 20:01:49.398410 dv-cinder-850449-2-iscsi devstack@c-api.service[117723]: warnings.warn('Policy enforcement is depending on the value of '
Jul 24 20:01:49.398650 dv-cinder-850449-2-iscsi devstack@c-api.service[117722]: INFO cinder.api.openstack.wsgi [None req-2f86c28f-34f0-4f67-ba93-365b1307151d tempest-GroupSnapshotsTest-2073178172 tempest-GroupSnapshotsTest-2073178172-project] http://10.222.0.17/volume/v3/ba0a6e1b9a2b43a097a0b25f913ad2d9/volumes/detail returned with HTTP 200
Jul 24 20:01:49.399432 dv-cinder-850449-2-iscsi devstack@c-api.service[117722]: [pid: 117722|app: 0|req: 164/318] 10.222.0.17 () {60 vars in 1275 bytes} [Sun Jul 24 20:01:49 2022] GET /volume/v3/ba0a6e1b9a2b43a097a0b25f913ad2d9/volumes/detail => generated 1983 bytes in 161 msecs (HTTP/1.1 200) 7 headers in 287 bytes (1 switches on core 0)
Jul 24 20:01:49.400159 dv-cinder-850449-2-iscsi devstack@c-api.service[117723]: DEBUG cinder.volume.qos_specs [None req-a71d4212-4370-49cf-ae4c-d7c61d3705e7 tempest-QosSpecsTestJSON-747658356 tempest-QosSpecsTestJSON-747658356-project-admin] Dict for qos_specs: {'name': 'tempest-QosSpecsTestJSON-qos-656755530', 'consumer': 'front-end', 'specs': {}} {{(pid=117723) create /opt/stack/cinder/cinder/volume/qos_specs.py:64}}
Jul 24 20:01:49.401254 dv-cinder-850449-2-iscsi devstack@c-api.service[117722]: DEBUG cinder.api.middleware.request_id [None req-ff84c75c-f5bf-4292-a83b-75d2414efbb0 None None] RequestId filter calling following filter/app {{(pid=117722) _context_setter /opt/stack/cinder/cinder/api/middleware/request_id.py:62}}
Jul 24 20:01:49.405959 dv-cinder-850449-2-iscsi devstack@c-api.service[117722]: INFO cinder.api.openstack.wsgi [None req-ff84c75c-f5bf-4292-a83b-75d2414efbb0 tempest-GroupsV314Test-1533569145 tempest-GroupsV314Test-1533569145-project-admin] DELETE http://10.222.0.17/volume/v3/3dcd9a9f615b41cfb5decdd8aad9b4b3/group_types/d6689ed6-be09-4376-8cbc-377e17263105
Jul 24 20:01:49.407251 dv-cinder-850449-2-iscsi devstack@c-api.service[117722]: DEBUG cinder.api.openstack.wsgi [None req-ff84c75c-f5bf-4292-a83b-75d2414efbb0 tempest-GroupsV314Test-1533569145 tempest-GroupsV314Test-1533569145-project-admin] Empty body provided in request {{(pid=117722) get_body /opt/stack/cinder/cinder/api/openstack/wsgi.py:715}}
Jul 24 20:01:49.408003 dv-cinder-850449-2-iscsi devstack@c-api.service[117722]: DEBUG cinder.api.openstack.wsgi [None req-ff84c75c-f5bf-4292-a83b-75d2414efbb0 tempest-GroupsV314Test-1533569145 tempest-GroupsV314Test-1533569145-project-admin] Calling method 'version_select' {{(pid=117722) _process_stack /opt/stack/cinder/cinder/api/openstack/wsgi.py:868}}
Jul 24 20:01:49.410942 dv-cinder-850449-2-iscsi devstack@c-api.service[117723]: DEBUG cinder.db.sqlalchemy.api [None req-a71d4212-4370-49cf-ae4c-d7c61d3705e7 tempest-QosSpecsTestJSON-747658356 tempest-QosSpecsTestJSON-747658356-project-admin] DB qos_specs_create(): root {'id': 'df3b6c96-90c6-4c96-90ca-43612f385dad', 'key': 'QoS_Specs_Name', 'value': 'tempest-QosSpecsTestJSON-qos-656755530'} {{(pid=117723) qos_specs_create /opt/stack/cinder/cinder/db/sqlalchemy/api.py:5586}}
Jul 24 20:01:49.493213 dv-cinder-850449-2-iscsi devstack@c-api.service[117723]: INFO cinder.api.openstack.wsgi [None req-a71d4212-4370-49cf-ae4c-d7c61d3705e7 tempest-QosSpecsTestJSON-747658356 tempest-QosSpecsTestJSON-747658356-project-admin] http://10.222.0.17/volume/v3/449a47b98a5546d189029e1f3957cc72/qos-specs returned with HTTP 200
Jul 24 20:01:49.494756 dv-cinder-850449-2-iscsi devstack@c-api.service[117723]: [pid: 117723|app: 0|req: 155/319] 10.222.0.17 () {60 vars in 1240 bytes} [Sun Jul 24 20:01:49 2022] POST /volume/v3/449a47b98a5546d189029e1f3957cc72/qos-specs => generated 435 bytes in 107 msecs (HTTP/1.1 200) 7 headers in 285 bytes (1 switches on core 0)
Jul 24 20:01:49.508436 dv-cinder-850449-2-iscsi devstack@c-api.service[117723]: DEBUG cinder.api.middleware.request_id [None req-ac4998ef-9636-4a92-a1b4-7cbc03613b2e None None] RequestId filter calling following filter/app {{(pid=117723) _context_setter /opt/stack/cinder/cinder/api/middleware/request_id.py:62}}
Jul 24 20:01:49.508436 dv-cinder-850449-2-iscsi devstack@c-api.service[117723]: INFO cinder.api.openstack.wsgi [None req-ac4998ef-9636-4a92-a1b4-7cbc03613b2e tempest-SnapshotsActionsTest-565968213 tempest-SnapshotsActionsTest-565968213-project] GET http://10.222.0.17/volume/v3/54d28b408f5e445f98ae90382124f24d/snapshots/8eea0aa9-8247-4fa6-addb-eb32b0a7b4c8
Jul 24 20:01:49.508436 dv-cinder-850449-2-iscsi devstack@c-api.service[117723]: DEBUG cinder.api.openstack.wsgi [None req-ac4998ef-9636-4a92-a1b4-7cbc03613b2e tempest-SnapshotsActionsTest-565968213 tempest-SnapshotsActionsTest-565968213-project] Empty body provided in request {{(pid=117723) get_body /opt/stack/cinder/cinder/api/openstack/wsgi.py:715}}
Jul 24 20:01:49.508436 dv-cinder-850449-2-iscsi devstack@c-api.service[117723]: DEBUG cinder.api.openstack.wsgi [None req-ac4998ef-9636-4a92-a1b4-7cbc03613b2e tempest-SnapshotsActionsTest-565968213 tempest-SnapshotsActionsTest-565968213-project] Calling method 'show' {{(pid=117723) _process_stack /opt/stack/cinder/cinder/api/openstack/wsgi.py:868}}
Jul 24 20:01:49.518151 dv-cinder-850449-2-iscsi devstack@c-api.service[117723]: /usr/local/lib/python3.8/dist-packages/oslo_context/context.py:100: DeprecationWarning: Policy enforcement is depending on the value of is_admin. This key is deprecated. Please update your policy file to use the standard policy values.
Jul 24 20:01:49.518151 dv-cinder-850449-2-iscsi devstack@c-api.service[117723]: warnings.warn('Policy enforcement is depending on the value of '
Jul 24 20:01:49.519137 dv-cinder-850449-2-iscsi devstack@c-api.service[117723]: INFO cinder.volume.api [None req-ac4998ef-9636-4a92-a1b4-7cbc03613b2e tempest-SnapshotsActionsTest-565968213 tempest-SnapshotsActionsTest-565968213-project] Snapshot retrieved successfully.
Jul 24 20:01:49.521164 dv-cinder-850449-2-iscsi devstack@c-api.service[117723]: INFO cinder.api.openstack.wsgi [None req-ac4998ef-9636-4a92-a1b4-7cbc03613b2e tempest-SnapshotsActionsTest-565968213 tempest-SnapshotsActionsTest-565968213-project] http://10.222.0.17/volume/v3/54d28b408f5e445f98ae90382124f24d/snapshots/8eea0aa9-8247-4fa6-addb-eb32b0a7b4c8 returned with HTTP 200
Jul 24 20:01:49.523107 dv-cinder-850449-2-iscsi devstack@c-api.service[117723]: [pid: 117723|app: 0|req: 156/320] 10.222.0.17 () {58 vars in 1330 bytes} [Sun Jul 24 20:01:49 2022] GET /volume/v3/54d28b408f5e445f98ae90382124f24d/snapshots/8eea0aa9-8247-4fa6-addb-eb32b0a7b4c8 => generated 465 bytes in 21 msecs (HTTP/1.1 200) 7 headers in 285 bytes (1 switches on core 0)
Jul 24 20:01:49.523570 dv-cinder-850449-2-iscsi devstack@c-api.service[117723]: DEBUG cinder.api.middleware.request_id [None req-82ca5f31-5b2e-4dc1-914b-b46556a62bf5 None None] RequestId filter calling following filter/app {{(pid=117723) _context_setter /opt/stack/cinder/cinder/api/middleware/request_id.py:62}}
Jul 24 20:01:49.529879 dv-cinder-850449-2-iscsi devstack@c-api.service[117722]: INFO cinder.api.openstack.wsgi [None req-ff84c75c-f5bf-4292-a83b-75d2414efbb0 tempest-GroupsV314Test-1533569145 tempest-GroupsV314Test-1533569145-project-admin] http://10.222.0.17/volume/v3/3dcd9a9f615b41cfb5decdd8aad9b4b3/group_types/d6689ed6-be09-4376-8cbc-377e17263105 returned with HTTP 202
Jul 24 20:01:49.530424 dv-cinder-850449-2-iscsi devstack@c-api.service[117723]: INFO cinder.api.openstack.wsgi [None req-82ca5f31-5b2e-4dc1-914b-b46556a62bf5 tempest-GroupSnapshotsTest-2073178172 tempest-GroupSnapshotsTest-2073178172-project] GET http://10.222.0.17/volume/v3/ba0a6e1b9a2b43a097a0b25f913ad2d9/volumes/a28068cf-cf1e-4287-9cc5-5659ddc77f8e
Jul 24 20:01:49.530424 dv-cinder-850449-2-iscsi devstack@c-api.service[117723]: DEBUG cinder.api.openstack.wsgi [None req-82ca5f31-5b2e-4dc1-914b-b46556a62bf5 tempest-GroupSnapshotsTest-2073178172 tempest-GroupSnapshotsTest-2073178172-project] Empty body provided in request {{(pid=117723) get_body /opt/stack/cinder/cinder/api/openstack/wsgi.py:715}}
Jul 24 20:01:49.530424 dv-cinder-850449-2-iscsi devstack@c-api.service[117723]: DEBUG cinder.api.openstack.wsgi [None req-82ca5f31-5b2e-4dc1-914b-b46556a62bf5 tempest-GroupSnapshotsTest-2073178172 tempest-GroupSnapshotsTest-2073178172-project] Calling method 'show' {{(pid=117723) _process_stack /opt/stack/cinder/cinder/api/openstack/wsgi.py:868}}
Jul 24 20:01:49.531975 dv-cinder-850449-2-iscsi devstack@c-api.service[117722]: [pid: 117722|app: 0|req: 165/321] 10.222.0.17 () {60 vars in 1380 bytes} [Sun Jul 24 20:01:49 2022] DELETE /volume/v3/3dcd9a9f615b41cfb5decdd8aad9b4b3/group_types/d6689ed6-be09-4376-8cbc-377e17263105 => generated 0 bytes in 132 msecs (HTTP/1.1 202) 6 headers in 234 bytes (1 switches on core 0)
Jul 24 20:01:49.533536 dv-cinder-850449-2-iscsi devstack@c-api.service[117722]: DEBUG cinder.api.middleware.request_id [None req-5c85fa4f-2f19-4bc8-af7a-f8e82f693fec None None] RequestId filter calling following filter/app {{(pid=117722) _context_setter /opt/stack/cinder/cinder/api/middleware/request_id.py:62}}
Jul 24 20:01:49.542429 dv-cinder-850449-2-iscsi devstack@c-api.service[117722]: INFO cinder.api.openstack.wsgi [None req-5c85fa4f-2f19-4bc8-af7a-f8e82f693fec tempest-QosSpecsTestJSON-747658356 tempest-QosSpecsTestJSON-747658356-project-admin] DELETE http://10.222.0.17/volume/v3/449a47b98a5546d189029e1f3957cc72/qos-specs/df3b6c96-90c6-4c96-90ca-43612f385dad?force=False
Jul 24 20:01:49.542429 dv-cinder-850449-2-iscsi devstack@c-api.service[117722]: DEBUG cinder.api.openstack.wsgi [None req-5c85fa4f-2f19-4bc8-af7a-f8e82f693fec tempest-QosSpecsTestJSON-747658356 tempest-QosSpecsTestJSON-747658356-project-admin] Empty body provided in request {{(pid=117722) get_body /opt/stack/cinder/cinder/api/openstack/wsgi.py:715}}
Jul 24 20:01:49.542429 dv-cinder-850449-2-iscsi devstack@c-api.service[117722]: DEBUG cinder.api.openstack.wsgi [None req-5c85fa4f-2f19-4bc8-af7a-f8e82f693fec tempest-QosSpecsTestJSON-747658356 tempest-QosSpecsTestJSON-747658356-project-admin] Calling method 'delete' {{(pid=117722) _process_stack /opt/stack/cinder/cinder/api/openstack/wsgi.py:868}}
Jul 24 20:01:49.542429 dv-cinder-850449-2-iscsi devstack@c-api.service[117722]: DEBUG cinder.api.contrib.qos_specs_manage [None req-5c85fa4f-2f19-4bc8-af7a-f8e82f693fec tempest-QosSpecsTestJSON-747658356 tempest-QosSpecsTestJSON-747658356-project-admin] Delete qos_spec: df3b6c96-90c6-4c96-90ca-43612f385dad, force: False {{(pid=117722) delete /opt/stack/cinder/cinder/api/contrib/qos_specs_manage.py:168}}
Jul 24 20:01:49.548143 dv-cinder-850449-2-iscsi devstack@c-api.service[117723]: /usr/local/lib/python3.8/dist-packages/oslo_context/context.py:100: DeprecationWarning: Policy enforcement is depending on the value of is_admin. This key is deprecated. Please update your policy file to use the standard policy values.
Jul 24 20:01:49.548143 dv-cinder-850449-2-iscsi devstack@c-api.service[117723]: warnings.warn('Policy enforcement is depending on the value of '
Jul 24 20:01:49.554784 dv-cinder-850449-2-iscsi devstack@c-api.service[117723]: INFO cinder.volume.api [None req-82ca5f31-5b2e-4dc1-914b-b46556a62bf5 tempest-GroupSnapshotsTest-2073178172 tempest-GroupSnapshotsTest-2073178172-project] Volume info retrieved successfully.
Jul 24 20:01:49.556187 dv-cinder-850449-2-iscsi devstack@c-api.service[117723]: WARNING stevedore.named [None req-82ca5f31-5b2e-4dc1-914b-b46556a62bf5 tempest-GroupSnapshotsTest-2073178172 tempest-GroupSnapshotsTest-2073178172-project] Could not load cinder.keymgr.conf_key_mgr.ConfKeyManager
Jul 24 20:01:49.556564 dv-cinder-850449-2-iscsi devstack@c-api.service[117723]: WARNING castellan.key_manager [None req-82ca5f31-5b2e-4dc1-914b-b46556a62bf5 tempest-GroupSnapshotsTest-2073178172 tempest-GroupSnapshotsTest-2073178172-project] Deprecation Warning : cinder.keymgr.conf_key_mgr.ConfKeyManager is not a stevedore based driver, trying to load it as a class: stevedore.exception.NoMatches: No 'castellan.drivers' driver found, looking for 'cinder.keymgr.conf_key_mgr.ConfKeyManager'
Jul 24 20:01:49.564028 dv-cinder-850449-2-iscsi devstack@c-api.service[117723]: DEBUG oslo_db.sqlalchemy.engines [None req-82ca5f31-5b2e-4dc1-914b-b46556a62bf5 tempest-GroupSnapshotsTest-2073178172 tempest-GroupSnapshotsTest-2073178172-project] MySQL server mode set to STRICT_TRANS_TABLES,STRICT_ALL_TABLES,NO_ZERO_IN_DATE,NO_ZERO_DATE,ERROR_FOR_DIVISION_BY_ZERO,TRADITIONAL,NO_ENGINE_SUBSTITUTION {{(pid=117723) _check_effective_sql_mode /usr/local/lib/python3.8/dist-packages/oslo_db/sqlalchemy/engines.py:314}}
Jul 24 20:01:49.570678 dv-cinder-850449-2-iscsi devstack@c-api.service[117723]: /usr/local/lib/python3.8/dist-packages/oslo_context/context.py:100: DeprecationWarning: Policy enforcement is depending on the value of is_admin. This key is deprecated. Please update your policy file to use the standard policy values.
Jul 24 20:01:49.570678 dv-cinder-850449-2-iscsi devstack@c-api.service[117723]: warnings.warn('Policy enforcement is depending on the value of '
Jul 24 20:01:49.592809 dv-cinder-850449-2-iscsi devstack@c-api.service[117723]: INFO cinder.api.openstack.wsgi [None req-82ca5f31-5b2e-4dc1-914b-b46556a62bf5 tempest-GroupSnapshotsTest-2073178172 tempest-GroupSnapshotsTest-2073178172-project] http://10.222.0.17/volume/v3/ba0a6e1b9a2b43a097a0b25f913ad2d9/volumes/a28068cf-cf1e-4287-9cc5-5659ddc77f8e returned with HTTP 200
Jul 24 20:01:49.593600 dv-cinder-850449-2-iscsi devstack@c-api.service[117723]: [pid: 117723|app: 0|req: 157/322] 10.222.0.17 () {60 vars in 1365 bytes} [Sun Jul 24 20:01:49 2022] GET /volume/v3/ba0a6e1b9a2b43a097a0b25f913ad2d9/volumes/a28068cf-cf1e-4287-9cc5-5659ddc77f8e => generated 992 bytes in 71 msecs (HTTP/1.1 200) 7 headers in 286 bytes (1 switches on core 0)
Jul 24 20:01:49.594825 dv-cinder-850449-2-iscsi devstack@c-api.service[117723]: DEBUG cinder.api.middleware.request_id [None req-ad98c007-55f8-4928-a4c4-db4ef70fe986 None None] RequestId filter calling following filter/app {{(pid=117723) _context_setter /opt/stack/cinder/cinder/api/middleware/request_id.py:62}}
Jul 24 20:01:49.600525 dv-cinder-850449-2-iscsi devstack@c-api.service[117723]: INFO cinder.api.openstack.wsgi [None req-ad98c007-55f8-4928-a4c4-db4ef70fe986 tempest-SnapshotsActionsTest-975819321 tempest-SnapshotsActionsTest-975819321-project-admin] POST http://10.222.0.17/volume/v3/d35c4a2b642949658935d4da44b298e4/snapshots/8eea0aa9-8247-4fa6-addb-eb32b0a7b4c8/action
Jul 24 20:01:49.601810 dv-cinder-850449-2-iscsi devstack@c-api.service[117723]: DEBUG cinder.api.openstack.wsgi [None req-ad98c007-55f8-4928-a4c4-db4ef70fe986 tempest-SnapshotsActionsTest-975819321 tempest-SnapshotsActionsTest-975819321-project-admin] Action body: b'{"os-reset_status": {"status": "creating"}}' {{(pid=117723) get_method /opt/stack/cinder/cinder/api/openstack/wsgi.py:983}}
Jul 24 20:01:49.603574 dv-cinder-850449-2-iscsi devstack@c-api.service[117723]: DEBUG cinder.api.openstack.wsgi [None req-ad98c007-55f8-4928-a4c4-db4ef70fe986 tempest-SnapshotsActionsTest-975819321 tempest-SnapshotsActionsTest-975819321-project-admin] Action: 'action', calling method: _reset_status, body: {"os-reset_status": {"status": "creating"}} {{(pid=117723) _process_stack /opt/stack/cinder/cinder/api/openstack/wsgi.py:866}}
Jul 24 20:01:49.603952 dv-cinder-850449-2-iscsi devstack@c-api.service[117723]: DEBUG cinder.api.contrib.admin_actions [None req-ad98c007-55f8-4928-a4c4-db4ef70fe986 tempest-SnapshotsActionsTest-975819321 tempest-SnapshotsActionsTest-975819321-project-admin] Updating snapshot '8eea0aa9-8247-4fa6-addb-eb32b0a7b4c8' with '{'status': 'creating'}' {{(pid=117723) _reset_status /opt/stack/cinder/cinder/api/contrib/admin_actions.py:100}}
Jul 24 20:01:49.627049 dv-cinder-850449-2-iscsi devstack@c-api.service[117723]: /usr/local/lib/python3.8/dist-packages/oslo_context/context.py:100: DeprecationWarning: Policy enforcement is depending on the value of is_admin. This key is deprecated. Please update your policy file to use the standard policy values.
Jul 24 20:01:49.627049 dv-cinder-850449-2-iscsi devstack@c-api.service[117723]: warnings.warn('Policy enforcement is depending on the value of '
Jul 24 20:01:49.675607 dv-cinder-850449-2-iscsi devstack@c-api.service[117722]: INFO cinder.api.openstack.wsgi [None req-5c85fa4f-2f19-4bc8-af7a-f8e82f693fec tempest-QosSpecsTestJSON-747658356 tempest-QosSpecsTestJSON-747658356-project-admin] http://10.222.0.17/volume/v3/449a47b98a5546d189029e1f3957cc72/qos-specs/df3b6c96-90c6-4c96-90ca-43612f385dad?force=False returned with HTTP 202
Jul 24 20:01:49.676546 dv-cinder-850449-2-iscsi devstack@c-api.service[117722]: [pid: 117722|app: 0|req: 166/323] 10.222.0.17 () {58 vars in 1356 bytes} [Sun Jul 24 20:01:49 2022] DELETE /volume/v3/449a47b98a5546d189029e1f3957cc72/qos-specs/df3b6c96-90c6-4c96-90ca-43612f385dad?force=False => generated 0 bytes in 144 msecs (HTTP/1.1 202) 6 headers in 233 bytes (1 switches on core 0)
Jul 24 20:01:49.677862 dv-cinder-850449-2-iscsi devstack@c-api.service[117722]: DEBUG cinder.api.middleware.request_id [None req-11e8a1a5-ca06-4c4c-a2f3-0c4cec14de75 None None] RequestId filter calling following filter/app {{(pid=117722) _context_setter /opt/stack/cinder/cinder/api/middleware/request_id.py:62}}
Jul 24 20:01:49.683450 dv-cinder-850449-2-iscsi devstack@c-api.service[117722]: INFO cinder.api.openstack.wsgi [None req-11e8a1a5-ca06-4c4c-a2f3-0c4cec14de75 tempest-GroupsV314Test-1845001344 tempest-GroupsV314Test-1845001344-project] DELETE http://10.222.0.17/volume/v3/d433f409f9b14f928953c72559e139cd/volumes/9b0f0ceb-2d6e-439c-8c27-4107dc815c93
Jul 24 20:01:49.685059 dv-cinder-850449-2-iscsi devstack@c-api.service[117722]: DEBUG cinder.api.openstack.wsgi [None req-11e8a1a5-ca06-4c4c-a2f3-0c4cec14de75 tempest-GroupsV314Test-1845001344 tempest-GroupsV314Test-1845001344-project] Empty body provided in request {{(pid=117722) get_body /opt/stack/cinder/cinder/api/openstack/wsgi.py:715}}
Jul 24 20:01:49.685059 dv-cinder-850449-2-iscsi devstack@c-api.service[117722]: DEBUG cinder.api.openstack.wsgi [None req-11e8a1a5-ca06-4c4c-a2f3-0c4cec14de75 tempest-GroupsV314Test-1845001344 tempest-GroupsV314Test-1845001344-project] Calling method 'delete' {{(pid=117722) _process_stack /opt/stack/cinder/cinder/api/openstack/wsgi.py:868}}
Jul 24 20:01:49.685059 dv-cinder-850449-2-iscsi devstack@c-api.service[117722]: INFO cinder.api.v3.volumes [None req-11e8a1a5-ca06-4c4c-a2f3-0c4cec14de75 tempest-GroupsV314Test-1845001344 tempest-GroupsV314Test-1845001344-project] Delete volume with id: 9b0f0ceb-2d6e-439c-8c27-4107dc815c93
Jul 24 20:01:49.701611 dv-cinder-850449-2-iscsi devstack@c-api.service[117722]: INFO cinder.api.openstack.wsgi [None req-11e8a1a5-ca06-4c4c-a2f3-0c4cec14de75 tempest-GroupsV314Test-1845001344 tempest-GroupsV314Test-1845001344-project] http://10.222.0.17/volume/v3/d433f409f9b14f928953c72559e139cd/volumes/9b0f0ceb-2d6e-439c-8c27-4107dc815c93 returned with HTTP 404
Jul 24 20:01:49.702574 dv-cinder-850449-2-iscsi devstack@c-api.service[117722]: [pid: 117722|app: 0|req: 167/324] 10.222.0.17 () {60 vars in 1368 bytes} [Sun Jul 24 20:01:49 2022] DELETE /volume/v3/d433f409f9b14f928953c72559e139cd/volumes/9b0f0ceb-2d6e-439c-8c27-4107dc815c93 => generated 109 bytes in 25 msecs (HTTP/1.1 404) 7 headers in 293 bytes (1 switches on core 0)
Jul 24 20:01:49.703981 dv-cinder-850449-2-iscsi devstack@c-api.service[117722]: DEBUG cinder.api.middleware.request_id [None req-cad7332b-8545-4ad3-ae72-0ff69ce2f863 None None] RequestId filter calling following filter/app {{(pid=117722) _context_setter /opt/stack/cinder/cinder/api/middleware/request_id.py:62}}
Jul 24 20:01:49.708633 dv-cinder-850449-2-iscsi devstack@c-api.service[117722]: INFO cinder.api.openstack.wsgi [None req-cad7332b-8545-4ad3-ae72-0ff69ce2f863 tempest-GroupSnapshotsTest-2073178172 tempest-GroupSnapshotsTest-2073178172-project] GET http://10.222.0.17/volume/v3/ba0a6e1b9a2b43a097a0b25f913ad2d9/groups/3850f999-a07d-47df-b38c-eca30ae964fd
Jul 24 20:01:49.709254 dv-cinder-850449-2-iscsi devstack@c-api.service[117722]: DEBUG cinder.api.openstack.wsgi [None req-cad7332b-8545-4ad3-ae72-0ff69ce2f863 tempest-GroupSnapshotsTest-2073178172 tempest-GroupSnapshotsTest-2073178172-project] Empty body provided in request {{(pid=117722) get_body /opt/stack/cinder/cinder/api/openstack/wsgi.py:715}}
Jul 24 20:01:49.709793 dv-cinder-850449-2-iscsi devstack@c-api.service[117722]: DEBUG cinder.api.openstack.wsgi [None req-cad7332b-8545-4ad3-ae72-0ff69ce2f863 tempest-GroupSnapshotsTest-2073178172 tempest-GroupSnapshotsTest-2073178172-project] Calling method 'version_select' {{(pid=117722) _process_stack /opt/stack/cinder/cinder/api/openstack/wsgi.py:868}}
Jul 24 20:01:49.710389 dv-cinder-850449-2-iscsi devstack@c-api.service[117722]: DEBUG cinder.api.v3.groups [None req-cad7332b-8545-4ad3-ae72-0ff69ce2f863 tempest-GroupSnapshotsTest-2073178172 tempest-GroupSnapshotsTest-2073178172-project] show called for member 3850f999-a07d-47df-b38c-eca30ae964fd {{(pid=117722) show /opt/stack/cinder/cinder/api/v3/groups.py:58}}
Jul 24 20:01:49.717765 dv-cinder-850449-2-iscsi devstack@c-api.service[117722]: /usr/local/lib/python3.8/dist-packages/oslo_context/context.py:100: DeprecationWarning: Policy enforcement is depending on the value of is_admin. This key is deprecated. Please update your policy file to use the standard policy values.
Jul 24 20:01:49.717765 dv-cinder-850449-2-iscsi devstack@c-api.service[117722]: warnings.warn('Policy enforcement is depending on the value of '
Jul 24 20:01:49.725183 dv-cinder-850449-2-iscsi devstack@c-api.service[117723]: INFO cinder.api.openstack.wsgi [None req-ad98c007-55f8-4928-a4c4-db4ef70fe986 tempest-SnapshotsActionsTest-975819321 tempest-SnapshotsActionsTest-975819321-project-admin] http://10.222.0.17/volume/v3/d35c4a2b642949658935d4da44b298e4/snapshots/8eea0aa9-8247-4fa6-addb-eb32b0a7b4c8/action returned with HTTP 202
Jul 24 20:01:49.729617 dv-cinder-850449-2-iscsi devstack@c-api.service[117723]: [pid: 117723|app: 0|req: 158/325] 10.222.0.17 () {60 vars in 1372 bytes} [Sun Jul 24 20:01:49 2022] POST /volume/v3/d35c4a2b642949658935d4da44b298e4/snapshots/8eea0aa9-8247-4fa6-addb-eb32b0a7b4c8/action => generated 0 bytes in 132 msecs (HTTP/1.1 202) 7 headers in 289 bytes (1 switches on core 0)
Jul 24 20:01:49.729617 dv-cinder-850449-2-iscsi devstack@c-api.service[117723]: DEBUG cinder.api.middleware.request_id [None req-4b10f333-7853-4c94-af26-75f952670235 None None] RequestId filter calling following filter/app {{(pid=117723) _context_setter /opt/stack/cinder/cinder/api/middleware/request_id.py:62}}
Jul 24 20:01:49.733222 dv-cinder-850449-2-iscsi devstack@c-api.service[117723]: INFO cinder.api.openstack.wsgi [None req-4b10f333-7853-4c94-af26-75f952670235 tempest-QosSpecsTestJSON-747658356 tempest-QosSpecsTestJSON-747658356-project-admin] GET http://10.222.0.17/volume/v3/449a47b98a5546d189029e1f3957cc72/qos-specs/df3b6c96-90c6-4c96-90ca-43612f385dad
Jul 24 20:01:49.733669 dv-cinder-850449-2-iscsi devstack@c-api.service[117723]: DEBUG cinder.api.openstack.wsgi [None req-4b10f333-7853-4c94-af26-75f952670235 tempest-QosSpecsTestJSON-747658356 tempest-QosSpecsTestJSON-747658356-project-admin] Empty body provided in request {{(pid=117723) get_body /opt/stack/cinder/cinder/api/openstack/wsgi.py:715}}
Jul 24 20:01:49.734402 dv-cinder-850449-2-iscsi devstack@c-api.service[117723]: DEBUG cinder.api.openstack.wsgi [None req-4b10f333-7853-4c94-af26-75f952670235 tempest-QosSpecsTestJSON-747658356 tempest-QosSpecsTestJSON-747658356-project-admin] Calling method 'show' {{(pid=117723) _process_stack /opt/stack/cinder/cinder/api/openstack/wsgi.py:868}}
Jul 24 20:01:49.735075 dv-cinder-850449-2-iscsi devstack@c-api.service[117723]: /usr/local/lib/python3.8/dist-packages/oslo_context/context.py:100: DeprecationWarning: Policy enforcement is depending on the value of is_admin. This key is deprecated. Please update your policy file to use the standard policy values.
Jul 24 20:01:49.735075 dv-cinder-850449-2-iscsi devstack@c-api.service[117723]: warnings.warn('Policy enforcement is depending on the value of '
Jul 24 20:01:49.744070 dv-cinder-850449-2-iscsi devstack@c-api.service[117723]: INFO cinder.api.openstack.wsgi [None req-4b10f333-7853-4c94-af26-75f952670235 tempest-QosSpecsTestJSON-747658356 tempest-QosSpecsTestJSON-747658356-project-admin] http://10.222.0.17/volume/v3/449a47b98a5546d189029e1f3957cc72/qos-specs/df3b6c96-90c6-4c96-90ca-43612f385dad returned with HTTP 404
Jul 24 20:01:49.744249 dv-cinder-850449-2-iscsi devstack@c-api.service[117722]: INFO cinder.api.openstack.wsgi [None req-cad7332b-8545-4ad3-ae72-0ff69ce2f863 tempest-GroupSnapshotsTest-2073178172 tempest-GroupSnapshotsTest-2073178172-project] http://10.222.0.17/volume/v3/ba0a6e1b9a2b43a097a0b25f913ad2d9/groups/3850f999-a07d-47df-b38c-eca30ae964fd returned with HTTP 200
Jul 24 20:01:49.744249 dv-cinder-850449-2-iscsi devstack@c-api.service[117722]: [pid: 117722|app: 0|req: 168/326] 10.222.0.17 () {60 vars in 1362 bytes} [Sun Jul 24 20:01:49 2022] GET /volume/v3/ba0a6e1b9a2b43a097a0b25f913ad2d9/groups/3850f999-a07d-47df-b38c-eca30ae964fd => generated 417 bytes in 40 msecs (HTTP/1.1 200) 7 headers in 286 bytes (1 switches on core 0)
Jul 24 20:01:49.745077 dv-cinder-850449-2-iscsi devstack@c-api.service[117722]: DEBUG cinder.api.middleware.request_id [None req-284aefea-361c-4cf5-807a-4dbfa604a2ac None None] RequestId filter calling following filter/app {{(pid=117722) _context_setter /opt/stack/cinder/cinder/api/middleware/request_id.py:62}}
Jul 24 20:01:49.748192 dv-cinder-850449-2-iscsi devstack@c-api.service[117723]: [pid: 117723|app: 0|req: 159/327] 10.222.0.17 () {58 vars in 1330 bytes} [Sun Jul 24 20:01:49 2022] GET /volume/v3/449a47b98a5546d189029e1f3957cc72/qos-specs/df3b6c96-90c6-4c96-90ca-43612f385dad => generated 100 bytes in 21 msecs (HTTP/1.1 404) 7 headers in 292 bytes (1 switches on core 0)
Jul 24 20:01:49.749355 dv-cinder-850449-2-iscsi devstack@c-api.service[117722]: INFO cinder.api.openstack.wsgi [None req-284aefea-361c-4cf5-807a-4dbfa604a2ac tempest-GroupsV314Test-1533569145 tempest-GroupsV314Test-1533569145-project-admin] DELETE http://10.222.0.17/volume/v3/3dcd9a9f615b41cfb5decdd8aad9b4b3/types/3ec1dfcf-d044-4016-80e0-0f52e5321dc6
Jul 24 20:01:49.749712 dv-cinder-850449-2-iscsi devstack@c-api.service[117723]: DEBUG cinder.api.middleware.request_id [None req-cad3d596-ca6b-4fff-9f01-337f94ee119c None None] RequestId filter calling following filter/app {{(pid=117723) _context_setter /opt/stack/cinder/cinder/api/middleware/request_id.py:62}}
Jul 24 20:01:49.749880 dv-cinder-850449-2-iscsi devstack@c-api.service[117722]: DEBUG cinder.api.openstack.wsgi [None req-284aefea-361c-4cf5-807a-4dbfa604a2ac tempest-GroupsV314Test-1533569145 tempest-GroupsV314Test-1533569145-project-admin] Empty body provided in request {{(pid=117722) get_body /opt/stack/cinder/cinder/api/openstack/wsgi.py:715}}
Jul 24 20:01:49.750306 dv-cinder-850449-2-iscsi devstack@c-api.service[117722]: DEBUG cinder.api.openstack.wsgi [None req-284aefea-361c-4cf5-807a-4dbfa604a2ac tempest-GroupsV314Test-1533569145 tempest-GroupsV314Test-1533569145-project-admin] Calling method '_delete' {{(pid=117722) _process_stack /opt/stack/cinder/cinder/api/openstack/wsgi.py:868}}
Jul 24 20:01:49.751145 dv-cinder-850449-2-iscsi devstack@c-api.service[117722]: /usr/local/lib/python3.8/dist-packages/oslo_context/context.py:100: DeprecationWarning: Policy enforcement is depending on the value of is_admin. This key is deprecated. Please update your policy file to use the standard policy values.
Jul 24 20:01:49.751145 dv-cinder-850449-2-iscsi devstack@c-api.service[117722]: warnings.warn('Policy enforcement is depending on the value of '
Jul 24 20:01:49.754130 dv-cinder-850449-2-iscsi devstack@c-api.service[117723]: INFO cinder.api.openstack.wsgi [None req-cad3d596-ca6b-4fff-9f01-337f94ee119c tempest-SnapshotsActionsTest-565968213 tempest-SnapshotsActionsTest-565968213-project] GET http://10.222.0.17/volume/v3/54d28b408f5e445f98ae90382124f24d/snapshots/8eea0aa9-8247-4fa6-addb-eb32b0a7b4c8
Jul 24 20:01:49.754892 dv-cinder-850449-2-iscsi devstack@c-api.service[117723]: DEBUG cinder.api.openstack.wsgi [None req-cad3d596-ca6b-4fff-9f01-337f94ee119c tempest-SnapshotsActionsTest-565968213 tempest-SnapshotsActionsTest-565968213-project] Empty body provided in request {{(pid=117723) get_body /opt/stack/cinder/cinder/api/openstack/wsgi.py:715}}
Jul 24 20:01:49.755677 dv-cinder-850449-2-iscsi devstack@c-api.service[117723]: DEBUG cinder.api.openstack.wsgi [None req-cad3d596-ca6b-4fff-9f01-337f94ee119c tempest-SnapshotsActionsTest-565968213 tempest-SnapshotsActionsTest-565968213-project] Calling method 'show' {{(pid=117723) _process_stack /opt/stack/cinder/cinder/api/openstack/wsgi.py:868}}
Jul 24 20:01:49.768753 dv-cinder-850449-2-iscsi devstack@c-api.service[117723]: /usr/local/lib/python3.8/dist-packages/oslo_context/context.py:100: DeprecationWarning: Policy enforcement is depending on the value of is_admin. This key is deprecated. Please update your policy file to use the standard policy values.
Jul 24 20:01:49.768753 dv-cinder-850449-2-iscsi devstack@c-api.service[117723]: warnings.warn('Policy enforcement is depending on the value of '
Jul 24 20:01:49.771261 dv-cinder-850449-2-iscsi devstack@c-api.service[117723]: INFO cinder.volume.api [None req-cad3d596-ca6b-4fff-9f01-337f94ee119c tempest-SnapshotsActionsTest-565968213 tempest-SnapshotsActionsTest-565968213-project] Snapshot retrieved successfully.
Jul 24 20:01:49.772487 dv-cinder-850449-2-iscsi devstack@c-api.service[117723]: INFO cinder.api.openstack.wsgi [None req-cad3d596-ca6b-4fff-9f01-337f94ee119c tempest-SnapshotsActionsTest-565968213 tempest-SnapshotsActionsTest-565968213-project] http://10.222.0.17/volume/v3/54d28b408f5e445f98ae90382124f24d/snapshots/8eea0aa9-8247-4fa6-addb-eb32b0a7b4c8 returned with HTTP 200
Jul 24 20:01:49.773442 dv-cinder-850449-2-iscsi devstack@c-api.service[117723]: [pid: 117723|app: 0|req: 160/328] 10.222.0.17 () {58 vars in 1330 bytes} [Sun Jul 24 20:01:49 2022] GET /volume/v3/54d28b408f5e445f98ae90382124f24d/snapshots/8eea0aa9-8247-4fa6-addb-eb32b0a7b4c8 => generated 464 bytes in 25 msecs (HTTP/1.1 200) 7 headers in 285 bytes (1 switches on core 0)
Jul 24 20:01:49.774634 dv-cinder-850449-2-iscsi devstack@c-api.service[117723]: DEBUG cinder.api.middleware.request_id [None req-5fcc2731-0d6f-4e71-bb5b-6c83fd4365ff None None] RequestId filter calling following filter/app {{(pid=117723) _context_setter /opt/stack/cinder/cinder/api/middleware/request_id.py:62}}
Jul 24 20:01:49.781949 dv-cinder-850449-2-iscsi devstack@c-api.service[117723]: INFO cinder.api.openstack.wsgi [None req-5fcc2731-0d6f-4e71-bb5b-6c83fd4365ff tempest-QosSpecsTestJSON-747658356 tempest-QosSpecsTestJSON-747658356-project-admin] GET http://10.222.0.17/volume/v3/449a47b98a5546d189029e1f3957cc72/qos-specs
