Aug 24 08:54:45.317061 dv-cinder-850321-5-smb devstack@n-api.service[120600]: DEBUG nova.api.openstack.wsgi_app [-] ******************************************************************************** {{(pid=120600) log_opt_values /usr/local/lib/python3.8/dist-packages/oslo_config/cfg.py:2613}}
Aug 24 08:54:45.374933 dv-cinder-850321-5-smb devstack@n-api.service[120598]: INFO dbcounter [None req-d1c6ef4a-b97c-4cb6-b375-8019a83d90e4 None None] Registered counter for database nova_api
Aug 24 08:54:45.378958 dv-cinder-850321-5-smb devstack@n-api.service[120600]: INFO dbcounter [None req-1edca726-e941-436a-b336-32b3a85f979d None None] Registered counter for database nova_api
Aug 24 08:54:45.395595 dv-cinder-850321-5-smb devstack@n-api.service[120598]: DEBUG oslo_db.sqlalchemy.engines [None req-d1c6ef4a-b97c-4cb6-b375-8019a83d90e4 None None] MySQL server mode set to STRICT_TRANS_TABLES,STRICT_ALL_TABLES,NO_ZERO_IN_DATE,NO_ZERO_DATE,ERROR_FOR_DIVISION_BY_ZERO,TRADITIONAL,NO_ENGINE_SUBSTITUTION {{(pid=120598) _check_effective_sql_mode /usr/local/lib/python3.8/dist-packages/oslo_db/sqlalchemy/engines.py:314}}
Aug 24 08:54:45.399362 dv-cinder-850321-5-smb devstack@n-api.service[120600]: DEBUG oslo_db.sqlalchemy.engines [None req-1edca726-e941-436a-b336-32b3a85f979d None None] MySQL server mode set to STRICT_TRANS_TABLES,STRICT_ALL_TABLES,NO_ZERO_IN_DATE,NO_ZERO_DATE,ERROR_FOR_DIVISION_BY_ZERO,TRADITIONAL,NO_ENGINE_SUBSTITUTION {{(pid=120600) _check_effective_sql_mode /usr/local/lib/python3.8/dist-packages/oslo_db/sqlalchemy/engines.py:314}}
Aug 24 08:54:45.403057 dv-cinder-850321-5-smb devstack@n-api.service[120598]: DEBUG dbcounter [-] [120598] Writer thread running {{(pid=120598) stat_writer /usr/local/lib/python3.8/dist-packages/dbcounter.py:99}}
Aug 24 08:54:45.406500 dv-cinder-850321-5-smb devstack@n-api.service[120600]: DEBUG dbcounter [-] [120600] Writer thread running {{(pid=120600) stat_writer /usr/local/lib/python3.8/dist-packages/dbcounter.py:99}}
Aug 24 08:54:45.457743 dv-cinder-850321-5-smb devstack@n-api.service[120598]: DEBUG nova.context [None req-d1c6ef4a-b97c-4cb6-b375-8019a83d90e4 None None] Found 2 cells: 00000000-0000-0000-0000-000000000000(cell0),1bbc6022-17de-4c35-903a-26e6b6566fcc(cell1) {{(pid=120598) load_cells /opt/stack/nova/nova/context.py:464}}
Aug 24 08:54:45.462328 dv-cinder-850321-5-smb devstack@n-api.service[120598]: DEBUG oslo_concurrency.lockutils [None req-d1c6ef4a-b97c-4cb6-b375-8019a83d90e4 None None] Acquiring lock "00000000-0000-0000-0000-000000000000" by "nova.context.set_target_cell..get_or_set_cached_cell_and_set_connections" {{(pid=120598) inner /usr/local/lib/python3.8/dist-packages/oslo_concurrency/lockutils.py:385}}
Aug 24 08:54:45.462801 dv-cinder-850321-5-smb devstack@n-api.service[120598]: DEBUG oslo_concurrency.lockutils [None req-d1c6ef4a-b97c-4cb6-b375-8019a83d90e4 None None] Lock "00000000-0000-0000-0000-000000000000" acquired by "nova.context.set_target_cell..get_or_set_cached_cell_and_set_connections" :: waited 0.001s {{(pid=120598) inner /usr/local/lib/python3.8/dist-packages/oslo_concurrency/lockutils.py:390}}
Aug 24 08:54:45.463425 dv-cinder-850321-5-smb devstack@n-api.service[120600]: DEBUG nova.context [None req-1edca726-e941-436a-b336-32b3a85f979d None None] Found 2 cells: 00000000-0000-0000-0000-000000000000(cell0),1bbc6022-17de-4c35-903a-26e6b6566fcc(cell1) {{(pid=120600) load_cells /opt/stack/nova/nova/context.py:464}}
Aug 24 08:54:45.464400 dv-cinder-850321-5-smb devstack@n-api.service[120598]: DEBUG oslo_concurrency.lockutils [None req-d1c6ef4a-b97c-4cb6-b375-8019a83d90e4 None None] Lock "00000000-0000-0000-0000-000000000000" "released" by "nova.context.set_target_cell..get_or_set_cached_cell_and_set_connections" :: held 0.002s {{(pid=120598) inner /usr/local/lib/python3.8/dist-packages/oslo_concurrency/lockutils.py:404}}
Aug 24 08:54:45.465149 dv-cinder-850321-5-smb devstack@n-api.service[120598]: DEBUG oslo_concurrency.lockutils [None req-d1c6ef4a-b97c-4cb6-b375-8019a83d90e4 None None] Acquiring lock "1bbc6022-17de-4c35-903a-26e6b6566fcc" by "nova.context.set_target_cell..get_or_set_cached_cell_and_set_connections" {{(pid=120598) inner /usr/local/lib/python3.8/dist-packages/oslo_concurrency/lockutils.py:385}}
Aug 24 08:54:45.465588 dv-cinder-850321-5-smb devstack@n-api.service[120598]: DEBUG oslo_concurrency.lockutils [None req-d1c6ef4a-b97c-4cb6-b375-8019a83d90e4 None None] Lock "1bbc6022-17de-4c35-903a-26e6b6566fcc" acquired by "nova.context.set_target_cell..get_or_set_cached_cell_and_set_connections" :: waited 0.000s {{(pid=120598) inner /usr/local/lib/python3.8/dist-packages/oslo_concurrency/lockutils.py:390}}
Aug 24 08:54:45.467487 dv-cinder-850321-5-smb devstack@n-api.service[120600]: DEBUG oslo_concurrency.lockutils [None req-1edca726-e941-436a-b336-32b3a85f979d None None] Acquiring lock "00000000-0000-0000-0000-000000000000" by "nova.context.set_target_cell..get_or_set_cached_cell_and_set_connections" {{(pid=120600) inner /usr/local/lib/python3.8/dist-packages/oslo_concurrency/lockutils.py:385}}
Aug 24 08:54:45.467599 dv-cinder-850321-5-smb devstack@n-api.service[120598]: DEBUG oslo_concurrency.lockutils [None req-d1c6ef4a-b97c-4cb6-b375-8019a83d90e4 None None] Lock "1bbc6022-17de-4c35-903a-26e6b6566fcc" "released" by "nova.context.set_target_cell..get_or_set_cached_cell_and_set_connections" :: held 0.002s {{(pid=120598) inner /usr/local/lib/python3.8/dist-packages/oslo_concurrency/lockutils.py:404}}
Aug 24 08:54:45.467964 dv-cinder-850321-5-smb devstack@n-api.service[120600]: DEBUG oslo_concurrency.lockutils [None req-1edca726-e941-436a-b336-32b3a85f979d None None] Lock "00000000-0000-0000-0000-000000000000" acquired by "nova.context.set_target_cell..get_or_set_cached_cell_and_set_connections" :: waited 0.001s {{(pid=120600) inner /usr/local/lib/python3.8/dist-packages/oslo_concurrency/lockutils.py:390}}
Aug 24 08:54:45.469564 dv-cinder-850321-5-smb devstack@n-api.service[120598]: INFO dbcounter [None req-d1c6ef4a-b97c-4cb6-b375-8019a83d90e4 None None] Registered counter for database nova_cell0
Aug 24 08:54:45.469674 dv-cinder-850321-5-smb devstack@n-api.service[120600]: DEBUG oslo_concurrency.lockutils [None req-1edca726-e941-436a-b336-32b3a85f979d None None] Lock "00000000-0000-0000-0000-000000000000" "released" by "nova.context.set_target_cell..get_or_set_cached_cell_and_set_connections" :: held 0.002s {{(pid=120600) inner /usr/local/lib/python3.8/dist-packages/oslo_concurrency/lockutils.py:404}}
Aug 24 08:54:45.470336 dv-cinder-850321-5-smb devstack@n-api.service[120600]: DEBUG oslo_concurrency.lockutils [None req-1edca726-e941-436a-b336-32b3a85f979d None None] Acquiring lock "1bbc6022-17de-4c35-903a-26e6b6566fcc" by "nova.context.set_target_cell..get_or_set_cached_cell_and_set_connections" {{(pid=120600) inner /usr/local/lib/python3.8/dist-packages/oslo_concurrency/lockutils.py:385}}
Aug 24 08:54:45.470793 dv-cinder-850321-5-smb devstack@n-api.service[120600]: DEBUG oslo_concurrency.lockutils [None req-1edca726-e941-436a-b336-32b3a85f979d None None] Lock "1bbc6022-17de-4c35-903a-26e6b6566fcc" acquired by "nova.context.set_target_cell..get_or_set_cached_cell_and_set_connections" :: waited 0.000s {{(pid=120600) inner /usr/local/lib/python3.8/dist-packages/oslo_concurrency/lockutils.py:390}}
Aug 24 08:54:45.472822 dv-cinder-850321-5-smb devstack@n-api.service[120600]: DEBUG oslo_concurrency.lockutils [None req-1edca726-e941-436a-b336-32b3a85f979d None None] Lock "1bbc6022-17de-4c35-903a-26e6b6566fcc" "released" by "nova.context.set_target_cell..get_or_set_cached_cell_and_set_connections" :: held 0.002s {{(pid=120600) inner /usr/local/lib/python3.8/dist-packages/oslo_concurrency/lockutils.py:404}}
Aug 24 08:54:45.473592 dv-cinder-850321-5-smb devstack@n-api.service[120598]: INFO dbcounter [None req-d1c6ef4a-b97c-4cb6-b375-8019a83d90e4 None None] Registered counter for database nova_cell1
Aug 24 08:54:45.474821 dv-cinder-850321-5-smb devstack@n-api.service[120600]: INFO dbcounter [None req-1edca726-e941-436a-b336-32b3a85f979d None None] Registered counter for database nova_cell0
Aug 24 08:54:45.479486 dv-cinder-850321-5-smb devstack@n-api.service[120600]: INFO dbcounter [None req-1edca726-e941-436a-b336-32b3a85f979d None None] Registered counter for database nova_cell1
Aug 24 08:54:45.482249 dv-cinder-850321-5-smb devstack@n-api.service[120598]: DEBUG oslo_db.sqlalchemy.engines [None req-d1c6ef4a-b97c-4cb6-b375-8019a83d90e4 None None] MySQL server mode set to STRICT_TRANS_TABLES,STRICT_ALL_TABLES,NO_ZERO_IN_DATE,NO_ZERO_DATE,ERROR_FOR_DIVISION_BY_ZERO,TRADITIONAL,NO_ENGINE_SUBSTITUTION {{(pid=120598) _check_effective_sql_mode /usr/local/lib/python3.8/dist-packages/oslo_db/sqlalchemy/engines.py:314}}
Aug 24 08:54:45.483221 dv-cinder-850321-5-smb devstack@n-api.service[120598]: DEBUG oslo_db.sqlalchemy.engines [None req-d1c6ef4a-b97c-4cb6-b375-8019a83d90e4 None None] MySQL server mode set to STRICT_TRANS_TABLES,STRICT_ALL_TABLES,NO_ZERO_IN_DATE,NO_ZERO_DATE,ERROR_FOR_DIVISION_BY_ZERO,TRADITIONAL,NO_ENGINE_SUBSTITUTION {{(pid=120598) _check_effective_sql_mode /usr/local/lib/python3.8/dist-packages/oslo_db/sqlalchemy/engines.py:314}}
Aug 24 08:54:45.486717 dv-cinder-850321-5-smb devstack@n-api.service[120600]: DEBUG oslo_db.sqlalchemy.engines [None req-1edca726-e941-436a-b336-32b3a85f979d None None] MySQL server mode set to STRICT_TRANS_TABLES,STRICT_ALL_TABLES,NO_ZERO_IN_DATE,NO_ZERO_DATE,ERROR_FOR_DIVISION_BY_ZERO,TRADITIONAL,NO_ENGINE_SUBSTITUTION {{(pid=120600) _check_effective_sql_mode /usr/local/lib/python3.8/dist-packages/oslo_db/sqlalchemy/engines.py:314}}
Aug 24 08:54:45.488793 dv-cinder-850321-5-smb devstack@n-api.service[120598]: DEBUG dbcounter [-] [120598] Writer thread running {{(pid=120598) stat_writer /usr/local/lib/python3.8/dist-packages/dbcounter.py:99}}
Aug 24 08:54:45.489398 dv-cinder-850321-5-smb devstack@n-api.service[120600]: DEBUG oslo_db.sqlalchemy.engines [None req-1edca726-e941-436a-b336-32b3a85f979d None None] MySQL server mode set to STRICT_TRANS_TABLES,STRICT_ALL_TABLES,NO_ZERO_IN_DATE,NO_ZERO_DATE,ERROR_FOR_DIVISION_BY_ZERO,TRADITIONAL,NO_ENGINE_SUBSTITUTION {{(pid=120600) _check_effective_sql_mode /usr/local/lib/python3.8/dist-packages/oslo_db/sqlalchemy/engines.py:314}}
Aug 24 08:54:45.493989 dv-cinder-850321-5-smb devstack@n-api.service[120600]: DEBUG dbcounter [-] [120600] Writer thread running {{(pid=120600) stat_writer /usr/local/lib/python3.8/dist-packages/dbcounter.py:99}}
Aug 24 08:54:45.635188 dv-cinder-850321-5-smb devstack@n-api.service[120598]: DEBUG dbcounter [-] [120598] Writer thread running {{(pid=120598) stat_writer /usr/local/lib/python3.8/dist-packages/dbcounter.py:99}}
Aug 24 08:54:45.644291 dv-cinder-850321-5-smb devstack@n-api.service[120598]: INFO dbcounter [None req-d1c6ef4a-b97c-4cb6-b375-8019a83d90e4 None None] Registered counter for database nova_cell0
Aug 24 08:54:45.645143 dv-cinder-850321-5-smb devstack@n-api.service[120600]: DEBUG dbcounter [-] [120600] Writer thread running {{(pid=120600) stat_writer /usr/local/lib/python3.8/dist-packages/dbcounter.py:99}}
Aug 24 08:54:45.651615 dv-cinder-850321-5-smb devstack@n-api.service[120598]: DEBUG oslo_db.sqlalchemy.engines [None req-d1c6ef4a-b97c-4cb6-b375-8019a83d90e4 None None] MySQL server mode set to STRICT_TRANS_TABLES,STRICT_ALL_TABLES,NO_ZERO_IN_DATE,NO_ZERO_DATE,ERROR_FOR_DIVISION_BY_ZERO,TRADITIONAL,NO_ENGINE_SUBSTITUTION {{(pid=120598) _check_effective_sql_mode /usr/local/lib/python3.8/dist-packages/oslo_db/sqlalchemy/engines.py:314}}
Aug 24 08:54:45.655788 dv-cinder-850321-5-smb devstack@n-api.service[120600]: INFO dbcounter [None req-1edca726-e941-436a-b336-32b3a85f979d None None] Registered counter for database nova_cell0
Aug 24 08:54:45.656168 dv-cinder-850321-5-smb devstack@n-api.service[120598]: DEBUG dbcounter [-] [120598] Writer thread running {{(pid=120598) stat_writer /usr/local/lib/python3.8/dist-packages/dbcounter.py:99}}
Aug 24 08:54:45.662859 dv-cinder-850321-5-smb devstack@n-api.service[120600]: DEBUG oslo_db.sqlalchemy.engines [None req-1edca726-e941-436a-b336-32b3a85f979d None None] MySQL server mode set to STRICT_TRANS_TABLES,STRICT_ALL_TABLES,NO_ZERO_IN_DATE,NO_ZERO_DATE,ERROR_FOR_DIVISION_BY_ZERO,TRADITIONAL,NO_ENGINE_SUBSTITUTION {{(pid=120600) _check_effective_sql_mode /usr/local/lib/python3.8/dist-packages/oslo_db/sqlalchemy/engines.py:314}}
Aug 24 08:54:45.669777 dv-cinder-850321-5-smb devstack@n-api.service[120600]: DEBUG dbcounter [-] [120600] Writer thread running {{(pid=120600) stat_writer /usr/local/lib/python3.8/dist-packages/dbcounter.py:99}}
Aug 24 08:54:45.979287 dv-cinder-850321-5-smb devstack@n-api.service[120598]: WARNING keystonemiddleware.auth_token [None req-d1c6ef4a-b97c-4cb6-b375-8019a83d90e4 None None] AuthToken middleware is set with keystone_authtoken.service_token_roles_required set to False. This is backwards compatible but deprecated behaviour. Please set this to True.
Aug 24 08:54:45.986620 dv-cinder-850321-5-smb devstack@n-api.service[120598]: WARNING keystonemiddleware.auth_token [None req-d1c6ef4a-b97c-4cb6-b375-8019a83d90e4 None None] Configuring www_authenticate_uri to point to the public identity endpoint is required; clients may not be able to authenticate against an admin endpoint
Aug 24 08:54:45.988854 dv-cinder-850321-5-smb devstack@n-api.service[120600]: WARNING keystonemiddleware.auth_token [None req-1edca726-e941-436a-b336-32b3a85f979d None None] AuthToken middleware is set with keystone_authtoken.service_token_roles_required set to False. This is backwards compatible but deprecated behaviour. Please set this to True.
Aug 24 08:54:45.996899 dv-cinder-850321-5-smb devstack@n-api.service[120600]: WARNING keystonemiddleware.auth_token [None req-1edca726-e941-436a-b336-32b3a85f979d None None] Configuring www_authenticate_uri to point to the public identity endpoint is required; clients may not be able to authenticate against an admin endpoint
Aug 24 08:54:46.334373 dv-cinder-850321-5-smb devstack@n-api.service[120598]: WARNING keystonemiddleware.auth_token [None req-d1c6ef4a-b97c-4cb6-b375-8019a83d90e4 None None] AuthToken middleware is set with keystone_authtoken.service_token_roles_required set to False. This is backwards compatible but deprecated behaviour. Please set this to True.
Aug 24 08:54:46.340955 dv-cinder-850321-5-smb devstack@n-api.service[120598]: WARNING keystonemiddleware.auth_token [None req-d1c6ef4a-b97c-4cb6-b375-8019a83d90e4 None None] Configuring www_authenticate_uri to point to the public identity endpoint is required; clients may not be able to authenticate against an admin endpoint
Aug 24 08:54:46.345527 dv-cinder-850321-5-smb devstack@n-api.service[120600]: WARNING keystonemiddleware.auth_token [None req-1edca726-e941-436a-b336-32b3a85f979d None None] AuthToken middleware is set with keystone_authtoken.service_token_roles_required set to False. This is backwards compatible but deprecated behaviour. Please set this to True.
Aug 24 08:54:46.346288 dv-cinder-850321-5-smb devstack@n-api.service[120598]: WSGI app 0 (mountpoint='') ready in 6 seconds on interpreter 0x55740d86a9c0 pid: 120598 (default app)
Aug 24 08:54:46.352248 dv-cinder-850321-5-smb devstack@n-api.service[120600]: WARNING keystonemiddleware.auth_token [None req-1edca726-e941-436a-b336-32b3a85f979d None None] Configuring www_authenticate_uri to point to the public identity endpoint is required; clients may not be able to authenticate against an admin endpoint
Aug 24 08:54:46.357587 dv-cinder-850321-5-smb devstack@n-api.service[120600]: WSGI app 0 (mountpoint='') ready in 6 seconds on interpreter 0x55740d86a9c0 pid: 120600 (default app)
Aug 24 08:55:21.155300 dv-cinder-850321-5-smb devstack@n-api.service[120598]: DEBUG dbcounter [-] [120598] Writing DB stats nova_api:SELECT=3 {{(pid=120598) stat_writer /usr/local/lib/python3.8/dist-packages/dbcounter.py:114}}
Aug 24 08:55:21.156101 dv-cinder-850321-5-smb devstack@n-api.service[120598]: DEBUG dbcounter [-] [120598] Writing DB stats nova_cell1:SELECT=3 {{(pid=120598) stat_writer /usr/local/lib/python3.8/dist-packages/dbcounter.py:114}}
Aug 24 08:55:21.157067 dv-cinder-850321-5-smb devstack@n-api.service[120598]: DEBUG dbcounter [-] [120598] Writing DB stats nova_cell0:SELECT=3 {{(pid=120598) stat_writer /usr/local/lib/python3.8/dist-packages/dbcounter.py:114}}
Aug 24 08:55:21.157888 dv-cinder-850321-5-smb devstack@n-api.service[120598]: DEBUG dbcounter [-] [120598] Writing DB stats nova_cell0:SELECT=3 {{(pid=120598) stat_writer /usr/local/lib/python3.8/dist-packages/dbcounter.py:114}}
Aug 24 08:55:22.478664 dv-cinder-850321-5-smb devstack@n-api.service[120598]: DEBUG nova.api.openstack.wsgi [None req-15f1fd81-1769-4da5-946f-a7557f5ee52a tempest-VolumesGetTestJSON-1923771362 tempest-VolumesGetTestJSON-1923771362-project] Action: 'create', calling method: .version_select at 0x7fb614d69700>, body: {"volume": {"size": 1, "display_name": "tempest-VolumesGetTestJSON-Volume-1741209441", "metadata": {"Type": "work"}}} {{(pid=120598) _process_stack /opt/stack/nova/nova/api/openstack/wsgi.py:511}}
Aug 24 08:55:24.495861 dv-cinder-850321-5-smb devstack@n-api.service[120598]: INFO nova.api.openstack.requestlog [None req-15f1fd81-1769-4da5-946f-a7557f5ee52a tempest-VolumesGetTestJSON-1923771362 tempest-VolumesGetTestJSON-1923771362-project] 10.222.0.42 "POST /compute/v2.1/os-volumes" status: 200 len: 353 microversion: 2.1 time: 3.359148
Aug 24 08:55:24.497484 dv-cinder-850321-5-smb devstack@n-api.service[120598]: [pid: 120598|app: 0|req: 1/1] 10.222.0.42 () {60 vars in 1156 bytes} [Wed Aug 24 08:55:21 2022] POST /compute/v2.1/os-volumes => generated 353 bytes in 3363 msecs (HTTP/1.1 200) 10 headers in 448 bytes (1 switches on core 0)
Aug 24 08:55:24.515371 dv-cinder-850321-5-smb devstack@n-api.service[120600]: DEBUG dbcounter [-] [120600] Writing DB stats nova_api:SELECT=3 {{(pid=120600) stat_writer /usr/local/lib/python3.8/dist-packages/dbcounter.py:114}}
Aug 24 08:55:24.522570 dv-cinder-850321-5-smb devstack@n-api.service[120600]: DEBUG dbcounter [-] [120600] Writing DB stats nova_cell0:SELECT=3 {{(pid=120600) stat_writer /usr/local/lib/python3.8/dist-packages/dbcounter.py:114}}
Aug 24 08:55:24.523893 dv-cinder-850321-5-smb devstack@n-api.service[120600]: DEBUG dbcounter [-] [120600] Writing DB stats nova_cell1:SELECT=3 {{(pid=120600) stat_writer /usr/local/lib/python3.8/dist-packages/dbcounter.py:114}}
Aug 24 08:55:24.526229 dv-cinder-850321-5-smb devstack@n-api.service[120600]: DEBUG dbcounter [-] [120600] Writing DB stats nova_cell0:SELECT=3 {{(pid=120600) stat_writer /usr/local/lib/python3.8/dist-packages/dbcounter.py:114}}
Aug 24 08:55:25.137727 dv-cinder-850321-5-smb devstack@n-api.service[120600]: DEBUG nova.api.openstack.wsgi [None req-e48b847c-7eb9-48ca-97b1-93d004e1aad1 tempest-VolumesGetTestJSON-1923771362 tempest-VolumesGetTestJSON-1923771362-project] Calling method '.version_select at 0x7fb614db7280>' {{(pid=120600) _process_stack /opt/stack/nova/nova/api/openstack/wsgi.py:513}}
Aug 24 08:55:26.071681 dv-cinder-850321-5-smb devstack@n-api.service[120600]: INFO nova.api.openstack.requestlog [None req-e48b847c-7eb9-48ca-97b1-93d004e1aad1 tempest-VolumesGetTestJSON-1923771362 tempest-VolumesGetTestJSON-1923771362-project] 10.222.0.42 "GET /compute/v2.1/os-volumes/96156b57-ebc3-4fe3-a720-fc8d68dab85a" status: 200 len: 354 microversion: 2.1 time: 1.562248
Aug 24 08:55:26.072584 dv-cinder-850321-5-smb devstack@n-api.service[120600]: [pid: 120600|app: 0|req: 1/2] 10.222.0.42 () {58 vars in 1245 bytes} [Wed Aug 24 08:55:24 2022] GET /compute/v2.1/os-volumes/96156b57-ebc3-4fe3-a720-fc8d68dab85a => generated 354 bytes in 1565 msecs (HTTP/1.1 200) 9 headers in 357 bytes (1 switches on core 0)
Aug 24 08:55:26.088127 dv-cinder-850321-5-smb devstack@n-api.service[120598]: DEBUG nova.api.openstack.wsgi [None req-fcf14314-4909-43e8-ae28-76e57864c9a2 tempest-VolumesGetTestJSON-1923771362 tempest-VolumesGetTestJSON-1923771362-project] Calling method '.version_select at 0x7fb614c3c550>' {{(pid=120598) _process_stack /opt/stack/nova/nova/api/openstack/wsgi.py:513}}
Aug 24 08:55:26.231191 dv-cinder-850321-5-smb devstack@n-api.service[120598]: INFO nova.api.openstack.requestlog [None req-fcf14314-4909-43e8-ae28-76e57864c9a2 tempest-VolumesGetTestJSON-1923771362 tempest-VolumesGetTestJSON-1923771362-project] 10.222.0.42 "GET /compute/v2.1/os-volumes/96156b57-ebc3-4fe3-a720-fc8d68dab85a" status: 200 len: 354 microversion: 2.1 time: 0.148602
Aug 24 08:55:26.232178 dv-cinder-850321-5-smb devstack@n-api.service[120598]: [pid: 120598|app: 0|req: 2/3] 10.222.0.42 () {58 vars in 1245 bytes} [Wed Aug 24 08:55:26 2022] GET /compute/v2.1/os-volumes/96156b57-ebc3-4fe3-a720-fc8d68dab85a => generated 354 bytes in 150 msecs (HTTP/1.1 200) 9 headers in 357 bytes (1 switches on core 0)
Aug 24 08:55:26.254760 dv-cinder-850321-5-smb devstack@n-api.service[120600]: DEBUG nova.api.openstack.wsgi [None req-7557705c-b62c-4d4f-8210-fa652cb079db tempest-VolumesGetTestJSON-1923771362 tempest-VolumesGetTestJSON-1923771362-project] Calling method '.version_select at 0x7fb614c7f4c0>' {{(pid=120600) _process_stack /opt/stack/nova/nova/api/openstack/wsgi.py:513}}
Aug 24 08:55:26.396231 dv-cinder-850321-5-smb devstack@n-api.service[120600]: INFO nova.api.openstack.requestlog [None req-7557705c-b62c-4d4f-8210-fa652cb079db tempest-VolumesGetTestJSON-1923771362 tempest-VolumesGetTestJSON-1923771362-project] 10.222.0.42 "DELETE /compute/v2.1/os-volumes/96156b57-ebc3-4fe3-a720-fc8d68dab85a" status: 202 len: 0 microversion: 2.1 time: 0.144935
Aug 24 08:55:26.397245 dv-cinder-850321-5-smb devstack@n-api.service[120600]: [pid: 120600|app: 0|req: 2/4] 10.222.0.42 () {58 vars in 1248 bytes} [Wed Aug 24 08:55:26 2022] DELETE /compute/v2.1/os-volumes/96156b57-ebc3-4fe3-a720-fc8d68dab85a => generated 0 bytes in 147 msecs (HTTP/1.1 202) 9 headers in 361 bytes (1 switches on core 0)
Aug 24 08:55:26.404811 dv-cinder-850321-5-smb devstack@n-api.service[120598]: DEBUG nova.api.openstack.wsgi [None req-23834010-be7d-4605-bc22-5f2dea76d2ed tempest-VolumesGetTestJSON-1923771362 tempest-VolumesGetTestJSON-1923771362-project] Calling method '.version_select at 0x7fb614c3cc10>' {{(pid=120598) _process_stack /opt/stack/nova/nova/api/openstack/wsgi.py:513}}
Aug 24 08:55:26.478155 dv-cinder-850321-5-smb devstack@n-api.service[120598]: INFO nova.api.openstack.requestlog [None req-23834010-be7d-4605-bc22-5f2dea76d2ed tempest-VolumesGetTestJSON-1923771362 tempest-VolumesGetTestJSON-1923771362-project] 10.222.0.42 "GET /compute/v2.1/os-volumes/96156b57-ebc3-4fe3-a720-fc8d68dab85a" status: 200 len: 353 microversion: 2.1 time: 0.076974
Aug 24 08:55:26.479359 dv-cinder-850321-5-smb devstack@n-api.service[120598]: [pid: 120598|app: 0|req: 3/5] 10.222.0.42 () {58 vars in 1245 bytes} [Wed Aug 24 08:55:26 2022] GET /compute/v2.1/os-volumes/96156b57-ebc3-4fe3-a720-fc8d68dab85a => generated 353 bytes in 79 msecs (HTTP/1.1 200) 9 headers in 357 bytes (1 switches on core 0)
Aug 24 08:55:27.493473 dv-cinder-850321-5-smb devstack@n-api.service[120600]: DEBUG nova.api.openstack.wsgi [None req-d1b163f3-8e9e-446f-8830-d346cce43d23 tempest-VolumesGetTestJSON-1923771362 tempest-VolumesGetTestJSON-1923771362-project] Calling method '.version_select at 0x7fb614c7fb80>' {{(pid=120600) _process_stack /opt/stack/nova/nova/api/openstack/wsgi.py:513}}
Aug 24 08:55:27.535211 dv-cinder-850321-5-smb devstack@n-api.service[120600]: INFO nova.api.openstack.wsgi [None req-d1b163f3-8e9e-446f-8830-d346cce43d23 tempest-VolumesGetTestJSON-1923771362 tempest-VolumesGetTestJSON-1923771362-project] HTTP exception thrown: Volume 96156b57-ebc3-4fe3-a720-fc8d68dab85a could not be found.
Aug 24 08:55:27.542594 dv-cinder-850321-5-smb devstack@n-api.service[120600]: DEBUG nova.api.openstack.wsgi [None req-d1b163f3-8e9e-446f-8830-d346cce43d23 tempest-VolumesGetTestJSON-1923771362 tempest-VolumesGetTestJSON-1923771362-project] Request method failure captured:
Aug 24 08:55:27.542594 dv-cinder-850321-5-smb devstack@n-api.service[120600]: request: GET /compute/v2.1/os-volumes/96156b57-ebc3-4fe3-a720-fc8d68dab85a HTTP/1.1
Aug 24 08:55:27.542594 dv-cinder-850321-5-smb devstack@n-api.service[120600]: Accept: application/json
Aug 24 08:55:27.542594 dv-cinder-850321-5-smb devstack@n-api.service[120600]: Accept-Encoding: identity
Aug 24 08:55:27.542594 dv-cinder-850321-5-smb devstack@n-api.service[120600]: Connection: close
Aug 24 08:55:27.542594 dv-cinder-850321-5-smb devstack@n-api.service[120600]: Content-Length: 0
Aug 24 08:55:27.542594 dv-cinder-850321-5-smb devstack@n-api.service[120600]: Content-Type: application/json
Aug 24 08:55:27.542594 dv-cinder-850321-5-smb devstack@n-api.service[120600]: Host: 10.222.0.42
Aug 24 08:55:27.542594 dv-cinder-850321-5-smb devstack@n-api.service[120600]: Openstack-System-Scope: None
Aug 24 08:55:27.542594 dv-cinder-850321-5-smb devstack@n-api.service[120600]: User-Agent: python-urllib3/1.26.11
Aug 24 08:55:27.542594 dv-cinder-850321-5-smb devstack@n-api.service[120600]: X-Auth-Token: gAAAAABjBed57JtZ5JVQHj4PLybBMsmGb9sMT99paV7DEFWLFw4OVppNJ3blmGHhcM-Xw6u17p1pj-Mf9UDsNXK3yra8qzi9QzEo7JAp5KLhFlhpKQfyejLKhsJYVAiWhCJazp0OGI14h4bzxPO9QvwmpIsNPLkpAFeBDlxuJhyxF5L-8tVMpAQ
Aug 24 08:55:27.542594 dv-cinder-850321-5-smb devstack@n-api.service[120600]: X-Domain-Id: None
Aug 24 08:55:27.542594 dv-cinder-850321-5-smb devstack@n-api.service[120600]: X-Domain-Name: None
Aug 24 08:55:27.542594 dv-cinder-850321-5-smb devstack@n-api.service[120600]: X-Identity-Status: Confirmed
Aug 24 08:55:27.542594 dv-cinder-850321-5-smb devstack@n-api.service[120600]: X-Is-Admin-Project: True
Aug 24 08:55:27.542594 dv-cinder-850321-5-smb devstack@n-api.service[120600]: X-Project-Domain-Id: default
Aug 24 08:55:27.542594 dv-cinder-850321-5-smb devstack@n-api.service[120600]: X-Project-Domain-Name: Default
Aug 24 08:55:27.542594 dv-cinder-850321-5-smb devstack@n-api.service[120600]: X-Project-Id: 2bbff5049b734eefb34a95486ea55097
Aug 24 08:55:27.542594 dv-cinder-850321-5-smb devstack@n-api.service[120600]: X-Project-Name: tempest-VolumesGetTestJSON-1923771362
Aug 24 08:55:27.542594 dv-cinder-850321-5-smb devstack@n-api.service[120600]: X-Role: member,reader
Aug 24 08:55:27.542594 dv-cinder-850321-5-smb devstack@n-api.service[120600]: X-Roles: member,reader
Aug 24 08:55:27.543896 dv-cinder-850321-5-smb devstack@n-api.service[120600]: X-Service-Catalog: [{"type": "object-store", "name": "swift", "endpoints": [{"region": "RegionOne", "adminURL": "http://10.222.0.42:8080", "publicURL": "http://10.222.0.42:8080/v1/AUTH_2bbff5049b734eefb34a95486ea55097"}]}, {"type": "block-storage", "name": "cinder", "endpoints": [{"region": "RegionOne", "publicURL": "http://10.222.0.42/volume/v3/2bbff5049b734eefb34a95486ea55097"}]}, {"type": "compute", "name": "nova", "endpoints": [{"region": "RegionOne", "publicURL": "http://10.222.0.42/compute/v2.1"}]}, {"type": "image", "name": "glance", "endpoints": [{"region": "RegionOne", "publicURL": "http://10.222.0.42/image"}]}, {"type": "compute_legacy", "name": "nova_legacy", "endpoints": [{"region": "RegionOne", "publicURL": "http://10.222.0.42/compute/v2/2bbff5049b734eefb34a95486ea55097"}]}, {"type": "network", "name": "neutron", "endpoints": [{"region": "RegionOne", "publicURL": "http://10.222.0.42:9696/networking"}]}, {"type": "placement", "name": "placement", "endpoints": [{"region": "RegionOne", "publicURL": "http://10.222.0.42/placement"}]}, {"type": "identity", "name": "keystone", "endpoints": [{"region": "RegionOne", "publicURL": "http://10.222.0.42/identity"}]}, {"type": "volumev3", "name": "cinderv3", "endpoints": [{"region": "RegionOne", "publicURL": "http://10.222.0.42/volume/v3/2bbff5049b734eefb34a95486ea55097"}]}]
Aug 24 08:55:27.543896 dv-cinder-850321-5-smb devstack@n-api.service[120600]: X-Tenant: tempest-VolumesGetTestJSON-1923771362
Aug 24 08:55:27.543896 dv-cinder-850321-5-smb devstack@n-api.service[120600]: X-Tenant-Id: 2bbff5049b734eefb34a95486ea55097
Aug 24 08:55:27.543896 dv-cinder-850321-5-smb devstack@n-api.service[120600]: X-Tenant-Name: tempest-VolumesGetTestJSON-1923771362
Aug 24 08:55:27.543896 dv-cinder-850321-5-smb devstack@n-api.service[120600]: X-User: tempest-VolumesGetTestJSON-1923771362-project
Aug 24 08:55:27.543896 dv-cinder-850321-5-smb devstack@n-api.service[120600]: X-User-Domain-Id: default
Aug 24 08:55:27.543896 dv-cinder-850321-5-smb devstack@n-api.service[120600]: X-User-Domain-Name: Default
Aug 24 08:55:27.543896 dv-cinder-850321-5-smb devstack@n-api.service[120600]: X-User-Id: 957be2fd55a04d70a15b4006d472beda
Aug 24 08:55:27.543896 dv-cinder-850321-5-smb devstack@n-api.service[120600]: X-User-Name: tempest-VolumesGetTestJSON-1923771362-project
Aug 24 08:55:27.543896 dv-cinder-850321-5-smb devstack@n-api.service[120600]: method:
Aug 24 08:55:27.543896 dv-cinder-850321-5-smb devstack@n-api.service[120600]: exception: Volume 96156b57-ebc3-4fe3-a720-fc8d68dab85a could not be found.
Aug 24 08:55:27.543896 dv-cinder-850321-5-smb devstack@n-api.service[120600]: action_args: {'id': '96156b57-ebc3-4fe3-a720-fc8d68dab85a'}
Aug 24 08:55:27.543896 dv-cinder-850321-5-smb devstack@n-api.service[120600]: {{(pid=120600) _process_stack /opt/stack/nova/nova/api/openstack/wsgi.py:541}}
Aug 24 08:55:27.544840 dv-cinder-850321-5-smb devstack@n-api.service[120600]: ERROR nova.api.openstack.wsgi
Traceback (most recent call last):
Aug 24 08:55:27.544840 dv-cinder-850321-5-smb devstack@n-api.service[120600]: ERROR nova.api.openstack.wsgi
File "/opt/stack/nova/nova/volume/cinder.py", line 433, in wrapper
Aug 24 08:55:27.544840 dv-cinder-850321-5-smb devstack@n-api.service[120600]: ERROR nova.api.openstack.wsgi res = method(self, ctx, volume_id, *args, **kwargs)
Aug 24 08:55:27.544840 dv-cinder-850321-5-smb devstack@n-api.service[120600]: ERROR nova.api.openstack.wsgi
File "/opt/stack/nova/nova/volume/cinder.py", line 502, in get
Aug 24 08:55:27.544840 dv-cinder-850321-5-smb devstack@n-api.service[120600]: ERROR nova.api.openstack.wsgi item = cinderclient(
Aug 24 08:55:27.544840 dv-cinder-850321-5-smb devstack@n-api.service[120600]: ERROR nova.api.openstack.wsgi
File "/usr/local/lib/python3.8/dist-packages/cinderclient/v3/volumes_base.py", line 202, in get
Aug 24 08:55:27.544840 dv-cinder-850321-5-smb devstack@n-api.service[120600]: ERROR nova.api.openstack.wsgi return self._get("/volumes/%s" % volume_id, "volume")
Aug 24 08:55:27.544840 dv-cinder-850321-5-smb devstack@n-api.service[120600]: ERROR nova.api.openstack.wsgi
File "/usr/local/lib/python3.8/dist-packages/cinderclient/base.py", line 297, in _get
Aug 24 08:55:27.544840 dv-cinder-850321-5-smb devstack@n-api.service[120600]: ERROR nova.api.openstack.wsgi resp, body = self.api.client.get(url)
Aug 24 08:55:27.544840 dv-cinder-850321-5-smb devstack@n-api.service[120600]: ERROR nova.api.openstack.wsgi
File "/usr/local/lib/python3.8/dist-packages/cinderclient/client.py", line 224, in get
Aug 24 08:55:27.544840 dv-cinder-850321-5-smb devstack@n-api.service[120600]: ERROR nova.api.openstack.wsgi return self._cs_request(url, 'GET', **kwargs)
Aug 24 08:55:27.544840 dv-cinder-850321-5-smb devstack@n-api.service[120600]: ERROR nova.api.openstack.wsgi
File "/usr/local/lib/python3.8/dist-packages/cinderclient/client.py", line 215, in _cs_request
Aug 24 08:55:27.544840 dv-cinder-850321-5-smb devstack@n-api.service[120600]: ERROR nova.api.openstack.wsgi return self.request(url, method, **kwargs)
Aug 24 08:55:27.544840 dv-cinder-850321-5-smb devstack@n-api.service[120600]: ERROR nova.api.openstack.wsgi
File "/usr/local/lib/python3.8/dist-packages/cinderclient/client.py", line 201, in request
Aug 24 08:55:27.544840 dv-cinder-850321-5-smb devstack@n-api.service[120600]: ERROR nova.api.openstack.wsgi raise exceptions.from_response(resp, body)
Aug 24 08:55:27.544840 dv-cinder-850321-5-smb devstack@n-api.service[120600]: ERROR nova.api.openstack.wsgi cinderclient.exceptions.NotFound: Volume 96156b57-ebc3-4fe3-a720-fc8d68dab85a could not be found. (HTTP 404) (Request-ID: req-c80359a9-0f83-44ed-8abc-647c4559ca7e)
Aug 24 08:55:27.544840 dv-cinder-850321-5-smb devstack@n-api.service[120600]: ERROR nova.api.openstack.wsgi
Aug 24 08:55:27.544840 dv-cinder-850321-5-smb devstack@n-api.service[120600]: ERROR nova.api.openstack.wsgi During handling of the above exception, another exception occurred:
Aug 24 08:55:27.544840 dv-cinder-850321-5-smb devstack@n-api.service[120600]: ERROR nova.api.openstack.wsgi
Aug 24 08:55:27.545975 dv-cinder-850321-5-smb devstack@n-api.service[120600]: ERROR nova.api.openstack.wsgi
Traceback (most recent call last):
Aug 24 08:55:27.545975 dv-cinder-850321-5-smb devstack@n-api.service[120600]: ERROR nova.api.openstack.wsgi
File "/opt/stack/nova/nova/api/openstack/compute/volumes.py", line 120, in show
Aug 24 08:55:27.545975 dv-cinder-850321-5-smb devstack@n-api.service[120600]: ERROR nova.api.openstack.wsgi vol = self.volume_api.get(context, id)
Aug 24 08:55:27.545975 dv-cinder-850321-5-smb devstack@n-api.service[120600]: ERROR nova.api.openstack.wsgi
File "/opt/stack/nova/nova/volume/cinder.py", line 395, in wrapper
Aug 24 08:55:27.545975 dv-cinder-850321-5-smb devstack@n-api.service[120600]: ERROR nova.api.openstack.wsgi res = method(self, ctx, *args, **kwargs)
Aug 24 08:55:27.545975 dv-cinder-850321-5-smb devstack@n-api.service[120600]: ERROR nova.api.openstack.wsgi
File "/opt/stack/nova/nova/volume/cinder.py", line 435, in wrapper
Aug 24 08:55:27.545975 dv-cinder-850321-5-smb devstack@n-api.service[120600]: ERROR nova.api.openstack.wsgi _reraise(exception.VolumeNotFound(volume_id=volume_id))
Aug 24 08:55:27.545975 dv-cinder-850321-5-smb devstack@n-api.service[120600]: ERROR nova.api.openstack.wsgi
File "/opt/stack/nova/nova/volume/cinder.py", line 486, in _reraise
Aug 24 08:55:27.545975 dv-cinder-850321-5-smb devstack@n-api.service[120600]: ERROR nova.api.openstack.wsgi raise desired_exc.with_traceback(sys.exc_info()[2])
Aug 24 08:55:27.545975 dv-cinder-850321-5-smb devstack@n-api.service[120600]: ERROR nova.api.openstack.wsgi
File "/opt/stack/nova/nova/volume/cinder.py", line 433, in wrapper
Aug 24 08:55:27.545975 dv-cinder-850321-5-smb devstack@n-api.service[120600]: ERROR nova.api.openstack.wsgi res = method(self, ctx, volume_id, *args, **kwargs)
Aug 24 08:55:27.545975 dv-cinder-850321-5-smb devstack@n-api.service[120600]: ERROR nova.api.openstack.wsgi
File "/opt/stack/nova/nova/volume/cinder.py", line 502, in get
Aug 24 08:55:27.545975 dv-cinder-850321-5-smb devstack@n-api.service[120600]: ERROR nova.api.openstack.wsgi item = cinderclient(
Aug 24 08:55:27.545975 dv-cinder-850321-5-smb devstack@n-api.service[120600]: ERROR nova.api.openstack.wsgi
File "/usr/local/lib/python3.8/dist-packages/cinderclient/v3/volumes_base.py", line 202, in get
Aug 24 08:55:27.545975 dv-cinder-850321-5-smb devstack@n-api.service[120600]: ERROR nova.api.openstack.wsgi return self._get("/volumes/%s" % volume_id, "volume")
Aug 24 08:55:27.545975 dv-cinder-850321-5-smb devstack@n-api.service[120600]: ERROR nova.api.openstack.wsgi
File "/usr/local/lib/python3.8/dist-packages/cinderclient/base.py", line 297, in _get
Aug 24 08:55:27.545975 dv-cinder-850321-5-smb devstack@n-api.service[120600]: ERROR nova.api.openstack.wsgi resp, body = self.api.client.get(url)
Aug 24 08:55:27.545975 dv-cinder-850321-5-smb devstack@n-api.service[120600]: ERROR nova.api.openstack.wsgi
File "/usr/local/lib/python3.8/dist-packages/cinderclient/client.py", line 224, in get
Aug 24 08:55:27.545975 dv-cinder-850321-5-smb devstack@n-api.service[120600]: ERROR nova.api.openstack.wsgi return self._cs_request(url, 'GET', **kwargs)
Aug 24 08:55:27.548196 dv-cinder-850321-5-smb devstack@n-api.service[120600]: ERROR nova.api.openstack.wsgi
File "/usr/local/lib/python3.8/dist-packages/cinderclient/client.py", line 215, in _cs_request
Aug 24 08:55:27.548196 dv-cinder-850321-5-smb devstack@n-api.service[120600]: ERROR nova.api.openstack.wsgi return self.request(url, method, **kwargs)
Aug 24 08:55:27.548196 dv-cinder-850321-5-smb devstack@n-api.service[120600]: ERROR nova.api.openstack.wsgi
File "/usr/local/lib/python3.8/dist-packages/cinderclient/client.py", line 201, in request
Aug 24 08:55:27.548196 dv-cinder-850321-5-smb devstack@n-api.service[120600]: ERROR nova.api.openstack.wsgi raise exceptions.from_response(resp, body)
Aug 24 08:55:27.548196 dv-cinder-850321-5-smb devstack@n-api.service[120600]: ERROR nova.api.openstack.wsgi nova.exception.VolumeNotFound: Volume 96156b57-ebc3-4fe3-a720-fc8d68dab85a could not be found.
Aug 24 08:55:27.548196 dv-cinder-850321-5-smb devstack@n-api.service[120600]: ERROR nova.api.openstack.wsgi
Aug 24 08:55:27.548196 dv-cinder-850321-5-smb devstack@n-api.service[120600]: ERROR nova.api.openstack.wsgi During handling of the above exception, another exception occurred:
Aug 24 08:55:27.548196 dv-cinder-850321-5-smb devstack@n-api.service[120600]: ERROR nova.api.openstack.wsgi
Aug 24 08:55:27.548196 dv-cinder-850321-5-smb devstack@n-api.service[120600]: ERROR nova.api.openstack.wsgi
Traceback (most recent call last):
Aug 24 08:55:27.548196 dv-cinder-850321-5-smb devstack@n-api.service[120600]: ERROR nova.api.openstack.wsgi
File "/opt/stack/nova/nova/api/openstack/wsgi.py", line 539, in _process_stack
Aug 24 08:55:27.548196 dv-cinder-850321-5-smb devstack@n-api.service[120600]: ERROR nova.api.openstack.wsgi action_result = self.dispatch(meth, request, action_args)
Aug 24 08:55:27.548196 dv-cinder-850321-5-smb devstack@n-api.service[120600]: ERROR nova.api.openstack.wsgi
File "/opt/stack/nova/nova/api/openstack/wsgi.py", line 630, in dispatch
Aug 24 08:55:27.548196 dv-cinder-850321-5-smb devstack@n-api.service[120600]: ERROR nova.api.openstack.wsgi return method(req=request, **action_args)
Aug 24 08:55:27.548196 dv-cinder-850321-5-smb devstack@n-api.service[120600]: ERROR nova.api.openstack.wsgi
File "/opt/stack/nova/nova/api/openstack/wsgi.py", line 794, in version_select
Aug 24 08:55:27.548196 dv-cinder-850321-5-smb devstack@n-api.service[120600]: ERROR nova.api.openstack.wsgi return func.func(self, *args, **kwargs)
Aug 24 08:55:27.548196 dv-cinder-850321-5-smb devstack@n-api.service[120600]: ERROR nova.api.openstack.wsgi
File "/opt/stack/nova/nova/api/openstack/wsgi.py", line 664, in wrapped
Aug 24 08:55:27.548196 dv-cinder-850321-5-smb devstack@n-api.service[120600]: ERROR nova.api.openstack.wsgi return f(*args, **kwargs)
Aug 24 08:55:27.548196 dv-cinder-850321-5-smb devstack@n-api.service[120600]: ERROR nova.api.openstack.wsgi
File "/opt/stack/nova/nova/api/openstack/compute/volumes.py", line 122, in show
Aug 24 08:55:27.548196 dv-cinder-850321-5-smb devstack@n-api.service[120600]: ERROR nova.api.openstack.wsgi raise exc.HTTPNotFound(explanation=e.format_message())
Aug 24 08:55:27.550517 dv-cinder-850321-5-smb devstack@n-api.service[120600]: ERROR nova.api.openstack.wsgi webob.exc.HTTPNotFound: Volume 96156b57-ebc3-4fe3-a720-fc8d68dab85a could not be found.
Aug 24 08:55:27.550517 dv-cinder-850321-5-smb devstack@n-api.service[120600]: ERROR nova.api.openstack.wsgi
Aug 24 08:55:27.550517 dv-cinder-850321-5-smb devstack@n-api.service[120600]: ERROR nova.api.openstack.wsgi During handling of the above exception, another exception occurred:
Aug 24 08:55:27.550517 dv-cinder-850321-5-smb devstack@n-api.service[120600]: ERROR nova.api.openstack.wsgi
Aug 24 08:55:27.550517 dv-cinder-850321-5-smb devstack@n-api.service[120600]: ERROR nova.api.openstack.wsgi
Traceback (most recent call last):
Aug 24 08:55:27.550517 dv-cinder-850321-5-smb devstack@n-api.service[120600]: ERROR nova.api.openstack.wsgi
File "/opt/stack/nova/nova/api/openstack/wsgi.py", line 539, in _process_stack
Aug 24 08:55:27.550517 dv-cinder-850321-5-smb devstack@n-api.service[120600]: ERROR nova.api.openstack.wsgi action_result = self.dispatch(meth, request, action_args)
Aug 24 08:55:27.550517 dv-cinder-850321-5-smb devstack@n-api.service[120600]: ERROR nova.api.openstack.wsgi
File "/opt/stack/nova/nova/api/openstack/wsgi.py", line 372, in __exit__
Aug 24 08:55:27.550517 dv-cinder-850321-5-smb devstack@n-api.service[120600]: ERROR nova.api.openstack.wsgi raise Fault(ex_value)
Aug 24 08:55:27.550517 dv-cinder-850321-5-smb devstack@n-api.service[120600]: ERROR nova.api.openstack.wsgi nova.api.openstack.wsgi.Fault: Volume 96156b57-ebc3-4fe3-a720-fc8d68dab85a could not be found.
Aug 24 08:55:27.550517 dv-cinder-850321-5-smb devstack@n-api.service[120600]: ERROR nova.api.openstack.wsgi
Aug 24 08:55:27.554138 dv-cinder-850321-5-smb devstack@n-api.service[120600]: DEBUG nova.api.openstack.wsgi [None req-d1b163f3-8e9e-446f-8830-d346cce43d23 tempest-VolumesGetTestJSON-1923771362 tempest-VolumesGetTestJSON-1923771362-project] Returning 404 to user: Volume 96156b57-ebc3-4fe3-a720-fc8d68dab85a could not be found. {{(pid=120600) __call__ /opt/stack/nova/nova/api/openstack/wsgi.py:942}}
Aug 24 08:55:27.555556 dv-cinder-850321-5-smb devstack@n-api.service[120600]: INFO nova.api.openstack.requestlog [None req-d1b163f3-8e9e-446f-8830-d346cce43d23 tempest-VolumesGetTestJSON-1923771362 tempest-VolumesGetTestJSON-1923771362-project] 10.222.0.42 "GET /compute/v2.1/os-volumes/96156b57-ebc3-4fe3-a720-fc8d68dab85a" status: 404 len: 109 microversion: 2.1 time: 0.067005
Aug 24 08:55:27.560958 dv-cinder-850321-5-smb devstack@n-api.service[120600]: [pid: 120600|app: 0|req: 3/6] 10.222.0.42 () {58 vars in 1245 bytes} [Wed Aug 24 08:55:27 2022] GET /compute/v2.1/os-volumes/96156b57-ebc3-4fe3-a720-fc8d68dab85a => generated 109 bytes in 73 msecs (HTTP/1.1 404) 9 headers in 379 bytes (1 switches on core 0)
Aug 24 08:55:31.293854 dv-cinder-850321-5-smb devstack@n-api.service[120598]: DEBUG nova.api.openstack.wsgi [None req-4496f3ff-6d18-44b2-aee1-9e903c7fe5b2 tempest-ServerRescueNegativeTestJSON-46513825 tempest-ServerRescueNegativeTestJSON-46513825-project] Action: 'create', calling method: >, body: {"server": {"name": "tempest-ServerRescueNegativeTestJSON-server-1511301626", "imageRef": "93da4490-675d-4f8a-9077-22af1b5dd869", "flavorRef": "452", "adminPass": "***", "networks": [{"uuid": "}]}} {{(pid=120598) _process_stack /opt/stack/nova/nova/api/openstack/wsgi.py:511}}
Aug 24 08:55:31.533926 dv-cinder-850321-5-smb devstack@n-api.service[120598]: DEBUG nova.network.neutron [None req-4496f3ff-6d18-44b2-aee1-9e903c7fe5b2 tempest-ServerRescueNegativeTestJSON-46513825 tempest-ServerRescueNegativeTestJSON-46513825-project] validate_networks() for [('ddaa9206-ee05-4c90-bd79-a75e80790917', None, None, None, None, None)] {{(pid=120598) validate_networks /opt/stack/nova/nova/network/neutron.py:2626}}
Aug 24 08:55:33.787855 dv-cinder-850321-5-smb devstack@n-api.service[120598]: DEBUG nova.virt.hardware [None req-4496f3ff-6d18-44b2-aee1-9e903c7fe5b2 tempest-ServerRescueNegativeTestJSON-46513825 tempest-ServerRescueNegativeTestJSON-46513825-project] Flavor limits 0:0:0 {{(pid=120598) get_cpu_topology_constraints /opt/stack/nova/nova/virt/hardware.py:343}}
Aug 24 08:55:33.788560 dv-cinder-850321-5-smb devstack@n-api.service[120598]: DEBUG nova.virt.hardware [None req-4496f3ff-6d18-44b2-aee1-9e903c7fe5b2 tempest-ServerRescueNegativeTestJSON-46513825 tempest-ServerRescueNegativeTestJSON-46513825-project] Image limits 0:0:0 {{(pid=120598) get_cpu_topology_constraints /opt/stack/nova/nova/virt/hardware.py:347}}
Aug 24 08:55:33.788836 dv-cinder-850321-5-smb devstack@n-api.service[120598]: DEBUG nova.virt.hardware [None req-4496f3ff-6d18-44b2-aee1-9e903c7fe5b2 tempest-ServerRescueNegativeTestJSON-46513825 tempest-ServerRescueNegativeTestJSON-46513825-project] Flavor pref 0:0:0 {{(pid=120598) get_cpu_topology_constraints /opt/stack/nova/nova/virt/hardware.py:383}}
Aug 24 08:55:33.789246 dv-cinder-850321-5-smb devstack@n-api.service[120598]: DEBUG nova.virt.hardware [None req-4496f3ff-6d18-44b2-aee1-9e903c7fe5b2 tempest-ServerRescueNegativeTestJSON-46513825 tempest-ServerRescueNegativeTestJSON-46513825-project] Image pref 0:0:0 {{(pid=120598) get_cpu_topology_constraints /opt/stack/nova/nova/virt/hardware.py:387}}
Aug 24 08:55:33.790572 dv-cinder-850321-5-smb devstack@n-api.service[120598]: DEBUG nova.virt.hardware [None req-4496f3ff-6d18-44b2-aee1-9e903c7fe5b2 tempest-ServerRescueNegativeTestJSON-46513825 tempest-ServerRescueNegativeTestJSON-46513825-project] Chose sockets=0, cores=0, threads=0; limits were sockets=65536, cores=65536, threads=65536 {{(pid=120598) get_cpu_topology_constraints /opt/stack/nova/nova/virt/hardware.py:425}}
Aug 24 08:55:33.816844 dv-cinder-850321-5-smb devstack@n-api.service[120598]: DEBUG oslo_concurrency.lockutils [None req-4496f3ff-6d18-44b2-aee1-9e903c7fe5b2 tempest-ServerRescueNegativeTestJSON-46513825 tempest-ServerRescueNegativeTestJSON-46513825-project] Acquiring lock "00000000-0000-0000-0000-000000000000" by "nova.context.set_target_cell..get_or_set_cached_cell_and_set_connections" {{(pid=120598) inner /usr/local/lib/python3.8/dist-packages/oslo_concurrency/lockutils.py:385}}
Aug 24 08:55:33.817866 dv-cinder-850321-5-smb devstack@n-api.service[120598]: DEBUG oslo_concurrency.lockutils [None req-4496f3ff-6d18-44b2-aee1-9e903c7fe5b2 tempest-ServerRescueNegativeTestJSON-46513825 tempest-ServerRescueNegativeTestJSON-46513825-project] Lock "00000000-0000-0000-0000-000000000000" acquired by "nova.context.set_target_cell..get_or_set_cached_cell_and_set_connections" :: waited 0.001s {{(pid=120598) inner /usr/local/lib/python3.8/dist-packages/oslo_concurrency/lockutils.py:390}}
Aug 24 08:55:33.818303 dv-cinder-850321-5-smb devstack@n-api.service[120598]: DEBUG oslo_concurrency.lockutils [None req-4496f3ff-6d18-44b2-aee1-9e903c7fe5b2 tempest-ServerRescueNegativeTestJSON-46513825 tempest-ServerRescueNegativeTestJSON-46513825-project] Lock "00000000-0000-0000-0000-000000000000" "released" by "nova.context.set_target_cell..get_or_set_cached_cell_and_set_connections" :: held 0.000s {{(pid=120598) inner /usr/local/lib/python3.8/dist-packages/oslo_concurrency/lockutils.py:404}}
Aug 24 08:55:33.819335 dv-cinder-850321-5-smb devstack@n-api.service[120598]: DEBUG oslo_concurrency.lockutils [None req-4496f3ff-6d18-44b2-aee1-9e903c7fe5b2 tempest-ServerRescueNegativeTestJSON-46513825 tempest-ServerRescueNegativeTestJSON-46513825-project] Acquiring lock "1bbc6022-17de-4c35-903a-26e6b6566fcc" by "nova.context.set_target_cell..get_or_set_cached_cell_and_set_connections" {{(pid=120598) inner /usr/local/lib/python3.8/dist-packages/oslo_concurrency/lockutils.py:385}}
Aug 24 08:55:33.819794 dv-cinder-850321-5-smb devstack@n-api.service[120598]: DEBUG oslo_concurrency.lockutils [None req-4496f3ff-6d18-44b2-aee1-9e903c7fe5b2 tempest-ServerRescueNegativeTestJSON-46513825 tempest-ServerRescueNegativeTestJSON-46513825-project] Lock "1bbc6022-17de-4c35-903a-26e6b6566fcc" acquired by "nova.context.set_target_cell..get_or_set_cached_cell_and_set_connections" :: waited 0.001s {{(pid=120598) inner /usr/local/lib/python3.8/dist-packages/oslo_concurrency/lockutils.py:390}}
Aug 24 08:55:33.820222 dv-cinder-850321-5-smb devstack@n-api.service[120598]: DEBUG oslo_concurrency.lockutils [None req-4496f3ff-6d18-44b2-aee1-9e903c7fe5b2 tempest-ServerRescueNegativeTestJSON-46513825 tempest-ServerRescueNegativeTestJSON-46513825-project] Lock "1bbc6022-17de-4c35-903a-26e6b6566fcc" "released" by "nova.context.set_target_cell..get_or_set_cached_cell_and_set_connections" :: held 0.000s {{(pid=120598) inner /usr/local/lib/python3.8/dist-packages/oslo_concurrency/lockutils.py:404}}
Aug 24 08:55:33.856026 dv-cinder-850321-5-smb devstack@n-api.service[120598]: DEBUG nova.quota [None req-4496f3ff-6d18-44b2-aee1-9e903c7fe5b2 tempest-ServerRescueNegativeTestJSON-46513825 tempest-ServerRescueNegativeTestJSON-46513825-project] Getting quotas for project 2826b194b41142218006535f9eeec332. Resources: {'cores', 'ram', 'instances'} {{(pid=120598) _get_quotas /opt/stack/nova/nova/quota.py:393}}
Aug 24 08:55:33.863604 dv-cinder-850321-5-smb devstack@n-api.service[120598]: DEBUG nova.quota [None req-4496f3ff-6d18-44b2-aee1-9e903c7fe5b2 tempest-ServerRescueNegativeTestJSON-46513825 tempest-ServerRescueNegativeTestJSON-46513825-project] Getting quotas for user f0602554c12e4710912338a9ddccbbd2 and project 2826b194b41142218006535f9eeec332. Resources: {'cores', 'ram', 'instances'} {{(pid=120598) _get_quotas /opt/stack/nova/nova/quota.py:383}}
Aug 24 08:55:33.878084 dv-cinder-850321-5-smb devstack@n-api.service[120598]: DEBUG nova.compute.api [None req-4496f3ff-6d18-44b2-aee1-9e903c7fe5b2 tempest-ServerRescueNegativeTestJSON-46513825 tempest-ServerRescueNegativeTestJSON-46513825-project] Going to run 1 instances... {{(pid=120598) _provision_instances /opt/stack/nova/nova/compute/api.py:1390}}
Aug 24 08:55:33.881962 dv-cinder-850321-5-smb devstack@n-api.service[120598]: DEBUG nova.compute.api [None req-4496f3ff-6d18-44b2-aee1-9e903c7fe5b2 tempest-ServerRescueNegativeTestJSON-46513825 tempest-ServerRescueNegativeTestJSON-46513825-project] [instance: dece0322-e9e0-4dde-b0dc-3db6abb7b2e4] block_device_mapping [BlockDeviceMapping(attachment_id=,boot_index=0,connection_info=None,created_at=,delete_on_termination=True,deleted=,deleted_at=,destination_type='local',device_name=None,device_type='disk',disk_bus=None,encrypted=False,encryption_format=None,encryption_options=None,encryption_secret_uuid=None,guest_format=None,id=,image_id='93da4490-675d-4f8a-9077-22af1b5dd869',instance=,instance_uuid=,no_device=False,snapshot_id=None,source_type='image',tag=None,updated_at=,uuid=,volume_id=None,volume_size=None,volume_type=None)] {{(pid=120598) _bdm_validate_set_size_and_instance /opt/stack/nova/nova/compute/api.py:1851}}
Aug 24 08:55:34.038405 dv-cinder-850321-5-smb devstack@n-api.service[120598]: INFO nova.api.openstack.requestlog [None req-4496f3ff-6d18-44b2-aee1-9e903c7fe5b2 tempest-ServerRescueNegativeTestJSON-46513825 tempest-ServerRescueNegativeTestJSON-46513825-project] 10.222.0.42 "POST /compute/v2.1/servers" status: 202 len: 383 microversion: 2.1 time: 3.071406
