Aug 07 22:33:36.377070 dv-cinder-850321-3-smb neutron-server[104015]: INFO neutron.wsgi [req-376d374c-74ef-49fe-bee1-eb6ad788d085 req-ef095085-613b-413f-aafa-d3d314688ded tempest-AttachVolumeShelveTestJSON-701490745 tempest-AttachVolumeShelveTestJSON-701490745-project] 10.222.0.15 "GET /networking/v2.0/ports?device_id=de1993bb-757e-4589-bca1-2429e2aa4540 HTTP/1.1" status: 200 len: 944 time: 0.0868928
Aug 07 22:33:36.400300 dv-cinder-850321-3-smb neutron-server[104016]: INFO neutron.wsgi [None req-86fbb793-0147-4653-bcd4-4e0db9cdedab admin admin] 10.222.0.15 "GET /networking/v2.0/security-groups?tenant_id=ea04cda2068147bfb0d1f3fc17d9a164&name=default HTTP/1.1" status: 200 len: 2996 time: 0.1712816
Aug 07 22:33:36.403444 dv-cinder-850321-3-smb neutron-server[104016]: DEBUG neutron.wsgi [-] (104016) accepted ('10.222.0.15', 33740) {{(pid=104016) server /usr/local/lib/python3.8/dist-packages/eventlet/wsgi.py:1004}}
Aug 07 22:33:36.409415 dv-cinder-850321-3-smb neutron-server[104016]: DEBUG neutron.api.rpc.handlers.resources_rpc [None req-86fbb793-0147-4653-bcd4-4e0db9cdedab admin admin] Pushing event updated for resources: {'SecurityGroup': ['ID=0e72bb80-0814-4deb-b834-eb436163cce1,revision_number=1']} {{(pid=104016) push /opt/stack/neutron/neutron/api/rpc/handlers/resources_rpc.py:237}}
Aug 07 22:33:36.410758 dv-cinder-850321-3-smb neutron-server[104015]: INFO neutron.wsgi [req-ec4167bc-7d13-4759-9301-ae9493038ca6 req-1c613d70-aee3-4894-9460-8a630f73ae4b tempest-AttachVolumeTestJSON-154182229 tempest-AttachVolumeTestJSON-154182229-project] 10.222.0.15 "GET /networking/v2.0/security-groups?id=c5d27e1e-9bdd-472a-ad14-4d2782c6101a&fields=id&fields=name HTTP/1.1" status: 200 len: 313 time: 0.0998762
Aug 07 22:33:36.454896 dv-cinder-850321-3-smb neutron-server[104015]: INFO neutron.wsgi [req-376d374c-74ef-49fe-bee1-eb6ad788d085 req-0ef423a6-dd8f-407c-b2c5-31571383a699 tempest-AttachVolumeShelveTestJSON-701490745 tempest-AttachVolumeShelveTestJSON-701490745-project] 10.222.0.15 "GET /networking/v2.0/security-groups?id=e5d7753e-c662-48ab-b6b1-bad2ee0f6bd3&fields=id&fields=name HTTP/1.1" status: 200 len: 313 time: 0.0769658
Aug 07 22:33:36.485126 dv-cinder-850321-3-smb neutron-server[104016]: DEBUG neutron_lib.callbacks.manager [None req-83c265ca-dbc6-4de9-b6f1-a02c045a32b3 admin admin] Publish callbacks [] for security_group (0e72bb80-0814-4deb-b834-eb436163cce1), before_delete {{(pid=104016) _notify_loop /usr/local/lib/python3.8/dist-packages/neutron_lib/callbacks/manager.py:176}}
Aug 07 22:33:36.507741 dv-cinder-850321-3-smb neutron-server[104016]: DEBUG neutron_lib.callbacks.manager [None req-83c265ca-dbc6-4de9-b6f1-a02c045a32b3 admin admin] Publish callbacks [] for security_group (0e72bb80-0814-4deb-b834-eb436163cce1), precommit_delete {{(pid=104016) _notify_loop /usr/local/lib/python3.8/dist-packages/neutron_lib/callbacks/manager.py:176}}
Aug 07 22:33:36.528901 dv-cinder-850321-3-smb neutron-server[104015]: INFO neutron.wsgi [req-c3213aa1-5987-4c49-a686-8fe2d86a88f2 req-c479e988-8ff1-4991-aa31-f331886c198d tempest-AttachVolumeNegativeTest-572335619 tempest-AttachVolumeNegativeTest-572335619-project] 10.222.0.15 "GET /networking/v2.0/ports?device_id=810a2b2d-552e-47ad-8171-3e45acecb453 HTTP/1.1" status: 200 len: 210 time: 0.0365422
Aug 07 22:33:36.565440 dv-cinder-850321-3-smb neutron-server[104016]: DEBUG neutron_lib.callbacks.manager [None req-83c265ca-dbc6-4de9-b6f1-a02c045a32b3 admin admin] Publish callbacks ['neutron.plugins.ml2.ovo_rpc._ObjectChangeHandler.handle_event-1915775'] for security_group (0e72bb80-0814-4deb-b834-eb436163cce1), after_delete {{(pid=104016) _notify_loop /usr/local/lib/python3.8/dist-packages/neutron_lib/callbacks/manager.py:176}}
Aug 07 22:33:36.568454 dv-cinder-850321-3-smb neutron-server[104016]: DEBUG neutron_lib.callbacks.manager [None req-83c265ca-dbc6-4de9-b6f1-a02c045a32b3 admin admin] Publish callbacks [] for security_group (None), before_response {{(pid=104016) _notify_loop /usr/local/lib/python3.8/dist-packages/neutron_lib/callbacks/manager.py:176}}
Aug 07 22:33:36.569688 dv-cinder-850321-3-smb neutron-server[104016]: INFO neutron.wsgi [None req-83c265ca-dbc6-4de9-b6f1-a02c045a32b3 admin admin] 10.222.0.15 "DELETE /networking/v2.0/security-groups/0e72bb80-0814-4deb-b834-eb436163cce1 HTTP/1.1" status: 204 len: 168 time: 0.1653686
Aug 07 22:33:36.584000 dv-cinder-850321-3-smb neutron-server[104016]: DEBUG neutron.api.rpc.handlers.resources_rpc [None req-83c265ca-dbc6-4de9-b6f1-a02c045a32b3 admin admin] Pushing event deleted for resources: {'SecurityGroup': ['ID=0e72bb80-0814-4deb-b834-eb436163cce1,revision_number=None']} {{(pid=104016) push /opt/stack/neutron/neutron/api/rpc/handlers/resources_rpc.py:237}}
Aug 07 22:33:36.786831 dv-cinder-850321-3-smb neutron-server[104015]: DEBUG neutron.pecan_wsgi.hooks.policy_enforcement [req-04aed541-a475-4da0-ba91-a605e4056d5b req-7f9d5cf1-1947-4e36-b4e3-7ece309234cb tempest-DeleteServersTestJSON-1573289134 tempest-DeleteServersTestJSON-1573289134-project] Attributes excluded by policy engine: ['standard_attr_id', 'binding:profile', 'binding:host_id', 'binding:vif_type', 'binding:vif_details'] {{(pid=104015) _exclude_attributes_by_policy /opt/stack/neutron/neutron/pecan_wsgi/hooks/policy_enforcement.py:259}}
Aug 07 22:33:36.789668 dv-cinder-850321-3-smb neutron-server[104015]: INFO neutron.wsgi [req-04aed541-a475-4da0-ba91-a605e4056d5b req-7f9d5cf1-1947-4e36-b4e3-7ece309234cb tempest-DeleteServersTestJSON-1573289134 tempest-DeleteServersTestJSON-1573289134-project] 10.222.0.15 "GET /networking/v2.0/ports?device_id=01e0fbff-0c13-4bb5-a179-c2a1696a0c3a HTTP/1.1" status: 200 len: 943 time: 0.0767725
Aug 07 22:33:36.854271 dv-cinder-850321-3-smb neutron-server[104015]: DEBUG neutron.pecan_wsgi.hooks.policy_enforcement [req-89e2e56f-cde7-4d56-afd3-b1631dc7a850 req-e2072190-7ff8-40cd-9d1f-dad8370f6c2e tempest-ServerRescueNegativeTestJSON-492776185 tempest-ServerRescueNegativeTestJSON-492776185-project] Attributes excluded by policy engine: ['standard_attr_id', 'binding:profile', 'binding:host_id', 'binding:vif_type', 'binding:vif_details'] {{(pid=104015) _exclude_attributes_by_policy /opt/stack/neutron/neutron/pecan_wsgi/hooks/policy_enforcement.py:259}}
Aug 07 22:33:36.861132 dv-cinder-850321-3-smb neutron-server[104015]: INFO neutron.wsgi [req-89e2e56f-cde7-4d56-afd3-b1631dc7a850 req-e2072190-7ff8-40cd-9d1f-dad8370f6c2e tempest-ServerRescueNegativeTestJSON-492776185 tempest-ServerRescueNegativeTestJSON-492776185-project] 10.222.0.15 "GET /networking/v2.0/ports?device_id=b0563f30-4bbc-4f0a-9fc9-bf7feaf11327 HTTP/1.1" status: 200 len: 943 time: 0.0704634
Aug 07 22:33:36.868405 dv-cinder-850321-3-smb neutron-server[104015]: DEBUG dbcounter [-] [104015] Writing DB stats neutron:SELECT=95,neutron:INSERT=5 {{(pid=104015) stat_writer /usr/local/lib/python3.8/dist-packages/dbcounter.py:114}}
Aug 07 22:33:36.910036 dv-cinder-850321-3-smb neutron-server[104015]: INFO neutron.wsgi [req-04aed541-a475-4da0-ba91-a605e4056d5b req-921254dd-76f5-460d-a136-ae1454febd2b tempest-DeleteServersTestJSON-1573289134 tempest-DeleteServersTestJSON-1573289134-project] 10.222.0.15 "GET /networking/v2.0/security-groups?id=1d6a0e2d-1b1c-4647-beea-681fd6c449d0&fields=id&fields=name HTTP/1.1" status: 200 len: 286 time: 0.1103363
Aug 07 22:33:36.944403 dv-cinder-850321-3-smb neutron-server[104017]: DEBUG neutron.plugins.ml2.rpc [None req-5057cf17-9328-4695-8e11-9e08a1949c8d None None] Device 3eca5f7c-be43-4dd6-ad12-4d2987c5422a details requested by agent hyperv_hv-cinder-85032 with host hv-cinder-85032 {{(pid=104017) get_device_details /opt/stack/neutron/neutron/plugins/ml2/rpc.py:102}}
Aug 07 22:33:36.959869 dv-cinder-850321-3-smb neutron-server[104015]: INFO neutron.wsgi [req-89e2e56f-cde7-4d56-afd3-b1631dc7a850 req-63ae5876-4b61-47d8-9a0e-4a7676c5c3d0 tempest-ServerRescueNegativeTestJSON-492776185 tempest-ServerRescueNegativeTestJSON-492776185-project] 10.222.0.15 "GET /networking/v2.0/security-groups?id=d0b9ff08-bf73-4e41-ab13-a8ff652849cb&fields=id&fields=name HTTP/1.1" status: 200 len: 286 time: 0.0976200
Aug 07 22:33:36.991252 dv-cinder-850321-3-smb neutron-server[104017]: DEBUG neutron.plugins.ml2.rpc [None req-5057cf17-9328-4695-8e11-9e08a1949c8d None None] Device 4d8f6223-ea28-41f2-ba59-d594ef041e6e up at agent hyperv_hv-cinder-85032 {{(pid=104017) update_device_up /opt/stack/neutron/neutron/plugins/ml2/rpc.py:296}}
Aug 07 22:33:37.096637 dv-cinder-850321-3-smb neutron-server[104017]: DEBUG neutron.db.provisioning_blocks [None req-5057cf17-9328-4695-8e11-9e08a1949c8d None None] Provisioning for port 4d8f6223-ea28-41f2-ba59-d594ef041e6e completed by entity L2. {{(pid=104017) provisioning_complete /opt/stack/neutron/neutron/db/provisioning_blocks.py:137}}
Aug 07 22:33:37.112572 dv-cinder-850321-3-smb neutron-server[104017]: DEBUG neutron.db.provisioning_blocks [None req-5057cf17-9328-4695-8e11-9e08a1949c8d None None] Provisioning complete for port 4d8f6223-ea28-41f2-ba59-d594ef041e6e triggered by entity L2. {{(pid=104017) provisioning_complete /opt/stack/neutron/neutron/db/provisioning_blocks.py:145}}
Aug 07 22:33:37.113058 dv-cinder-850321-3-smb neutron-server[104017]: DEBUG neutron_lib.callbacks.manager [None req-5057cf17-9328-4695-8e11-9e08a1949c8d None None] Publish callbacks ['neutron.plugins.ml2.plugin.Ml2Plugin._port_provisioned-877634'] for port (4d8f6223-ea28-41f2-ba59-d594ef041e6e), provisioning_complete {{(pid=104017) _notify_loop /usr/local/lib/python3.8/dist-packages/neutron_lib/callbacks/manager.py:176}}
Aug 07 22:33:37.120822 dv-cinder-850321-3-smb neutron-server[104015]: DEBUG neutron.wsgi [-] (104015) accepted ('10.222.0.15', 33772) {{(pid=104015) server /usr/local/lib/python3.8/dist-packages/eventlet/wsgi.py:1004}}
Aug 07 22:33:37.151441 dv-cinder-850321-3-smb neutron-server[104017]: DEBUG neutron.plugins.ml2.db [None req-5057cf17-9328-4695-8e11-9e08a1949c8d None None] For port 3eca5f7c-be43-4dd6-ad12-4d2987c5422a, host hv-cinder-85032, got binding levels [PortBindingLevel(driver='hyperv',host='hv-cinder-85032',level=0,port_id=3eca5f7c-be43-4dd6-ad12-4d2987c5422a,segment=NetworkSegment(29165d77-307c-49ab-aa80-a6a28bb94581),segment_id=29165d77-307c-49ab-aa80-a6a28bb94581)] {{(pid=104017) get_binding_level_objs /opt/stack/neutron/neutron/plugins/ml2/db.py:74}}
Aug 07 22:33:37.172514 dv-cinder-850321-3-smb neutron-server[104017]: DEBUG neutron.plugins.ml2.rpc [None req-5057cf17-9328-4695-8e11-9e08a1949c8d None None] Returning: {'device': '3eca5f7c-be43-4dd6-ad12-4d2987c5422a', 'network_id': '1469a86a-09f9-4d0c-89d0-874dc5594594', 'port_id': '3eca5f7c-be43-4dd6-ad12-4d2987c5422a', 'mac_address': 'fa:16:3e:a2:14:56', 'admin_state_up': True, 'network_type': 'vlan', 'segmentation_id': 129, 'physical_network': 'physnet1', 'mtu': 1500, 'fixed_ips': [{'subnet_id': '559c7a59-ed9d-48df-bf5b-2b63fa69ec96', 'ip_address': '172.20.0.7'}], 'device_owner': 'compute:nova', 'allowed_address_pairs': [], 'port_security_enabled': True, 'qos_policy_id': None, 'qos_network_policy_id': None, 'profile': {}, 'propagate_uplink_status': False} {{(pid=104017) _get_device_details /opt/stack/neutron/neutron/plugins/ml2/rpc.py:184}}
Aug 07 22:33:37.219503 dv-cinder-850321-3-smb neutron-server[104017]: DEBUG neutron.plugins.ml2.plugin [None req-5057cf17-9328-4695-8e11-9e08a1949c8d None None] Current status of the port 3eca5f7c-be43-4dd6-ad12-4d2987c5422a is: DOWN; New status is: BUILD {{(pid=104017) _update_individual_port_db_status /opt/stack/neutron/neutron/plugins/ml2/plugin.py:2292}}
Aug 07 22:33:37.219891 dv-cinder-850321-3-smb neutron-server[104017]: DEBUG neutron_lib.callbacks.manager [None req-5057cf17-9328-4695-8e11-9e08a1949c8d None None] Publish callbacks ['neutron.plugins.ml2.plugin.SecurityGroupDbMixin._ensure_default_security_group_handler-1002469'] for port (3eca5f7c-be43-4dd6-ad12-4d2987c5422a), before_update {{(pid=104017) _notify_loop /usr/local/lib/python3.8/dist-packages/neutron_lib/callbacks/manager.py:176}}
Aug 07 22:33:37.258553 dv-cinder-850321-3-smb neutron-server[104017]: DEBUG neutron.notifiers.nova [None req-5057cf17-9328-4695-8e11-9e08a1949c8d None None] Ignoring state change previous_port_status: DOWN current_port_status: BUILD port_id 3eca5f7c-be43-4dd6-ad12-4d2987c5422a {{(pid=104017) record_port_status_changed /opt/stack/neutron/neutron/notifiers/nova.py:233}}
Aug 07 22:33:37.264401 dv-cinder-850321-3-smb neutron-server[104017]: DEBUG dbcounter [-] [104017] Writing DB stats neutron:SELECT=97,neutron:UPDATE=3 {{(pid=104017) stat_writer /usr/local/lib/python3.8/dist-packages/dbcounter.py:114}}
Aug 07 22:33:37.290574 dv-cinder-850321-3-smb neutron-server[104017]: DEBUG neutron.plugins.ml2.plugin [None req-5057cf17-9328-4695-8e11-9e08a1949c8d None None] Current status of the port 4d8f6223-ea28-41f2-ba59-d594ef041e6e is: BUILD; New status is: ACTIVE {{(pid=104017) _update_individual_port_db_status /opt/stack/neutron/neutron/plugins/ml2/plugin.py:2292}}
Aug 07 22:33:37.291012 dv-cinder-850321-3-smb neutron-server[104017]: DEBUG neutron_lib.callbacks.manager [None req-5057cf17-9328-4695-8e11-9e08a1949c8d None None] Publish callbacks ['neutron.plugins.ml2.plugin.SecurityGroupDbMixin._ensure_default_security_group_handler-1002469'] for port (4d8f6223-ea28-41f2-ba59-d594ef041e6e), before_update {{(pid=104017) _notify_loop /usr/local/lib/python3.8/dist-packages/neutron_lib/callbacks/manager.py:176}}
Aug 07 22:33:37.295888 dv-cinder-850321-3-smb neutron-server[104017]: DEBUG neutron.plugins.ml2.db [None req-5057cf17-9328-4695-8e11-9e08a1949c8d None None] For port 3eca5f7c-be43-4dd6-ad12-4d2987c5422a, host hv-cinder-85032, got binding levels [PortBindingLevel(driver='hyperv',host='hv-cinder-85032',level=0,port_id=3eca5f7c-be43-4dd6-ad12-4d2987c5422a,segment=NetworkSegment(29165d77-307c-49ab-aa80-a6a28bb94581),segment_id=29165d77-307c-49ab-aa80-a6a28bb94581)] {{(pid=104017) get_binding_level_objs /opt/stack/neutron/neutron/plugins/ml2/db.py:74}}
Aug 07 22:33:37.307524 dv-cinder-850321-3-smb neutron-server[104017]: DEBUG neutron_lib.callbacks.manager [None req-5057cf17-9328-4695-8e11-9e08a1949c8d None None] Publish callbacks ['neutron.plugins.ml2.plugin.SecurityGroupServerNotifierRpcMixin._notify_sg_on_port_change-1002404', 'neutron.plugins.ml2.ovo_rpc._ObjectChangeHandler.handle_event-222476', 'neutron.api.rpc.agentnotifiers.dhcp_rpc_agent_api.DhcpAgentNotifyAPI._native_event_send_dhcp_notification-1579128', 'neutron.db.l3_db.L3RpcNotifierMixin._notify_gateway_port_ip_changed-8769342911461', 'neutron.db.l3_dvrscheduler_db._notify_l3_agent_port_update-8769342510722', 'neutron.db.l3_hascheduler_db._notify_l3_agent_ha_port_update-8769342510740'] for port (3eca5f7c-be43-4dd6-ad12-4d2987c5422a), after_update {{(pid=104017) _notify_loop /usr/local/lib/python3.8/dist-packages/neutron_lib/callbacks/manager.py:176}}
Aug 07 22:33:37.344765 dv-cinder-850321-3-smb neutron-server[104017]: DEBUG neutron.notifiers.nova [-] Sending events: [{'server_uuid': '41b5b8b4-b919-4fce-ab0c-130bdfe1f103', 'name': 'network-vif-plugged', 'status': 'completed', 'tag': '4d8f6223-ea28-41f2-ba59-d594ef041e6e'}] {{(pid=104017) send_events /opt/stack/neutron/neutron/notifiers/nova.py:271}}
Aug 07 22:33:37.439914 dv-cinder-850321-3-smb neutron-server[104017]: DEBUG neutron.plugins.ml2.db [None req-5057cf17-9328-4695-8e11-9e08a1949c8d None None] For port 4d8f6223-ea28-41f2-ba59-d594ef041e6e, host hv-cinder-85032, got binding levels [PortBindingLevel(driver='hyperv',host='hv-cinder-85032',level=0,port_id=4d8f6223-ea28-41f2-ba59-d594ef041e6e,segment=NetworkSegment(29165d77-307c-49ab-aa80-a6a28bb94581),segment_id=29165d77-307c-49ab-aa80-a6a28bb94581)] {{(pid=104017) get_binding_level_objs /opt/stack/neutron/neutron/plugins/ml2/db.py:74}}
Aug 07 22:33:37.450684 dv-cinder-850321-3-smb neutron-server[104017]: DEBUG neutron_lib.callbacks.manager [None req-5057cf17-9328-4695-8e11-9e08a1949c8d None None] Publish callbacks ['neutron.plugins.ml2.plugin.SecurityGroupServerNotifierRpcMixin._notify_sg_on_port_change-1002404', 'neutron.plugins.ml2.ovo_rpc._ObjectChangeHandler.handle_event-222476', 'neutron.api.rpc.agentnotifiers.dhcp_rpc_agent_api.DhcpAgentNotifyAPI._native_event_send_dhcp_notification-1579128', 'neutron.db.l3_db.L3RpcNotifierMixin._notify_gateway_port_ip_changed-8769342911461', 'neutron.db.l3_dvrscheduler_db._notify_l3_agent_port_update-8769342510722', 'neutron.db.l3_hascheduler_db._notify_l3_agent_ha_port_update-8769342510740'] for port (4d8f6223-ea28-41f2-ba59-d594ef041e6e), after_update {{(pid=104017) _notify_loop /usr/local/lib/python3.8/dist-packages/neutron_lib/callbacks/manager.py:176}}
Aug 07 22:33:37.455549 dv-cinder-850321-3-smb neutron-server[104017]: DEBUG neutron.api.rpc.handlers.resources_rpc [None req-5057cf17-9328-4695-8e11-9e08a1949c8d None None] Pushing event updated for resources: {'Port': ['ID=3eca5f7c-be43-4dd6-ad12-4d2987c5422a,revision_number=4']} {{(pid=104017) push /opt/stack/neutron/neutron/api/rpc/handlers/resources_rpc.py:237}}
Aug 07 22:33:37.520564 dv-cinder-850321-3-smb neutron-server[104017]: DEBUG neutron.api.rpc.handlers.resources_rpc [None req-5057cf17-9328-4695-8e11-9e08a1949c8d None None] Pushing event updated for resources: {'Port': ['ID=4d8f6223-ea28-41f2-ba59-d594ef041e6e,revision_number=5']} {{(pid=104017) push /opt/stack/neutron/neutron/api/rpc/handlers/resources_rpc.py:237}}
Aug 07 22:33:37.636433 dv-cinder-850321-3-smb neutron-server[104017]: DEBUG novaclient.v2.client [-] REQ: curl -g -i --cacert "/opt/stack/data/ca-bundle.pem" -X POST http://10.222.0.15/compute/v2.1/os-server-external-events -H "Accept: application/json" -H "Content-Type: application/json" -H "User-Agent: python-novaclient" -H "X-Auth-Token: {SHA256}6a168ad1444b34a3820a06bbe62a9e79af3e01df397c9880e75da3af9f8424d7" -H "X-OpenStack-Nova-API-Version: 2.1" -H "X-OpenStack-Request-ID: req-50460a51-114c-4d46-8c97-b93b5f4083cb" -d '{"events": [{"server_uuid": "41b5b8b4-b919-4fce-ab0c-130bdfe1f103", "name": "network-vif-plugged", "status": "completed", "tag": "4d8f6223-ea28-41f2-ba59-d594ef041e6e"}]}' {{(pid=104017) _http_log_request /usr/local/lib/python3.8/dist-packages/keystoneauth1/session.py:519}}
Aug 07 22:33:37.713621 dv-cinder-850321-3-smb neutron-server[104016]: DEBUG neutron.api.v2.base [req-cdcd0aba-a055-49c1-ac28-32cb683d178d req-4fb85b5b-1824-475b-bb69-b9bf02b5ed85 tempest-AttachVolumeNegativeTest-572335619 tempest-AttachVolumeNegativeTest-572335619-project] Request body: {'port': {'device_id': '810a2b2d-552e-47ad-8171-3e45acecb453', 'network_id': 'e286b03d-b550-406d-aad9-95778b1df977', 'admin_state_up': True, 'tenant_id': 'deeb373bbc2f4eb7a0fe70ca05d82552', 'security_groups': ['ea0da2be-7758-46b9-80fa-922bb11f1157']}} {{(pid=104016) prepare_request_body /opt/stack/neutron/neutron/api/v2/base.py:730}}
Aug 07 22:33:37.716165 dv-cinder-850321-3-smb neutron-server[104015]: DEBUG neutron_lib.callbacks.manager [None req-bfb24d47-db22-4e02-9c5a-e627a09ea47d admin admin] Publish callbacks [] for security_group (None), before_create {{(pid=104015) _notify_loop /usr/local/lib/python3.8/dist-packages/neutron_lib/callbacks/manager.py:176}}
Aug 07 22:33:37.726285 dv-cinder-850321-3-smb neutron-server[104016]: DEBUG neutron.pecan_wsgi.hooks.policy_enforcement [req-f5a51662-b966-45cb-acbe-1fe701296d2f req-7dcc6b6b-1d8d-4c8e-83bc-f1616525258b service neutron] Attributes excluded by policy engine: ['standard_attr_id', 'shared', 'segment_id'] {{(pid=104016) _exclude_attributes_by_policy /opt/stack/neutron/neutron/pecan_wsgi/hooks/policy_enforcement.py:259}}
Aug 07 22:33:37.727748 dv-cinder-850321-3-smb neutron-server[104016]: INFO neutron.wsgi [req-f5a51662-b966-45cb-acbe-1fe701296d2f req-7dcc6b6b-1d8d-4c8e-83bc-f1616525258b service neutron] 10.222.0.36 "GET /networking/v2.0/subnets?id=559c7a59-ed9d-48df-bf5b-2b63fa69ec96 HTTP/1.1" status: 200 len: 857 time: 0.0766749
Aug 07 22:33:37.741172 dv-cinder-850321-3-smb neutron-server[104017]: DEBUG neutron.plugins.ml2.db [None req-5057cf17-9328-4695-8e11-9e08a1949c8d None None] get_ports_and_sgs() called for port_ids ['3eca5f7c-be43-4dd6-ad12-4d2987c5422a'] {{(pid=104017) get_ports_and_sgs /opt/stack/neutron/neutron/plugins/ml2/db.py:156}}
Aug 07 22:33:37.834753 dv-cinder-850321-3-smb neutron-server[104015]: DEBUG neutron.pecan_wsgi.hooks.policy_enforcement [req-42243c23-0609-40b2-89c5-1cfa7b44087d req-e7cf6e1b-7dec-4acc-ba83-0e22d970dd73 tempest-AttachVolumeShelveTestJSON-701490745 tempest-AttachVolumeShelveTestJSON-701490745-project] Attributes excluded by policy engine: ['standard_attr_id', 'binding:profile', 'binding:host_id', 'binding:vif_type', 'binding:vif_details'] {{(pid=104015) _exclude_attributes_by_policy /opt/stack/neutron/neutron/pecan_wsgi/hooks/policy_enforcement.py:259}}
Aug 07 22:33:37.838453 dv-cinder-850321-3-smb neutron-server[104016]: DEBUG neutron.pecan_wsgi.hooks.policy_enforcement [req-04d690d7-3e2c-4555-8cfe-f07c348b1a03 req-c932bdd4-bea3-4a11-a284-a2e1f6d1457f service neutron] Attributes excluded by policy engine: ['standard_attr_id', 'shared', 'segment_id'] {{(pid=104016) _exclude_attributes_by_policy /opt/stack/neutron/neutron/pecan_wsgi/hooks/policy_enforcement.py:259}}
Aug 07 22:33:37.840939 dv-cinder-850321-3-smb neutron-server[104016]: INFO neutron.wsgi [req-04d690d7-3e2c-4555-8cfe-f07c348b1a03 req-c932bdd4-bea3-4a11-a284-a2e1f6d1457f service neutron] 10.222.0.36 "GET /networking/v2.0/subnets?id=c9b07fe4-3274-4ed8-a672-7332ee9239fe HTTP/1.1" status: 200 len: 849 time: 0.1317935
Aug 07 22:33:37.844813 dv-cinder-850321-3-smb neutron-server[104015]: INFO neutron.wsgi [req-42243c23-0609-40b2-89c5-1cfa7b44087d req-e7cf6e1b-7dec-4acc-ba83-0e22d970dd73 tempest-AttachVolumeShelveTestJSON-701490745 tempest-AttachVolumeShelveTestJSON-701490745-project] 10.222.0.15 "GET /networking/v2.0/ports?device_id=de1993bb-757e-4589-bca1-2429e2aa4540 HTTP/1.1" status: 200 len: 944 time: 0.1457143
Aug 07 22:33:37.901662 dv-cinder-850321-3-smb neutron-server[104015]: DEBUG neutron.pecan_wsgi.hooks.policy_enforcement [req-d8c0ba0f-6560-4ed2-aef3-181b53ed1c37 req-33520d6d-e8d1-4044-92db-39a86e2c1b12 service neutron] Attributes excluded by policy engine: ['standard_attr_id'] {{(pid=104015) _exclude_attributes_by_policy /opt/stack/neutron/neutron/pecan_wsgi/hooks/policy_enforcement.py:259}}
Aug 07 22:33:37.903867 dv-cinder-850321-3-smb neutron-server[104015]: INFO neutron.wsgi [req-d8c0ba0f-6560-4ed2-aef3-181b53ed1c37 req-33520d6d-e8d1-4044-92db-39a86e2c1b12 service neutron] 10.222.0.36 "GET /networking/v2.0/ports?tenant_id=611a6c918a44414db285b1a4f478ccb7&device_id=01e0fbff-0c13-4bb5-a179-c2a1696a0c3a HTTP/1.1" status: 200 len: 1127 time: 0.2078788
Aug 07 22:33:37.904116 dv-cinder-850321-3-smb neutron-server[104016]: DEBUG neutron.pecan_wsgi.hooks.quota_enforcement [req-cdcd0aba-a055-49c1-ac28-32cb683d178d req-4fb85b5b-1824-475b-bb69-b9bf02b5ed85 tempest-AttachVolumeNegativeTest-572335619 tempest-AttachVolumeNegativeTest-572335619-project] Made reservation on behalf of deeb373bbc2f4eb7a0fe70ca05d82552 for: {'port': 1} {{(pid=104016) before /opt/stack/neutron/neutron/pecan_wsgi/hooks/quota_enforcement.py:53}}
Aug 07 22:33:37.910639 dv-cinder-850321-3-smb neutron-server[104016]: DEBUG neutron_lib.callbacks.manager [req-cdcd0aba-a055-49c1-ac28-32cb683d178d req-4fb85b5b-1824-475b-bb69-b9bf02b5ed85 tempest-AttachVolumeNegativeTest-572335619 tempest-AttachVolumeNegativeTest-572335619-project] Publish callbacks ['neutron.plugins.ml2.plugin.SecurityGroupDbMixin._ensure_default_security_group_handler-1002469'] for port (None), before_create {{(pid=104016) _notify_loop /usr/local/lib/python3.8/dist-packages/neutron_lib/callbacks/manager.py:176}}
Aug 07 22:33:37.917667 dv-cinder-850321-3-smb neutron-server[104015]: DEBUG neutron.pecan_wsgi.hooks.policy_enforcement [req-039ec2df-dc2f-42ba-8800-1200704d44c5 req-a9a0702d-6861-48c4-8bb0-a1fb8da4606a tempest-AttachVolumeTestJSON-154182229 tempest-AttachVolumeTestJSON-154182229-project] Attributes excluded by policy engine: ['standard_attr_id', 'binding:profile', 'binding:host_id', 'binding:vif_type', 'binding:vif_details'] {{(pid=104015) _exclude_attributes_by_policy /opt/stack/neutron/neutron/pecan_wsgi/hooks/policy_enforcement.py:259}}
Aug 07 22:33:37.919306 dv-cinder-850321-3-smb neutron-server[104015]: INFO neutron.wsgi [req-039ec2df-dc2f-42ba-8800-1200704d44c5 req-a9a0702d-6861-48c4-8bb0-a1fb8da4606a tempest-AttachVolumeTestJSON-154182229 tempest-AttachVolumeTestJSON-154182229-project] 10.222.0.15 "GET /networking/v2.0/ports?device_id=aaaef929-48f1-4ab7-ac82-dce08f5ef54d HTTP/1.1" status: 200 len: 944 time: 0.2221818
Aug 07 22:33:37.967698 dv-cinder-850321-3-smb neutron-server[104015]: INFO neutron.wsgi [req-42243c23-0609-40b2-89c5-1cfa7b44087d req-e2ff27a7-880a-4fd3-a444-14d2e9f38b99 tempest-AttachVolumeShelveTestJSON-701490745 tempest-AttachVolumeShelveTestJSON-701490745-project] 10.222.0.15 "GET /networking/v2.0/security-groups?id=e5d7753e-c662-48ab-b6b1-bad2ee0f6bd3&fields=id&fields=name HTTP/1.1" status: 200 len: 313 time: 0.1217151
Aug 07 22:33:37.987306 dv-cinder-850321-3-smb neutron-server[104015]: DEBUG neutron.pecan_wsgi.hooks.policy_enforcement [req-170b5eb5-3844-4ac7-a78c-369a7d77d42b req-df02e0c3-36a8-44c2-9958-f62a35d9c32e service neutron] Attributes excluded by policy engine: ['standard_attr_id', 'shared'] {{(pid=104015) _exclude_attributes_by_policy /opt/stack/neutron/neutron/pecan_wsgi/hooks/policy_enforcement.py:259}}
Aug 07 22:33:37.987306 dv-cinder-850321-3-smb neutron-server[104015]: INFO neutron.wsgi [req-170b5eb5-3844-4ac7-a78c-369a7d77d42b req-df02e0c3-36a8-44c2-9958-f62a35d9c32e service neutron] 10.222.0.36 "GET /networking/v2.0/subnets?id=559c7a59-ed9d-48df-bf5b-2b63fa69ec96 HTTP/1.1" status: 200 len: 857 time: 0.2792125
Aug 07 22:33:38.077604 dv-cinder-850321-3-smb neutron-server[104016]: DEBUG dbcounter [-] [104016] Writing DB stats neutron:SELECT=84,neutron:DELETE=4,neutron:INSERT=11,neutron:UPDATE=1 {{(pid=104016) stat_writer /usr/local/lib/python3.8/dist-packages/dbcounter.py:114}}
Aug 07 22:33:38.082575 dv-cinder-850321-3-smb neutron-server[104015]: INFO neutron.wsgi [req-039ec2df-dc2f-42ba-8800-1200704d44c5 req-ef64dd3b-e2f2-4b62-a4c5-2770632d7388 tempest-AttachVolumeTestJSON-154182229 tempest-AttachVolumeTestJSON-154182229-project] 10.222.0.15 "GET /networking/v2.0/security-groups?id=c5d27e1e-9bdd-472a-ad14-4d2782c6101a&fields=id&fields=name HTTP/1.1" status: 200 len: 313 time: 0.1336675
Aug 07 22:33:38.099744 dv-cinder-850321-3-smb neutron-server[104016]: DEBUG neutron.db.db_base_plugin_common [req-cdcd0aba-a055-49c1-ac28-32cb683d178d req-4fb85b5b-1824-475b-bb69-b9bf02b5ed85 tempest-AttachVolumeNegativeTest-572335619 tempest-AttachVolumeNegativeTest-572335619-project] Allocated IP 172.20.0.12 (e286b03d-b550-406d-aad9-95778b1df977/89db1f3c-8983-4a3c-81ae-41c76b61fd1c/c0403e8f-4633-4f70-8e9c-914efcf5d755) {{(pid=104016) _store_ip_allocation /opt/stack/neutron/neutron/db/db_base_plugin_common.py:131}}
Aug 07 22:33:38.113705 dv-cinder-850321-3-smb neutron-server[104015]: INFO neutron.wsgi [req-821ce97a-5879-49e7-b033-a741462a28e0 req-131e09a9-ac84-46ba-89a8-a79ebb6c88b6 tempest-AttachVolumeNegativeTest-572335619 tempest-AttachVolumeNegativeTest-572335619-project] 10.222.0.15 "GET /networking/v2.0/ports?device_id=810a2b2d-552e-47ad-8171-3e45acecb453 HTTP/1.1" status: 200 len: 210 time: 0.0486848
Aug 07 22:33:38.161503 dv-cinder-850321-3-smb neutron-server[104015]: DEBUG neutron_lib.callbacks.manager [None req-bfb24d47-db22-4e02-9c5a-e627a09ea47d admin admin] Publish callbacks [] for security_group (1588a0e8-a78d-466f-ba5a-7cfe6555f6c8), precommit_create {{(pid=104015) _notify_loop /usr/local/lib/python3.8/dist-packages/neutron_lib/callbacks/manager.py:176}}
Aug 07 22:33:38.168748 dv-cinder-850321-3-smb neutron-server[104015]: DEBUG neutron_lib.callbacks.manager [None req-bfb24d47-db22-4e02-9c5a-e627a09ea47d admin admin] Publish callbacks ['neutron.plugins.ml2.ovo_rpc._ObjectChangeHandler.handle_event-1915775'] for security_group (1588a0e8-a78d-466f-ba5a-7cfe6555f6c8), after_create {{(pid=104015) _notify_loop /usr/local/lib/python3.8/dist-packages/neutron_lib/callbacks/manager.py:176}}
Aug 07 22:33:38.227834 dv-cinder-850321-3-smb neutron-server[104015]: DEBUG neutron.api.rpc.handlers.resources_rpc [None req-bfb24d47-db22-4e02-9c5a-e627a09ea47d admin admin] Pushing event updated for resources: {'SecurityGroup': ['ID=1588a0e8-a78d-466f-ba5a-7cfe6555f6c8,revision_number=1']} {{(pid=104015) push /opt/stack/neutron/neutron/api/rpc/handlers/resources_rpc.py:237}}
Aug 07 22:33:38.234381 dv-cinder-850321-3-smb neutron-server[104015]: INFO neutron.wsgi [None req-bfb24d47-db22-4e02-9c5a-e627a09ea47d admin admin] 10.222.0.15 "GET /networking/v2.0/security-groups?tenant_id=ec47dfed10dd4f63971577875b2b4b10&name=default HTTP/1.1" status: 200 len: 2996 time: 1.1111891
Aug 07 22:33:38.239515 dv-cinder-850321-3-smb neutron-server[104016]: DEBUG neutron.wsgi [-] (104016) accepted ('10.222.0.15', 33826) {{(pid=104016) server /usr/local/lib/python3.8/dist-packages/eventlet/wsgi.py:1004}}
Aug 07 22:33:38.298017 dv-cinder-850321-3-smb neutron-server[104015]: DEBUG neutron.pecan_wsgi.hooks.policy_enforcement [req-c940e6e8-0b52-4247-8942-f4580a8eeaba req-9eb27c44-3337-4553-8071-dd06029aa1d8 tempest-DeleteServersTestJSON-1573289134 tempest-DeleteServersTestJSON-1573289134-project] Attributes excluded by policy engine: ['standard_attr_id', 'binding:profile', 'binding:host_id', 'binding:vif_type', 'binding:vif_details'] {{(pid=104015) _exclude_attributes_by_policy /opt/stack/neutron/neutron/pecan_wsgi/hooks/policy_enforcement.py:259}}
Aug 07 22:33:38.304028 dv-cinder-850321-3-smb neutron-server[104015]: INFO neutron.wsgi [req-c940e6e8-0b52-4247-8942-f4580a8eeaba req-9eb27c44-3337-4553-8071-dd06029aa1d8 tempest-DeleteServersTestJSON-1573289134 tempest-DeleteServersTestJSON-1573289134-project] 10.222.0.15 "GET /networking/v2.0/ports?device_id=01e0fbff-0c13-4bb5-a179-c2a1696a0c3a HTTP/1.1" status: 200 len: 943 time: 0.0969634
Aug 07 22:33:38.348495 dv-cinder-850321-3-smb neutron-server[104017]: DEBUG novaclient.v2.client [-] RESP: [200] Connection: close Content-Length: 183 Content-Type: application/json Date: Sun, 07 Aug 2022 22:33:37 GMT OpenStack-API-Version: compute 2.1 Server: Apache/2.4.41 (Ubuntu) Vary: OpenStack-API-Version,X-OpenStack-Nova-API-Version X-OpenStack-Nova-API-Version: 2.1 x-compute-request-id: req-e82c56f4-6de1-4692-9dd9-f54ad05ab628 x-openstack-request-id: req-e82c56f4-6de1-4692-9dd9-f54ad05ab628 {{(pid=104017) _http_log_response /usr/local/lib/python3.8/dist-packages/keystoneauth1/session.py:550}}
Aug 07 22:33:38.348990 dv-cinder-850321-3-smb neutron-server[104017]: DEBUG novaclient.v2.client [-] RESP BODY: {"events": [{"server_uuid": "41b5b8b4-b919-4fce-ab0c-130bdfe1f103", "name": "network-vif-plugged", "status": "completed", "tag": "4d8f6223-ea28-41f2-ba59-d594ef041e6e", "code": 200}]} {{(pid=104017) _http_log_response /usr/local/lib/python3.8/dist-packages/keystoneauth1/session.py:582}}
Aug 07 22:33:38.349100 dv-cinder-850321-3-smb neutron-server[104017]: DEBUG novaclient.v2.client [-] POST call to compute for http://10.222.0.15/compute/v2.1/os-server-external-events used request id req-e82c56f4-6de1-4692-9dd9-f54ad05ab628 {{(pid=104017) request /usr/local/lib/python3.8/dist-packages/keystoneauth1/session.py:954}}
Aug 07 22:33:38.349530 dv-cinder-850321-3-smb neutron-server[104017]: INFO neutron.notifiers.nova [-] Nova event matching ['req-e82c56f4-6de1-4692-9dd9-f54ad05ab628'] response: {'server_uuid': '41b5b8b4-b919-4fce-ab0c-130bdfe1f103', 'name': 'network-vif-plugged', 'status': 'completed', 'tag': '4d8f6223-ea28-41f2-ba59-d594ef041e6e', 'code': 200}
Aug 07 22:33:38.362502 dv-cinder-850321-3-smb neutron-server[104016]: DEBUG neutron_lib.callbacks.manager [None req-035bfece-9892-4612-b083-9ffe776532bb admin admin] Publish callbacks [] for security_group (1588a0e8-a78d-466f-ba5a-7cfe6555f6c8), before_delete {{(pid=104016) _notify_loop /usr/local/lib/python3.8/dist-packages/neutron_lib/callbacks/manager.py:176}}
Aug 07 22:33:38.363963 dv-cinder-850321-3-smb neutron-server[104016]: DEBUG dbcounter [-] [104016] Writing DB stats neutron:SELECT=89,neutron:INSERT=5,neutron:DELETE=2,neutron:UPDATE=4 {{(pid=104016) stat_writer /usr/local/lib/python3.8/dist-packages/dbcounter.py:114}}
Aug 07 22:33:38.378312 dv-cinder-850321-3-smb neutron-server[104016]: DEBUG neutron_lib.callbacks.manager [req-cdcd0aba-a055-49c1-ac28-32cb683d178d req-4fb85b5b-1824-475b-bb69-b9bf02b5ed85 tempest-AttachVolumeNegativeTest-572335619 tempest-AttachVolumeNegativeTest-572335619-project] Publish callbacks [] for port (c0403e8f-4633-4f70-8e9c-914efcf5d755), precommit_create {{(pid=104016) _notify_loop /usr/local/lib/python3.8/dist-packages/neutron_lib/callbacks/manager.py:176}}
Aug 07 22:33:38.390551 dv-cinder-850321-3-smb neutron-server[104015]: INFO neutron.wsgi [req-c940e6e8-0b52-4247-8942-f4580a8eeaba req-80d8da5a-fc43-4b7b-90ca-24e01f3146d8 tempest-DeleteServersTestJSON-1573289134 tempest-DeleteServersTestJSON-1573289134-project] 10.222.0.15 "GET /networking/v2.0/security-groups?id=1d6a0e2d-1b1c-4647-beea-681fd6c449d0&fields=id&fields=name HTTP/1.1" status: 200 len: 286 time: 0.0792184
Aug 07 22:33:38.408769 dv-cinder-850321-3-smb neutron-server[104016]: DEBUG neutron_lib.callbacks.manager [None req-035bfece-9892-4612-b083-9ffe776532bb admin admin] Publish callbacks [] for security_group (1588a0e8-a78d-466f-ba5a-7cfe6555f6c8), precommit_delete {{(pid=104016) _notify_loop /usr/local/lib/python3.8/dist-packages/neutron_lib/callbacks/manager.py:176}}
Aug 07 22:33:38.443592 dv-cinder-850321-3-smb neutron-server[104015]: DEBUG dbcounter [-] [104015] Writing DB stats neutron:SELECT=94,neutron:INSERT=6 {{(pid=104015) stat_writer /usr/local/lib/python3.8/dist-packages/dbcounter.py:114}}
Aug 07 22:33:38.459225 dv-cinder-850321-3-smb neutron-server[104015]: DEBUG neutron.pecan_wsgi.hooks.policy_enforcement [req-cf980041-566e-4fc8-bb7e-56ef9a9fbd53 req-1e3e92a0-6b69-42d3-b8bb-04fd441462ca tempest-ServerRescueNegativeTestJSON-492776185 tempest-ServerRescueNegativeTestJSON-492776185-project] Attributes excluded by policy engine: ['standard_attr_id', 'binding:profile', 'binding:host_id', 'binding:vif_type', 'binding:vif_details'] {{(pid=104015) _exclude_attributes_by_policy /opt/stack/neutron/neutron/pecan_wsgi/hooks/policy_enforcement.py:259}}
Aug 07 22:33:38.461018 dv-cinder-850321-3-smb neutron-server[104015]: INFO neutron.wsgi [req-cf980041-566e-4fc8-bb7e-56ef9a9fbd53 req-1e3e92a0-6b69-42d3-b8bb-04fd441462ca tempest-ServerRescueNegativeTestJSON-492776185 tempest-ServerRescueNegativeTestJSON-492776185-project] 10.222.0.15 "GET /networking/v2.0/ports?device_id=b0563f30-4bbc-4f0a-9fc9-bf7feaf11327 HTTP/1.1" status: 200 len: 944 time: 0.0559163
Aug 07 22:33:38.464302 dv-cinder-850321-3-smb neutron-server[104016]: DEBUG neutron_lib.callbacks.manager [req-cdcd0aba-a055-49c1-ac28-32cb683d178d req-4fb85b5b-1824-475b-bb69-b9bf02b5ed85 tempest-AttachVolumeNegativeTest-572335619 tempest-AttachVolumeNegativeTest-572335619-project] Publish callbacks ['neutron.plugins.ml2.plugin.SecurityGroupServerNotifierRpcMixin._notify_sg_on_port_change-1002404', 'neutron.plugins.ml2.ovo_rpc._ObjectChangeHandler.handle_event-222476', 'neutron.api.rpc.agentnotifiers.dhcp_rpc_agent_api.DhcpAgentNotifyAPI._native_event_send_dhcp_notification-1579128', 'neutron.db.l3_dvrscheduler_db._notify_l3_agent_new_port-8769342510704', 'neutron.services.segments.plugin.NovaSegmentNotifier._notify_port_created_or_deleted-13270875'] for port (c0403e8f-4633-4f70-8e9c-914efcf5d755), after_create {{(pid=104016) _notify_loop /usr/local/lib/python3.8/dist-packages/neutron_lib/callbacks/manager.py:176}}
Aug 07 22:33:38.514402 dv-cinder-850321-3-smb neutron-server[104015]: INFO neutron.wsgi [req-cf980041-566e-4fc8-bb7e-56ef9a9fbd53 req-2a4d0997-4c32-465f-9a88-96ab2a0eee9d tempest-ServerRescueNegativeTestJSON-492776185 tempest-ServerRescueNegativeTestJSON-492776185-project] 10.222.0.15 "GET /networking/v2.0/security-groups?id=d0b9ff08-bf73-4e41-ab13-a8ff652849cb&fields=id&fields=name HTTP/1.1" status: 200 len: 286 time: 0.0473742
Aug 07 22:33:38.517016 dv-cinder-850321-3-smb neutron-server[104016]: DEBUG neutron_lib.callbacks.manager [None req-035bfece-9892-4612-b083-9ffe776532bb admin admin] Publish callbacks ['neutron.plugins.ml2.ovo_rpc._ObjectChangeHandler.handle_event-1915775'] for security_group (1588a0e8-a78d-466f-ba5a-7cfe6555f6c8), after_delete {{(pid=104016) _notify_loop /usr/local/lib/python3.8/dist-packages/neutron_lib/callbacks/manager.py:176}}
Aug 07 22:33:38.519544 dv-cinder-850321-3-smb neutron-server[104016]: DEBUG neutron_lib.callbacks.manager [None req-035bfece-9892-4612-b083-9ffe776532bb admin admin] Publish callbacks [] for security_group (None), before_response {{(pid=104016) _notify_loop /usr/local/lib/python3.8/dist-packages/neutron_lib/callbacks/manager.py:176}}
Aug 07 22:33:38.520660 dv-cinder-850321-3-smb neutron-server[104016]: INFO neutron.wsgi [None req-035bfece-9892-4612-b083-9ffe776532bb admin admin] 10.222.0.15 "DELETE /networking/v2.0/security-groups/1588a0e8-a78d-466f-ba5a-7cfe6555f6c8 HTTP/1.1" status: 204 len: 168 time: 0.2801528
Aug 07 22:33:38.523240 dv-cinder-850321-3-smb neutron-server[104016]: DEBUG neutron.scheduler.dhcp_agent_scheduler [req-cdcd0aba-a055-49c1-ac28-32cb683d178d req-4fb85b5b-1824-475b-bb69-b9bf02b5ed85 tempest-AttachVolumeNegativeTest-572335619 tempest-AttachVolumeNegativeTest-572335619-project] Network e286b03d-b550-406d-aad9-95778b1df977 is already hosted by enough agents. {{(pid=104016) _get_dhcp_agents_hosting_network /opt/stack/neutron/neutron/scheduler/dhcp_agent_scheduler.py:275}}
Aug 07 22:33:38.536428 dv-cinder-850321-3-smb neutron-server[104016]: DEBUG neutron.scheduler.base_scheduler [req-cdcd0aba-a055-49c1-ac28-32cb683d178d req-4fb85b5b-1824-475b-bb69-b9bf02b5ed85 tempest-AttachVolumeNegativeTest-572335619 tempest-AttachVolumeNegativeTest-572335619-project] Resources bound (agent type, host, resource id): {{(pid=104016) schedule /opt/stack/neutron/neutron/scheduler/base_scheduler.py:57}}
Aug 07 22:33:38.538904 dv-cinder-850321-3-smb neutron-server[104016]: DEBUG neutron.api.rpc.handlers.resources_rpc [None req-4fb85b5b-1824-475b-bb69-b9bf02b5ed85 tempest-AttachVolumeNegativeTest-572335619 tempest-AttachVolumeNegativeTest-572335619-project] Pushing event updated for resources: {'Port': ['ID=c0403e8f-4633-4f70-8e9c-914efcf5d755,revision_number=1']} {{(pid=104016) push /opt/stack/neutron/neutron/api/rpc/handlers/resources_rpc.py:237}}
Aug 07 22:33:38.540997 dv-cinder-850321-3-smb neutron-server[104016]: DEBUG neutron.api.rpc.handlers.resources_rpc [None req-035bfece-9892-4612-b083-9ffe776532bb admin admin] Pushing event deleted for resources: {'SecurityGroup': ['ID=1588a0e8-a78d-466f-ba5a-7cfe6555f6c8,revision_number=None']} {{(pid=104016) push /opt/stack/neutron/neutron/api/rpc/handlers/resources_rpc.py:237}}
Aug 07 22:33:38.543693 dv-cinder-850321-3-smb neutron-server[104016]: DEBUG neutron.db.l3_dvrscheduler_db [req-cdcd0aba-a055-49c1-ac28-32cb683d178d req-4fb85b5b-1824-475b-bb69-b9bf02b5ed85 tempest-AttachVolumeNegativeTest-572335619 tempest-AttachVolumeNegativeTest-572335619-project] Received port after_create {{(pid=104016) _notify_l3_agent_new_port /opt/stack/neutron/neutron/db/l3_dvrscheduler_db.py:542}}
Aug 07 22:33:38.594722 dv-cinder-850321-3-smb neutron-server[104016]: DEBUG neutron.pecan_wsgi.hooks.policy_enforcement [req-cdcd0aba-a055-49c1-ac28-32cb683d178d req-4fb85b5b-1824-475b-bb69-b9bf02b5ed85 tempest-AttachVolumeNegativeTest-572335619 tempest-AttachVolumeNegativeTest-572335619-project] Attributes excluded by policy engine: ['standard_attr_id', 'binding:profile', 'binding:host_id', 'binding:vif_type', 'binding:vif_details', 'network'] {{(pid=104016) _exclude_attributes_by_policy /opt/stack/neutron/neutron/pecan_wsgi/hooks/policy_enforcement.py:259}}
Aug 07 22:33:38.595405 dv-cinder-850321-3-smb neutron-server[104016]: DEBUG neutron_lib.callbacks.manager [req-cdcd0aba-a055-49c1-ac28-32cb683d178d req-4fb85b5b-1824-475b-bb69-b9bf02b5ed85 tempest-AttachVolumeNegativeTest-572335619 tempest-AttachVolumeNegativeTest-572335619-project] Publish callbacks ['neutron.notifiers.nova.Notifier._send_nova_notification-202475', 'neutron.api.rpc.agentnotifiers.dhcp_rpc_agent_api.DhcpAgentNotifyAPI._send_dhcp_notification-1579118'] for port (None), before_response {{(pid=104016) _notify_loop /usr/local/lib/python3.8/dist-packages/neutron_lib/callbacks/manager.py:176}}
Aug 07 22:33:38.615424 dv-cinder-850321-3-smb neutron-server[104016]: INFO neutron.wsgi [req-cdcd0aba-a055-49c1-ac28-32cb683d178d req-4fb85b5b-1824-475b-bb69-b9bf02b5ed85 tempest-AttachVolumeNegativeTest-572335619 tempest-AttachVolumeNegativeTest-572335619-project] 10.222.0.36 "POST /networking/v2.0/ports HTTP/1.1" status: 201 len: 934 time: 0.9057572
Aug 07 22:33:38.852044 dv-cinder-850321-3-smb neutron-server[104017]: DEBUG neutron.db.provisioning_blocks [None req-f954c34c-bbb4-4a41-bf86-62680c007753 None None] Provisioning complete for port c0403e8f-4633-4f70-8e9c-914efcf5d755 triggered by entity DHCP. {{(pid=104017) provisioning_complete /opt/stack/neutron/neutron/db/provisioning_blocks.py:145}}
Aug 07 22:33:38.852225 dv-cinder-850321-3-smb neutron-server[104017]: DEBUG neutron_lib.callbacks.manager [None req-f954c34c-bbb4-4a41-bf86-62680c007753 None None] Publish callbacks ['neutron.plugins.ml2.plugin.Ml2Plugin._port_provisioned-877634'] for port (c0403e8f-4633-4f70-8e9c-914efcf5d755), provisioning_complete {{(pid=104017) _notify_loop /usr/local/lib/python3.8/dist-packages/neutron_lib/callbacks/manager.py:176}}
Aug 07 22:33:38.887143 dv-cinder-850321-3-smb neutron-server[104017]: DEBUG neutron.plugins.ml2.plugin [None req-f954c34c-bbb4-4a41-bf86-62680c007753 None None] Port c0403e8f-4633-4f70-8e9c-914efcf5d755 cannot update to ACTIVE because it is not bound. {{(pid=104017) _port_provisioned /opt/stack/neutron/neutron/plugins/ml2/plugin.py:348}}
Aug 07 22:33:38.923930 dv-cinder-850321-3-smb neutron-server[104016]: DEBUG neutron.wsgi [-] (104016) accepted ('10.222.0.15', 33844) {{(pid=104016) server /usr/local/lib/python3.8/dist-packages/eventlet/wsgi.py:1004}}
Aug 07 22:33:38.937613 dv-cinder-850321-3-smb neutron-server[104016]: DEBUG neutron_lib.callbacks.manager [None req-c3802ea2-4a82-4e98-b82f-ce5c3fac6154 admin admin] Publish callbacks [] for security_group (None), before_create {{(pid=104016) _notify_loop /usr/local/lib/python3.8/dist-packages/neutron_lib/callbacks/manager.py:176}}
Aug 07 22:33:38.938547 dv-cinder-850321-3-smb neutron-server[104017]: DEBUG neutron.plugins.ml2.rpc [None req-5057cf17-9328-4695-8e11-9e08a1949c8d None None] Device 68fbd8c7-3f7f-49e1-8374-f4ac06c01b92 details requested by agent hyperv_hv-cinder-85032 with host hv-cinder-85032 {{(pid=104017) get_device_details /opt/stack/neutron/neutron/plugins/ml2/rpc.py:102}}
Aug 07 22:33:38.943586 dv-cinder-850321-3-smb neutron-server[104017]: DEBUG dbcounter [-] [104017] Writing DB stats neutron:SELECT=96,neutron:DELETE=1,neutron:UPDATE=3 {{(pid=104017) stat_writer /usr/local/lib/python3.8/dist-packages/dbcounter.py:114}}
Aug 07 22:33:38.953929 dv-cinder-850321-3-smb neutron-server[104017]: DEBUG neutron.plugins.ml2.rpc [None req-5057cf17-9328-4695-8e11-9e08a1949c8d None None] Device 3eca5f7c-be43-4dd6-ad12-4d2987c5422a up at agent hyperv_hv-cinder-85032 {{(pid=104017) update_device_up /opt/stack/neutron/neutron/plugins/ml2/rpc.py:296}}
Aug 07 22:33:39.044524 dv-cinder-850321-3-smb neutron-server[104016]: DEBUG neutron_lib.callbacks.manager [None req-c3802ea2-4a82-4e98-b82f-ce5c3fac6154 admin admin] Publish callbacks [] for security_group (6b85e1cd-d843-40c9-b1e9-41fa1f2f6a76), precommit_create {{(pid=104016) _notify_loop /usr/local/lib/python3.8/dist-packages/neutron_lib/callbacks/manager.py:176}}
Aug 07 22:33:39.055710 dv-cinder-850321-3-smb neutron-server[104017]: DEBUG neutron.db.provisioning_blocks [None req-5057cf17-9328-4695-8e11-9e08a1949c8d None None] Provisioning for port 3eca5f7c-be43-4dd6-ad12-4d2987c5422a completed by entity L2. {{(pid=104017) provisioning_complete /opt/stack/neutron/neutron/db/provisioning_blocks.py:137}}
Aug 07 22:33:39.059689 dv-cinder-850321-3-smb neutron-server[104016]: DEBUG neutron_lib.callbacks.manager [None req-c3802ea2-4a82-4e98-b82f-ce5c3fac6154 admin admin] Publish callbacks ['neutron.plugins.ml2.ovo_rpc._ObjectChangeHandler.handle_event-1915775'] for security_group (6b85e1cd-d843-40c9-b1e9-41fa1f2f6a76), after_create {{(pid=104016) _notify_loop /usr/local/lib/python3.8/dist-packages/neutron_lib/callbacks/manager.py:176}}
Aug 07 22:33:39.068062 dv-cinder-850321-3-smb neutron-server[104017]: DEBUG neutron.db.provisioning_blocks [None req-5057cf17-9328-4695-8e11-9e08a1949c8d None None] Provisioning complete for port 3eca5f7c-be43-4dd6-ad12-4d2987c5422a triggered by entity L2. {{(pid=104017) provisioning_complete /opt/stack/neutron/neutron/db/provisioning_blocks.py:145}}
Aug 07 22:33:39.068666 dv-cinder-850321-3-smb neutron-server[104017]: DEBUG neutron_lib.callbacks.manager [None req-5057cf17-9328-4695-8e11-9e08a1949c8d None None] Publish callbacks ['neutron.plugins.ml2.plugin.Ml2Plugin._port_provisioned-877634'] for port (3eca5f7c-be43-4dd6-ad12-4d2987c5422a), provisioning_complete {{(pid=104017) _notify_loop /usr/local/lib/python3.8/dist-packages/neutron_lib/callbacks/manager.py:176}}
Aug 07 22:33:39.105091 dv-cinder-850321-3-smb neutron-server[104015]: DEBUG neutron.pecan_wsgi.hooks.policy_enforcement [req-2b6b23bd-afb2-4bd0-b00a-35a660feea60 req-986009b5-c13b-4821-8371-bacf2f1415ce tempest-AttachVolumeShelveTestJSON-701490745 tempest-AttachVolumeShelveTestJSON-701490745-project] Attributes excluded by policy engine: ['standard_attr_id', 'binding:profile', 'binding:host_id', 'binding:vif_type', 'binding:vif_details'] {{(pid=104015) _exclude_attributes_by_policy /opt/stack/neutron/neutron/pecan_wsgi/hooks/policy_enforcement.py:259}}
Aug 07 22:33:39.106211 dv-cinder-850321-3-smb neutron-server[104016]: DEBUG neutron.api.rpc.handlers.resources_rpc [None req-c3802ea2-4a82-4e98-b82f-ce5c3fac6154 admin admin] Pushing event updated for resources: {'SecurityGroup': ['ID=6b85e1cd-d843-40c9-b1e9-41fa1f2f6a76,revision_number=1']} {{(pid=104016) push /opt/stack/neutron/neutron/api/rpc/handlers/resources_rpc.py:237}}
Aug 07 22:33:39.113397 dv-cinder-850321-3-smb neutron-server[104015]: INFO neutron.wsgi [req-2b6b23bd-afb2-4bd0-b00a-35a660feea60 req-986009b5-c13b-4821-8371-bacf2f1415ce tempest-AttachVolumeShelveTestJSON-701490745 tempest-AttachVolumeShelveTestJSON-701490745-project] 10.222.0.15 "GET /networking/v2.0/ports?device_id=de1993bb-757e-4589-bca1-2429e2aa4540 HTTP/1.1" status: 200 len: 944 time: 0.0650914
Aug 07 22:33:39.133360 dv-cinder-850321-3-smb neutron-server[104017]: DEBUG neutron.plugins.ml2.db [None req-5057cf17-9328-4695-8e11-9e08a1949c8d None None] For port 68fbd8c7-3f7f-49e1-8374-f4ac06c01b92, host hv-cinder-85032, got binding levels [PortBindingLevel(driver='hyperv',host='hv-cinder-85032',level=0,port_id=68fbd8c7-3f7f-49e1-8374-f4ac06c01b92,segment=NetworkSegment(3b1212f5-5d07-4421-aeac-b23a60c98505),segment_id=3b1212f5-5d07-4421-aeac-b23a60c98505)] {{(pid=104017) get_binding_level_objs /opt/stack/neutron/neutron/plugins/ml2/db.py:74}}
Aug 07 22:33:39.147559 dv-cinder-850321-3-smb neutron-server[104016]: DEBUG dbcounter [-] [104016] Writing DB stats neutron:SELECT=85,neutron:INSERT=8,neutron:DELETE=6,neutron:UPDATE=1 {{(pid=104016) stat_writer /usr/local/lib/python3.8/dist-packages/dbcounter.py:114}}
Aug 07 22:33:39.153666 dv-cinder-850321-3-smb neutron-server[104016]: INFO neutron.wsgi [None req-c3802ea2-4a82-4e98-b82f-ce5c3fac6154 admin admin] 10.222.0.15 "GET /networking/v2.0/security-groups?tenant_id=06a3dc440f6049c68dd67a7baf779550&name=default HTTP/1.1" status: 200 len: 2996 time: 0.2284300
Aug 07 22:33:39.154814 dv-cinder-850321-3-smb neutron-server[104017]: DEBUG neutron.plugins.ml2.rpc [None req-5057cf17-9328-4695-8e11-9e08a1949c8d None None] Returning: {'device': '68fbd8c7-3f7f-49e1-8374-f4ac06c01b92', 'network_id': 'aa7489ff-7a49-4c42-ad0e-24d519d0af39', 'port_id': '68fbd8c7-3f7f-49e1-8374-f4ac06c01b92', 'mac_address': 'fa:16:3e:df:c5:02', 'admin_state_up': True, 'network_type': 'vlan', 'segmentation_id': 117, 'physical_network': 'physnet1', 'mtu': 1500, 'fixed_ips': [{'subnet_id': '03b49e17-ac7e-42ef-9da0-0ff545483b26', 'ip_address': '172.20.0.7'}], 'device_owner': 'compute:nova', 'allowed_address_pairs': [], 'port_security_enabled': True, 'qos_policy_id': None, 'qos_network_policy_id': None, 'profile': {}, 'propagate_uplink_status': False} {{(pid=104017) _get_device_details /opt/stack/neutron/neutron/plugins/ml2/rpc.py:184}}
Aug 07 22:33:39.157992 dv-cinder-850321-3-smb neutron-server[104016]: DEBUG neutron.wsgi [-] (104016) accepted ('10.222.0.15', 33858) {{(pid=104016) server /usr/local/lib/python3.8/dist-packages/eventlet/wsgi.py:1004}}
Aug 07 22:33:39.195369 dv-cinder-850321-3-smb neutron-server[104015]: INFO neutron.wsgi [req-2b6b23bd-afb2-4bd0-b00a-35a660feea60 req-a5244f80-2781-4a54-9307-c12ac77c3b0b tempest-AttachVolumeShelveTestJSON-701490745 tempest-AttachVolumeShelveTestJSON-701490745-project] 10.222.0.15 "GET /networking/v2.0/security-groups?id=e5d7753e-c662-48ab-b6b1-bad2ee0f6bd3&fields=id&fields=name HTTP/1.1" status: 200 len: 313 time: 0.0806210
Aug 07 22:33:39.251830 dv-cinder-850321-3-smb neutron-server[104016]: DEBUG neutron_lib.callbacks.manager [None req-48895aa4-1c6a-40bb-9e41-b7160665a3a2 admin admin] Publish callbacks [] for security_group (6b85e1cd-d843-40c9-b1e9-41fa1f2f6a76), before_delete {{(pid=104016) _notify_loop /usr/local/lib/python3.8/dist-packages/neutron_lib/callbacks/manager.py:176}}
