Jul 21 12:16:32.640049 dv-cinder-850321-1-iscsi devstack@c-api.service[111083]: DEBUG cinder.api.api_utils [None req-ed2586ad-fa66-4152-89f3-c4d1d9814ddb tempest-GroupSnapshotsTest-1065185462 tempest-GroupSnapshotsTest-1065185462-project] Removing options '' from query. {{(pid=111083) remove_invalid_filter_options /opt/stack/cinder/cinder/api/api_utils.py:83}}
Jul 21 12:16:32.644146 dv-cinder-850321-1-iscsi devstack@c-api.service[111083]: DEBUG cinder.volume.api [None req-ed2586ad-fa66-4152-89f3-c4d1d9814ddb tempest-GroupSnapshotsTest-1065185462 tempest-GroupSnapshotsTest-1065185462-project] Searching by: MultiDict([('no_migration_targets', True)]). {{(pid=111083) get_all /opt/stack/cinder/cinder/volume/api.py:664}}
Jul 21 12:16:32.791014 dv-cinder-850321-1-iscsi devstack@c-api.service[111083]: INFO cinder.volume.api [None req-ed2586ad-fa66-4152-89f3-c4d1d9814ddb tempest-GroupSnapshotsTest-1065185462 tempest-GroupSnapshotsTest-1065185462-project] Get all volumes completed successfully.
Jul 21 12:16:32.797162 dv-cinder-850321-1-iscsi devstack@c-api.service[111083]: WARNING stevedore.named [None req-ed2586ad-fa66-4152-89f3-c4d1d9814ddb tempest-GroupSnapshotsTest-1065185462 tempest-GroupSnapshotsTest-1065185462-project] Could not load cinder.keymgr.conf_key_mgr.ConfKeyManager
Jul 21 12:16:32.798257 dv-cinder-850321-1-iscsi devstack@c-api.service[111083]: WARNING castellan.key_manager [None req-ed2586ad-fa66-4152-89f3-c4d1d9814ddb tempest-GroupSnapshotsTest-1065185462 tempest-GroupSnapshotsTest-1065185462-project] Deprecation Warning : cinder.keymgr.conf_key_mgr.ConfKeyManager is not a stevedore based driver, trying to load it as a class: stevedore.exception.NoMatches: No 'castellan.drivers' driver found, looking for 'cinder.keymgr.conf_key_mgr.ConfKeyManager'
Jul 21 12:16:32.812865 dv-cinder-850321-1-iscsi devstack@c-api.service[111083]: DEBUG oslo_db.sqlalchemy.engines [None req-ed2586ad-fa66-4152-89f3-c4d1d9814ddb tempest-GroupSnapshotsTest-1065185462 tempest-GroupSnapshotsTest-1065185462-project] MySQL server mode set to STRICT_TRANS_TABLES,STRICT_ALL_TABLES,NO_ZERO_IN_DATE,NO_ZERO_DATE,ERROR_FOR_DIVISION_BY_ZERO,TRADITIONAL,NO_ENGINE_SUBSTITUTION {{(pid=111083) _check_effective_sql_mode /usr/local/lib/python3.8/dist-packages/oslo_db/sqlalchemy/engines.py:314}}
Jul 21 12:16:32.825750 dv-cinder-850321-1-iscsi devstack@c-api.service[111083]: /usr/local/lib/python3.8/dist-packages/oslo_context/context.py:100: DeprecationWarning: Policy enforcement is depending on the value of is_admin. This key is deprecated. Please update your policy file to use the standard policy values.
Jul 21 12:16:32.825750 dv-cinder-850321-1-iscsi devstack@c-api.service[111083]: warnings.warn('Policy enforcement is depending on the value of '
Jul 21 12:16:32.840189 dv-cinder-850321-1-iscsi devstack@c-api.service[111083]: WARNING stevedore.named [None req-ed2586ad-fa66-4152-89f3-c4d1d9814ddb tempest-GroupSnapshotsTest-1065185462 tempest-GroupSnapshotsTest-1065185462-project] Could not load cinder.keymgr.conf_key_mgr.ConfKeyManager
Jul 21 12:16:32.840846 dv-cinder-850321-1-iscsi devstack@c-api.service[111083]: WARNING castellan.key_manager [None req-ed2586ad-fa66-4152-89f3-c4d1d9814ddb tempest-GroupSnapshotsTest-1065185462 tempest-GroupSnapshotsTest-1065185462-project] Deprecation Warning : cinder.keymgr.conf_key_mgr.ConfKeyManager is not a stevedore based driver, trying to load it as a class: stevedore.exception.NoMatches: No 'castellan.drivers' driver found, looking for 'cinder.keymgr.conf_key_mgr.ConfKeyManager'
Jul 21 12:16:32.859673 dv-cinder-850321-1-iscsi devstack@c-api.service[111083]: DEBUG oslo_db.sqlalchemy.engines [None req-ed2586ad-fa66-4152-89f3-c4d1d9814ddb tempest-GroupSnapshotsTest-1065185462 tempest-GroupSnapshotsTest-1065185462-project] MySQL server mode set to STRICT_TRANS_TABLES,STRICT_ALL_TABLES,NO_ZERO_IN_DATE,NO_ZERO_DATE,ERROR_FOR_DIVISION_BY_ZERO,TRADITIONAL,NO_ENGINE_SUBSTITUTION {{(pid=111083) _check_effective_sql_mode /usr/local/lib/python3.8/dist-packages/oslo_db/sqlalchemy/engines.py:314}}
Jul 21 12:16:32.867351 dv-cinder-850321-1-iscsi devstack@c-api.service[111083]: /usr/local/lib/python3.8/dist-packages/oslo_context/context.py:100: DeprecationWarning: Policy enforcement is depending on the value of is_admin. This key is deprecated. Please update your policy file to use the standard policy values.
Jul 21 12:16:32.867351 dv-cinder-850321-1-iscsi devstack@c-api.service[111083]: warnings.warn('Policy enforcement is depending on the value of '
Jul 21 12:16:32.908664 dv-cinder-850321-1-iscsi devstack@c-api.service[111083]: INFO cinder.api.openstack.wsgi [None req-ed2586ad-fa66-4152-89f3-c4d1d9814ddb tempest-GroupSnapshotsTest-1065185462 tempest-GroupSnapshotsTest-1065185462-project] http://10.222.0.18/volume/v3/4895f8bbde1c465bbc451c6122df7dd5/volumes/detail returned with HTTP 200
Jul 21 12:16:32.911962 dv-cinder-850321-1-iscsi devstack@c-api.service[111083]: [pid: 111083|app: 0|req: 126/272] 10.222.0.18 () {60 vars in 1275 bytes} [Thu Jul 21 12:16:32 2022] GET /volume/v3/4895f8bbde1c465bbc451c6122df7dd5/volumes/detail => generated 1993 bytes in 283 msecs (HTTP/1.1 200) 7 headers in 287 bytes (1 switches on core 0)
Jul 21 12:16:32.934082 dv-cinder-850321-1-iscsi devstack@c-api.service[111084]: DEBUG cinder.api.middleware.request_id [None req-85aad979-f099-4787-a266-5e6a8eb0268c None None] RequestId filter calling following filter/app {{(pid=111084) _context_setter /opt/stack/cinder/cinder/api/middleware/request_id.py:62}}
Jul 21 12:16:32.940130 dv-cinder-850321-1-iscsi devstack@c-api.service[111084]: INFO cinder.api.openstack.wsgi [None req-85aad979-f099-4787-a266-5e6a8eb0268c tempest-GroupSnapshotsTest-1065185462 tempest-GroupSnapshotsTest-1065185462-project] POST http://10.222.0.18/volume/v3/4895f8bbde1c465bbc451c6122df7dd5/groups/abde8683-eaf9-47ef-b8c7-acdb8bcf7855/action
Jul 21 12:16:32.941223 dv-cinder-850321-1-iscsi devstack@c-api.service[111084]: DEBUG cinder.api.openstack.wsgi [None req-85aad979-f099-4787-a266-5e6a8eb0268c tempest-GroupSnapshotsTest-1065185462 tempest-GroupSnapshotsTest-1065185462-project] Action body: b'{"delete": {"delete-volumes": true}}' {{(pid=111084) get_method /opt/stack/cinder/cinder/api/openstack/wsgi.py:983}}
Jul 21 12:16:32.941713 dv-cinder-850321-1-iscsi devstack@c-api.service[111084]: DEBUG cinder.api.openstack.wsgi [None req-85aad979-f099-4787-a266-5e6a8eb0268c tempest-GroupSnapshotsTest-1065185462 tempest-GroupSnapshotsTest-1065185462-project] Action: 'action', calling method: delete_group, body: {"delete": {"delete-volumes": true}} {{(pid=111084) _process_stack /opt/stack/cinder/cinder/api/openstack/wsgi.py:866}}
Jul 21 12:16:32.947104 dv-cinder-850321-1-iscsi devstack@c-api.service[111084]: DEBUG cinder.api.v3.groups [None req-85aad979-f099-4787-a266-5e6a8eb0268c tempest-GroupSnapshotsTest-1065185462 tempest-GroupSnapshotsTest-1065185462-project] delete called for group abde8683-eaf9-47ef-b8c7-acdb8bcf7855 {{(pid=111084) _delete /opt/stack/cinder/cinder/api/v3/groups.py:117}}
Jul 21 12:16:32.947732 dv-cinder-850321-1-iscsi devstack@c-api.service[111084]: INFO cinder.api.v3.groups [None req-85aad979-f099-4787-a266-5e6a8eb0268c tempest-GroupSnapshotsTest-1065185462 tempest-GroupSnapshotsTest-1065185462-project] Delete group with id: abde8683-eaf9-47ef-b8c7-acdb8bcf7855
Jul 21 12:16:32.958081 dv-cinder-850321-1-iscsi devstack@c-api.service[111084]: /usr/local/lib/python3.8/dist-packages/oslo_context/context.py:100: DeprecationWarning: Policy enforcement is depending on the value of is_admin. This key is deprecated. Please update your policy file to use the standard policy values.
Jul 21 12:16:32.958081 dv-cinder-850321-1-iscsi devstack@c-api.service[111084]: warnings.warn('Policy enforcement is depending on the value of '
Jul 21 12:16:33.070979 dv-cinder-850321-1-iscsi devstack@c-api.service[111084]: INFO cinder.api.openstack.wsgi [None req-85aad979-f099-4787-a266-5e6a8eb0268c tempest-GroupSnapshotsTest-1065185462 tempest-GroupSnapshotsTest-1065185462-project] http://10.222.0.18/volume/v3/4895f8bbde1c465bbc451c6122df7dd5/groups/abde8683-eaf9-47ef-b8c7-acdb8bcf7855/action returned with HTTP 202
Jul 21 12:16:33.075679 dv-cinder-850321-1-iscsi devstack@c-api.service[111084]: [pid: 111084|app: 0|req: 147/273] 10.222.0.18 () {62 vars in 1404 bytes} [Thu Jul 21 12:16:32 2022] POST /volume/v3/4895f8bbde1c465bbc451c6122df7dd5/groups/abde8683-eaf9-47ef-b8c7-acdb8bcf7855/action => generated 0 bytes in 141 msecs (HTTP/1.1 202) 6 headers in 234 bytes (1 switches on core 0)
Jul 21 12:16:33.080515 dv-cinder-850321-1-iscsi devstack@c-api.service[111083]: DEBUG cinder.api.middleware.request_id [None req-7aff4d98-fcf4-412b-bbee-dfe73c36a8ca None None] RequestId filter calling following filter/app {{(pid=111083) _context_setter /opt/stack/cinder/cinder/api/middleware/request_id.py:62}}
Jul 21 12:16:33.088891 dv-cinder-850321-1-iscsi devstack@c-api.service[111084]: DEBUG cinder.api.middleware.request_id [None req-c14d9370-f176-4ea2-9213-7dc25dea563d None None] RequestId filter calling following filter/app {{(pid=111084) _context_setter /opt/stack/cinder/cinder/api/middleware/request_id.py:62}}
Jul 21 12:16:33.091291 dv-cinder-850321-1-iscsi devstack@c-api.service[111083]: INFO cinder.api.openstack.wsgi [None req-7aff4d98-fcf4-412b-bbee-dfe73c36a8ca tempest-GroupSnapshotsTest-1065185462 tempest-GroupSnapshotsTest-1065185462-project] GET http://10.222.0.18/volume/v3/4895f8bbde1c465bbc451c6122df7dd5/volumes/c190a6bd-bb68-4265-bbad-094ae45415d3
Jul 21 12:16:33.093531 dv-cinder-850321-1-iscsi devstack@c-api.service[111083]: DEBUG cinder.api.openstack.wsgi [None req-7aff4d98-fcf4-412b-bbee-dfe73c36a8ca tempest-GroupSnapshotsTest-1065185462 tempest-GroupSnapshotsTest-1065185462-project] Empty body provided in request {{(pid=111083) get_body /opt/stack/cinder/cinder/api/openstack/wsgi.py:715}}
Jul 21 12:16:33.094553 dv-cinder-850321-1-iscsi devstack@c-api.service[111083]: DEBUG cinder.api.openstack.wsgi [None req-7aff4d98-fcf4-412b-bbee-dfe73c36a8ca tempest-GroupSnapshotsTest-1065185462 tempest-GroupSnapshotsTest-1065185462-project] Calling method 'show' {{(pid=111083) _process_stack /opt/stack/cinder/cinder/api/openstack/wsgi.py:868}}
Jul 21 12:16:33.114816 dv-cinder-850321-1-iscsi devstack@c-api.service[111084]: INFO cinder.api.openstack.wsgi [None req-c14d9370-f176-4ea2-9213-7dc25dea563d tempest-VolumesActionsTest-536899069 tempest-VolumesActionsTest-536899069-project] GET http://10.222.0.18/volume/v3/60a80724abf045729000dc9fb8a2440e/volumes/2c927f21-9a6b-4d0d-9f91-d80605a4d033
Jul 21 12:16:33.116228 dv-cinder-850321-1-iscsi devstack@c-api.service[111084]: DEBUG cinder.api.openstack.wsgi [None req-c14d9370-f176-4ea2-9213-7dc25dea563d tempest-VolumesActionsTest-536899069 tempest-VolumesActionsTest-536899069-project] Empty body provided in request {{(pid=111084) get_body /opt/stack/cinder/cinder/api/openstack/wsgi.py:715}}
Jul 21 12:16:33.117100 dv-cinder-850321-1-iscsi devstack@c-api.service[111084]: DEBUG cinder.api.openstack.wsgi [None req-c14d9370-f176-4ea2-9213-7dc25dea563d tempest-VolumesActionsTest-536899069 tempest-VolumesActionsTest-536899069-project] Calling method 'show' {{(pid=111084) _process_stack /opt/stack/cinder/cinder/api/openstack/wsgi.py:868}}
Jul 21 12:16:33.136599 dv-cinder-850321-1-iscsi devstack@c-api.service[111083]: /usr/local/lib/python3.8/dist-packages/oslo_context/context.py:100: DeprecationWarning: Policy enforcement is depending on the value of is_admin. This key is deprecated. Please update your policy file to use the standard policy values.
Jul 21 12:16:33.136599 dv-cinder-850321-1-iscsi devstack@c-api.service[111083]: warnings.warn('Policy enforcement is depending on the value of '
Jul 21 12:16:33.137275 dv-cinder-850321-1-iscsi devstack@c-api.service[111084]: INFO cinder.api.openstack.wsgi [None req-c14d9370-f176-4ea2-9213-7dc25dea563d tempest-VolumesActionsTest-536899069 tempest-VolumesActionsTest-536899069-project] http://10.222.0.18/volume/v3/60a80724abf045729000dc9fb8a2440e/volumes/2c927f21-9a6b-4d0d-9f91-d80605a4d033 returned with HTTP 404
Jul 21 12:16:33.139360 dv-cinder-850321-1-iscsi devstack@c-api.service[111084]: [pid: 111084|app: 0|req: 148/274] 10.222.0.18 () {58 vars in 1324 bytes} [Thu Jul 21 12:16:33 2022] GET /volume/v3/60a80724abf045729000dc9fb8a2440e/volumes/2c927f21-9a6b-4d0d-9f91-d80605a4d033 => generated 109 bytes in 52 msecs (HTTP/1.1 404) 7 headers in 292 bytes (2 switches on core 0)
Jul 21 12:16:33.150026 dv-cinder-850321-1-iscsi devstack@c-api.service[111084]: DEBUG cinder.api.middleware.request_id [None req-e56d63a2-7f65-436a-b1c9-f9048916e985 None None] RequestId filter calling following filter/app {{(pid=111084) _context_setter /opt/stack/cinder/cinder/api/middleware/request_id.py:62}}
Jul 21 12:16:33.162195 dv-cinder-850321-1-iscsi devstack@c-api.service[111084]: INFO cinder.api.openstack.wsgi [None req-e56d63a2-7f65-436a-b1c9-f9048916e985 tempest-VolumesActionsTest-536899069 tempest-VolumesActionsTest-536899069-project] POST http://10.222.0.18/volume/v3/60a80724abf045729000dc9fb8a2440e/volumes
Jul 21 12:16:33.163207 dv-cinder-850321-1-iscsi devstack@c-api.service[111084]: DEBUG cinder.api.openstack.wsgi [None req-e56d63a2-7f65-436a-b1c9-f9048916e985 tempest-VolumesActionsTest-536899069 tempest-VolumesActionsTest-536899069-project] Action: 'create', calling method: create, body: {"volume": {"size": 1, "name": "tempest-VolumesActionsTest-Volume-2075045728"}} {{(pid=111084) _process_stack /opt/stack/cinder/cinder/api/openstack/wsgi.py:866}}
Jul 21 12:16:33.166664 dv-cinder-850321-1-iscsi devstack@c-api.service[111084]: DEBUG cinder.api.v3.volumes [None req-e56d63a2-7f65-436a-b1c9-f9048916e985 tempest-VolumesActionsTest-536899069 tempest-VolumesActionsTest-536899069-project] Create volume request body: {'volume': {'size': 1, 'name': 'tempest-VolumesActionsTest-Volume-2075045728'}} {{(pid=111084) create /opt/stack/cinder/cinder/api/v3/volumes.py:298}}
Jul 21 12:16:33.166862 dv-cinder-850321-1-iscsi devstack@c-api.service[111083]: INFO cinder.volume.api [None req-7aff4d98-fcf4-412b-bbee-dfe73c36a8ca tempest-GroupSnapshotsTest-1065185462 tempest-GroupSnapshotsTest-1065185462-project] Volume info retrieved successfully.
Jul 21 12:16:33.167146 dv-cinder-850321-1-iscsi devstack@c-api.service[111084]: INFO cinder.api.v3.volumes [None req-e56d63a2-7f65-436a-b1c9-f9048916e985 tempest-VolumesActionsTest-536899069 tempest-VolumesActionsTest-536899069-project] Create volume of 1 GB
Jul 21 12:16:33.174707 dv-cinder-850321-1-iscsi devstack@c-api.service[111083]: WARNING stevedore.named [None req-7aff4d98-fcf4-412b-bbee-dfe73c36a8ca tempest-GroupSnapshotsTest-1065185462 tempest-GroupSnapshotsTest-1065185462-project] Could not load cinder.keymgr.conf_key_mgr.ConfKeyManager
Jul 21 12:16:33.175351 dv-cinder-850321-1-iscsi devstack@c-api.service[111083]: WARNING castellan.key_manager [None req-7aff4d98-fcf4-412b-bbee-dfe73c36a8ca tempest-GroupSnapshotsTest-1065185462 tempest-GroupSnapshotsTest-1065185462-project] Deprecation Warning : cinder.keymgr.conf_key_mgr.ConfKeyManager is not a stevedore based driver, trying to load it as a class: stevedore.exception.NoMatches: No 'castellan.drivers' driver found, looking for 'cinder.keymgr.conf_key_mgr.ConfKeyManager'
Jul 21 12:16:33.185787 dv-cinder-850321-1-iscsi devstack@c-api.service[111084]: INFO cinder.volume.api [None req-e56d63a2-7f65-436a-b1c9-f9048916e985 tempest-VolumesActionsTest-536899069 tempest-VolumesActionsTest-536899069-project] Availability Zones retrieved successfully.
Jul 21 12:16:33.195796 dv-cinder-850321-1-iscsi devstack@c-api.service[111083]: DEBUG oslo_db.sqlalchemy.engines [None req-7aff4d98-fcf4-412b-bbee-dfe73c36a8ca tempest-GroupSnapshotsTest-1065185462 tempest-GroupSnapshotsTest-1065185462-project] MySQL server mode set to STRICT_TRANS_TABLES,STRICT_ALL_TABLES,NO_ZERO_IN_DATE,NO_ZERO_DATE,ERROR_FOR_DIVISION_BY_ZERO,TRADITIONAL,NO_ENGINE_SUBSTITUTION {{(pid=111083) _check_effective_sql_mode /usr/local/lib/python3.8/dist-packages/oslo_db/sqlalchemy/engines.py:314}}
Jul 21 12:16:33.205767 dv-cinder-850321-1-iscsi devstack@c-api.service[111084]: DEBUG cinder.volume.api [None req-e56d63a2-7f65-436a-b1c9-f9048916e985 tempest-VolumesActionsTest-536899069 tempest-VolumesActionsTest-536899069-project] Flow 'volume_create_api' (b131890e-d49d-44da-945f-17fdb244fede) transitioned into state 'RUNNING' from state 'PENDING' {{(pid=111084) _flow_receiver /usr/local/lib/python3.8/dist-packages/taskflow/listeners/logging.py:141}}
Jul 21 12:16:33.208709 dv-cinder-850321-1-iscsi devstack@c-api.service[111084]: DEBUG cinder.volume.api [None req-e56d63a2-7f65-436a-b1c9-f9048916e985 tempest-VolumesActionsTest-536899069 tempest-VolumesActionsTest-536899069-project] Task 'cinder.volume.flows.api.create_volume.ExtractVolumeRequestTask;volume:create' (b380b217-2179-4c36-91fc-12db670a2c75) transitioned into state 'RUNNING' from state 'PENDING' {{(pid=111084) _task_receiver /usr/local/lib/python3.8/dist-packages/taskflow/listeners/logging.py:190}}
Jul 21 12:16:33.208958 dv-cinder-850321-1-iscsi devstack@c-api.service[111083]: /usr/local/lib/python3.8/dist-packages/oslo_context/context.py:100: DeprecationWarning: Policy enforcement is depending on the value of is_admin. This key is deprecated. Please update your policy file to use the standard policy values.
Jul 21 12:16:33.208958 dv-cinder-850321-1-iscsi devstack@c-api.service[111083]: warnings.warn('Policy enforcement is depending on the value of '
Jul 21 12:16:33.211577 dv-cinder-850321-1-iscsi devstack@c-api.service[111084]: DEBUG cinder.volume.flows.api.create_volume [None req-e56d63a2-7f65-436a-b1c9-f9048916e985 tempest-VolumesActionsTest-536899069 tempest-VolumesActionsTest-536899069-project] Validating volume size '1' using validate_int {{(pid=111084) _extract_size /opt/stack/cinder/cinder/volume/flows/api/create_volume.py:228}}
Jul 21 12:16:33.263948 dv-cinder-850321-1-iscsi devstack@c-api.service[111083]: INFO cinder.api.openstack.wsgi [None req-7aff4d98-fcf4-412b-bbee-dfe73c36a8ca tempest-GroupSnapshotsTest-1065185462 tempest-GroupSnapshotsTest-1065185462-project] http://10.222.0.18/volume/v3/4895f8bbde1c465bbc451c6122df7dd5/volumes/c190a6bd-bb68-4265-bbad-094ae45415d3 returned with HTTP 200
Jul 21 12:16:33.265411 dv-cinder-850321-1-iscsi devstack@c-api.service[111084]: DEBUG cinder.volume.api [None req-e56d63a2-7f65-436a-b1c9-f9048916e985 tempest-VolumesActionsTest-536899069 tempest-VolumesActionsTest-536899069-project] Task 'cinder.volume.flows.api.create_volume.ExtractVolumeRequestTask;volume:create' (b380b217-2179-4c36-91fc-12db670a2c75) transitioned into state 'SUCCESS' from state 'RUNNING' with result '{'size': 1, 'snapshot_id': None, 'source_volid': None, 'volume_type': VolumeType(created_at=2022-07-21T12:04:55Z,deleted=False,deleted_at=None,description='Default Volume Type',extra_specs={},id=dd7c0f21-1072-4491-ae14-69fc84cab109,is_public=True,name='__DEFAULT__',projects=[],qos_specs=,qos_specs_id=None,updated_at=2022-07-21T12:04:55Z), 'volume_type_id': 'dd7c0f21-1072-4491-ae14-69fc84cab109', 'encryption_key_id': None, 'qos_specs': None, 'consistencygroup_id': None, 'cgsnapshot_id': None, 'group_id': None, 'replication_status': 'disabled', 'refresh_az': False, 'backup_id': None, 'multiattach': False, 'availability_zones': ['nova']}' {{(pid=111084) _task_receiver /usr/local/lib/python3.8/dist-packages/taskflow/listeners/logging.py:178}}
Jul 21 12:16:33.266678 dv-cinder-850321-1-iscsi devstack@c-api.service[111083]: [pid: 111083|app: 0|req: 127/275] 10.222.0.18 () {60 vars in 1365 bytes} [Thu Jul 21 12:16:33 2022] GET /volume/v3/4895f8bbde1c465bbc451c6122df7dd5/volumes/c190a6bd-bb68-4265-bbad-094ae45415d3 => generated 999 bytes in 189 msecs (HTTP/1.1 200) 7 headers in 286 bytes (1 switches on core 0)
Jul 21 12:16:33.279039 dv-cinder-850321-1-iscsi devstack@c-api.service[111084]: DEBUG cinder.volume.api [None req-e56d63a2-7f65-436a-b1c9-f9048916e985 tempest-VolumesActionsTest-536899069 tempest-VolumesActionsTest-536899069-project] Task 'cinder.volume.flows.api.create_volume.QuotaReserveTask;volume:create' (6e311992-0d01-4290-8f16-e331f4e14304) transitioned into state 'RUNNING' from state 'PENDING' {{(pid=111084) _task_receiver /usr/local/lib/python3.8/dist-packages/taskflow/listeners/logging.py:190}}
Jul 21 12:16:33.366562 dv-cinder-850321-1-iscsi devstack@c-api.service[111084]: DEBUG dbcounter [-] [111084] Writing DB stats cinder:SELECT=94,cinder:UPDATE=4,cinder:INSERT=2 {{(pid=111084) stat_writer /usr/local/lib/python3.8/dist-packages/dbcounter.py:114}}
Jul 21 12:16:33.386461 dv-cinder-850321-1-iscsi devstack@c-api.service[111084]: DEBUG cinder.quota [None req-e56d63a2-7f65-436a-b1c9-f9048916e985 tempest-VolumesActionsTest-536899069 tempest-VolumesActionsTest-536899069-project] Created reservations ['1c193dc6-8274-41ec-95e8-69db241850a6', '3bc38a89-4fb7-4cc2-932a-744306dceaef', 'c5269997-fa18-4a66-a8e9-4135bcf46e99', '76e25d52-baa8-441a-9e49-2830662badab'] {{(pid=111084) reserve /opt/stack/cinder/cinder/quota.py:755}}
Jul 21 12:16:33.390239 dv-cinder-850321-1-iscsi devstack@c-api.service[111084]: DEBUG cinder.volume.api [None req-e56d63a2-7f65-436a-b1c9-f9048916e985 tempest-VolumesActionsTest-536899069 tempest-VolumesActionsTest-536899069-project] Task 'cinder.volume.flows.api.create_volume.QuotaReserveTask;volume:create' (6e311992-0d01-4290-8f16-e331f4e14304) transitioned into state 'SUCCESS' from state 'RUNNING' with result '{'reservations': ['1c193dc6-8274-41ec-95e8-69db241850a6', '3bc38a89-4fb7-4cc2-932a-744306dceaef', 'c5269997-fa18-4a66-a8e9-4135bcf46e99', '76e25d52-baa8-441a-9e49-2830662badab']}' {{(pid=111084) _task_receiver /usr/local/lib/python3.8/dist-packages/taskflow/listeners/logging.py:178}}
Jul 21 12:16:33.394757 dv-cinder-850321-1-iscsi devstack@c-api.service[111084]: DEBUG cinder.volume.api [None req-e56d63a2-7f65-436a-b1c9-f9048916e985 tempest-VolumesActionsTest-536899069 tempest-VolumesActionsTest-536899069-project] Task 'cinder.volume.flows.api.create_volume.EntryCreateTask;volume:create' (5025de68-2882-4f93-ac79-4c5797185bb2) transitioned into state 'RUNNING' from state 'PENDING' {{(pid=111084) _task_receiver /usr/local/lib/python3.8/dist-packages/taskflow/listeners/logging.py:190}}
Jul 21 12:16:33.449365 dv-cinder-850321-1-iscsi devstack@c-api.service[111084]: DEBUG cinder.volume.api [None req-e56d63a2-7f65-436a-b1c9-f9048916e985 tempest-VolumesActionsTest-536899069 tempest-VolumesActionsTest-536899069-project] Task 'cinder.volume.flows.api.create_volume.EntryCreateTask;volume:create' (5025de68-2882-4f93-ac79-4c5797185bb2) transitioned into state 'SUCCESS' from state 'RUNNING' with result '{'volume_id': '64981fc4-9933-4a9f-a700-05eb5f5f1ab4', 'volume_properties': VolumeProperties(attach_status='detached',availability_zone='nova',cgsnapshot_id=None,consistencygroup_id=None,display_description=None,display_name='tempest-VolumesActionsTest-Volume-2075045728',encryption_key_id=None,group_id=None,group_type_id=,metadata={},multiattach=False,project_id='60a80724abf045729000dc9fb8a2440e',qos_specs=None,replication_status=,reservations=['1c193dc6-8274-41ec-95e8-69db241850a6','3bc38a89-4fb7-4cc2-932a-744306dceaef','c5269997-fa18-4a66-a8e9-4135bcf46e99','76e25d52-baa8-441a-9e49-2830662badab'],size=1,snapshot_id=None,source_replicaid=,source_volid=None,status='creating',user_id='85bc6b75434c4e54afcf3645a46449eb',volume_type_id=dd7c0f21-1072-4491-ae14-69fc84cab109), 'volume': Volume(_name_id=None,admin_metadata=,attach_status='detached',availability_zone='nova',bootable=False,cluster=,cluster_name=None,consistencygroup=,consistencygroup_id=None,created_at=2022-07-21T12:16:33Z,deleted=False,deleted_at=None,display_description=None,display_name='tempest-VolumesActionsTest-Volume-2075045728',ec2_id=None,encryption_key_id=None,glance_metadata=,group=,group_id=None,host=None,id=64981fc4-9933-4a9f-a700-05eb5f5f1ab4,launched_at=None,metadata={},migration_status=None,multiattach=False,previous_status=None,project_id='60a80724abf045729000dc9fb8a2440e',provider_auth=None,provider_geometry=None,provider_id=None,provider_location=None,replication_driver_data=None,replication_extended_status=None,replication_status=None,scheduled_at=None,service_uuid=None,shared_targets=True,size=1,snapshot_id=None,snapshots=,source_volid=None,status='creating',terminated_at=None,updated_at=None,use_quota=True,user_id='85bc6b75434c4e54afcf3645a46449eb',volume_attachment=VolumeAttachmentList,volume_type=VolumeType(dd7c0f21-1072-4491-ae14-69fc84cab109),volume_type_id=dd7c0f21-1072-4491-ae14-69fc84cab109)}' {{(pid=111084) _task_receiver /usr/local/lib/python3.8/dist-packages/taskflow/listeners/logging.py:178}}
Jul 21 12:16:33.452281 dv-cinder-850321-1-iscsi devstack@c-api.service[111084]: DEBUG cinder.volume.api [None req-e56d63a2-7f65-436a-b1c9-f9048916e985 tempest-VolumesActionsTest-536899069 tempest-VolumesActionsTest-536899069-project] Task 'cinder.volume.flows.api.create_volume.QuotaCommitTask;volume:create' (8f561875-8148-4c95-ab92-d313977e6db6) transitioned into state 'RUNNING' from state 'PENDING' {{(pid=111084) _task_receiver /usr/local/lib/python3.8/dist-packages/taskflow/listeners/logging.py:190}}
Jul 21 12:16:33.484229 dv-cinder-850321-1-iscsi devstack@c-api.service[111083]: DEBUG cinder.api.middleware.request_id [None req-b951f805-b082-4f7d-afe0-d19d2800a7ed None None] RequestId filter calling following filter/app {{(pid=111083) _context_setter /opt/stack/cinder/cinder/api/middleware/request_id.py:62}}
Jul 21 12:16:33.489567 dv-cinder-850321-1-iscsi devstack@c-api.service[111083]: INFO cinder.api.openstack.wsgi [None req-b951f805-b082-4f7d-afe0-d19d2800a7ed tempest-GroupSnapshotsV319Test-2035624621 tempest-GroupSnapshotsV319Test-2035624621-project] GET http://10.222.0.18/volume/v3/789001c6a08d4281b8e84a526803430a/group_snapshots/830da4d3-f4d5-4237-9abb-bdbdf4689148
Jul 21 12:16:33.490167 dv-cinder-850321-1-iscsi devstack@c-api.service[111083]: DEBUG cinder.api.openstack.wsgi [None req-b951f805-b082-4f7d-afe0-d19d2800a7ed tempest-GroupSnapshotsV319Test-2035624621 tempest-GroupSnapshotsV319Test-2035624621-project] Empty body provided in request {{(pid=111083) get_body /opt/stack/cinder/cinder/api/openstack/wsgi.py:715}}
Jul 21 12:16:33.490651 dv-cinder-850321-1-iscsi devstack@c-api.service[111083]: DEBUG cinder.api.openstack.wsgi [None req-b951f805-b082-4f7d-afe0-d19d2800a7ed tempest-GroupSnapshotsV319Test-2035624621 tempest-GroupSnapshotsV319Test-2035624621-project] Calling method 'version_select' {{(pid=111083) _process_stack /opt/stack/cinder/cinder/api/openstack/wsgi.py:868}}
Jul 21 12:16:33.491110 dv-cinder-850321-1-iscsi devstack@c-api.service[111083]: DEBUG cinder.api.v3.group_snapshots [None req-b951f805-b082-4f7d-afe0-d19d2800a7ed tempest-GroupSnapshotsV319Test-2035624621 tempest-GroupSnapshotsV319Test-2035624621-project] show called for member 830da4d3-f4d5-4237-9abb-bdbdf4689148 {{(pid=111083) show /opt/stack/cinder/cinder/api/v3/group_snapshots.py:58}}
Jul 21 12:16:33.499291 dv-cinder-850321-1-iscsi devstack@c-api.service[111083]: /usr/local/lib/python3.8/dist-packages/oslo_context/context.py:100: DeprecationWarning: Policy enforcement is depending on the value of is_admin. This key is deprecated. Please update your policy file to use the standard policy values.
Jul 21 12:16:33.499291 dv-cinder-850321-1-iscsi devstack@c-api.service[111083]: warnings.warn('Policy enforcement is depending on the value of '
Jul 21 12:16:33.504642 dv-cinder-850321-1-iscsi devstack@c-api.service[111084]: DEBUG cinder.volume.api [None req-e56d63a2-7f65-436a-b1c9-f9048916e985 tempest-VolumesActionsTest-536899069 tempest-VolumesActionsTest-536899069-project] Task 'cinder.volume.flows.api.create_volume.QuotaCommitTask;volume:create' (8f561875-8148-4c95-ab92-d313977e6db6) transitioned into state 'SUCCESS' from state 'RUNNING' with result '{'volume_properties': VolumeProperties(attach_status='detached',availability_zone='nova',cgsnapshot_id=None,consistencygroup_id=None,display_description=None,display_name='tempest-VolumesActionsTest-Volume-2075045728',encryption_key_id=None,group_id=None,group_type_id=,metadata={},multiattach=False,project_id='60a80724abf045729000dc9fb8a2440e',qos_specs=None,replication_status=,reservations=['1c193dc6-8274-41ec-95e8-69db241850a6','3bc38a89-4fb7-4cc2-932a-744306dceaef','c5269997-fa18-4a66-a8e9-4135bcf46e99','76e25d52-baa8-441a-9e49-2830662badab'],size=1,snapshot_id=None,source_replicaid=,source_volid=None,status='creating',user_id='85bc6b75434c4e54afcf3645a46449eb',volume_type_id=dd7c0f21-1072-4491-ae14-69fc84cab109)}' {{(pid=111084) _task_receiver /usr/local/lib/python3.8/dist-packages/taskflow/listeners/logging.py:178}}
Jul 21 12:16:33.506859 dv-cinder-850321-1-iscsi devstack@c-api.service[111084]: DEBUG cinder.volume.api [None req-e56d63a2-7f65-436a-b1c9-f9048916e985 tempest-VolumesActionsTest-536899069 tempest-VolumesActionsTest-536899069-project] Task 'cinder.volume.flows.api.create_volume.VolumeCastTask;volume:create' (fdb79aa2-469e-4a0f-9555-eeb747497d97) transitioned into state 'RUNNING' from state 'PENDING' {{(pid=111084) _task_receiver /usr/local/lib/python3.8/dist-packages/taskflow/listeners/logging.py:190}}
Jul 21 12:16:33.512412 dv-cinder-850321-1-iscsi devstack@c-api.service[111083]: INFO cinder.api.openstack.wsgi [None req-b951f805-b082-4f7d-afe0-d19d2800a7ed tempest-GroupSnapshotsV319Test-2035624621 tempest-GroupSnapshotsV319Test-2035624621-project] http://10.222.0.18/volume/v3/789001c6a08d4281b8e84a526803430a/group_snapshots/830da4d3-f4d5-4237-9abb-bdbdf4689148 returned with HTTP 200
Jul 21 12:16:33.522980 dv-cinder-850321-1-iscsi devstack@c-api.service[111083]: [pid: 111083|app: 0|req: 128/276] 10.222.0.18 () {60 vars in 1389 bytes} [Thu Jul 21 12:16:33 2022] GET /volume/v3/789001c6a08d4281b8e84a526803430a/group_snapshots/830da4d3-f4d5-4237-9abb-bdbdf4689148 => generated 331 bytes in 40 msecs (HTTP/1.1 200) 7 headers in 286 bytes (1 switches on core 0)
Jul 21 12:16:33.525856 dv-cinder-850321-1-iscsi devstack@c-api.service[111083]: DEBUG cinder.api.middleware.request_id [None req-4c02b535-860b-4ba7-9190-0fdd5689aece None None] RequestId filter calling following filter/app {{(pid=111083) _context_setter /opt/stack/cinder/cinder/api/middleware/request_id.py:62}}
Jul 21 12:16:33.532998 dv-cinder-850321-1-iscsi devstack@c-api.service[111083]: INFO cinder.api.openstack.wsgi [None req-4c02b535-860b-4ba7-9190-0fdd5689aece tempest-GroupSnapshotsV319Test-2035624621 tempest-GroupSnapshotsV319Test-2035624621-project] GET http://10.222.0.18/volume/v3/789001c6a08d4281b8e84a526803430a/snapshots/detail
Jul 21 12:16:33.534073 dv-cinder-850321-1-iscsi devstack@c-api.service[111083]: DEBUG cinder.api.openstack.wsgi [None req-4c02b535-860b-4ba7-9190-0fdd5689aece tempest-GroupSnapshotsV319Test-2035624621 tempest-GroupSnapshotsV319Test-2035624621-project] Empty body provided in request {{(pid=111083) get_body /opt/stack/cinder/cinder/api/openstack/wsgi.py:715}}
Jul 21 12:16:33.534841 dv-cinder-850321-1-iscsi devstack@c-api.service[111083]: DEBUG cinder.api.openstack.wsgi [None req-4c02b535-860b-4ba7-9190-0fdd5689aece tempest-GroupSnapshotsV319Test-2035624621 tempest-GroupSnapshotsV319Test-2035624621-project] Calling method 'detail' {{(pid=111083) _process_stack /opt/stack/cinder/cinder/api/openstack/wsgi.py:868}}
Jul 21 12:16:33.536100 dv-cinder-850321-1-iscsi devstack@c-api.service[111083]: DEBUG cinder.api.api_utils [None req-4c02b535-860b-4ba7-9190-0fdd5689aece tempest-GroupSnapshotsV319Test-2035624621 tempest-GroupSnapshotsV319Test-2035624621-project] Removing options '' from query. {{(pid=111083) remove_invalid_filter_options /opt/stack/cinder/cinder/api/api_utils.py:83}}
Jul 21 12:16:33.540059 dv-cinder-850321-1-iscsi devstack@c-api.service[111083]: DEBUG cinder.db.sqlalchemy.api [None req-4c02b535-860b-4ba7-9190-0fdd5689aece tempest-GroupSnapshotsV319Test-2035624621 tempest-GroupSnapshotsV319Test-2035624621-project] Building query based on filter {{(pid=111083) _process_snaps_filters /opt/stack/cinder/cinder/db/sqlalchemy/api.py:3885}}
Jul 21 12:16:33.556260 dv-cinder-850321-1-iscsi devstack@c-api.service[111083]: INFO cinder.volume.api [None req-4c02b535-860b-4ba7-9190-0fdd5689aece tempest-GroupSnapshotsV319Test-2035624621 tempest-GroupSnapshotsV319Test-2035624621-project] Get all snapshots completed successfully.
Jul 21 12:16:33.556946 dv-cinder-850321-1-iscsi devstack@c-api.service[111083]: /usr/local/lib/python3.8/dist-packages/oslo_context/context.py:100: DeprecationWarning: Policy enforcement is depending on the value of is_admin. This key is deprecated. Please update your policy file to use the standard policy values.
Jul 21 12:16:33.556946 dv-cinder-850321-1-iscsi devstack@c-api.service[111083]: warnings.warn('Policy enforcement is depending on the value of '
Jul 21 12:16:33.559414 dv-cinder-850321-1-iscsi devstack@c-api.service[111083]: INFO cinder.api.openstack.wsgi [None req-4c02b535-860b-4ba7-9190-0fdd5689aece tempest-GroupSnapshotsV319Test-2035624621 tempest-GroupSnapshotsV319Test-2035624621-project] http://10.222.0.18/volume/v3/789001c6a08d4281b8e84a526803430a/snapshots/detail returned with HTTP 200
Jul 21 12:16:33.559845 dv-cinder-850321-1-iscsi devstack@c-api.service[111084]: DEBUG cinder.volume.api [None req-e56d63a2-7f65-436a-b1c9-f9048916e985 tempest-VolumesActionsTest-536899069 tempest-VolumesActionsTest-536899069-project] Task 'cinder.volume.flows.api.create_volume.VolumeCastTask;volume:create' (fdb79aa2-469e-4a0f-9555-eeb747497d97) transitioned into state 'SUCCESS' from state 'RUNNING' with result 'None' {{(pid=111084) _task_receiver /usr/local/lib/python3.8/dist-packages/taskflow/listeners/logging.py:178}}
Jul 21 12:16:33.561381 dv-cinder-850321-1-iscsi devstack@c-api.service[111083]: [pid: 111083|app: 0|req: 129/277] 10.222.0.18 () {58 vars in 1240 bytes} [Thu Jul 21 12:16:33 2022] GET /volume/v3/789001c6a08d4281b8e84a526803430a/snapshots/detail => generated 477 bytes in 37 msecs (HTTP/1.1 200) 7 headers in 285 bytes (1 switches on core 0)
Jul 21 12:16:33.564214 dv-cinder-850321-1-iscsi devstack@c-api.service[111084]: DEBUG cinder.volume.api [None req-e56d63a2-7f65-436a-b1c9-f9048916e985 tempest-VolumesActionsTest-536899069 tempest-VolumesActionsTest-536899069-project] Flow 'volume_create_api' (b131890e-d49d-44da-945f-17fdb244fede) transitioned into state 'SUCCESS' from state 'RUNNING' {{(pid=111084) _flow_receiver /usr/local/lib/python3.8/dist-packages/taskflow/listeners/logging.py:141}}
Jul 21 12:16:33.565521 dv-cinder-850321-1-iscsi devstack@c-api.service[111084]: INFO cinder.volume.api [None req-e56d63a2-7f65-436a-b1c9-f9048916e985 tempest-VolumesActionsTest-536899069 tempest-VolumesActionsTest-536899069-project] Create volume request issued successfully.
Jul 21 12:16:33.576866 dv-cinder-850321-1-iscsi devstack@c-api.service[111083]: DEBUG cinder.api.middleware.request_id [None req-ef173ce9-ee1c-425b-8f5b-a4151ca3b0e8 None None] RequestId filter calling following filter/app {{(pid=111083) _context_setter /opt/stack/cinder/cinder/api/middleware/request_id.py:62}}
Jul 21 12:16:33.578057 dv-cinder-850321-1-iscsi devstack@c-api.service[111084]: INFO cinder.api.openstack.wsgi [None req-e56d63a2-7f65-436a-b1c9-f9048916e985 tempest-VolumesActionsTest-536899069 tempest-VolumesActionsTest-536899069-project] http://10.222.0.18/volume/v3/60a80724abf045729000dc9fb8a2440e/volumes returned with HTTP 202
Jul 21 12:16:33.578978 dv-cinder-850321-1-iscsi devstack@c-api.service[111084]: [pid: 111084|app: 0|req: 149/278] 10.222.0.18 () {60 vars in 1234 bytes} [Thu Jul 21 12:16:33 2022] POST /volume/v3/60a80724abf045729000dc9fb8a2440e/volumes => generated 818 bytes in 432 msecs (HTTP/1.1 202) 7 headers in 291 bytes (1 switches on core 0)
Jul 21 12:16:33.592961 dv-cinder-850321-1-iscsi devstack@c-api.service[111083]: INFO cinder.api.openstack.wsgi [None req-ef173ce9-ee1c-425b-8f5b-a4151ca3b0e8 tempest-GroupSnapshotsV319Test-2035624621 tempest-GroupSnapshotsV319Test-2035624621-project] GET http://10.222.0.18/volume/v3/789001c6a08d4281b8e84a526803430a/snapshots/e9e381db-b4a6-433a-ad21-227a29e42b1c
Jul 21 12:16:33.594661 dv-cinder-850321-1-iscsi devstack@c-api.service[111083]: DEBUG cinder.api.openstack.wsgi [None req-ef173ce9-ee1c-425b-8f5b-a4151ca3b0e8 tempest-GroupSnapshotsV319Test-2035624621 tempest-GroupSnapshotsV319Test-2035624621-project] Empty body provided in request {{(pid=111083) get_body /opt/stack/cinder/cinder/api/openstack/wsgi.py:715}}
Jul 21 12:16:33.600474 dv-cinder-850321-1-iscsi devstack@c-api.service[111084]: DEBUG cinder.api.middleware.request_id [None req-47fd061d-9718-4fac-8cf4-05d38e68f245 None None] RequestId filter calling following filter/app {{(pid=111084) _context_setter /opt/stack/cinder/cinder/api/middleware/request_id.py:62}}
Jul 21 12:16:33.612532 dv-cinder-850321-1-iscsi devstack@c-api.service[111083]: DEBUG cinder.api.openstack.wsgi [None req-ef173ce9-ee1c-425b-8f5b-a4151ca3b0e8 tempest-GroupSnapshotsV319Test-2035624621 tempest-GroupSnapshotsV319Test-2035624621-project] Calling method 'show' {{(pid=111083) _process_stack /opt/stack/cinder/cinder/api/openstack/wsgi.py:868}}
Jul 21 12:16:33.625818 dv-cinder-850321-1-iscsi devstack@c-api.service[111084]: INFO cinder.api.openstack.wsgi [None req-47fd061d-9718-4fac-8cf4-05d38e68f245 tempest-VolumesActionsTest-536899069 tempest-VolumesActionsTest-536899069-project] GET http://10.222.0.18/volume/v3/60a80724abf045729000dc9fb8a2440e/volumes/64981fc4-9933-4a9f-a700-05eb5f5f1ab4
Jul 21 12:16:33.626470 dv-cinder-850321-1-iscsi devstack@c-api.service[111084]: DEBUG cinder.api.openstack.wsgi [None req-47fd061d-9718-4fac-8cf4-05d38e68f245 tempest-VolumesActionsTest-536899069 tempest-VolumesActionsTest-536899069-project] Empty body provided in request {{(pid=111084) get_body /opt/stack/cinder/cinder/api/openstack/wsgi.py:715}}
Jul 21 12:16:33.627032 dv-cinder-850321-1-iscsi devstack@c-api.service[111084]: DEBUG cinder.api.openstack.wsgi [None req-47fd061d-9718-4fac-8cf4-05d38e68f245 tempest-VolumesActionsTest-536899069 tempest-VolumesActionsTest-536899069-project] Calling method 'show' {{(pid=111084) _process_stack /opt/stack/cinder/cinder/api/openstack/wsgi.py:868}}
Jul 21 12:16:33.627279 dv-cinder-850321-1-iscsi devstack@c-api.service[111083]: /usr/local/lib/python3.8/dist-packages/oslo_context/context.py:100: DeprecationWarning: Policy enforcement is depending on the value of is_admin. This key is deprecated. Please update your policy file to use the standard policy values.
Jul 21 12:16:33.627279 dv-cinder-850321-1-iscsi devstack@c-api.service[111083]: warnings.warn('Policy enforcement is depending on the value of '
Jul 21 12:16:33.629218 dv-cinder-850321-1-iscsi devstack@c-api.service[111083]: INFO cinder.volume.api [None req-ef173ce9-ee1c-425b-8f5b-a4151ca3b0e8 tempest-GroupSnapshotsV319Test-2035624621 tempest-GroupSnapshotsV319Test-2035624621-project] Snapshot retrieved successfully.
Jul 21 12:16:33.631455 dv-cinder-850321-1-iscsi devstack@c-api.service[111083]: INFO cinder.api.openstack.wsgi [None req-ef173ce9-ee1c-425b-8f5b-a4151ca3b0e8 tempest-GroupSnapshotsV319Test-2035624621 tempest-GroupSnapshotsV319Test-2035624621-project] http://10.222.0.18/volume/v3/789001c6a08d4281b8e84a526803430a/snapshots/e9e381db-b4a6-433a-ad21-227a29e42b1c returned with HTTP 200
Jul 21 12:16:33.635618 dv-cinder-850321-1-iscsi devstack@c-api.service[111083]: [pid: 111083|app: 0|req: 130/279] 10.222.0.18 () {58 vars in 1330 bytes} [Thu Jul 21 12:16:33 2022] GET /volume/v3/789001c6a08d4281b8e84a526803430a/snapshots/e9e381db-b4a6-433a-ad21-227a29e42b1c => generated 474 bytes in 61 msecs (HTTP/1.1 200) 7 headers in 285 bytes (1 switches on core 0)
Jul 21 12:16:33.652997 dv-cinder-850321-1-iscsi devstack@c-api.service[111083]: DEBUG cinder.api.middleware.request_id [None req-b5ddaede-6c0b-4ff1-b411-7c3eb27f54dd None None] RequestId filter calling following filter/app {{(pid=111083) _context_setter /opt/stack/cinder/cinder/api/middleware/request_id.py:62}}
Jul 21 12:16:33.663702 dv-cinder-850321-1-iscsi devstack@c-api.service[111083]: INFO cinder.api.openstack.wsgi [None req-b5ddaede-6c0b-4ff1-b411-7c3eb27f54dd tempest-GroupSnapshotsV319Test-1455939260 tempest-GroupSnapshotsV319Test-1455939260-project-admin] POST http://10.222.0.18/volume/v3/4c1ebfba858a4aadb7e09c59b8807fe6/group_snapshots/830da4d3-f4d5-4237-9abb-bdbdf4689148/action
Jul 21 12:16:33.665612 dv-cinder-850321-1-iscsi devstack@c-api.service[111083]: DEBUG cinder.api.openstack.wsgi [None req-b5ddaede-6c0b-4ff1-b411-7c3eb27f54dd tempest-GroupSnapshotsV319Test-1455939260 tempest-GroupSnapshotsV319Test-1455939260-project-admin] Action body: b'{"reset_status": {"status": "creating"}}' {{(pid=111083) get_method /opt/stack/cinder/cinder/api/openstack/wsgi.py:983}}
Jul 21 12:16:33.668372 dv-cinder-850321-1-iscsi devstack@c-api.service[111083]: DEBUG cinder.api.openstack.wsgi [None req-b5ddaede-6c0b-4ff1-b411-7c3eb27f54dd tempest-GroupSnapshotsV319Test-1455939260 tempest-GroupSnapshotsV319Test-1455939260-project-admin] Action: 'action', calling method: version_select, body: {"reset_status": {"status": "creating"}} {{(pid=111083) _process_stack /opt/stack/cinder/cinder/api/openstack/wsgi.py:866}}
Jul 21 12:16:33.670996 dv-cinder-850321-1-iscsi devstack@c-api.service[111083]: DEBUG cinder.api.v3.group_snapshots [None req-b5ddaede-6c0b-4ff1-b411-7c3eb27f54dd tempest-GroupSnapshotsV319Test-1455939260 tempest-GroupSnapshotsV319Test-1455939260-project-admin] Updating group '830da4d3-f4d5-4237-9abb-bdbdf4689148' with 'creating' {{(pid=111083) _reset_status /opt/stack/cinder/cinder/api/v3/group_snapshots.py:194}}
Jul 21 12:16:33.676659 dv-cinder-850321-1-iscsi devstack@c-api.service[111084]: /usr/local/lib/python3.8/dist-packages/oslo_context/context.py:100: DeprecationWarning: Policy enforcement is depending on the value of is_admin. This key is deprecated. Please update your policy file to use the standard policy values.
Jul 21 12:16:33.676659 dv-cinder-850321-1-iscsi devstack@c-api.service[111084]: warnings.warn('Policy enforcement is depending on the value of '
Jul 21 12:16:33.690142 dv-cinder-850321-1-iscsi devstack@c-api.service[111084]: INFO cinder.volume.api [None req-47fd061d-9718-4fac-8cf4-05d38e68f245 tempest-VolumesActionsTest-536899069 tempest-VolumesActionsTest-536899069-project] Volume info retrieved successfully.
Jul 21 12:16:33.690703 dv-cinder-850321-1-iscsi devstack@c-api.service[111083]: /usr/local/lib/python3.8/dist-packages/oslo_context/context.py:100: DeprecationWarning: Policy enforcement is depending on the value of is_admin. This key is deprecated. Please update your policy file to use the standard policy values.
Jul 21 12:16:33.690703 dv-cinder-850321-1-iscsi devstack@c-api.service[111083]: warnings.warn('Policy enforcement is depending on the value of '
Jul 21 12:16:33.712719 dv-cinder-850321-1-iscsi devstack@c-api.service[111084]: INFO cinder.api.openstack.wsgi [None req-47fd061d-9718-4fac-8cf4-05d38e68f245 tempest-VolumesActionsTest-536899069 tempest-VolumesActionsTest-536899069-project] http://10.222.0.18/volume/v3/60a80724abf045729000dc9fb8a2440e/volumes/64981fc4-9933-4a9f-a700-05eb5f5f1ab4 returned with HTTP 200
Jul 21 12:16:33.715189 dv-cinder-850321-1-iscsi devstack@c-api.service[111084]: [pid: 111084|app: 0|req: 150/280] 10.222.0.18 () {58 vars in 1324 bytes} [Thu Jul 21 12:16:33 2022] GET /volume/v3/60a80724abf045729000dc9fb8a2440e/volumes/64981fc4-9933-4a9f-a700-05eb5f5f1ab4 => generated 886 bytes in 118 msecs (HTTP/1.1 200) 7 headers in 285 bytes (2 switches on core 0)
Jul 21 12:16:33.734495 dv-cinder-850321-1-iscsi devstack@c-api.service[111083]: INFO cinder.api.openstack.wsgi [None req-b5ddaede-6c0b-4ff1-b411-7c3eb27f54dd tempest-GroupSnapshotsV319Test-1455939260 tempest-GroupSnapshotsV319Test-1455939260-project-admin] http://10.222.0.18/volume/v3/4c1ebfba858a4aadb7e09c59b8807fe6/group_snapshots/830da4d3-f4d5-4237-9abb-bdbdf4689148/action returned with HTTP 202
Jul 21 12:16:33.735459 dv-cinder-850321-1-iscsi devstack@c-api.service[111083]: [pid: 111083|app: 0|req: 131/281] 10.222.0.18 () {62 vars in 1431 bytes} [Thu Jul 21 12:16:33 2022] POST /volume/v3/4c1ebfba858a4aadb7e09c59b8807fe6/group_snapshots/830da4d3-f4d5-4237-9abb-bdbdf4689148/action => generated 0 bytes in 84 msecs (HTTP/1.1 202) 6 headers in 234 bytes (1 switches on core 0)
Jul 21 12:16:33.741607 dv-cinder-850321-1-iscsi devstack@c-api.service[111084]: DEBUG cinder.api.middleware.request_id [None req-9995a534-f044-4044-98a8-285168137c75 None None] RequestId filter calling following filter/app {{(pid=111084) _context_setter /opt/stack/cinder/cinder/api/middleware/request_id.py:62}}
Jul 21 12:16:33.750817 dv-cinder-850321-1-iscsi devstack@c-api.service[111084]: INFO cinder.api.openstack.wsgi [None req-9995a534-f044-4044-98a8-285168137c75 tempest-GroupSnapshotsV319Test-2035624621 tempest-GroupSnapshotsV319Test-2035624621-project] GET http://10.222.0.18/volume/v3/789001c6a08d4281b8e84a526803430a/group_snapshots/830da4d3-f4d5-4237-9abb-bdbdf4689148
Jul 21 12:16:33.752154 dv-cinder-850321-1-iscsi devstack@c-api.service[111084]: DEBUG cinder.api.openstack.wsgi [None req-9995a534-f044-4044-98a8-285168137c75 tempest-GroupSnapshotsV319Test-2035624621 tempest-GroupSnapshotsV319Test-2035624621-project] Empty body provided in request {{(pid=111084) get_body /opt/stack/cinder/cinder/api/openstack/wsgi.py:715}}
Jul 21 12:16:33.754057 dv-cinder-850321-1-iscsi devstack@c-api.service[111084]: DEBUG cinder.api.openstack.wsgi [None req-9995a534-f044-4044-98a8-285168137c75 tempest-GroupSnapshotsV319Test-2035624621 tempest-GroupSnapshotsV319Test-2035624621-project] Calling method 'version_select' {{(pid=111084) _process_stack /opt/stack/cinder/cinder/api/openstack/wsgi.py:868}}
Jul 21 12:16:33.754843 dv-cinder-850321-1-iscsi devstack@c-api.service[111084]: DEBUG cinder.api.v3.group_snapshots [None req-9995a534-f044-4044-98a8-285168137c75 tempest-GroupSnapshotsV319Test-2035624621 tempest-GroupSnapshotsV319Test-2035624621-project] show called for member 830da4d3-f4d5-4237-9abb-bdbdf4689148 {{(pid=111084) show /opt/stack/cinder/cinder/api/v3/group_snapshots.py:58}}
Jul 21 12:16:33.765744 dv-cinder-850321-1-iscsi devstack@c-api.service[111084]: /usr/local/lib/python3.8/dist-packages/oslo_context/context.py:100: DeprecationWarning: Policy enforcement is depending on the value of is_admin. This key is deprecated. Please update your policy file to use the standard policy values.
Jul 21 12:16:33.765744 dv-cinder-850321-1-iscsi devstack@c-api.service[111084]: warnings.warn('Policy enforcement is depending on the value of '
Jul 21 12:16:33.775208 dv-cinder-850321-1-iscsi devstack@c-api.service[111084]: INFO cinder.api.openstack.wsgi [None req-9995a534-f044-4044-98a8-285168137c75 tempest-GroupSnapshotsV319Test-2035624621 tempest-GroupSnapshotsV319Test-2035624621-project] http://10.222.0.18/volume/v3/789001c6a08d4281b8e84a526803430a/group_snapshots/830da4d3-f4d5-4237-9abb-bdbdf4689148 returned with HTTP 200
Jul 21 12:16:33.776344 dv-cinder-850321-1-iscsi devstack@c-api.service[111084]: [pid: 111084|app: 0|req: 151/282] 10.222.0.18 () {60 vars in 1389 bytes} [Thu Jul 21 12:16:33 2022] GET /volume/v3/789001c6a08d4281b8e84a526803430a/group_snapshots/830da4d3-f4d5-4237-9abb-bdbdf4689148 => generated 330 bytes in 37 msecs (HTTP/1.1 200) 7 headers in 286 bytes (2 switches on core 0)
Jul 21 12:16:33.784485 dv-cinder-850321-1-iscsi devstack@c-api.service[111083]: DEBUG cinder.api.middleware.request_id [None req-6d9e1beb-0642-4c58-b6ed-10540ae6f551 None None] RequestId filter calling following filter/app {{(pid=111083) _context_setter /opt/stack/cinder/cinder/api/middleware/request_id.py:62}}
Jul 21 12:16:33.790705 dv-cinder-850321-1-iscsi devstack@c-api.service[111083]: INFO cinder.api.openstack.wsgi [None req-6d9e1beb-0642-4c58-b6ed-10540ae6f551 tempest-GroupSnapshotsV319Test-1455939260 tempest-GroupSnapshotsV319Test-1455939260-project-admin] POST http://10.222.0.18/volume/v3/4c1ebfba858a4aadb7e09c59b8807fe6/group_snapshots/830da4d3-f4d5-4237-9abb-bdbdf4689148/action
Jul 21 12:16:33.792413 dv-cinder-850321-1-iscsi devstack@c-api.service[111083]: DEBUG cinder.api.openstack.wsgi [None req-6d9e1beb-0642-4c58-b6ed-10540ae6f551 tempest-GroupSnapshotsV319Test-1455939260 tempest-GroupSnapshotsV319Test-1455939260-project-admin] Action body: b'{"reset_status": {"status": "available"}}' {{(pid=111083) get_method /opt/stack/cinder/cinder/api/openstack/wsgi.py:983}}
Jul 21 12:16:33.792958 dv-cinder-850321-1-iscsi devstack@c-api.service[111083]: DEBUG cinder.api.openstack.wsgi [None req-6d9e1beb-0642-4c58-b6ed-10540ae6f551 tempest-GroupSnapshotsV319Test-1455939260 tempest-GroupSnapshotsV319Test-1455939260-project-admin] Action: 'action', calling method: reset_status, body: {"reset_status": {"status": "available"}} {{(pid=111083) _process_stack /opt/stack/cinder/cinder/api/openstack/wsgi.py:866}}
Jul 21 12:16:33.794424 dv-cinder-850321-1-iscsi devstack@c-api.service[111083]: DEBUG cinder.api.v3.group_snapshots [None req-6d9e1beb-0642-4c58-b6ed-10540ae6f551 tempest-GroupSnapshotsV319Test-1455939260 tempest-GroupSnapshotsV319Test-1455939260-project-admin] Updating group '830da4d3-f4d5-4237-9abb-bdbdf4689148' with 'available' {{(pid=111083) _reset_status /opt/stack/cinder/cinder/api/v3/group_snapshots.py:194}}
Jul 21 12:16:33.804649 dv-cinder-850321-1-iscsi devstack@c-api.service[111083]: /usr/local/lib/python3.8/dist-packages/oslo_context/context.py:100: DeprecationWarning: Policy enforcement is depending on the value of is_admin. This key is deprecated. Please update your policy file to use the standard policy values.
Jul 21 12:16:33.804649 dv-cinder-850321-1-iscsi devstack@c-api.service[111083]: warnings.warn('Policy enforcement is depending on the value of '
