Jul 21 12:15:48.544125 dv-cinder-850321-1-iscsi devstack@c-api.service[111084]: DEBUG cinder.api.openstack.wsgi [None req-ad80495e-fbe2-4fda-954b-2fe2f1bc8ee7 tempest-GroupSnapshotsTest-86279175 tempest-GroupSnapshotsTest-86279175-project-admin] Action: 'create', calling method: version_select, body: {"group_type": {"name": "tempest-GroupSnapshotsTest-group-type-580528851"}} {{(pid=111084) _process_stack /opt/stack/cinder/cinder/api/openstack/wsgi.py:866}}
Jul 21 12:15:48.551751 dv-cinder-850321-1-iscsi devstack@c-api.service[111083]: DEBUG oslo_db.sqlalchemy.engines [None req-f5f77454-c60f-4d99-937f-39e29c334a75 tempest-GroupsTest-1499468793 tempest-GroupsTest-1499468793-project] MySQL server mode set to STRICT_TRANS_TABLES,STRICT_ALL_TABLES,NO_ZERO_IN_DATE,NO_ZERO_DATE,ERROR_FOR_DIVISION_BY_ZERO,TRADITIONAL,NO_ENGINE_SUBSTITUTION {{(pid=111083) _check_effective_sql_mode /usr/local/lib/python3.8/dist-packages/oslo_db/sqlalchemy/engines.py:314}}
Jul 21 12:15:48.558320 dv-cinder-850321-1-iscsi devstack@c-api.service[111083]: /usr/local/lib/python3.8/dist-packages/oslo_context/context.py:100: DeprecationWarning: Policy enforcement is depending on the value of is_admin. This key is deprecated. Please update your policy file to use the standard policy values.
Jul 21 12:15:48.558320 dv-cinder-850321-1-iscsi devstack@c-api.service[111083]: warnings.warn('Policy enforcement is depending on the value of '
Jul 21 12:15:48.581042 dv-cinder-850321-1-iscsi devstack@c-api.service[111084]: INFO cinder.api.openstack.wsgi [None req-ad80495e-fbe2-4fda-954b-2fe2f1bc8ee7 tempest-GroupSnapshotsTest-86279175 tempest-GroupSnapshotsTest-86279175-project-admin] http://10.222.0.18/volume/v3/177290e2d0e746d09b9925538669ffdf/group_types returned with HTTP 202
Jul 21 12:15:48.581399 dv-cinder-850321-1-iscsi devstack@c-api.service[111083]: INFO cinder.api.openstack.wsgi [None req-f5f77454-c60f-4d99-937f-39e29c334a75 tempest-GroupsTest-1499468793 tempest-GroupsTest-1499468793-project] http://10.222.0.18/volume/v3/f464c5d0ff2747f3a7b53ae3e08272d6/volumes returned with HTTP 202
Jul 21 12:15:48.582862 dv-cinder-850321-1-iscsi devstack@c-api.service[111084]: [pid: 111084|app: 0|req: 35/63] 10.222.0.18 () {62 vars in 1287 bytes} [Thu Jul 21 12:15:48 2022] POST /volume/v3/177290e2d0e746d09b9925538669ffdf/group_types => generated 180 bytes in 63 msecs (HTTP/1.1 202) 7 headers in 292 bytes (1 switches on core 0)
Jul 21 12:15:48.587592 dv-cinder-850321-1-iscsi devstack@c-api.service[111083]: [pid: 111083|app: 0|req: 28/63] 10.222.0.18 () {62 vars in 1276 bytes} [Thu Jul 21 12:15:47 2022] POST /volume/v3/f464c5d0ff2747f3a7b53ae3e08272d6/volumes => generated 879 bytes in 1111 msecs (HTTP/1.1 202) 7 headers in 292 bytes (2 switches on core 0)
Jul 21 12:15:48.589599 dv-cinder-850321-1-iscsi devstack@c-api.service[111084]: DEBUG cinder.api.middleware.request_id [None req-50f763b4-4ffc-4ae1-a2e9-3cfd65b7e314 None None] RequestId filter calling following filter/app {{(pid=111084) _context_setter /opt/stack/cinder/cinder/api/middleware/request_id.py:62}}
Jul 21 12:15:48.606222 dv-cinder-850321-1-iscsi devstack@c-api.service[111083]: DEBUG cinder.api.middleware.request_id [None req-b46dacf2-199b-4a0a-b239-b917101f0374 None None] RequestId filter calling following filter/app {{(pid=111083) _context_setter /opt/stack/cinder/cinder/api/middleware/request_id.py:62}}
Jul 21 12:15:48.611045 dv-cinder-850321-1-iscsi devstack@c-api.service[111083]: INFO cinder.api.openstack.wsgi [None req-b46dacf2-199b-4a0a-b239-b917101f0374 tempest-GroupsTest-1499468793 tempest-GroupsTest-1499468793-project] GET http://10.222.0.18/volume/v3/f464c5d0ff2747f3a7b53ae3e08272d6/volumes/ded09038-0f52-4d48-a114-07b4cdc5db24
Jul 21 12:15:48.615744 dv-cinder-850321-1-iscsi devstack@c-api.service[111083]: DEBUG cinder.api.openstack.wsgi [None req-b46dacf2-199b-4a0a-b239-b917101f0374 tempest-GroupsTest-1499468793 tempest-GroupsTest-1499468793-project] Empty body provided in request {{(pid=111083) get_body /opt/stack/cinder/cinder/api/openstack/wsgi.py:715}}
Jul 21 12:15:48.617053 dv-cinder-850321-1-iscsi devstack@c-api.service[111083]: DEBUG cinder.api.openstack.wsgi [None req-b46dacf2-199b-4a0a-b239-b917101f0374 tempest-GroupsTest-1499468793 tempest-GroupsTest-1499468793-project] Calling method 'show' {{(pid=111083) _process_stack /opt/stack/cinder/cinder/api/openstack/wsgi.py:868}}
Jul 21 12:15:48.665516 dv-cinder-850321-1-iscsi devstack@c-api.service[111083]: /usr/local/lib/python3.8/dist-packages/oslo_context/context.py:100: DeprecationWarning: Policy enforcement is depending on the value of is_admin. This key is deprecated. Please update your policy file to use the standard policy values.
Jul 21 12:15:48.665516 dv-cinder-850321-1-iscsi devstack@c-api.service[111083]: warnings.warn('Policy enforcement is depending on the value of '
Jul 21 12:15:48.712451 dv-cinder-850321-1-iscsi devstack@c-api.service[111083]: INFO cinder.volume.api [None req-b46dacf2-199b-4a0a-b239-b917101f0374 tempest-GroupsTest-1499468793 tempest-GroupsTest-1499468793-project] Volume info retrieved successfully.
Jul 21 12:15:48.713654 dv-cinder-850321-1-iscsi devstack@c-api.service[111083]: WARNING stevedore.named [None req-b46dacf2-199b-4a0a-b239-b917101f0374 tempest-GroupsTest-1499468793 tempest-GroupsTest-1499468793-project] Could not load cinder.keymgr.conf_key_mgr.ConfKeyManager
Jul 21 12:15:48.714054 dv-cinder-850321-1-iscsi devstack@c-api.service[111083]: WARNING castellan.key_manager [None req-b46dacf2-199b-4a0a-b239-b917101f0374 tempest-GroupsTest-1499468793 tempest-GroupsTest-1499468793-project] Deprecation Warning : cinder.keymgr.conf_key_mgr.ConfKeyManager is not a stevedore based driver, trying to load it as a class: stevedore.exception.NoMatches: No 'castellan.drivers' driver found, looking for 'cinder.keymgr.conf_key_mgr.ConfKeyManager'
Jul 21 12:15:48.738524 dv-cinder-850321-1-iscsi devstack@c-api.service[111083]: DEBUG oslo_db.sqlalchemy.engines [None req-b46dacf2-199b-4a0a-b239-b917101f0374 tempest-GroupsTest-1499468793 tempest-GroupsTest-1499468793-project] MySQL server mode set to STRICT_TRANS_TABLES,STRICT_ALL_TABLES,NO_ZERO_IN_DATE,NO_ZERO_DATE,ERROR_FOR_DIVISION_BY_ZERO,TRADITIONAL,NO_ENGINE_SUBSTITUTION {{(pid=111083) _check_effective_sql_mode /usr/local/lib/python3.8/dist-packages/oslo_db/sqlalchemy/engines.py:314}}
Jul 21 12:15:48.755980 dv-cinder-850321-1-iscsi devstack@c-api.service[111083]: /usr/local/lib/python3.8/dist-packages/oslo_context/context.py:100: DeprecationWarning: Policy enforcement is depending on the value of is_admin. This key is deprecated. Please update your policy file to use the standard policy values.
Jul 21 12:15:48.755980 dv-cinder-850321-1-iscsi devstack@c-api.service[111083]: warnings.warn('Policy enforcement is depending on the value of '
Jul 21 12:15:48.820799 dv-cinder-850321-1-iscsi devstack@c-api.service[111083]: INFO cinder.api.openstack.wsgi [None req-b46dacf2-199b-4a0a-b239-b917101f0374 tempest-GroupsTest-1499468793 tempest-GroupsTest-1499468793-project] http://10.222.0.18/volume/v3/f464c5d0ff2747f3a7b53ae3e08272d6/volumes/ded09038-0f52-4d48-a114-07b4cdc5db24 returned with HTTP 200
Jul 21 12:15:48.820799 dv-cinder-850321-1-iscsi devstack@c-api.service[111083]: [pid: 111083|app: 0|req: 29/64] 10.222.0.18 () {60 vars in 1365 bytes} [Thu Jul 21 12:15:48 2022] GET /volume/v3/f464c5d0ff2747f3a7b53ae3e08272d6/volumes/ded09038-0f52-4d48-a114-07b4cdc5db24 => generated 947 bytes in 199 msecs (HTTP/1.1 200) 7 headers in 286 bytes (2 switches on core 0)
Jul 21 12:15:48.981092 dv-cinder-850321-1-iscsi devstack@c-api.service[111084]: INFO cinder.api.openstack.wsgi [None req-50f763b4-4ffc-4ae1-a2e9-3cfd65b7e314 tempest-GroupSnapshotsTest-1065185462 tempest-GroupSnapshotsTest-1065185462-project] POST http://10.222.0.18/volume/v3/4895f8bbde1c465bbc451c6122df7dd5/groups
Jul 21 12:15:48.982946 dv-cinder-850321-1-iscsi devstack@c-api.service[111084]: DEBUG cinder.api.openstack.wsgi [None req-50f763b4-4ffc-4ae1-a2e9-3cfd65b7e314 tempest-GroupSnapshotsTest-1065185462 tempest-GroupSnapshotsTest-1065185462-project] Action: 'create', calling method: version_select, body: {"group": {"group_type": "8abfb757-b928-4505-a34d-fadd3827d617", "volume_types": ["2e29a045-8709-4ef3-9c33-3d71c1b97327"], "name": "tempest-GroupSnapshotsTest-Group-423327747"}} {{(pid=111084) _process_stack /opt/stack/cinder/cinder/api/openstack/wsgi.py:866}}
Jul 21 12:15:48.984346 dv-cinder-850321-1-iscsi devstack@c-api.service[111084]: DEBUG cinder.api.v3.groups [None req-50f763b4-4ffc-4ae1-a2e9-3cfd65b7e314 tempest-GroupSnapshotsTest-1065185462 tempest-GroupSnapshotsTest-1065185462-project] Creating new group {'group': {'group_type': '8abfb757-b928-4505-a34d-fadd3827d617', 'volume_types': ['2e29a045-8709-4ef3-9c33-3d71c1b97327'], 'name': 'tempest-GroupSnapshotsTest-Group-423327747'}} {{(pid=111084) create /opt/stack/cinder/cinder/api/v3/groups.py:190}}
Jul 21 12:15:49.001221 dv-cinder-850321-1-iscsi devstack@c-api.service[111084]: INFO cinder.api.v3.groups [None req-50f763b4-4ffc-4ae1-a2e9-3cfd65b7e314 tempest-GroupSnapshotsTest-1065185462 tempest-GroupSnapshotsTest-1065185462-project] Creating group tempest-GroupSnapshotsTest-Group-423327747.
Jul 21 12:15:49.038883 dv-cinder-850321-1-iscsi devstack@c-api.service[111084]: INFO cinder.volume.api [None req-50f763b4-4ffc-4ae1-a2e9-3cfd65b7e314 tempest-GroupSnapshotsTest-1065185462 tempest-GroupSnapshotsTest-1065185462-project] Availability Zones retrieved successfully.
Jul 21 12:15:49.121365 dv-cinder-850321-1-iscsi devstack@c-api.service[111084]: DEBUG cinder.quota [None req-50f763b4-4ffc-4ae1-a2e9-3cfd65b7e314 tempest-GroupSnapshotsTest-1065185462 tempest-GroupSnapshotsTest-1065185462-project] Created reservations ['e8f84029-9dde-4d76-877a-653917657874'] {{(pid=111084) reserve /opt/stack/cinder/cinder/quota.py:755}}
Jul 21 12:15:49.221724 dv-cinder-850321-1-iscsi devstack@c-api.service[111084]: INFO cinder.api.openstack.wsgi [None req-50f763b4-4ffc-4ae1-a2e9-3cfd65b7e314 tempest-GroupSnapshotsTest-1065185462 tempest-GroupSnapshotsTest-1065185462-project] http://10.222.0.18/volume/v3/4895f8bbde1c465bbc451c6122df7dd5/groups returned with HTTP 202
Jul 21 12:15:49.227749 dv-cinder-850321-1-iscsi devstack@c-api.service[111084]: [pid: 111084|app: 0|req: 36/65] 10.222.0.18 () {62 vars in 1273 bytes} [Thu Jul 21 12:15:48 2022] POST /volume/v3/4895f8bbde1c465bbc451c6122df7dd5/groups => generated 111 bytes in 635 msecs (HTTP/1.1 202) 7 headers in 292 bytes (1 switches on core 0)
Jul 21 12:15:49.229860 dv-cinder-850321-1-iscsi devstack@c-api.service[111083]: DEBUG cinder.api.middleware.request_id [None req-0ddae504-9bcf-4145-a7b1-e0b3101515c8 None None] RequestId filter calling following filter/app {{(pid=111083) _context_setter /opt/stack/cinder/cinder/api/middleware/request_id.py:62}}
Jul 21 12:15:49.236432 dv-cinder-850321-1-iscsi devstack@c-api.service[111083]: INFO cinder.api.openstack.wsgi [None req-0ddae504-9bcf-4145-a7b1-e0b3101515c8 tempest-GroupSnapshotsTest-1065185462 tempest-GroupSnapshotsTest-1065185462-project] GET http://10.222.0.18/volume/v3/4895f8bbde1c465bbc451c6122df7dd5/groups/374084b4-314a-4e62-9ab3-b1f801aefceb
Jul 21 12:15:49.237379 dv-cinder-850321-1-iscsi devstack@c-api.service[111083]: DEBUG cinder.api.openstack.wsgi [None req-0ddae504-9bcf-4145-a7b1-e0b3101515c8 tempest-GroupSnapshotsTest-1065185462 tempest-GroupSnapshotsTest-1065185462-project] Empty body provided in request {{(pid=111083) get_body /opt/stack/cinder/cinder/api/openstack/wsgi.py:715}}
Jul 21 12:15:49.238050 dv-cinder-850321-1-iscsi devstack@c-api.service[111083]: DEBUG cinder.api.openstack.wsgi [None req-0ddae504-9bcf-4145-a7b1-e0b3101515c8 tempest-GroupSnapshotsTest-1065185462 tempest-GroupSnapshotsTest-1065185462-project] Calling method 'version_select' {{(pid=111083) _process_stack /opt/stack/cinder/cinder/api/openstack/wsgi.py:868}}
Jul 21 12:15:49.238634 dv-cinder-850321-1-iscsi devstack@c-api.service[111083]: DEBUG cinder.api.v3.groups [None req-0ddae504-9bcf-4145-a7b1-e0b3101515c8 tempest-GroupSnapshotsTest-1065185462 tempest-GroupSnapshotsTest-1065185462-project] show called for member 374084b4-314a-4e62-9ab3-b1f801aefceb {{(pid=111083) show /opt/stack/cinder/cinder/api/v3/groups.py:58}}
Jul 21 12:15:49.256895 dv-cinder-850321-1-iscsi devstack@c-api.service[111083]: /usr/local/lib/python3.8/dist-packages/oslo_context/context.py:100: DeprecationWarning: Policy enforcement is depending on the value of is_admin. This key is deprecated. Please update your policy file to use the standard policy values.
Jul 21 12:15:49.256895 dv-cinder-850321-1-iscsi devstack@c-api.service[111083]: warnings.warn('Policy enforcement is depending on the value of '
Jul 21 12:15:49.312351 dv-cinder-850321-1-iscsi devstack@c-api.service[111083]: INFO cinder.api.openstack.wsgi [None req-0ddae504-9bcf-4145-a7b1-e0b3101515c8 tempest-GroupSnapshotsTest-1065185462 tempest-GroupSnapshotsTest-1065185462-project] http://10.222.0.18/volume/v3/4895f8bbde1c465bbc451c6122df7dd5/groups/374084b4-314a-4e62-9ab3-b1f801aefceb returned with HTTP 200
Jul 21 12:15:49.318543 dv-cinder-850321-1-iscsi devstack@c-api.service[111083]: [pid: 111083|app: 0|req: 30/66] 10.222.0.18 () {60 vars in 1362 bytes} [Thu Jul 21 12:15:49 2022] GET /volume/v3/4895f8bbde1c465bbc451c6122df7dd5/groups/374084b4-314a-4e62-9ab3-b1f801aefceb => generated 391 bytes in 89 msecs (HTTP/1.1 200) 7 headers in 286 bytes (1 switches on core 0)
Jul 21 12:15:49.830347 dv-cinder-850321-1-iscsi devstack@c-api.service[111084]: DEBUG cinder.api.middleware.request_id [None req-4d4cf05b-3733-4682-892c-719eae0f588e None None] RequestId filter calling following filter/app {{(pid=111084) _context_setter /opt/stack/cinder/cinder/api/middleware/request_id.py:62}}
Jul 21 12:15:49.835519 dv-cinder-850321-1-iscsi devstack@c-api.service[111084]: INFO cinder.api.openstack.wsgi [None req-4d4cf05b-3733-4682-892c-719eae0f588e tempest-GroupsTest-1499468793 tempest-GroupsTest-1499468793-project] GET http://10.222.0.18/volume/v3/f464c5d0ff2747f3a7b53ae3e08272d6/volumes/ded09038-0f52-4d48-a114-07b4cdc5db24
Jul 21 12:15:49.835933 dv-cinder-850321-1-iscsi devstack@c-api.service[111084]: DEBUG cinder.api.openstack.wsgi [None req-4d4cf05b-3733-4682-892c-719eae0f588e tempest-GroupsTest-1499468793 tempest-GroupsTest-1499468793-project] Empty body provided in request {{(pid=111084) get_body /opt/stack/cinder/cinder/api/openstack/wsgi.py:715}}
Jul 21 12:15:49.836409 dv-cinder-850321-1-iscsi devstack@c-api.service[111084]: DEBUG cinder.api.openstack.wsgi [None req-4d4cf05b-3733-4682-892c-719eae0f588e tempest-GroupsTest-1499468793 tempest-GroupsTest-1499468793-project] Calling method 'show' {{(pid=111084) _process_stack /opt/stack/cinder/cinder/api/openstack/wsgi.py:868}}
Jul 21 12:15:49.890726 dv-cinder-850321-1-iscsi devstack@c-api.service[111084]: /usr/local/lib/python3.8/dist-packages/oslo_context/context.py:100: DeprecationWarning: Policy enforcement is depending on the value of is_admin. This key is deprecated. Please update your policy file to use the standard policy values.
Jul 21 12:15:49.890726 dv-cinder-850321-1-iscsi devstack@c-api.service[111084]: warnings.warn('Policy enforcement is depending on the value of '
Jul 21 12:15:49.924095 dv-cinder-850321-1-iscsi devstack@c-api.service[111084]: INFO cinder.volume.api [None req-4d4cf05b-3733-4682-892c-719eae0f588e tempest-GroupsTest-1499468793 tempest-GroupsTest-1499468793-project] Volume info retrieved successfully.
Jul 21 12:15:49.935552 dv-cinder-850321-1-iscsi devstack@c-api.service[111084]: WARNING stevedore.named [None req-4d4cf05b-3733-4682-892c-719eae0f588e tempest-GroupsTest-1499468793 tempest-GroupsTest-1499468793-project] Could not load cinder.keymgr.conf_key_mgr.ConfKeyManager
Jul 21 12:15:49.936320 dv-cinder-850321-1-iscsi devstack@c-api.service[111084]: WARNING castellan.key_manager [None req-4d4cf05b-3733-4682-892c-719eae0f588e tempest-GroupsTest-1499468793 tempest-GroupsTest-1499468793-project] Deprecation Warning : cinder.keymgr.conf_key_mgr.ConfKeyManager is not a stevedore based driver, trying to load it as a class: stevedore.exception.NoMatches: No 'castellan.drivers' driver found, looking for 'cinder.keymgr.conf_key_mgr.ConfKeyManager'
Jul 21 12:15:49.970117 dv-cinder-850321-1-iscsi devstack@c-api.service[111084]: DEBUG oslo_db.sqlalchemy.engines [None req-4d4cf05b-3733-4682-892c-719eae0f588e tempest-GroupsTest-1499468793 tempest-GroupsTest-1499468793-project] MySQL server mode set to STRICT_TRANS_TABLES,STRICT_ALL_TABLES,NO_ZERO_IN_DATE,NO_ZERO_DATE,ERROR_FOR_DIVISION_BY_ZERO,TRADITIONAL,NO_ENGINE_SUBSTITUTION {{(pid=111084) _check_effective_sql_mode /usr/local/lib/python3.8/dist-packages/oslo_db/sqlalchemy/engines.py:314}}
Jul 21 12:15:49.989724 dv-cinder-850321-1-iscsi devstack@c-api.service[111084]: /usr/local/lib/python3.8/dist-packages/oslo_context/context.py:100: DeprecationWarning: Policy enforcement is depending on the value of is_admin. This key is deprecated. Please update your policy file to use the standard policy values.
Jul 21 12:15:49.989724 dv-cinder-850321-1-iscsi devstack@c-api.service[111084]: warnings.warn('Policy enforcement is depending on the value of '
Jul 21 12:15:50.062064 dv-cinder-850321-1-iscsi devstack@c-api.service[111084]: INFO cinder.api.openstack.wsgi [None req-4d4cf05b-3733-4682-892c-719eae0f588e tempest-GroupsTest-1499468793 tempest-GroupsTest-1499468793-project] http://10.222.0.18/volume/v3/f464c5d0ff2747f3a7b53ae3e08272d6/volumes/ded09038-0f52-4d48-a114-07b4cdc5db24 returned with HTTP 200
Jul 21 12:15:50.074444 dv-cinder-850321-1-iscsi devstack@c-api.service[111084]: [pid: 111084|app: 0|req: 37/67] 10.222.0.18 () {60 vars in 1365 bytes} [Thu Jul 21 12:15:49 2022] GET /volume/v3/f464c5d0ff2747f3a7b53ae3e08272d6/volumes/ded09038-0f52-4d48-a114-07b4cdc5db24 => generated 972 bytes in 235 msecs (HTTP/1.1 200) 7 headers in 286 bytes (1 switches on core 0)
Jul 21 12:15:50.080260 dv-cinder-850321-1-iscsi devstack@c-api.service[111083]: DEBUG cinder.api.middleware.request_id [None req-7f990d37-223b-4edc-86f8-d49058807720 None None] RequestId filter calling following filter/app {{(pid=111083) _context_setter /opt/stack/cinder/cinder/api/middleware/request_id.py:62}}
Jul 21 12:15:50.091054 dv-cinder-850321-1-iscsi devstack@c-api.service[111083]: INFO cinder.api.openstack.wsgi [None req-7f990d37-223b-4edc-86f8-d49058807720 tempest-GroupsTest-1499468793 tempest-GroupsTest-1499468793-project] GET http://10.222.0.18/volume/v3/f464c5d0ff2747f3a7b53ae3e08272d6/groups/903548da-77e9-44da-9671-618ea8584417
Jul 21 12:15:50.095030 dv-cinder-850321-1-iscsi devstack@c-api.service[111083]: DEBUG cinder.api.openstack.wsgi [None req-7f990d37-223b-4edc-86f8-d49058807720 tempest-GroupsTest-1499468793 tempest-GroupsTest-1499468793-project] Empty body provided in request {{(pid=111083) get_body /opt/stack/cinder/cinder/api/openstack/wsgi.py:715}}
Jul 21 12:15:50.101260 dv-cinder-850321-1-iscsi devstack@c-api.service[111083]: DEBUG cinder.api.openstack.wsgi [None req-7f990d37-223b-4edc-86f8-d49058807720 tempest-GroupsTest-1499468793 tempest-GroupsTest-1499468793-project] Calling method 'version_select' {{(pid=111083) _process_stack /opt/stack/cinder/cinder/api/openstack/wsgi.py:868}}
Jul 21 12:15:50.102309 dv-cinder-850321-1-iscsi devstack@c-api.service[111083]: DEBUG cinder.api.v3.groups [None req-7f990d37-223b-4edc-86f8-d49058807720 tempest-GroupsTest-1499468793 tempest-GroupsTest-1499468793-project] show called for member 903548da-77e9-44da-9671-618ea8584417 {{(pid=111083) show /opt/stack/cinder/cinder/api/v3/groups.py:58}}
Jul 21 12:15:50.176595 dv-cinder-850321-1-iscsi devstack@c-api.service[111083]: /usr/local/lib/python3.8/dist-packages/oslo_context/context.py:100: DeprecationWarning: Policy enforcement is depending on the value of is_admin. This key is deprecated. Please update your policy file to use the standard policy values.
Jul 21 12:15:50.176595 dv-cinder-850321-1-iscsi devstack@c-api.service[111083]: warnings.warn('Policy enforcement is depending on the value of '
Jul 21 12:15:50.242015 dv-cinder-850321-1-iscsi devstack@c-api.service[111083]: DEBUG dbcounter [-] [111083] Writing DB stats cinder:SELECT=78,cinder:INSERT=10,cinder:UPDATE=12 {{(pid=111083) stat_writer /usr/local/lib/python3.8/dist-packages/dbcounter.py:114}}
Jul 21 12:15:50.282436 dv-cinder-850321-1-iscsi devstack@c-api.service[111083]: INFO cinder.api.openstack.wsgi [None req-7f990d37-223b-4edc-86f8-d49058807720 tempest-GroupsTest-1499468793 tempest-GroupsTest-1499468793-project] http://10.222.0.18/volume/v3/f464c5d0ff2747f3a7b53ae3e08272d6/groups/903548da-77e9-44da-9671-618ea8584417 returned with HTTP 200
Jul 21 12:15:50.284331 dv-cinder-850321-1-iscsi devstack@c-api.service[111083]: [pid: 111083|app: 0|req: 31/68] 10.222.0.18 () {60 vars in 1362 bytes} [Thu Jul 21 12:15:50 2022] GET /volume/v3/f464c5d0ff2747f3a7b53ae3e08272d6/groups/903548da-77e9-44da-9671-618ea8584417 => generated 323 bytes in 207 msecs (HTTP/1.1 200) 7 headers in 286 bytes (1 switches on core 0)
Jul 21 12:15:50.292403 dv-cinder-850321-1-iscsi devstack@c-api.service[111084]: DEBUG cinder.api.middleware.request_id [None req-33256b57-28de-44a7-86b0-1613012469cb None None] RequestId filter calling following filter/app {{(pid=111084) _context_setter /opt/stack/cinder/cinder/api/middleware/request_id.py:62}}
Jul 21 12:15:50.299586 dv-cinder-850321-1-iscsi devstack@c-api.service[111084]: INFO cinder.api.openstack.wsgi [None req-33256b57-28de-44a7-86b0-1613012469cb tempest-GroupsTest-1499468793 tempest-GroupsTest-1499468793-project] GET http://10.222.0.18/volume/v3/f464c5d0ff2747f3a7b53ae3e08272d6/groups/cdd77c2a-bfe5-492b-8d7d-4b758ffeb1f7
Jul 21 12:15:50.300481 dv-cinder-850321-1-iscsi devstack@c-api.service[111084]: DEBUG cinder.api.openstack.wsgi [None req-33256b57-28de-44a7-86b0-1613012469cb tempest-GroupsTest-1499468793 tempest-GroupsTest-1499468793-project] Empty body provided in request {{(pid=111084) get_body /opt/stack/cinder/cinder/api/openstack/wsgi.py:715}}
Jul 21 12:15:50.301234 dv-cinder-850321-1-iscsi devstack@c-api.service[111084]: DEBUG cinder.api.openstack.wsgi [None req-33256b57-28de-44a7-86b0-1613012469cb tempest-GroupsTest-1499468793 tempest-GroupsTest-1499468793-project] Calling method 'version_select' {{(pid=111084) _process_stack /opt/stack/cinder/cinder/api/openstack/wsgi.py:868}}
Jul 21 12:15:50.301773 dv-cinder-850321-1-iscsi devstack@c-api.service[111084]: DEBUG cinder.api.v3.groups [None req-33256b57-28de-44a7-86b0-1613012469cb tempest-GroupsTest-1499468793 tempest-GroupsTest-1499468793-project] show called for member cdd77c2a-bfe5-492b-8d7d-4b758ffeb1f7 {{(pid=111084) show /opt/stack/cinder/cinder/api/v3/groups.py:58}}
Jul 21 12:15:50.318731 dv-cinder-850321-1-iscsi devstack@c-api.service[111084]: /usr/local/lib/python3.8/dist-packages/oslo_context/context.py:100: DeprecationWarning: Policy enforcement is depending on the value of is_admin. This key is deprecated. Please update your policy file to use the standard policy values.
Jul 21 12:15:50.318731 dv-cinder-850321-1-iscsi devstack@c-api.service[111084]: warnings.warn('Policy enforcement is depending on the value of '
Jul 21 12:15:50.323114 dv-cinder-850321-1-iscsi devstack@c-api.service[111083]: DEBUG cinder.api.middleware.request_id [None req-96969e21-0114-4095-847e-04ecb5733009 None None] RequestId filter calling following filter/app {{(pid=111083) _context_setter /opt/stack/cinder/cinder/api/middleware/request_id.py:62}}
Jul 21 12:15:50.329769 dv-cinder-850321-1-iscsi devstack@c-api.service[111083]: INFO cinder.api.openstack.wsgi [None req-96969e21-0114-4095-847e-04ecb5733009 tempest-GroupSnapshotsTest-1065185462 tempest-GroupSnapshotsTest-1065185462-project] GET http://10.222.0.18/volume/v3/4895f8bbde1c465bbc451c6122df7dd5/groups/374084b4-314a-4e62-9ab3-b1f801aefceb
Jul 21 12:15:50.330446 dv-cinder-850321-1-iscsi devstack@c-api.service[111083]: DEBUG cinder.api.openstack.wsgi [None req-96969e21-0114-4095-847e-04ecb5733009 tempest-GroupSnapshotsTest-1065185462 tempest-GroupSnapshotsTest-1065185462-project] Empty body provided in request {{(pid=111083) get_body /opt/stack/cinder/cinder/api/openstack/wsgi.py:715}}
Jul 21 12:15:50.331117 dv-cinder-850321-1-iscsi devstack@c-api.service[111083]: DEBUG cinder.api.openstack.wsgi [None req-96969e21-0114-4095-847e-04ecb5733009 tempest-GroupSnapshotsTest-1065185462 tempest-GroupSnapshotsTest-1065185462-project] Calling method 'version_select' {{(pid=111083) _process_stack /opt/stack/cinder/cinder/api/openstack/wsgi.py:868}}
Jul 21 12:15:50.331766 dv-cinder-850321-1-iscsi devstack@c-api.service[111083]: DEBUG cinder.api.v3.groups [None req-96969e21-0114-4095-847e-04ecb5733009 tempest-GroupSnapshotsTest-1065185462 tempest-GroupSnapshotsTest-1065185462-project] show called for member 374084b4-314a-4e62-9ab3-b1f801aefceb {{(pid=111083) show /opt/stack/cinder/cinder/api/v3/groups.py:58}}
Jul 21 12:15:50.350394 dv-cinder-850321-1-iscsi devstack@c-api.service[111083]: /usr/local/lib/python3.8/dist-packages/oslo_context/context.py:100: DeprecationWarning: Policy enforcement is depending on the value of is_admin. This key is deprecated. Please update your policy file to use the standard policy values.
Jul 21 12:15:50.350394 dv-cinder-850321-1-iscsi devstack@c-api.service[111083]: warnings.warn('Policy enforcement is depending on the value of '
Jul 21 12:15:50.377445 dv-cinder-850321-1-iscsi devstack@c-api.service[111084]: INFO cinder.api.openstack.wsgi [None req-33256b57-28de-44a7-86b0-1613012469cb tempest-GroupsTest-1499468793 tempest-GroupsTest-1499468793-project] http://10.222.0.18/volume/v3/f464c5d0ff2747f3a7b53ae3e08272d6/groups/cdd77c2a-bfe5-492b-8d7d-4b758ffeb1f7 returned with HTTP 200
Jul 21 12:15:50.383096 dv-cinder-850321-1-iscsi devstack@c-api.service[111084]: [pid: 111084|app: 0|req: 38/69] 10.222.0.18 () {60 vars in 1362 bytes} [Thu Jul 21 12:15:50 2022] GET /volume/v3/f464c5d0ff2747f3a7b53ae3e08272d6/groups/cdd77c2a-bfe5-492b-8d7d-4b758ffeb1f7 => generated 323 bytes in 92 msecs (HTTP/1.1 200) 7 headers in 286 bytes (2 switches on core 0)
Jul 21 12:15:50.389016 dv-cinder-850321-1-iscsi devstack@c-api.service[111084]: DEBUG cinder.api.middleware.request_id [None req-e1cc24df-949e-4c3f-837a-01bdf55f8de4 None None] RequestId filter calling following filter/app {{(pid=111084) _context_setter /opt/stack/cinder/cinder/api/middleware/request_id.py:62}}
Jul 21 12:15:50.409215 dv-cinder-850321-1-iscsi devstack@c-api.service[111083]: INFO cinder.api.openstack.wsgi [None req-96969e21-0114-4095-847e-04ecb5733009 tempest-GroupSnapshotsTest-1065185462 tempest-GroupSnapshotsTest-1065185462-project] http://10.222.0.18/volume/v3/4895f8bbde1c465bbc451c6122df7dd5/groups/374084b4-314a-4e62-9ab3-b1f801aefceb returned with HTTP 200
Jul 21 12:15:50.409922 dv-cinder-850321-1-iscsi devstack@c-api.service[111084]: INFO cinder.api.openstack.wsgi [None req-e1cc24df-949e-4c3f-837a-01bdf55f8de4 tempest-GroupsTest-1499468793 tempest-GroupsTest-1499468793-project] GET http://10.222.0.18/volume/v3/f464c5d0ff2747f3a7b53ae3e08272d6/groups/detail
Jul 21 12:15:50.421663 dv-cinder-850321-1-iscsi devstack@c-api.service[111084]: DEBUG cinder.api.openstack.wsgi [None req-e1cc24df-949e-4c3f-837a-01bdf55f8de4 tempest-GroupsTest-1499468793 tempest-GroupsTest-1499468793-project] Empty body provided in request {{(pid=111084) get_body /opt/stack/cinder/cinder/api/openstack/wsgi.py:715}}
Jul 21 12:15:50.421964 dv-cinder-850321-1-iscsi devstack@c-api.service[111083]: [pid: 111083|app: 0|req: 32/70] 10.222.0.18 () {60 vars in 1362 bytes} [Thu Jul 21 12:15:50 2022] GET /volume/v3/4895f8bbde1c465bbc451c6122df7dd5/groups/374084b4-314a-4e62-9ab3-b1f801aefceb => generated 392 bytes in 91 msecs (HTTP/1.1 200) 7 headers in 286 bytes (2 switches on core 0)
Jul 21 12:15:50.422142 dv-cinder-850321-1-iscsi devstack@c-api.service[111084]: DEBUG cinder.api.openstack.wsgi [None req-e1cc24df-949e-4c3f-837a-01bdf55f8de4 tempest-GroupsTest-1499468793 tempest-GroupsTest-1499468793-project] Calling method 'version_select' {{(pid=111084) _process_stack /opt/stack/cinder/cinder/api/openstack/wsgi.py:868}}
Jul 21 12:15:50.422142 dv-cinder-850321-1-iscsi devstack@c-api.service[111084]: /usr/local/lib/python3.8/dist-packages/oslo_context/context.py:100: DeprecationWarning: Policy enforcement is depending on the value of is_admin. This key is deprecated. Please update your policy file to use the standard policy values.
Jul 21 12:15:50.422142 dv-cinder-850321-1-iscsi devstack@c-api.service[111084]: warnings.warn('Policy enforcement is depending on the value of '
Jul 21 12:15:50.423878 dv-cinder-850321-1-iscsi devstack@c-api.service[111083]: DEBUG cinder.api.middleware.request_id [None req-e5ca0c62-d006-497d-9801-3ebf4641e6f9 None None] RequestId filter calling following filter/app {{(pid=111083) _context_setter /opt/stack/cinder/cinder/api/middleware/request_id.py:62}}
Jul 21 12:15:50.436461 dv-cinder-850321-1-iscsi devstack@c-api.service[111083]: INFO cinder.api.openstack.wsgi [None req-e5ca0c62-d006-497d-9801-3ebf4641e6f9 tempest-GroupSnapshotsTest-1065185462 tempest-GroupSnapshotsTest-1065185462-project] POST http://10.222.0.18/volume/v3/4895f8bbde1c465bbc451c6122df7dd5/volumes
Jul 21 12:15:50.437422 dv-cinder-850321-1-iscsi devstack@c-api.service[111083]: DEBUG cinder.api.openstack.wsgi [None req-e5ca0c62-d006-497d-9801-3ebf4641e6f9 tempest-GroupSnapshotsTest-1065185462 tempest-GroupSnapshotsTest-1065185462-project] Action: 'create', calling method: create, body: {"volume": {"volume_type": "2e29a045-8709-4ef3-9c33-3d71c1b97327", "group_id": "374084b4-314a-4e62-9ab3-b1f801aefceb", "size": 1, "name": "tempest-GroupSnapshotsTest-Volume-1615822840"}} {{(pid=111083) _process_stack /opt/stack/cinder/cinder/api/openstack/wsgi.py:866}}
Jul 21 12:15:50.440780 dv-cinder-850321-1-iscsi devstack@c-api.service[111083]: DEBUG cinder.api.v3.volumes [None req-e5ca0c62-d006-497d-9801-3ebf4641e6f9 tempest-GroupSnapshotsTest-1065185462 tempest-GroupSnapshotsTest-1065185462-project] Create volume request body: {'volume': {'volume_type': '2e29a045-8709-4ef3-9c33-3d71c1b97327', 'group_id': '374084b4-314a-4e62-9ab3-b1f801aefceb', 'size': 1, 'name': 'tempest-GroupSnapshotsTest-Volume-1615822840'}} {{(pid=111083) create /opt/stack/cinder/cinder/api/v3/volumes.py:298}}
Jul 21 12:15:50.469273 dv-cinder-850321-1-iscsi devstack@c-api.service[111084]: DEBUG dbcounter [-] [111084] Writing DB stats cinder:SELECT=85,cinder:INSERT=9,cinder:UPDATE=6 {{(pid=111084) stat_writer /usr/local/lib/python3.8/dist-packages/dbcounter.py:114}}
Jul 21 12:15:50.485175 dv-cinder-850321-1-iscsi devstack@c-api.service[111083]: /usr/local/lib/python3.8/dist-packages/oslo_context/context.py:100: DeprecationWarning: Policy enforcement is depending on the value of is_admin. This key is deprecated. Please update your policy file to use the standard policy values.
Jul 21 12:15:50.485175 dv-cinder-850321-1-iscsi devstack@c-api.service[111083]: warnings.warn('Policy enforcement is depending on the value of '
Jul 21 12:15:50.486251 dv-cinder-850321-1-iscsi devstack@c-api.service[111083]: INFO cinder.api.v3.volumes [None req-e5ca0c62-d006-497d-9801-3ebf4641e6f9 tempest-GroupSnapshotsTest-1065185462 tempest-GroupSnapshotsTest-1065185462-project] Create volume of 1 GB
Jul 21 12:15:50.521664 dv-cinder-850321-1-iscsi devstack@c-api.service[111083]: INFO cinder.volume.api [None req-e5ca0c62-d006-497d-9801-3ebf4641e6f9 tempest-GroupSnapshotsTest-1065185462 tempest-GroupSnapshotsTest-1065185462-project] Availability Zones retrieved successfully.
Jul 21 12:15:50.558364 dv-cinder-850321-1-iscsi devstack@c-api.service[111084]: INFO cinder.api.openstack.wsgi [None req-e1cc24df-949e-4c3f-837a-01bdf55f8de4 tempest-GroupsTest-1499468793 tempest-GroupsTest-1499468793-project] http://10.222.0.18/volume/v3/f464c5d0ff2747f3a7b53ae3e08272d6/groups/detail returned with HTTP 200
Jul 21 12:15:50.564312 dv-cinder-850321-1-iscsi devstack@c-api.service[111084]: [pid: 111084|app: 0|req: 39/71] 10.222.0.18 () {60 vars in 1272 bytes} [Thu Jul 21 12:15:50 2022] GET /volume/v3/f464c5d0ff2747f3a7b53ae3e08272d6/groups/detail => generated 640 bytes in 176 msecs (HTTP/1.1 200) 7 headers in 286 bytes (1 switches on core 0)
Jul 21 12:15:50.567804 dv-cinder-850321-1-iscsi devstack@c-api.service[111084]: DEBUG cinder.api.middleware.request_id [None req-b4de14b8-53e3-429d-8035-05f9486b8f10 None None] RequestId filter calling following filter/app {{(pid=111084) _context_setter /opt/stack/cinder/cinder/api/middleware/request_id.py:62}}
Jul 21 12:15:50.588729 dv-cinder-850321-1-iscsi devstack@c-api.service[111084]: INFO cinder.api.openstack.wsgi [None req-b4de14b8-53e3-429d-8035-05f9486b8f10 tempest-GroupsTest-1499468793 tempest-GroupsTest-1499468793-project] GET http://10.222.0.18/volume/v3/f464c5d0ff2747f3a7b53ae3e08272d6/volumes/detail
Jul 21 12:15:50.589253 dv-cinder-850321-1-iscsi devstack@c-api.service[111084]: DEBUG cinder.api.openstack.wsgi [None req-b4de14b8-53e3-429d-8035-05f9486b8f10 tempest-GroupsTest-1499468793 tempest-GroupsTest-1499468793-project] Empty body provided in request {{(pid=111084) get_body /opt/stack/cinder/cinder/api/openstack/wsgi.py:715}}
Jul 21 12:15:50.591622 dv-cinder-850321-1-iscsi devstack@c-api.service[111083]: DEBUG cinder.volume.api [None req-e5ca0c62-d006-497d-9801-3ebf4641e6f9 tempest-GroupSnapshotsTest-1065185462 tempest-GroupSnapshotsTest-1065185462-project] Flow 'volume_create_api' (7de14b31-bfea-4365-a9c4-f4092b8ce57c) transitioned into state 'RUNNING' from state 'PENDING' {{(pid=111083) _flow_receiver /usr/local/lib/python3.8/dist-packages/taskflow/listeners/logging.py:141}}
Jul 21 12:15:50.592249 dv-cinder-850321-1-iscsi devstack@c-api.service[111084]: DEBUG cinder.api.openstack.wsgi [None req-b4de14b8-53e3-429d-8035-05f9486b8f10 tempest-GroupsTest-1499468793 tempest-GroupsTest-1499468793-project] Calling method 'detail' {{(pid=111084) _process_stack /opt/stack/cinder/cinder/api/openstack/wsgi.py:868}}
Jul 21 12:15:50.593881 dv-cinder-850321-1-iscsi devstack@c-api.service[111084]: DEBUG cinder.api.api_utils [None req-b4de14b8-53e3-429d-8035-05f9486b8f10 tempest-GroupsTest-1499468793 tempest-GroupsTest-1499468793-project] Removing options '' from query. {{(pid=111084) remove_invalid_filter_options /opt/stack/cinder/cinder/api/api_utils.py:83}}
Jul 21 12:15:50.594852 dv-cinder-850321-1-iscsi devstack@c-api.service[111084]: /usr/local/lib/python3.8/dist-packages/oslo_context/context.py:100: DeprecationWarning: Policy enforcement is depending on the value of is_admin. This key is deprecated. Please update your policy file to use the standard policy values.
Jul 21 12:15:50.594852 dv-cinder-850321-1-iscsi devstack@c-api.service[111084]: warnings.warn('Policy enforcement is depending on the value of '
Jul 21 12:15:50.595950 dv-cinder-850321-1-iscsi devstack@c-api.service[111084]: DEBUG cinder.volume.api [None req-b4de14b8-53e3-429d-8035-05f9486b8f10 tempest-GroupsTest-1499468793 tempest-GroupsTest-1499468793-project] Searching by: MultiDict([('no_migration_targets', True)]). {{(pid=111084) get_all /opt/stack/cinder/cinder/volume/api.py:664}}
Jul 21 12:15:50.603495 dv-cinder-850321-1-iscsi devstack@c-api.service[111083]: DEBUG cinder.volume.api [None req-e5ca0c62-d006-497d-9801-3ebf4641e6f9 tempest-GroupSnapshotsTest-1065185462 tempest-GroupSnapshotsTest-1065185462-project] Task 'cinder.volume.flows.api.create_volume.ExtractVolumeRequestTask;volume:create' (39f65d0d-dbc0-4015-8fdf-75c5588b507e) transitioned into state 'RUNNING' from state 'PENDING' {{(pid=111083) _task_receiver /usr/local/lib/python3.8/dist-packages/taskflow/listeners/logging.py:190}}
Jul 21 12:15:50.613176 dv-cinder-850321-1-iscsi devstack@c-api.service[111083]: /usr/local/lib/python3.8/dist-packages/oslo_context/context.py:100: DeprecationWarning: Policy enforcement is depending on the value of is_admin. This key is deprecated. Please update your policy file to use the standard policy values.
Jul 21 12:15:50.613176 dv-cinder-850321-1-iscsi devstack@c-api.service[111083]: warnings.warn('Policy enforcement is depending on the value of '
Jul 21 12:15:50.614283 dv-cinder-850321-1-iscsi devstack@c-api.service[111083]: DEBUG cinder.volume.flows.api.create_volume [None req-e5ca0c62-d006-497d-9801-3ebf4641e6f9 tempest-GroupSnapshotsTest-1065185462 tempest-GroupSnapshotsTest-1065185462-project] Validating volume size '1' using validate_int {{(pid=111083) _extract_size /opt/stack/cinder/cinder/volume/flows/api/create_volume.py:228}}
Jul 21 12:15:50.703863 dv-cinder-850321-1-iscsi devstack@c-api.service[111084]: INFO cinder.volume.api [None req-b4de14b8-53e3-429d-8035-05f9486b8f10 tempest-GroupsTest-1499468793 tempest-GroupsTest-1499468793-project] Get all volumes completed successfully.
Jul 21 12:15:50.705457 dv-cinder-850321-1-iscsi devstack@c-api.service[111084]: WARNING stevedore.named [None req-b4de14b8-53e3-429d-8035-05f9486b8f10 tempest-GroupsTest-1499468793 tempest-GroupsTest-1499468793-project] Could not load cinder.keymgr.conf_key_mgr.ConfKeyManager
Jul 21 12:15:50.705905 dv-cinder-850321-1-iscsi devstack@c-api.service[111084]: WARNING castellan.key_manager [None req-b4de14b8-53e3-429d-8035-05f9486b8f10 tempest-GroupsTest-1499468793 tempest-GroupsTest-1499468793-project] Deprecation Warning : cinder.keymgr.conf_key_mgr.ConfKeyManager is not a stevedore based driver, trying to load it as a class: stevedore.exception.NoMatches: No 'castellan.drivers' driver found, looking for 'cinder.keymgr.conf_key_mgr.ConfKeyManager'
Jul 21 12:15:50.723120 dv-cinder-850321-1-iscsi devstack@c-api.service[111083]: DEBUG cinder.volume.api [None req-e5ca0c62-d006-497d-9801-3ebf4641e6f9 tempest-GroupSnapshotsTest-1065185462 tempest-GroupSnapshotsTest-1065185462-project] Task 'cinder.volume.flows.api.create_volume.ExtractVolumeRequestTask;volume:create' (39f65d0d-dbc0-4015-8fdf-75c5588b507e) transitioned into state 'SUCCESS' from state 'RUNNING' with result '{'size': 1, 'snapshot_id': None, 'source_volid': None, 'volume_type': VolumeType(created_at=2022-07-21T12:15:48Z,deleted=False,deleted_at=None,description=None,extra_specs={},id=2e29a045-8709-4ef3-9c33-3d71c1b97327,is_public=True,name='tempest-GroupSnapshotsTest-volume-type-343693604',projects=[],qos_specs=,qos_specs_id=None,updated_at=None), 'volume_type_id': '2e29a045-8709-4ef3-9c33-3d71c1b97327', 'encryption_key_id': None, 'qos_specs': None, 'consistencygroup_id': None, 'cgsnapshot_id': None, 'group_id': '374084b4-314a-4e62-9ab3-b1f801aefceb', 'replication_status': 'disabled', 'refresh_az': False, 'backup_id': None, 'multiattach': False, 'availability_zones': ['nova']}' {{(pid=111083) _task_receiver /usr/local/lib/python3.8/dist-packages/taskflow/listeners/logging.py:178}}
Jul 21 12:15:50.730239 dv-cinder-850321-1-iscsi devstack@c-api.service[111083]: DEBUG cinder.volume.api [None req-e5ca0c62-d006-497d-9801-3ebf4641e6f9 tempest-GroupSnapshotsTest-1065185462 tempest-GroupSnapshotsTest-1065185462-project] Task 'cinder.volume.flows.api.create_volume.QuotaReserveTask;volume:create' (8b106700-7467-4d9d-aac5-4eeeb6863f77) transitioned into state 'RUNNING' from state 'PENDING' {{(pid=111083) _task_receiver /usr/local/lib/python3.8/dist-packages/taskflow/listeners/logging.py:190}}
Jul 21 12:15:50.739530 dv-cinder-850321-1-iscsi devstack@c-api.service[111084]: DEBUG oslo_db.sqlalchemy.engines [None req-b4de14b8-53e3-429d-8035-05f9486b8f10 tempest-GroupsTest-1499468793 tempest-GroupsTest-1499468793-project] MySQL server mode set to STRICT_TRANS_TABLES,STRICT_ALL_TABLES,NO_ZERO_IN_DATE,NO_ZERO_DATE,ERROR_FOR_DIVISION_BY_ZERO,TRADITIONAL,NO_ENGINE_SUBSTITUTION {{(pid=111084) _check_effective_sql_mode /usr/local/lib/python3.8/dist-packages/oslo_db/sqlalchemy/engines.py:314}}
Jul 21 12:15:50.755244 dv-cinder-850321-1-iscsi devstack@c-api.service[111084]: /usr/local/lib/python3.8/dist-packages/oslo_context/context.py:100: DeprecationWarning: Policy enforcement is depending on the value of is_admin. This key is deprecated. Please update your policy file to use the standard policy values.
Jul 21 12:15:50.755244 dv-cinder-850321-1-iscsi devstack@c-api.service[111084]: warnings.warn('Policy enforcement is depending on the value of '
Jul 21 12:15:50.844278 dv-cinder-850321-1-iscsi devstack@c-api.service[111084]: INFO cinder.api.openstack.wsgi [None req-b4de14b8-53e3-429d-8035-05f9486b8f10 tempest-GroupsTest-1499468793 tempest-GroupsTest-1499468793-project] http://10.222.0.18/volume/v3/f464c5d0ff2747f3a7b53ae3e08272d6/volumes/detail returned with HTTP 200
Jul 21 12:15:50.860272 dv-cinder-850321-1-iscsi devstack@c-api.service[111084]: [pid: 111084|app: 0|req: 40/72] 10.222.0.18 () {60 vars in 1275 bytes} [Thu Jul 21 12:15:50 2022] GET /volume/v3/f464c5d0ff2747f3a7b53ae3e08272d6/volumes/detail => generated 975 bytes in 292 msecs (HTTP/1.1 200) 7 headers in 286 bytes (1 switches on core 0)
Jul 21 12:15:50.861782 dv-cinder-850321-1-iscsi devstack@c-api.service[111084]: DEBUG cinder.api.middleware.request_id [None req-948249ae-7579-4632-a4aa-8abffd8a05f3 None None] RequestId filter calling following filter/app {{(pid=111084) _context_setter /opt/stack/cinder/cinder/api/middleware/request_id.py:62}}
Jul 21 12:15:50.873473 dv-cinder-850321-1-iscsi devstack@c-api.service[111084]: INFO cinder.api.openstack.wsgi [None req-948249ae-7579-4632-a4aa-8abffd8a05f3 tempest-GroupsTest-1499468793 tempest-GroupsTest-1499468793-project] GET http://10.222.0.18/volume/v3/f464c5d0ff2747f3a7b53ae3e08272d6/volumes/detail
Jul 21 12:15:50.873997 dv-cinder-850321-1-iscsi devstack@c-api.service[111084]: DEBUG cinder.api.openstack.wsgi [None req-948249ae-7579-4632-a4aa-8abffd8a05f3 tempest-GroupsTest-1499468793 tempest-GroupsTest-1499468793-project] Empty body provided in request {{(pid=111084) get_body /opt/stack/cinder/cinder/api/openstack/wsgi.py:715}}
Jul 21 12:15:50.874466 dv-cinder-850321-1-iscsi devstack@c-api.service[111084]: DEBUG cinder.api.openstack.wsgi [None req-948249ae-7579-4632-a4aa-8abffd8a05f3 tempest-GroupsTest-1499468793 tempest-GroupsTest-1499468793-project] Calling method 'detail' {{(pid=111084) _process_stack /opt/stack/cinder/cinder/api/openstack/wsgi.py:868}}
Jul 21 12:15:50.875056 dv-cinder-850321-1-iscsi devstack@c-api.service[111084]: DEBUG cinder.api.api_utils [None req-948249ae-7579-4632-a4aa-8abffd8a05f3 tempest-GroupsTest-1499468793 tempest-GroupsTest-1499468793-project] Removing options '' from query. {{(pid=111084) remove_invalid_filter_options /opt/stack/cinder/cinder/api/api_utils.py:83}}
Jul 21 12:15:50.881279 dv-cinder-850321-1-iscsi devstack@c-api.service[111084]: DEBUG cinder.volume.api [None req-948249ae-7579-4632-a4aa-8abffd8a05f3 tempest-GroupsTest-1499468793 tempest-GroupsTest-1499468793-project] Searching by: MultiDict([('no_migration_targets', True)]). {{(pid=111084) get_all /opt/stack/cinder/cinder/volume/api.py:664}}
Jul 21 12:15:50.912210 dv-cinder-850321-1-iscsi devstack@c-api.service[111083]: WARNING cinder.quota [None req-e5ca0c62-d006-497d-9801-3ebf4641e6f9 tempest-GroupSnapshotsTest-1065185462 tempest-GroupSnapshotsTest-1065185462-project] Deprecated: Default quota for resource: volumes_tempest-GroupSnapshotsTest-volume-type-343693604 is set by the default quota flag: quota_volumes_tempest-GroupSnapshotsTest-volume-type-343693604, it is now deprecated. Please use the default quota class for default quota.
Jul 21 12:15:50.921218 dv-cinder-850321-1-iscsi devstack@c-api.service[111083]: WARNING cinder.quota [None req-e5ca0c62-d006-497d-9801-3ebf4641e6f9 tempest-GroupSnapshotsTest-1065185462 tempest-GroupSnapshotsTest-1065185462-project] Deprecated: Default quota for resource: gigabytes_tempest-GroupSnapshotsTest-volume-type-343693604 is set by the default quota flag: quota_gigabytes_tempest-GroupSnapshotsTest-volume-type-343693604, it is now deprecated. Please use the default quota class for default quota.
Jul 21 12:15:51.040301 dv-cinder-850321-1-iscsi devstack@c-api.service[111084]: INFO cinder.volume.api [None req-948249ae-7579-4632-a4aa-8abffd8a05f3 tempest-GroupsTest-1499468793 tempest-GroupsTest-1499468793-project] Get all volumes completed successfully.
Jul 21 12:15:51.042916 dv-cinder-850321-1-iscsi devstack@c-api.service[111084]: WARNING stevedore.named [None req-948249ae-7579-4632-a4aa-8abffd8a05f3 tempest-GroupsTest-1499468793 tempest-GroupsTest-1499468793-project] Could not load cinder.keymgr.conf_key_mgr.ConfKeyManager
Jul 21 12:15:51.043704 dv-cinder-850321-1-iscsi devstack@c-api.service[111084]: WARNING castellan.key_manager [None req-948249ae-7579-4632-a4aa-8abffd8a05f3 tempest-GroupsTest-1499468793 tempest-GroupsTest-1499468793-project] Deprecation Warning : cinder.keymgr.conf_key_mgr.ConfKeyManager is not a stevedore based driver, trying to load it as a class: stevedore.exception.NoMatches: No 'castellan.drivers' driver found, looking for 'cinder.keymgr.conf_key_mgr.ConfKeyManager'
Jul 21 12:15:51.055567 dv-cinder-850321-1-iscsi devstack@c-api.service[111084]: DEBUG oslo_db.sqlalchemy.engines [None req-948249ae-7579-4632-a4aa-8abffd8a05f3 tempest-GroupsTest-1499468793 tempest-GroupsTest-1499468793-project] MySQL server mode set to STRICT_TRANS_TABLES,STRICT_ALL_TABLES,NO_ZERO_IN_DATE,NO_ZERO_DATE,ERROR_FOR_DIVISION_BY_ZERO,TRADITIONAL,NO_ENGINE_SUBSTITUTION {{(pid=111084) _check_effective_sql_mode /usr/local/lib/python3.8/dist-packages/oslo_db/sqlalchemy/engines.py:314}}
Jul 21 12:15:51.062780 dv-cinder-850321-1-iscsi devstack@c-api.service[111084]: /usr/local/lib/python3.8/dist-packages/oslo_context/context.py:100: DeprecationWarning: Policy enforcement is depending on the value of is_admin. This key is deprecated. Please update your policy file to use the standard policy values.
Jul 21 12:15:51.062780 dv-cinder-850321-1-iscsi devstack@c-api.service[111084]: warnings.warn('Policy enforcement is depending on the value of '
Jul 21 12:15:51.094361 dv-cinder-850321-1-iscsi devstack@c-api.service[111084]: INFO cinder.api.openstack.wsgi [None req-948249ae-7579-4632-a4aa-8abffd8a05f3 tempest-GroupsTest-1499468793 tempest-GroupsTest-1499468793-project] http://10.222.0.18/volume/v3/f464c5d0ff2747f3a7b53ae3e08272d6/volumes/detail returned with HTTP 200
Jul 21 12:15:51.100202 dv-cinder-850321-1-iscsi devstack@c-api.service[111084]: [pid: 111084|app: 0|req: 41/73] 10.222.0.18 () {60 vars in 1275 bytes} [Thu Jul 21 12:15:50 2022] GET /volume/v3/f464c5d0ff2747f3a7b53ae3e08272d6/volumes/detail => generated 975 bytes in 239 msecs (HTTP/1.1 200) 7 headers in 286 bytes (1 switches on core 0)
Jul 21 12:15:51.117455 dv-cinder-850321-1-iscsi devstack@c-api.service[111084]: DEBUG cinder.api.middleware.request_id [None req-675626ec-35a3-4c9c-b6f3-1ba23d6fcc59 None None] RequestId filter calling following filter/app {{(pid=111084) _context_setter /opt/stack/cinder/cinder/api/middleware/request_id.py:62}}
Jul 21 12:15:51.131658 dv-cinder-850321-1-iscsi devstack@c-api.service[111084]: INFO cinder.api.openstack.wsgi [None req-675626ec-35a3-4c9c-b6f3-1ba23d6fcc59 tempest-GroupsTest-1499468793 tempest-GroupsTest-1499468793-project] POST http://10.222.0.18/volume/v3/f464c5d0ff2747f3a7b53ae3e08272d6/groups/903548da-77e9-44da-9671-618ea8584417/action
Jul 21 12:15:51.132501 dv-cinder-850321-1-iscsi devstack@c-api.service[111084]: DEBUG cinder.api.openstack.wsgi [None req-675626ec-35a3-4c9c-b6f3-1ba23d6fcc59 tempest-GroupsTest-1499468793 tempest-GroupsTest-1499468793-project] Action body: b'{"delete": {"delete-volumes": true}}' {{(pid=111084) get_method /opt/stack/cinder/cinder/api/openstack/wsgi.py:983}}
Jul 21 12:15:51.132937 dv-cinder-850321-1-iscsi devstack@c-api.service[111084]: DEBUG cinder.api.openstack.wsgi [None req-675626ec-35a3-4c9c-b6f3-1ba23d6fcc59 tempest-GroupsTest-1499468793 tempest-GroupsTest-1499468793-project] Action: 'action', calling method: delete_group, body: {"delete": {"delete-volumes": true}} {{(pid=111084) _process_stack /opt/stack/cinder/cinder/api/openstack/wsgi.py:866}}
Jul 21 12:15:51.133910 dv-cinder-850321-1-iscsi devstack@c-api.service[111084]: DEBUG cinder.api.v3.groups [None req-675626ec-35a3-4c9c-b6f3-1ba23d6fcc59 tempest-GroupsTest-1499468793 tempest-GroupsTest-1499468793-project] delete called for group 903548da-77e9-44da-9671-618ea8584417 {{(pid=111084) _delete /opt/stack/cinder/cinder/api/v3/groups.py:117}}
Jul 21 12:15:51.134212 dv-cinder-850321-1-iscsi devstack@c-api.service[111084]: INFO cinder.api.v3.groups [None req-675626ec-35a3-4c9c-b6f3-1ba23d6fcc59 tempest-GroupsTest-1499468793 tempest-GroupsTest-1499468793-project] Delete group with id: 903548da-77e9-44da-9671-618ea8584417
Jul 21 12:15:51.144221 dv-cinder-850321-1-iscsi devstack@c-api.service[111084]: /usr/local/lib/python3.8/dist-packages/oslo_context/context.py:100: DeprecationWarning: Policy enforcement is depending on the value of is_admin. This key is deprecated. Please update your policy file to use the standard policy values.
Jul 21 12:15:51.144221 dv-cinder-850321-1-iscsi devstack@c-api.service[111084]: warnings.warn('Policy enforcement is depending on the value of '
Jul 21 12:15:51.205583 dv-cinder-850321-1-iscsi devstack@c-api.service[111083]: DEBUG cinder.quota [None req-e5ca0c62-d006-497d-9801-3ebf4641e6f9 tempest-GroupSnapshotsTest-1065185462 tempest-GroupSnapshotsTest-1065185462-project] Created reservations ['976fb767-bb72-4be0-bfe2-340037ed6549', 'ab3f1891-348c-4739-acbd-e1c74251bac3', '14f5b003-4006-4fd8-ab89-3699211de761', 'ccf78c51-6f25-4a02-a5df-599d9c276033'] {{(pid=111083) reserve /opt/stack/cinder/cinder/quota.py:755}}
