Aug 07 10:55:36.594402 dv-cinder-850320-3-smb devstack@c-api.service[110745]: [pid: 110745|app: 0|req: 213/439] 10.222.0.27 () {58 vars in 1325 bytes} [Sun Aug 7 10:55:36 2022] GET /volume/v3/fb998ef2583e4984bbbe53cbe8e1deee/volumes/56713c19-a003-4cdd-9443-4acb00b4bee0 => generated 919 bytes in 50 msecs (HTTP/1.1 200) 7 headers in 285 bytes (1 switches on core 0)
Aug 07 10:55:37.180270 dv-cinder-850320-3-smb devstack@c-api.service[110746]: DEBUG cinder.api.middleware.request_id [None req-c47a5a94-33b7-4a96-a1bd-6340106133fb None None] RequestId filter calling following filter/app {{(pid=110746) _context_setter /opt/stack/cinder/cinder/api/middleware/request_id.py:62}}
Aug 07 10:55:37.382692 dv-cinder-850320-3-smb devstack@c-api.service[110746]: INFO cinder.api.openstack.wsgi [None req-c47a5a94-33b7-4a96-a1bd-6340106133fb tempest-VolumesDeleteCascade-724570570 tempest-VolumesDeleteCascade-724570570-project] POST http://10.222.0.27/volume/v3/5d610be7ed1d4dfb8926901955f7574f/volumes
Aug 07 10:55:37.383382 dv-cinder-850320-3-smb devstack@c-api.service[110746]: DEBUG cinder.api.openstack.wsgi [None req-c47a5a94-33b7-4a96-a1bd-6340106133fb tempest-VolumesDeleteCascade-724570570 tempest-VolumesDeleteCascade-724570570-project] Action: 'create', calling method: create, body: {"volume": {"size": 1, "name": "tempest-VolumesDeleteCascade-Volume-874239363"}} {{(pid=110746) _process_stack /opt/stack/cinder/cinder/api/openstack/wsgi.py:866}}
Aug 07 10:55:37.385749 dv-cinder-850320-3-smb devstack@c-api.service[110746]: DEBUG cinder.api.v3.volumes [None req-c47a5a94-33b7-4a96-a1bd-6340106133fb tempest-VolumesDeleteCascade-724570570 tempest-VolumesDeleteCascade-724570570-project] Create volume request body: {'volume': {'size': 1, 'name': 'tempest-VolumesDeleteCascade-Volume-874239363'}} {{(pid=110746) create /opt/stack/cinder/cinder/api/v3/volumes.py:298}}
Aug 07 10:55:37.386071 dv-cinder-850320-3-smb devstack@c-api.service[110746]: INFO cinder.api.v3.volumes [None req-c47a5a94-33b7-4a96-a1bd-6340106133fb tempest-VolumesDeleteCascade-724570570 tempest-VolumesDeleteCascade-724570570-project] Create volume of 1 GB
Aug 07 10:55:37.393063 dv-cinder-850320-3-smb devstack@c-api.service[110746]: INFO cinder.volume.api [None req-c47a5a94-33b7-4a96-a1bd-6340106133fb tempest-VolumesDeleteCascade-724570570 tempest-VolumesDeleteCascade-724570570-project] Availability Zones retrieved successfully.
Aug 07 10:55:37.408340 dv-cinder-850320-3-smb devstack@c-api.service[110746]: DEBUG cinder.volume.api [None req-c47a5a94-33b7-4a96-a1bd-6340106133fb tempest-VolumesDeleteCascade-724570570 tempest-VolumesDeleteCascade-724570570-project] Flow 'volume_create_api' (cb0fcd68-f59d-4bc5-a643-4fbe6d592fd7) transitioned into state 'RUNNING' from state 'PENDING' {{(pid=110746) _flow_receiver /usr/local/lib/python3.8/dist-packages/taskflow/listeners/logging.py:141}}
Aug 07 10:55:37.410804 dv-cinder-850320-3-smb devstack@c-api.service[110746]: DEBUG cinder.volume.api [None req-c47a5a94-33b7-4a96-a1bd-6340106133fb tempest-VolumesDeleteCascade-724570570 tempest-VolumesDeleteCascade-724570570-project] Task 'cinder.volume.flows.api.create_volume.ExtractVolumeRequestTask;volume:create' (1a8457cd-59e6-439b-9151-73d506165630) transitioned into state 'RUNNING' from state 'PENDING' {{(pid=110746) _task_receiver /usr/local/lib/python3.8/dist-packages/taskflow/listeners/logging.py:190}}
Aug 07 10:55:37.413449 dv-cinder-850320-3-smb devstack@c-api.service[110746]: DEBUG cinder.volume.flows.api.create_volume [None req-c47a5a94-33b7-4a96-a1bd-6340106133fb tempest-VolumesDeleteCascade-724570570 tempest-VolumesDeleteCascade-724570570-project] Validating volume size '1' using validate_int {{(pid=110746) _extract_size /opt/stack/cinder/cinder/volume/flows/api/create_volume.py:228}}
Aug 07 10:55:37.464598 dv-cinder-850320-3-smb devstack@c-api.service[110746]: DEBUG cinder.volume.api [None req-c47a5a94-33b7-4a96-a1bd-6340106133fb tempest-VolumesDeleteCascade-724570570 tempest-VolumesDeleteCascade-724570570-project] Task 'cinder.volume.flows.api.create_volume.ExtractVolumeRequestTask;volume:create' (1a8457cd-59e6-439b-9151-73d506165630) transitioned into state 'SUCCESS' from state 'RUNNING' with result '{'size': 1, 'snapshot_id': None, 'source_volid': None, 'volume_type': VolumeType(created_at=2022-08-07T10:44:52Z,deleted=False,deleted_at=None,description='Default Volume Type',extra_specs={},id=8a90fc1f-ea89-4488-b412-0a776c7396e2,is_public=True,name='__DEFAULT__',projects=[],qos_specs=,qos_specs_id=None,updated_at=2022-08-07T10:44:52Z), 'volume_type_id': '8a90fc1f-ea89-4488-b412-0a776c7396e2', 'encryption_key_id': None, 'qos_specs': None, 'consistencygroup_id': None, 'cgsnapshot_id': None, 'group_id': None, 'replication_status': 'disabled', 'refresh_az': False, 'backup_id': None, 'multiattach': False, 'availability_zones': ['nova']}' {{(pid=110746) _task_receiver /usr/local/lib/python3.8/dist-packages/taskflow/listeners/logging.py:178}}
Aug 07 10:55:37.466596 dv-cinder-850320-3-smb devstack@c-api.service[110746]: DEBUG cinder.volume.api [None req-c47a5a94-33b7-4a96-a1bd-6340106133fb tempest-VolumesDeleteCascade-724570570 tempest-VolumesDeleteCascade-724570570-project] Task 'cinder.volume.flows.api.create_volume.QuotaReserveTask;volume:create' (920ff691-2175-4b77-a3c9-c7dbac04a179) transitioned into state 'RUNNING' from state 'PENDING' {{(pid=110746) _task_receiver /usr/local/lib/python3.8/dist-packages/taskflow/listeners/logging.py:190}}
Aug 07 10:55:37.556271 dv-cinder-850320-3-smb devstack@c-api.service[110746]: DEBUG cinder.quota [None req-c47a5a94-33b7-4a96-a1bd-6340106133fb tempest-VolumesDeleteCascade-724570570 tempest-VolumesDeleteCascade-724570570-project] Created reservations ['6e303c5f-68fa-4251-9cf3-89b01ba114a7', 'f4f5887e-0343-4453-adc3-8ad518eb65d8', 'b3869ccd-51d9-4d12-b19e-dbc4be587842', '8ba938cf-b899-482c-a1a1-eb9007af13e4'] {{(pid=110746) reserve /opt/stack/cinder/cinder/quota.py:755}}
Aug 07 10:55:37.558759 dv-cinder-850320-3-smb devstack@c-api.service[110746]: DEBUG cinder.volume.api [None req-c47a5a94-33b7-4a96-a1bd-6340106133fb tempest-VolumesDeleteCascade-724570570 tempest-VolumesDeleteCascade-724570570-project] Task 'cinder.volume.flows.api.create_volume.QuotaReserveTask;volume:create' (920ff691-2175-4b77-a3c9-c7dbac04a179) transitioned into state 'SUCCESS' from state 'RUNNING' with result '{'reservations': ['6e303c5f-68fa-4251-9cf3-89b01ba114a7', 'f4f5887e-0343-4453-adc3-8ad518eb65d8', 'b3869ccd-51d9-4d12-b19e-dbc4be587842', '8ba938cf-b899-482c-a1a1-eb9007af13e4']}' {{(pid=110746) _task_receiver /usr/local/lib/python3.8/dist-packages/taskflow/listeners/logging.py:178}}
Aug 07 10:55:37.560745 dv-cinder-850320-3-smb devstack@c-api.service[110746]: DEBUG cinder.volume.api [None req-c47a5a94-33b7-4a96-a1bd-6340106133fb tempest-VolumesDeleteCascade-724570570 tempest-VolumesDeleteCascade-724570570-project] Task 'cinder.volume.flows.api.create_volume.EntryCreateTask;volume:create' (10a554f6-e177-451c-ac52-1748a0a55e8b) transitioned into state 'RUNNING' from state 'PENDING' {{(pid=110746) _task_receiver /usr/local/lib/python3.8/dist-packages/taskflow/listeners/logging.py:190}}
Aug 07 10:55:37.584215 dv-cinder-850320-3-smb devstack@c-api.service[110746]: DEBUG cinder.volume.api [None req-c47a5a94-33b7-4a96-a1bd-6340106133fb tempest-VolumesDeleteCascade-724570570 tempest-VolumesDeleteCascade-724570570-project] Task 'cinder.volume.flows.api.create_volume.EntryCreateTask;volume:create' (10a554f6-e177-451c-ac52-1748a0a55e8b) transitioned into state 'SUCCESS' from state 'RUNNING' with result '{'volume_id': '3c8b4bef-42b0-43ac-acc2-75bbcb0b6096', 'volume_properties': VolumeProperties(attach_status='detached',availability_zone='nova',cgsnapshot_id=None,consistencygroup_id=None,display_description=None,display_name='tempest-VolumesDeleteCascade-Volume-874239363',encryption_key_id=None,group_id=None,group_type_id=,metadata={},multiattach=False,project_id='5d610be7ed1d4dfb8926901955f7574f',qos_specs=None,replication_status=,reservations=['6e303c5f-68fa-4251-9cf3-89b01ba114a7','f4f5887e-0343-4453-adc3-8ad518eb65d8','b3869ccd-51d9-4d12-b19e-dbc4be587842','8ba938cf-b899-482c-a1a1-eb9007af13e4'],size=1,snapshot_id=None,source_replicaid=,source_volid=None,status='creating',user_id='80ba92d29db149f59aa55d2949cefe90',volume_type_id=8a90fc1f-ea89-4488-b412-0a776c7396e2), 'volume': Volume(_name_id=None,admin_metadata=,attach_status='detached',availability_zone='nova',bootable=False,cluster=,cluster_name=None,consistencygroup=,consistencygroup_id=None,created_at=2022-08-07T10:55:37Z,deleted=False,deleted_at=None,display_description=None,display_name='tempest-VolumesDeleteCascade-Volume-874239363',ec2_id=None,encryption_key_id=None,glance_metadata=,group=,group_id=None,host=None,id=3c8b4bef-42b0-43ac-acc2-75bbcb0b6096,launched_at=None,metadata={},migration_status=None,multiattach=False,previous_status=None,project_id='5d610be7ed1d4dfb8926901955f7574f',provider_auth=None,provider_geometry=None,provider_id=None,provider_location=None,replication_driver_data=None,replication_extended_status=None,replication_status=None,scheduled_at=None,service_uuid=None,shared_targets=True,size=1,snapshot_id=None,snapshots=,source_volid=None,status='creating',terminated_at=None,updated_at=None,use_quota=True,user_id='80ba92d29db149f59aa55d2949cefe90',volume_attachment=VolumeAttachmentList,volume_type=VolumeType(8a90fc1f-ea89-4488-b412-0a776c7396e2),volume_type_id=8a90fc1f-ea89-4488-b412-0a776c7396e2)}' {{(pid=110746) _task_receiver /usr/local/lib/python3.8/dist-packages/taskflow/listeners/logging.py:178}}
Aug 07 10:55:37.586089 dv-cinder-850320-3-smb devstack@c-api.service[110746]: DEBUG cinder.volume.api [None req-c47a5a94-33b7-4a96-a1bd-6340106133fb tempest-VolumesDeleteCascade-724570570 tempest-VolumesDeleteCascade-724570570-project] Task 'cinder.volume.flows.api.create_volume.QuotaCommitTask;volume:create' (6f576268-8a37-448b-ab25-8669b0623a2a) transitioned into state 'RUNNING' from state 'PENDING' {{(pid=110746) _task_receiver /usr/local/lib/python3.8/dist-packages/taskflow/listeners/logging.py:190}}
Aug 07 10:55:37.610428 dv-cinder-850320-3-smb devstack@c-api.service[110746]: DEBUG cinder.volume.api [None req-c47a5a94-33b7-4a96-a1bd-6340106133fb tempest-VolumesDeleteCascade-724570570 tempest-VolumesDeleteCascade-724570570-project] Task 'cinder.volume.flows.api.create_volume.QuotaCommitTask;volume:create' (6f576268-8a37-448b-ab25-8669b0623a2a) transitioned into state 'SUCCESS' from state 'RUNNING' with result '{'volume_properties': VolumeProperties(attach_status='detached',availability_zone='nova',cgsnapshot_id=None,consistencygroup_id=None,display_description=None,display_name='tempest-VolumesDeleteCascade-Volume-874239363',encryption_key_id=None,group_id=None,group_type_id=,metadata={},multiattach=False,project_id='5d610be7ed1d4dfb8926901955f7574f',qos_specs=None,replication_status=,reservations=['6e303c5f-68fa-4251-9cf3-89b01ba114a7','f4f5887e-0343-4453-adc3-8ad518eb65d8','b3869ccd-51d9-4d12-b19e-dbc4be587842','8ba938cf-b899-482c-a1a1-eb9007af13e4'],size=1,snapshot_id=None,source_replicaid=,source_volid=None,status='creating',user_id='80ba92d29db149f59aa55d2949cefe90',volume_type_id=8a90fc1f-ea89-4488-b412-0a776c7396e2)}' {{(pid=110746) _task_receiver /usr/local/lib/python3.8/dist-packages/taskflow/listeners/logging.py:178}}
Aug 07 10:55:37.612155 dv-cinder-850320-3-smb devstack@c-api.service[110746]: DEBUG cinder.volume.api [None req-c47a5a94-33b7-4a96-a1bd-6340106133fb tempest-VolumesDeleteCascade-724570570 tempest-VolumesDeleteCascade-724570570-project] Task 'cinder.volume.flows.api.create_volume.VolumeCastTask;volume:create' (3ba1fae2-30d5-4dc1-a57c-87bb241b75c6) transitioned into state 'RUNNING' from state 'PENDING' {{(pid=110746) _task_receiver /usr/local/lib/python3.8/dist-packages/taskflow/listeners/logging.py:190}}
Aug 07 10:55:37.618786 dv-cinder-850320-3-smb devstack@c-api.service[110745]: DEBUG cinder.api.middleware.request_id [None req-92852d47-a241-47ae-8e48-314779c47278 None None] RequestId filter calling following filter/app {{(pid=110745) _context_setter /opt/stack/cinder/cinder/api/middleware/request_id.py:62}}
Aug 07 10:55:37.624326 dv-cinder-850320-3-smb devstack@c-api.service[110745]: INFO cinder.api.openstack.wsgi [None req-92852d47-a241-47ae-8e48-314779c47278 tempest-VolumesGetTest-347661048 tempest-VolumesGetTest-347661048-project] GET http://10.222.0.27/volume/v3/fb998ef2583e4984bbbe53cbe8e1deee/volumes/56713c19-a003-4cdd-9443-4acb00b4bee0
Aug 07 10:55:37.624961 dv-cinder-850320-3-smb devstack@c-api.service[110745]: DEBUG cinder.api.openstack.wsgi [None req-92852d47-a241-47ae-8e48-314779c47278 tempest-VolumesGetTest-347661048 tempest-VolumesGetTest-347661048-project] Empty body provided in request {{(pid=110745) get_body /opt/stack/cinder/cinder/api/openstack/wsgi.py:715}}
Aug 07 10:55:37.625693 dv-cinder-850320-3-smb devstack@c-api.service[110745]: DEBUG cinder.api.openstack.wsgi [None req-92852d47-a241-47ae-8e48-314779c47278 tempest-VolumesGetTest-347661048 tempest-VolumesGetTest-347661048-project] Calling method 'show' {{(pid=110745) _process_stack /opt/stack/cinder/cinder/api/openstack/wsgi.py:868}}
Aug 07 10:55:37.637521 dv-cinder-850320-3-smb devstack@c-api.service[110746]: DEBUG cinder.volume.api [None req-c47a5a94-33b7-4a96-a1bd-6340106133fb tempest-VolumesDeleteCascade-724570570 tempest-VolumesDeleteCascade-724570570-project] Task 'cinder.volume.flows.api.create_volume.VolumeCastTask;volume:create' (3ba1fae2-30d5-4dc1-a57c-87bb241b75c6) transitioned into state 'SUCCESS' from state 'RUNNING' with result 'None' {{(pid=110746) _task_receiver /usr/local/lib/python3.8/dist-packages/taskflow/listeners/logging.py:178}}
Aug 07 10:55:37.642257 dv-cinder-850320-3-smb devstack@c-api.service[110746]: DEBUG cinder.volume.api [None req-c47a5a94-33b7-4a96-a1bd-6340106133fb tempest-VolumesDeleteCascade-724570570 tempest-VolumesDeleteCascade-724570570-project] Flow 'volume_create_api' (cb0fcd68-f59d-4bc5-a643-4fbe6d592fd7) transitioned into state 'SUCCESS' from state 'RUNNING' {{(pid=110746) _flow_receiver /usr/local/lib/python3.8/dist-packages/taskflow/listeners/logging.py:141}}
Aug 07 10:55:37.643571 dv-cinder-850320-3-smb devstack@c-api.service[110746]: INFO cinder.volume.api [None req-c47a5a94-33b7-4a96-a1bd-6340106133fb tempest-VolumesDeleteCascade-724570570 tempest-VolumesDeleteCascade-724570570-project] Create volume request issued successfully.
Aug 07 10:55:37.648203 dv-cinder-850320-3-smb devstack@c-api.service[110746]: INFO cinder.api.openstack.wsgi [None req-c47a5a94-33b7-4a96-a1bd-6340106133fb tempest-VolumesDeleteCascade-724570570 tempest-VolumesDeleteCascade-724570570-project] http://10.222.0.27/volume/v3/5d610be7ed1d4dfb8926901955f7574f/volumes returned with HTTP 202
Aug 07 10:55:37.649991 dv-cinder-850320-3-smb devstack@c-api.service[110746]: [pid: 110746|app: 0|req: 227/440] 10.222.0.27 () {60 vars in 1235 bytes} [Sun Aug 7 10:55:37 2022] POST /volume/v3/5d610be7ed1d4dfb8926901955f7574f/volumes => generated 819 bytes in 470 msecs (HTTP/1.1 202) 7 headers in 291 bytes (1 switches on core 0)
Aug 07 10:55:37.653746 dv-cinder-850320-3-smb devstack@c-api.service[110745]: /usr/local/lib/python3.8/dist-packages/oslo_context/context.py:100: DeprecationWarning: Policy enforcement is depending on the value of is_admin. This key is deprecated. Please update your policy file to use the standard policy values.
Aug 07 10:55:37.653746 dv-cinder-850320-3-smb devstack@c-api.service[110745]: warnings.warn('Policy enforcement is depending on the value of '
Aug 07 10:55:37.668925 dv-cinder-850320-3-smb devstack@c-api.service[110746]: DEBUG cinder.api.middleware.request_id [None req-00b3408e-9141-41d2-9a02-571072805815 None None] RequestId filter calling following filter/app {{(pid=110746) _context_setter /opt/stack/cinder/cinder/api/middleware/request_id.py:62}}
Aug 07 10:55:37.674005 dv-cinder-850320-3-smb devstack@c-api.service[110746]: INFO cinder.api.openstack.wsgi [None req-00b3408e-9141-41d2-9a02-571072805815 tempest-VolumesDeleteCascade-724570570 tempest-VolumesDeleteCascade-724570570-project] GET http://10.222.0.27/volume/v3/5d610be7ed1d4dfb8926901955f7574f/volumes/3c8b4bef-42b0-43ac-acc2-75bbcb0b6096
Aug 07 10:55:37.675779 dv-cinder-850320-3-smb devstack@c-api.service[110746]: DEBUG cinder.api.openstack.wsgi [None req-00b3408e-9141-41d2-9a02-571072805815 tempest-VolumesDeleteCascade-724570570 tempest-VolumesDeleteCascade-724570570-project] Empty body provided in request {{(pid=110746) get_body /opt/stack/cinder/cinder/api/openstack/wsgi.py:715}}
Aug 07 10:55:37.676253 dv-cinder-850320-3-smb devstack@c-api.service[110746]: DEBUG cinder.api.openstack.wsgi [None req-00b3408e-9141-41d2-9a02-571072805815 tempest-VolumesDeleteCascade-724570570 tempest-VolumesDeleteCascade-724570570-project] Calling method 'show' {{(pid=110746) _process_stack /opt/stack/cinder/cinder/api/openstack/wsgi.py:868}}
Aug 07 10:55:37.690524 dv-cinder-850320-3-smb devstack@c-api.service[110745]: INFO cinder.volume.api [None req-92852d47-a241-47ae-8e48-314779c47278 tempest-VolumesGetTest-347661048 tempest-VolumesGetTest-347661048-project] Volume info retrieved successfully.
Aug 07 10:55:37.695613 dv-cinder-850320-3-smb devstack@c-api.service[110746]: /usr/local/lib/python3.8/dist-packages/oslo_context/context.py:100: DeprecationWarning: Policy enforcement is depending on the value of is_admin. This key is deprecated. Please update your policy file to use the standard policy values.
Aug 07 10:55:37.695613 dv-cinder-850320-3-smb devstack@c-api.service[110746]: warnings.warn('Policy enforcement is depending on the value of '
Aug 07 10:55:37.700886 dv-cinder-850320-3-smb devstack@c-api.service[110746]: DEBUG dbcounter [-] [110746] Writing DB stats cinder:SELECT=75,cinder:UPDATE=14,cinder:INSERT=11 {{(pid=110746) stat_writer /usr/local/lib/python3.8/dist-packages/dbcounter.py:114}}
Aug 07 10:55:37.703238 dv-cinder-850320-3-smb devstack@c-api.service[110746]: INFO cinder.volume.api [None req-00b3408e-9141-41d2-9a02-571072805815 tempest-VolumesDeleteCascade-724570570 tempest-VolumesDeleteCascade-724570570-project] Volume info retrieved successfully.
Aug 07 10:55:37.715194 dv-cinder-850320-3-smb devstack@c-api.service[110746]: INFO cinder.api.openstack.wsgi [None req-00b3408e-9141-41d2-9a02-571072805815 tempest-VolumesDeleteCascade-724570570 tempest-VolumesDeleteCascade-724570570-project] http://10.222.0.27/volume/v3/5d610be7ed1d4dfb8926901955f7574f/volumes/3c8b4bef-42b0-43ac-acc2-75bbcb0b6096 returned with HTTP 200
Aug 07 10:55:37.716729 dv-cinder-850320-3-smb devstack@c-api.service[110746]: [pid: 110746|app: 0|req: 228/441] 10.222.0.27 () {58 vars in 1325 bytes} [Sun Aug 7 10:55:37 2022] GET /volume/v3/5d610be7ed1d4dfb8926901955f7574f/volumes/3c8b4bef-42b0-43ac-acc2-75bbcb0b6096 => generated 887 bytes in 49 msecs (HTTP/1.1 200) 7 headers in 285 bytes (1 switches on core 0)
Aug 07 10:55:37.720795 dv-cinder-850320-3-smb devstack@c-api.service[110745]: INFO cinder.api.openstack.wsgi [None req-92852d47-a241-47ae-8e48-314779c47278 tempest-VolumesGetTest-347661048 tempest-VolumesGetTest-347661048-project] http://10.222.0.27/volume/v3/fb998ef2583e4984bbbe53cbe8e1deee/volumes/56713c19-a003-4cdd-9443-4acb00b4bee0 returned with HTTP 200
Aug 07 10:55:37.723560 dv-cinder-850320-3-smb devstack@c-api.service[110745]: [pid: 110745|app: 0|req: 214/442] 10.222.0.27 () {58 vars in 1325 bytes} [Sun Aug 7 10:55:37 2022] GET /volume/v3/fb998ef2583e4984bbbe53cbe8e1deee/volumes/56713c19-a003-4cdd-9443-4acb00b4bee0 => generated 919 bytes in 108 msecs (HTTP/1.1 200) 7 headers in 285 bytes (1 switches on core 0)
Aug 07 10:55:38.733245 dv-cinder-850320-3-smb devstack@c-api.service[110746]: DEBUG cinder.api.middleware.request_id [None req-73dd3aef-138c-43ee-aa2b-53a668ca14fe None None] RequestId filter calling following filter/app {{(pid=110746) _context_setter /opt/stack/cinder/cinder/api/middleware/request_id.py:62}}
Aug 07 10:55:38.736342 dv-cinder-850320-3-smb devstack@c-api.service[110745]: DEBUG cinder.api.middleware.request_id [None req-55fc69ec-6a99-4dd9-a809-04ebf22bc672 None None] RequestId filter calling following filter/app {{(pid=110745) _context_setter /opt/stack/cinder/cinder/api/middleware/request_id.py:62}}
Aug 07 10:55:38.740646 dv-cinder-850320-3-smb devstack@c-api.service[110745]: INFO cinder.api.openstack.wsgi [None req-55fc69ec-6a99-4dd9-a809-04ebf22bc672 tempest-VolumesGetTest-347661048 tempest-VolumesGetTest-347661048-project] GET http://10.222.0.27/volume/v3/fb998ef2583e4984bbbe53cbe8e1deee/volumes/56713c19-a003-4cdd-9443-4acb00b4bee0
Aug 07 10:55:38.741094 dv-cinder-850320-3-smb devstack@c-api.service[110745]: DEBUG cinder.api.openstack.wsgi [None req-55fc69ec-6a99-4dd9-a809-04ebf22bc672 tempest-VolumesGetTest-347661048 tempest-VolumesGetTest-347661048-project] Empty body provided in request {{(pid=110745) get_body /opt/stack/cinder/cinder/api/openstack/wsgi.py:715}}
Aug 07 10:55:38.744249 dv-cinder-850320-3-smb devstack@c-api.service[110746]: INFO cinder.api.openstack.wsgi [None req-73dd3aef-138c-43ee-aa2b-53a668ca14fe tempest-VolumesDeleteCascade-724570570 tempest-VolumesDeleteCascade-724570570-project] GET http://10.222.0.27/volume/v3/5d610be7ed1d4dfb8926901955f7574f/volumes/3c8b4bef-42b0-43ac-acc2-75bbcb0b6096
Aug 07 10:55:38.744707 dv-cinder-850320-3-smb devstack@c-api.service[110746]: DEBUG cinder.api.openstack.wsgi [None req-73dd3aef-138c-43ee-aa2b-53a668ca14fe tempest-VolumesDeleteCascade-724570570 tempest-VolumesDeleteCascade-724570570-project] Empty body provided in request {{(pid=110746) get_body /opt/stack/cinder/cinder/api/openstack/wsgi.py:715}}
Aug 07 10:55:38.745157 dv-cinder-850320-3-smb devstack@c-api.service[110746]: DEBUG cinder.api.openstack.wsgi [None req-73dd3aef-138c-43ee-aa2b-53a668ca14fe tempest-VolumesDeleteCascade-724570570 tempest-VolumesDeleteCascade-724570570-project] Calling method 'show' {{(pid=110746) _process_stack /opt/stack/cinder/cinder/api/openstack/wsgi.py:868}}
Aug 07 10:55:38.747653 dv-cinder-850320-3-smb devstack@c-api.service[110745]: DEBUG cinder.api.openstack.wsgi [None req-55fc69ec-6a99-4dd9-a809-04ebf22bc672 tempest-VolumesGetTest-347661048 tempest-VolumesGetTest-347661048-project] Calling method 'show' {{(pid=110745) _process_stack /opt/stack/cinder/cinder/api/openstack/wsgi.py:868}}
Aug 07 10:55:38.774899 dv-cinder-850320-3-smb devstack@c-api.service[110745]: /usr/local/lib/python3.8/dist-packages/oslo_context/context.py:100: DeprecationWarning: Policy enforcement is depending on the value of is_admin. This key is deprecated. Please update your policy file to use the standard policy values.
Aug 07 10:55:38.774899 dv-cinder-850320-3-smb devstack@c-api.service[110745]: warnings.warn('Policy enforcement is depending on the value of '
Aug 07 10:55:38.780203 dv-cinder-850320-3-smb devstack@c-api.service[110746]: /usr/local/lib/python3.8/dist-packages/oslo_context/context.py:100: DeprecationWarning: Policy enforcement is depending on the value of is_admin. This key is deprecated. Please update your policy file to use the standard policy values.
Aug 07 10:55:38.780203 dv-cinder-850320-3-smb devstack@c-api.service[110746]: warnings.warn('Policy enforcement is depending on the value of '
Aug 07 10:55:38.790276 dv-cinder-850320-3-smb devstack@c-api.service[110746]: INFO cinder.volume.api [None req-73dd3aef-138c-43ee-aa2b-53a668ca14fe tempest-VolumesDeleteCascade-724570570 tempest-VolumesDeleteCascade-724570570-project] Volume info retrieved successfully.
Aug 07 10:55:38.793989 dv-cinder-850320-3-smb devstack@c-api.service[110745]: INFO cinder.volume.api [None req-55fc69ec-6a99-4dd9-a809-04ebf22bc672 tempest-VolumesGetTest-347661048 tempest-VolumesGetTest-347661048-project] Volume info retrieved successfully.
Aug 07 10:55:38.800231 dv-cinder-850320-3-smb devstack@c-api.service[110746]: INFO cinder.api.openstack.wsgi [None req-73dd3aef-138c-43ee-aa2b-53a668ca14fe tempest-VolumesDeleteCascade-724570570 tempest-VolumesDeleteCascade-724570570-project] http://10.222.0.27/volume/v3/5d610be7ed1d4dfb8926901955f7574f/volumes/3c8b4bef-42b0-43ac-acc2-75bbcb0b6096 returned with HTTP 200
Aug 07 10:55:38.800944 dv-cinder-850320-3-smb devstack@c-api.service[110746]: [pid: 110746|app: 0|req: 229/443] 10.222.0.27 () {58 vars in 1325 bytes} [Sun Aug 7 10:55:38 2022] GET /volume/v3/5d610be7ed1d4dfb8926901955f7574f/volumes/3c8b4bef-42b0-43ac-acc2-75bbcb0b6096 => generated 912 bytes in 69 msecs (HTTP/1.1 200) 7 headers in 285 bytes (1 switches on core 0)
Aug 07 10:55:38.825585 dv-cinder-850320-3-smb devstack@c-api.service[110745]: INFO cinder.api.openstack.wsgi [None req-55fc69ec-6a99-4dd9-a809-04ebf22bc672 tempest-VolumesGetTest-347661048 tempest-VolumesGetTest-347661048-project] http://10.222.0.27/volume/v3/fb998ef2583e4984bbbe53cbe8e1deee/volumes/56713c19-a003-4cdd-9443-4acb00b4bee0 returned with HTTP 200
Aug 07 10:55:38.828109 dv-cinder-850320-3-smb devstack@c-api.service[110745]: [pid: 110745|app: 0|req: 215/444] 10.222.0.27 () {58 vars in 1325 bytes} [Sun Aug 7 10:55:38 2022] GET /volume/v3/fb998ef2583e4984bbbe53cbe8e1deee/volumes/56713c19-a003-4cdd-9443-4acb00b4bee0 => generated 919 bytes in 93 msecs (HTTP/1.1 200) 7 headers in 285 bytes (1 switches on core 0)
Aug 07 10:55:38.830243 dv-cinder-850320-3-smb devstack@c-api.service[110746]: DEBUG cinder.api.middleware.request_id [None req-c64005d7-d580-4a7d-b859-32da59e47f86 None None] RequestId filter calling following filter/app {{(pid=110746) _context_setter /opt/stack/cinder/cinder/api/middleware/request_id.py:62}}
Aug 07 10:55:38.837535 dv-cinder-850320-3-smb devstack@c-api.service[110746]: INFO cinder.api.openstack.wsgi [None req-c64005d7-d580-4a7d-b859-32da59e47f86 tempest-VolumesDeleteCascade-724570570 tempest-VolumesDeleteCascade-724570570-project] POST http://10.222.0.27/volume/v3/5d610be7ed1d4dfb8926901955f7574f/snapshots
Aug 07 10:55:38.839025 dv-cinder-850320-3-smb devstack@c-api.service[110746]: DEBUG cinder.api.openstack.wsgi [None req-c64005d7-d580-4a7d-b859-32da59e47f86 tempest-VolumesDeleteCascade-724570570 tempest-VolumesDeleteCascade-724570570-project] Action: 'create', calling method: create, body: {"snapshot": {"volume_id": "3c8b4bef-42b0-43ac-acc2-75bbcb0b6096", "name": "tempest-VolumesDeleteCascade-Snapshot-207466356"}} {{(pid=110746) _process_stack /opt/stack/cinder/cinder/api/openstack/wsgi.py:866}}
Aug 07 10:55:38.861642 dv-cinder-850320-3-smb devstack@c-api.service[110746]: /usr/local/lib/python3.8/dist-packages/oslo_context/context.py:100: DeprecationWarning: Policy enforcement is depending on the value of is_admin. This key is deprecated. Please update your policy file to use the standard policy values.
Aug 07 10:55:38.861642 dv-cinder-850320-3-smb devstack@c-api.service[110746]: warnings.warn('Policy enforcement is depending on the value of '
Aug 07 10:55:38.863256 dv-cinder-850320-3-smb devstack@c-api.service[110746]: INFO cinder.volume.api [None req-c64005d7-d580-4a7d-b859-32da59e47f86 tempest-VolumesDeleteCascade-724570570 tempest-VolumesDeleteCascade-724570570-project] Volume info retrieved successfully.
Aug 07 10:55:38.863744 dv-cinder-850320-3-smb devstack@c-api.service[110746]: INFO cinder.api.v3.snapshots [None req-c64005d7-d580-4a7d-b859-32da59e47f86 tempest-VolumesDeleteCascade-724570570 tempest-VolumesDeleteCascade-724570570-project] Create snapshot from volume 3c8b4bef-42b0-43ac-acc2-75bbcb0b6096
Aug 07 10:55:38.945783 dv-cinder-850320-3-smb devstack@c-api.service[110746]: DEBUG cinder.quota [None req-c64005d7-d580-4a7d-b859-32da59e47f86 tempest-VolumesDeleteCascade-724570570 tempest-VolumesDeleteCascade-724570570-project] Created reservations ['279191a3-a229-47b6-a70f-94bf4da719d4', '045ab159-a93e-480d-b1d9-45d49d9650f9', 'b05c2593-adcc-4484-a6d3-51a4214b92cf', 'e8a078ce-2711-437d-a1f6-29b0a70c20b9'] {{(pid=110746) reserve /opt/stack/cinder/cinder/quota.py:755}}
Aug 07 10:55:39.014818 dv-cinder-850320-3-smb devstack@c-api.service[110746]: INFO cinder.volume.api [None req-c64005d7-d580-4a7d-b859-32da59e47f86 tempest-VolumesDeleteCascade-724570570 tempest-VolumesDeleteCascade-724570570-project] Snapshot create request issued successfully.
Aug 07 10:55:39.016380 dv-cinder-850320-3-smb devstack@c-api.service[110746]: INFO cinder.api.openstack.wsgi [None req-c64005d7-d580-4a7d-b859-32da59e47f86 tempest-VolumesDeleteCascade-724570570 tempest-VolumesDeleteCascade-724570570-project] http://10.222.0.27/volume/v3/5d610be7ed1d4dfb8926901955f7574f/snapshots returned with HTTP 202
Aug 07 10:55:39.018223 dv-cinder-850320-3-smb devstack@c-api.service[110746]: [pid: 110746|app: 0|req: 230/445] 10.222.0.27 () {60 vars in 1242 bytes} [Sun Aug 7 10:55:38 2022] POST /volume/v3/5d610be7ed1d4dfb8926901955f7574f/snapshots => generated 306 bytes in 190 msecs (HTTP/1.1 202) 7 headers in 291 bytes (2 switches on core 0)
Aug 07 10:55:39.025470 dv-cinder-850320-3-smb devstack@c-api.service[110745]: DEBUG cinder.api.middleware.request_id [None req-93874ec8-e473-441f-a9a7-fbe9f030ac1b None None] RequestId filter calling following filter/app {{(pid=110745) _context_setter /opt/stack/cinder/cinder/api/middleware/request_id.py:62}}
Aug 07 10:55:39.029957 dv-cinder-850320-3-smb devstack@c-api.service[110745]: INFO cinder.api.openstack.wsgi [None req-93874ec8-e473-441f-a9a7-fbe9f030ac1b tempest-VolumesDeleteCascade-724570570 tempest-VolumesDeleteCascade-724570570-project] GET http://10.222.0.27/volume/v3/5d610be7ed1d4dfb8926901955f7574f/snapshots/98122aa3-2be5-4c01-952e-16ffdeb29643
Aug 07 10:55:39.030498 dv-cinder-850320-3-smb devstack@c-api.service[110745]: DEBUG cinder.api.openstack.wsgi [None req-93874ec8-e473-441f-a9a7-fbe9f030ac1b tempest-VolumesDeleteCascade-724570570 tempest-VolumesDeleteCascade-724570570-project] Empty body provided in request {{(pid=110745) get_body /opt/stack/cinder/cinder/api/openstack/wsgi.py:715}}
Aug 07 10:55:39.030967 dv-cinder-850320-3-smb devstack@c-api.service[110745]: DEBUG cinder.api.openstack.wsgi [None req-93874ec8-e473-441f-a9a7-fbe9f030ac1b tempest-VolumesDeleteCascade-724570570 tempest-VolumesDeleteCascade-724570570-project] Calling method 'show' {{(pid=110745) _process_stack /opt/stack/cinder/cinder/api/openstack/wsgi.py:868}}
Aug 07 10:55:39.082477 dv-cinder-850320-3-smb devstack@c-api.service[110745]: /usr/local/lib/python3.8/dist-packages/oslo_context/context.py:100: DeprecationWarning: Policy enforcement is depending on the value of is_admin. This key is deprecated. Please update your policy file to use the standard policy values.
Aug 07 10:55:39.082477 dv-cinder-850320-3-smb devstack@c-api.service[110745]: warnings.warn('Policy enforcement is depending on the value of '
Aug 07 10:55:39.084844 dv-cinder-850320-3-smb devstack@c-api.service[110745]: INFO cinder.volume.api [None req-93874ec8-e473-441f-a9a7-fbe9f030ac1b tempest-VolumesDeleteCascade-724570570 tempest-VolumesDeleteCascade-724570570-project] Snapshot retrieved successfully.
Aug 07 10:55:39.087807 dv-cinder-850320-3-smb devstack@c-api.service[110745]: INFO cinder.api.openstack.wsgi [None req-93874ec8-e473-441f-a9a7-fbe9f030ac1b tempest-VolumesDeleteCascade-724570570 tempest-VolumesDeleteCascade-724570570-project] http://10.222.0.27/volume/v3/5d610be7ed1d4dfb8926901955f7574f/snapshots/98122aa3-2be5-4c01-952e-16ffdeb29643 returned with HTTP 200
Aug 07 10:55:39.094437 dv-cinder-850320-3-smb devstack@c-api.service[110745]: [pid: 110745|app: 0|req: 216/446] 10.222.0.27 () {58 vars in 1331 bytes} [Sun Aug 7 10:55:39 2022] GET /volume/v3/5d610be7ed1d4dfb8926901955f7574f/snapshots/98122aa3-2be5-4c01-952e-16ffdeb29643 => generated 438 bytes in 70 msecs (HTTP/1.1 200) 7 headers in 285 bytes (1 switches on core 0)
Aug 07 10:55:39.843804 dv-cinder-850320-3-smb devstack@c-api.service[110746]: DEBUG cinder.api.middleware.request_id [None req-1f040472-f7cd-43a7-9885-fefb19757e5b None None] RequestId filter calling following filter/app {{(pid=110746) _context_setter /opt/stack/cinder/cinder/api/middleware/request_id.py:62}}
Aug 07 10:55:39.849344 dv-cinder-850320-3-smb devstack@c-api.service[110746]: INFO cinder.api.openstack.wsgi [None req-1f040472-f7cd-43a7-9885-fefb19757e5b tempest-VolumesGetTest-347661048 tempest-VolumesGetTest-347661048-project] GET http://10.222.0.27/volume/v3/fb998ef2583e4984bbbe53cbe8e1deee/volumes/56713c19-a003-4cdd-9443-4acb00b4bee0
Aug 07 10:55:39.849803 dv-cinder-850320-3-smb devstack@c-api.service[110746]: DEBUG cinder.api.openstack.wsgi [None req-1f040472-f7cd-43a7-9885-fefb19757e5b tempest-VolumesGetTest-347661048 tempest-VolumesGetTest-347661048-project] Empty body provided in request {{(pid=110746) get_body /opt/stack/cinder/cinder/api/openstack/wsgi.py:715}}
Aug 07 10:55:39.850253 dv-cinder-850320-3-smb devstack@c-api.service[110746]: DEBUG cinder.api.openstack.wsgi [None req-1f040472-f7cd-43a7-9885-fefb19757e5b tempest-VolumesGetTest-347661048 tempest-VolumesGetTest-347661048-project] Calling method 'show' {{(pid=110746) _process_stack /opt/stack/cinder/cinder/api/openstack/wsgi.py:868}}
Aug 07 10:55:39.866403 dv-cinder-850320-3-smb devstack@c-api.service[110746]: /usr/local/lib/python3.8/dist-packages/oslo_context/context.py:100: DeprecationWarning: Policy enforcement is depending on the value of is_admin. This key is deprecated. Please update your policy file to use the standard policy values.
Aug 07 10:55:39.866403 dv-cinder-850320-3-smb devstack@c-api.service[110746]: warnings.warn('Policy enforcement is depending on the value of '
Aug 07 10:55:39.873747 dv-cinder-850320-3-smb devstack@c-api.service[110746]: INFO cinder.volume.api [None req-1f040472-f7cd-43a7-9885-fefb19757e5b tempest-VolumesGetTest-347661048 tempest-VolumesGetTest-347661048-project] Volume info retrieved successfully.
Aug 07 10:55:39.885478 dv-cinder-850320-3-smb devstack@c-api.service[110746]: INFO cinder.api.openstack.wsgi [None req-1f040472-f7cd-43a7-9885-fefb19757e5b tempest-VolumesGetTest-347661048 tempest-VolumesGetTest-347661048-project] http://10.222.0.27/volume/v3/fb998ef2583e4984bbbe53cbe8e1deee/volumes/56713c19-a003-4cdd-9443-4acb00b4bee0 returned with HTTP 200
Aug 07 10:55:39.895212 dv-cinder-850320-3-smb devstack@c-api.service[110746]: [pid: 110746|app: 0|req: 231/447] 10.222.0.27 () {58 vars in 1325 bytes} [Sun Aug 7 10:55:39 2022] GET /volume/v3/fb998ef2583e4984bbbe53cbe8e1deee/volumes/56713c19-a003-4cdd-9443-4acb00b4bee0 => generated 919 bytes in 44 msecs (HTTP/1.1 200) 7 headers in 285 bytes (1 switches on core 0)
Aug 07 10:55:40.098353 dv-cinder-850320-3-smb devstack@c-api.service[110745]: DEBUG cinder.api.middleware.request_id [None req-1bcf408e-d787-4825-8692-3d95ea12c8ce None None] RequestId filter calling following filter/app {{(pid=110745) _context_setter /opt/stack/cinder/cinder/api/middleware/request_id.py:62}}
Aug 07 10:55:40.107722 dv-cinder-850320-3-smb devstack@c-api.service[110745]: INFO cinder.api.openstack.wsgi [None req-1bcf408e-d787-4825-8692-3d95ea12c8ce tempest-VolumesDeleteCascade-724570570 tempest-VolumesDeleteCascade-724570570-project] GET http://10.222.0.27/volume/v3/5d610be7ed1d4dfb8926901955f7574f/snapshots/98122aa3-2be5-4c01-952e-16ffdeb29643
Aug 07 10:55:40.108221 dv-cinder-850320-3-smb devstack@c-api.service[110745]: DEBUG cinder.api.openstack.wsgi [None req-1bcf408e-d787-4825-8692-3d95ea12c8ce tempest-VolumesDeleteCascade-724570570 tempest-VolumesDeleteCascade-724570570-project] Empty body provided in request {{(pid=110745) get_body /opt/stack/cinder/cinder/api/openstack/wsgi.py:715}}
Aug 07 10:55:40.108710 dv-cinder-850320-3-smb devstack@c-api.service[110745]: DEBUG cinder.api.openstack.wsgi [None req-1bcf408e-d787-4825-8692-3d95ea12c8ce tempest-VolumesDeleteCascade-724570570 tempest-VolumesDeleteCascade-724570570-project] Calling method 'show' {{(pid=110745) _process_stack /opt/stack/cinder/cinder/api/openstack/wsgi.py:868}}
Aug 07 10:55:40.131037 dv-cinder-850320-3-smb devstack@c-api.service[110745]: /usr/local/lib/python3.8/dist-packages/oslo_context/context.py:100: DeprecationWarning: Policy enforcement is depending on the value of is_admin. This key is deprecated. Please update your policy file to use the standard policy values.
Aug 07 10:55:40.131037 dv-cinder-850320-3-smb devstack@c-api.service[110745]: warnings.warn('Policy enforcement is depending on the value of '
Aug 07 10:55:40.132080 dv-cinder-850320-3-smb devstack@c-api.service[110745]: INFO cinder.volume.api [None req-1bcf408e-d787-4825-8692-3d95ea12c8ce tempest-VolumesDeleteCascade-724570570 tempest-VolumesDeleteCascade-724570570-project] Snapshot retrieved successfully.
Aug 07 10:55:40.133964 dv-cinder-850320-3-smb devstack@c-api.service[110745]: INFO cinder.api.openstack.wsgi [None req-1bcf408e-d787-4825-8692-3d95ea12c8ce tempest-VolumesDeleteCascade-724570570 tempest-VolumesDeleteCascade-724570570-project] http://10.222.0.27/volume/v3/5d610be7ed1d4dfb8926901955f7574f/snapshots/98122aa3-2be5-4c01-952e-16ffdeb29643 returned with HTTP 200
Aug 07 10:55:40.134697 dv-cinder-850320-3-smb devstack@c-api.service[110745]: [pid: 110745|app: 0|req: 217/448] 10.222.0.27 () {58 vars in 1331 bytes} [Sun Aug 7 10:55:40 2022] GET /volume/v3/5d610be7ed1d4dfb8926901955f7574f/snapshots/98122aa3-2be5-4c01-952e-16ffdeb29643 => generated 531 bytes in 37 msecs (HTTP/1.1 200) 7 headers in 285 bytes (1 switches on core 0)
Aug 07 10:55:40.143145 dv-cinder-850320-3-smb devstack@c-api.service[110746]: DEBUG cinder.api.middleware.request_id [None req-b3cfc4ec-f6ec-4116-8066-e7722dc6bc7f None None] RequestId filter calling following filter/app {{(pid=110746) _context_setter /opt/stack/cinder/cinder/api/middleware/request_id.py:62}}
Aug 07 10:55:40.147976 dv-cinder-850320-3-smb devstack@c-api.service[110746]: INFO cinder.api.openstack.wsgi [None req-b3cfc4ec-f6ec-4116-8066-e7722dc6bc7f tempest-VolumesDeleteCascade-724570570 tempest-VolumesDeleteCascade-724570570-project] POST http://10.222.0.27/volume/v3/5d610be7ed1d4dfb8926901955f7574f/snapshots
Aug 07 10:55:40.148848 dv-cinder-850320-3-smb devstack@c-api.service[110746]: DEBUG cinder.api.openstack.wsgi [None req-b3cfc4ec-f6ec-4116-8066-e7722dc6bc7f tempest-VolumesDeleteCascade-724570570 tempest-VolumesDeleteCascade-724570570-project] Action: 'create', calling method: create, body: {"snapshot": {"volume_id": "3c8b4bef-42b0-43ac-acc2-75bbcb0b6096", "name": "tempest-VolumesDeleteCascade-Snapshot-1832131237"}} {{(pid=110746) _process_stack /opt/stack/cinder/cinder/api/openstack/wsgi.py:866}}
Aug 07 10:55:40.166590 dv-cinder-850320-3-smb devstack@c-api.service[110746]: /usr/local/lib/python3.8/dist-packages/oslo_context/context.py:100: DeprecationWarning: Policy enforcement is depending on the value of is_admin. This key is deprecated. Please update your policy file to use the standard policy values.
Aug 07 10:55:40.166590 dv-cinder-850320-3-smb devstack@c-api.service[110746]: warnings.warn('Policy enforcement is depending on the value of '
Aug 07 10:55:40.168050 dv-cinder-850320-3-smb devstack@c-api.service[110746]: INFO cinder.volume.api [None req-b3cfc4ec-f6ec-4116-8066-e7722dc6bc7f tempest-VolumesDeleteCascade-724570570 tempest-VolumesDeleteCascade-724570570-project] Volume info retrieved successfully.
Aug 07 10:55:40.168050 dv-cinder-850320-3-smb devstack@c-api.service[110746]: INFO cinder.api.v3.snapshots [None req-b3cfc4ec-f6ec-4116-8066-e7722dc6bc7f tempest-VolumesDeleteCascade-724570570 tempest-VolumesDeleteCascade-724570570-project] Create snapshot from volume 3c8b4bef-42b0-43ac-acc2-75bbcb0b6096
Aug 07 10:55:40.228509 dv-cinder-850320-3-smb devstack@c-api.service[110746]: DEBUG cinder.quota [None req-b3cfc4ec-f6ec-4116-8066-e7722dc6bc7f tempest-VolumesDeleteCascade-724570570 tempest-VolumesDeleteCascade-724570570-project] Created reservations ['0e19dcc9-9e84-433f-8bdc-41bc4d659e92', '65e8747d-6093-439d-9dc0-a3f84b941d0d', 'd6e1bbd0-cd4d-4dc7-b7a5-61c8991d4dcc', '1bd3a30c-f3c6-43b1-8c45-dd7d6635cfb5'] {{(pid=110746) reserve /opt/stack/cinder/cinder/quota.py:755}}
Aug 07 10:55:40.289443 dv-cinder-850320-3-smb devstack@c-api.service[110746]: DEBUG dbcounter [-] [110746] Writing DB stats cinder:SELECT=64,cinder:INSERT=12,cinder:UPDATE=24 {{(pid=110746) stat_writer /usr/local/lib/python3.8/dist-packages/dbcounter.py:114}}
Aug 07 10:55:40.306901 dv-cinder-850320-3-smb devstack@c-api.service[110746]: INFO cinder.volume.api [None req-b3cfc4ec-f6ec-4116-8066-e7722dc6bc7f tempest-VolumesDeleteCascade-724570570 tempest-VolumesDeleteCascade-724570570-project] Snapshot create request issued successfully.
Aug 07 10:55:40.308125 dv-cinder-850320-3-smb devstack@c-api.service[110746]: INFO cinder.api.openstack.wsgi [None req-b3cfc4ec-f6ec-4116-8066-e7722dc6bc7f tempest-VolumesDeleteCascade-724570570 tempest-VolumesDeleteCascade-724570570-project] http://10.222.0.27/volume/v3/5d610be7ed1d4dfb8926901955f7574f/snapshots returned with HTTP 202
Aug 07 10:55:40.310315 dv-cinder-850320-3-smb devstack@c-api.service[110746]: [pid: 110746|app: 0|req: 232/449] 10.222.0.27 () {60 vars in 1242 bytes} [Sun Aug 7 10:55:40 2022] POST /volume/v3/5d610be7ed1d4dfb8926901955f7574f/snapshots => generated 307 bytes in 168 msecs (HTTP/1.1 202) 7 headers in 291 bytes (2 switches on core 0)
Aug 07 10:55:40.319668 dv-cinder-850320-3-smb devstack@c-api.service[110745]: DEBUG cinder.api.middleware.request_id [None req-158aa8be-7e88-4f03-a92f-35f698a9968d None None] RequestId filter calling following filter/app {{(pid=110745) _context_setter /opt/stack/cinder/cinder/api/middleware/request_id.py:62}}
Aug 07 10:55:40.327176 dv-cinder-850320-3-smb devstack@c-api.service[110745]: INFO cinder.api.openstack.wsgi [None req-158aa8be-7e88-4f03-a92f-35f698a9968d tempest-VolumesDeleteCascade-724570570 tempest-VolumesDeleteCascade-724570570-project] GET http://10.222.0.27/volume/v3/5d610be7ed1d4dfb8926901955f7574f/snapshots/91f6bc33-73c7-4c89-bfd3-0ef9c5711cef
Aug 07 10:55:40.327648 dv-cinder-850320-3-smb devstack@c-api.service[110745]: DEBUG cinder.api.openstack.wsgi [None req-158aa8be-7e88-4f03-a92f-35f698a9968d tempest-VolumesDeleteCascade-724570570 tempest-VolumesDeleteCascade-724570570-project] Empty body provided in request {{(pid=110745) get_body /opt/stack/cinder/cinder/api/openstack/wsgi.py:715}}
Aug 07 10:55:40.328112 dv-cinder-850320-3-smb devstack@c-api.service[110745]: DEBUG cinder.api.openstack.wsgi [None req-158aa8be-7e88-4f03-a92f-35f698a9968d tempest-VolumesDeleteCascade-724570570 tempest-VolumesDeleteCascade-724570570-project] Calling method 'show' {{(pid=110745) _process_stack /opt/stack/cinder/cinder/api/openstack/wsgi.py:868}}
Aug 07 10:55:40.368057 dv-cinder-850320-3-smb devstack@c-api.service[110745]: /usr/local/lib/python3.8/dist-packages/oslo_context/context.py:100: DeprecationWarning: Policy enforcement is depending on the value of is_admin. This key is deprecated. Please update your policy file to use the standard policy values.
Aug 07 10:55:40.368057 dv-cinder-850320-3-smb devstack@c-api.service[110745]: warnings.warn('Policy enforcement is depending on the value of '
Aug 07 10:55:40.374306 dv-cinder-850320-3-smb devstack@c-api.service[110745]: INFO cinder.volume.api [None req-158aa8be-7e88-4f03-a92f-35f698a9968d tempest-VolumesDeleteCascade-724570570 tempest-VolumesDeleteCascade-724570570-project] Snapshot retrieved successfully.
Aug 07 10:55:40.376222 dv-cinder-850320-3-smb devstack@c-api.service[110745]: INFO cinder.api.openstack.wsgi [None req-158aa8be-7e88-4f03-a92f-35f698a9968d tempest-VolumesDeleteCascade-724570570 tempest-VolumesDeleteCascade-724570570-project] http://10.222.0.27/volume/v3/5d610be7ed1d4dfb8926901955f7574f/snapshots/91f6bc33-73c7-4c89-bfd3-0ef9c5711cef returned with HTTP 200
Aug 07 10:55:40.376955 dv-cinder-850320-3-smb devstack@c-api.service[110745]: [pid: 110745|app: 0|req: 218/450] 10.222.0.27 () {58 vars in 1331 bytes} [Sun Aug 7 10:55:40 2022] GET /volume/v3/5d610be7ed1d4dfb8926901955f7574f/snapshots/91f6bc33-73c7-4c89-bfd3-0ef9c5711cef => generated 439 bytes in 59 msecs (HTTP/1.1 200) 7 headers in 285 bytes (1 switches on core 0)
Aug 07 10:55:40.825267 dv-cinder-850320-3-smb devstack@c-api.service[110746]: DEBUG cinder.api.middleware.request_id [None req-7942b24a-8798-4258-a9bc-bb9e6c04c0ad None None] RequestId filter calling following filter/app {{(pid=110746) _context_setter /opt/stack/cinder/cinder/api/middleware/request_id.py:62}}
Aug 07 10:55:40.831112 dv-cinder-850320-3-smb devstack@c-api.service[110746]: INFO cinder.api.openstack.wsgi [None req-7942b24a-8798-4258-a9bc-bb9e6c04c0ad tempest-VolumesActionsTest-508126664 tempest-VolumesActionsTest-508126664-project] POST http://10.222.0.27/volume/v3/afc06eb6efa540fa8d303ac1536224d2/volumes
Aug 07 10:55:40.832291 dv-cinder-850320-3-smb devstack@c-api.service[110746]: DEBUG cinder.api.openstack.wsgi [None req-7942b24a-8798-4258-a9bc-bb9e6c04c0ad tempest-VolumesActionsTest-508126664 tempest-VolumesActionsTest-508126664-project] Action: 'create', calling method: create, body: {"volume": {"size": 1, "name": "tempest-VolumesActionsTest-Volume-1866562311"}} {{(pid=110746) _process_stack /opt/stack/cinder/cinder/api/openstack/wsgi.py:866}}
Aug 07 10:55:40.836034 dv-cinder-850320-3-smb devstack@c-api.service[110746]: DEBUG cinder.api.v3.volumes [None req-7942b24a-8798-4258-a9bc-bb9e6c04c0ad tempest-VolumesActionsTest-508126664 tempest-VolumesActionsTest-508126664-project] Create volume request body: {'volume': {'size': 1, 'name': 'tempest-VolumesActionsTest-Volume-1866562311'}} {{(pid=110746) create /opt/stack/cinder/cinder/api/v3/volumes.py:298}}
Aug 07 10:55:40.836758 dv-cinder-850320-3-smb devstack@c-api.service[110746]: INFO cinder.api.v3.volumes [None req-7942b24a-8798-4258-a9bc-bb9e6c04c0ad tempest-VolumesActionsTest-508126664 tempest-VolumesActionsTest-508126664-project] Create volume of 1 GB
Aug 07 10:55:40.838200 dv-cinder-850320-3-smb devstack@c-api.service[110746]: /usr/local/lib/python3.8/dist-packages/oslo_context/context.py:100: DeprecationWarning: Policy enforcement is depending on the value of is_admin. This key is deprecated. Please update your policy file to use the standard policy values.
Aug 07 10:55:40.838200 dv-cinder-850320-3-smb devstack@c-api.service[110746]: warnings.warn('Policy enforcement is depending on the value of '
Aug 07 10:55:40.867117 dv-cinder-850320-3-smb devstack@c-api.service[110746]: INFO cinder.volume.api [None req-7942b24a-8798-4258-a9bc-bb9e6c04c0ad tempest-VolumesActionsTest-508126664 tempest-VolumesActionsTest-508126664-project] Availability Zones retrieved successfully.
Aug 07 10:55:40.884020 dv-cinder-850320-3-smb devstack@c-api.service[110746]: DEBUG cinder.volume.api [None req-7942b24a-8798-4258-a9bc-bb9e6c04c0ad tempest-VolumesActionsTest-508126664 tempest-VolumesActionsTest-508126664-project] Flow 'volume_create_api' (3180e287-dbbe-4898-8557-a139afeae8eb) transitioned into state 'RUNNING' from state 'PENDING' {{(pid=110746) _flow_receiver /usr/local/lib/python3.8/dist-packages/taskflow/listeners/logging.py:141}}
Aug 07 10:55:40.886744 dv-cinder-850320-3-smb devstack@c-api.service[110746]: DEBUG cinder.volume.api [None req-7942b24a-8798-4258-a9bc-bb9e6c04c0ad tempest-VolumesActionsTest-508126664 tempest-VolumesActionsTest-508126664-project] Task 'cinder.volume.flows.api.create_volume.ExtractVolumeRequestTask;volume:create' (57f01101-c1ad-4d5d-a214-64e928a0c7ed) transitioned into state 'RUNNING' from state 'PENDING' {{(pid=110746) _task_receiver /usr/local/lib/python3.8/dist-packages/taskflow/listeners/logging.py:190}}
Aug 07 10:55:40.889658 dv-cinder-850320-3-smb devstack@c-api.service[110746]: DEBUG cinder.volume.flows.api.create_volume [None req-7942b24a-8798-4258-a9bc-bb9e6c04c0ad tempest-VolumesActionsTest-508126664 tempest-VolumesActionsTest-508126664-project] Validating volume size '1' using validate_int {{(pid=110746) _extract_size /opt/stack/cinder/cinder/volume/flows/api/create_volume.py:228}}
Aug 07 10:55:40.902733 dv-cinder-850320-3-smb devstack@c-api.service[110745]: DEBUG cinder.api.middleware.request_id [None req-40277444-8101-49fd-b26e-d8a82d407cd8 None None] RequestId filter calling following filter/app {{(pid=110745) _context_setter /opt/stack/cinder/cinder/api/middleware/request_id.py:62}}
Aug 07 10:55:40.906269 dv-cinder-850320-3-smb devstack@c-api.service[110745]: INFO cinder.api.openstack.wsgi [None req-40277444-8101-49fd-b26e-d8a82d407cd8 tempest-VolumesGetTest-347661048 tempest-VolumesGetTest-347661048-project] GET http://10.222.0.27/volume/v3/fb998ef2583e4984bbbe53cbe8e1deee/volumes/56713c19-a003-4cdd-9443-4acb00b4bee0
Aug 07 10:55:40.906710 dv-cinder-850320-3-smb devstack@c-api.service[110745]: DEBUG cinder.api.openstack.wsgi [None req-40277444-8101-49fd-b26e-d8a82d407cd8 tempest-VolumesGetTest-347661048 tempest-VolumesGetTest-347661048-project] Empty body provided in request {{(pid=110745) get_body /opt/stack/cinder/cinder/api/openstack/wsgi.py:715}}
Aug 07 10:55:40.907163 dv-cinder-850320-3-smb devstack@c-api.service[110745]: DEBUG cinder.api.openstack.wsgi [None req-40277444-8101-49fd-b26e-d8a82d407cd8 tempest-VolumesGetTest-347661048 tempest-VolumesGetTest-347661048-project] Calling method 'show' {{(pid=110745) _process_stack /opt/stack/cinder/cinder/api/openstack/wsgi.py:868}}
Aug 07 10:55:40.932559 dv-cinder-850320-3-smb devstack@c-api.service[110745]: /usr/local/lib/python3.8/dist-packages/oslo_context/context.py:100: DeprecationWarning: Policy enforcement is depending on the value of is_admin. This key is deprecated. Please update your policy file to use the standard policy values.
Aug 07 10:55:40.932559 dv-cinder-850320-3-smb devstack@c-api.service[110745]: warnings.warn('Policy enforcement is depending on the value of '
