Aug 07 10:54:10.152092 dv-cinder-850320-3-iscsi devstack@c-api.service[110746]: DEBUG cinder.api.v3.groups [None req-f3c40dac-8bb1-4ab0-85f7-6dc6b2f9838e tempest-GroupsV320Test-582690175 tempest-GroupsV320Test-582690175-project-admin] Updating group 'ff80606a-a609-441b-8d82-ee0ff8478154' with 'available' {{(pid=110746) _reset_status /opt/stack/cinder/cinder/api/v3/groups.py:82}}
Aug 07 10:54:10.180933 dv-cinder-850320-3-iscsi devstack@c-api.service[110746]: /usr/local/lib/python3.8/dist-packages/oslo_context/context.py:100: DeprecationWarning: Policy enforcement is depending on the value of is_admin. This key is deprecated. Please update your policy file to use the standard policy values.
Aug 07 10:54:10.180933 dv-cinder-850320-3-iscsi devstack@c-api.service[110746]: warnings.warn('Policy enforcement is depending on the value of '
Aug 07 10:54:10.198620 dv-cinder-850320-3-iscsi devstack@c-api.service[110746]: INFO cinder.api.openstack.wsgi [None req-f3c40dac-8bb1-4ab0-85f7-6dc6b2f9838e tempest-GroupsV320Test-582690175 tempest-GroupsV320Test-582690175-project-admin] http://10.222.0.25/volume/v3/7819c84c6c844cbfb9b334ed8026ccb3/groups/ff80606a-a609-441b-8d82-ee0ff8478154/action returned with HTTP 202
Aug 07 10:54:10.199988 dv-cinder-850320-3-iscsi devstack@c-api.service[110746]: [pid: 110746|app: 0|req: 19/37] 10.222.0.25 () {62 vars in 1405 bytes} [Sun Aug 7 10:54:10 2022] POST /volume/v3/7819c84c6c844cbfb9b334ed8026ccb3/groups/ff80606a-a609-441b-8d82-ee0ff8478154/action => generated 0 bytes in 68 msecs (HTTP/1.1 202) 6 headers in 234 bytes (1 switches on core 0)
Aug 07 10:54:10.206579 dv-cinder-850320-3-iscsi devstack@c-api.service[110746]: DEBUG cinder.api.middleware.request_id [None req-c08966f8-6d6a-4abb-8b4a-5dfbc7220d7f None None] RequestId filter calling following filter/app {{(pid=110746) _context_setter /opt/stack/cinder/cinder/api/middleware/request_id.py:62}}
Aug 07 10:54:10.212908 dv-cinder-850320-3-iscsi devstack@c-api.service[110746]: INFO cinder.api.openstack.wsgi [None req-c08966f8-6d6a-4abb-8b4a-5dfbc7220d7f tempest-GroupsV320Test-1773735173 tempest-GroupsV320Test-1773735173-project] GET http://10.222.0.25/volume/v3/8ac25ca8dc94488ba8404d09d27d034d/groups/ff80606a-a609-441b-8d82-ee0ff8478154
Aug 07 10:54:10.218207 dv-cinder-850320-3-iscsi devstack@c-api.service[110746]: DEBUG cinder.api.openstack.wsgi [None req-c08966f8-6d6a-4abb-8b4a-5dfbc7220d7f tempest-GroupsV320Test-1773735173 tempest-GroupsV320Test-1773735173-project] Empty body provided in request {{(pid=110746) get_body /opt/stack/cinder/cinder/api/openstack/wsgi.py:715}}
Aug 07 10:54:10.219193 dv-cinder-850320-3-iscsi devstack@c-api.service[110746]: DEBUG cinder.api.openstack.wsgi [None req-c08966f8-6d6a-4abb-8b4a-5dfbc7220d7f tempest-GroupsV320Test-1773735173 tempest-GroupsV320Test-1773735173-project] Calling method 'version_select' {{(pid=110746) _process_stack /opt/stack/cinder/cinder/api/openstack/wsgi.py:868}}
Aug 07 10:54:10.219850 dv-cinder-850320-3-iscsi devstack@c-api.service[110746]: DEBUG cinder.api.v3.groups [None req-c08966f8-6d6a-4abb-8b4a-5dfbc7220d7f tempest-GroupsV320Test-1773735173 tempest-GroupsV320Test-1773735173-project] show called for member ff80606a-a609-441b-8d82-ee0ff8478154 {{(pid=110746) show /opt/stack/cinder/cinder/api/v3/groups.py:58}}
Aug 07 10:54:10.238589 dv-cinder-850320-3-iscsi devstack@c-api.service[110746]: /usr/local/lib/python3.8/dist-packages/oslo_context/context.py:100: DeprecationWarning: Policy enforcement is depending on the value of is_admin. This key is deprecated. Please update your policy file to use the standard policy values.
Aug 07 10:54:10.238589 dv-cinder-850320-3-iscsi devstack@c-api.service[110746]: warnings.warn('Policy enforcement is depending on the value of '
Aug 07 10:54:10.278161 dv-cinder-850320-3-iscsi devstack@c-api.service[110746]: INFO cinder.api.openstack.wsgi [None req-c08966f8-6d6a-4abb-8b4a-5dfbc7220d7f tempest-GroupsV320Test-1773735173 tempest-GroupsV320Test-1773735173-project] http://10.222.0.25/volume/v3/8ac25ca8dc94488ba8404d09d27d034d/groups/ff80606a-a609-441b-8d82-ee0ff8478154 returned with HTTP 200
Aug 07 10:54:10.282031 dv-cinder-850320-3-iscsi devstack@c-api.service[110746]: [pid: 110746|app: 0|req: 20/38] 10.222.0.25 () {60 vars in 1363 bytes} [Sun Aug 7 10:54:10 2022] GET /volume/v3/8ac25ca8dc94488ba8404d09d27d034d/groups/ff80606a-a609-441b-8d82-ee0ff8478154 => generated 389 bytes in 78 msecs (HTTP/1.1 200) 7 headers in 286 bytes (1 switches on core 0)
Aug 07 10:54:10.296738 dv-cinder-850320-3-iscsi devstack@c-api.service[110746]: DEBUG cinder.api.middleware.request_id [req-b48113e5-e03f-436a-9959-c3227a5331fc req-52a91057-726b-4d17-8359-d2b926de63b0 None None] RequestId filter calling following filter/app {{(pid=110746) _context_setter /opt/stack/cinder/cinder/api/middleware/request_id.py:62}}
Aug 07 10:54:10.312434 dv-cinder-850320-3-iscsi devstack@c-api.service[110746]: INFO cinder.api.openstack.wsgi [req-b48113e5-e03f-436a-9959-c3227a5331fc req-52a91057-726b-4d17-8359-d2b926de63b0 tempest-VolumesGetTestJSON-2038507720 tempest-VolumesGetTestJSON-2038507720-project] DELETE http://10.222.0.25/volume/v3/d16deb58b3724c8191e1e251a4e915f0/volumes/31dc0afc-b20a-4f7c-b4ca-f5058ff30a6b
Aug 07 10:54:10.313752 dv-cinder-850320-3-iscsi devstack@c-api.service[110746]: DEBUG cinder.api.openstack.wsgi [req-b48113e5-e03f-436a-9959-c3227a5331fc req-52a91057-726b-4d17-8359-d2b926de63b0 tempest-VolumesGetTestJSON-2038507720 tempest-VolumesGetTestJSON-2038507720-project] Empty body provided in request {{(pid=110746) get_body /opt/stack/cinder/cinder/api/openstack/wsgi.py:715}}
Aug 07 10:54:10.314346 dv-cinder-850320-3-iscsi devstack@c-api.service[110746]: DEBUG cinder.api.openstack.wsgi [req-b48113e5-e03f-436a-9959-c3227a5331fc req-52a91057-726b-4d17-8359-d2b926de63b0 tempest-VolumesGetTestJSON-2038507720 tempest-VolumesGetTestJSON-2038507720-project] Calling method 'delete' {{(pid=110746) _process_stack /opt/stack/cinder/cinder/api/openstack/wsgi.py:868}}
Aug 07 10:54:10.315660 dv-cinder-850320-3-iscsi devstack@c-api.service[110746]: INFO cinder.api.v3.volumes [req-b48113e5-e03f-436a-9959-c3227a5331fc req-52a91057-726b-4d17-8359-d2b926de63b0 tempest-VolumesGetTestJSON-2038507720 tempest-VolumesGetTestJSON-2038507720-project] Delete volume with id: 31dc0afc-b20a-4f7c-b4ca-f5058ff30a6b
Aug 07 10:54:10.348240 dv-cinder-850320-3-iscsi devstack@c-api.service[110746]: /usr/local/lib/python3.8/dist-packages/oslo_context/context.py:100: DeprecationWarning: Policy enforcement is depending on the value of is_admin. This key is deprecated. Please update your policy file to use the standard policy values.
Aug 07 10:54:10.348240 dv-cinder-850320-3-iscsi devstack@c-api.service[110746]: warnings.warn('Policy enforcement is depending on the value of '
Aug 07 10:54:10.349597 dv-cinder-850320-3-iscsi devstack@c-api.service[110746]: INFO cinder.volume.api [req-b48113e5-e03f-436a-9959-c3227a5331fc req-52a91057-726b-4d17-8359-d2b926de63b0 tempest-VolumesGetTestJSON-2038507720 tempest-VolumesGetTestJSON-2038507720-project] Volume info retrieved successfully.
Aug 07 10:54:10.444105 dv-cinder-850320-3-iscsi devstack@c-api.service[110745]: INFO cinder.volume.api [req-fff45255-641a-426d-9fbc-70761df956c7 req-84821dfd-124a-43c7-a730-53f89f40aa4b tempest-VolumesSnapshotsTestJSON-754500799 tempest-VolumesSnapshotsTestJSON-754500799-project] Snapshot create request issued successfully.
Aug 07 10:54:10.444887 dv-cinder-850320-3-iscsi devstack@c-api.service[110745]: INFO cinder.api.openstack.wsgi [req-fff45255-641a-426d-9fbc-70761df956c7 req-84821dfd-124a-43c7-a730-53f89f40aa4b tempest-VolumesSnapshotsTestJSON-754500799 tempest-VolumesSnapshotsTestJSON-754500799-project] http://10.222.0.25/volume/v3/639f69c020004f59b20d086d5f4149e5/snapshots returned with HTTP 202
Aug 07 10:54:10.451204 dv-cinder-850320-3-iscsi devstack@c-api.service[110745]: [pid: 110745|app: 0|req: 19/39] 10.222.0.25 () {64 vars in 1527 bytes} [Sun Aug 7 10:54:09 2022] POST /volume/v3/639f69c020004f59b20d086d5f4149e5/snapshots => generated 311 bytes in 574 msecs (HTTP/1.1 202) 7 headers in 291 bytes (1 switches on core 0)
Aug 07 10:54:10.456681 dv-cinder-850320-3-iscsi devstack@c-api.service[110746]: INFO cinder.volume.api [req-b48113e5-e03f-436a-9959-c3227a5331fc req-52a91057-726b-4d17-8359-d2b926de63b0 tempest-VolumesGetTestJSON-2038507720 tempest-VolumesGetTestJSON-2038507720-project] Delete volume request issued successfully.
Aug 07 10:54:10.463740 dv-cinder-850320-3-iscsi devstack@c-api.service[110746]: INFO cinder.api.openstack.wsgi [req-b48113e5-e03f-436a-9959-c3227a5331fc req-52a91057-726b-4d17-8359-d2b926de63b0 tempest-VolumesGetTestJSON-2038507720 tempest-VolumesGetTestJSON-2038507720-project] http://10.222.0.25/volume/v3/d16deb58b3724c8191e1e251a4e915f0/volumes/31dc0afc-b20a-4f7c-b4ca-f5058ff30a6b returned with HTTP 202
Aug 07 10:54:10.467773 dv-cinder-850320-3-iscsi devstack@c-api.service[110746]: [pid: 110746|app: 0|req: 21/40] 10.222.0.25 () {62 vars in 1600 bytes} [Sun Aug 7 10:54:10 2022] DELETE /volume/v3/d16deb58b3724c8191e1e251a4e915f0/volumes/31dc0afc-b20a-4f7c-b4ca-f5058ff30a6b => generated 0 bytes in 177 msecs (HTTP/1.1 202) 6 headers in 233 bytes (1 switches on core 0)
Aug 07 10:54:10.468915 dv-cinder-850320-3-iscsi devstack@c-api.service[110745]: DEBUG cinder.api.middleware.request_id [None req-9ebd6ced-34e6-4858-ae11-04d59e78bc9b None None] RequestId filter calling following filter/app {{(pid=110745) _context_setter /opt/stack/cinder/cinder/api/middleware/request_id.py:62}}
Aug 07 10:54:10.475567 dv-cinder-850320-3-iscsi devstack@c-api.service[110746]: DEBUG cinder.api.middleware.request_id [req-13d1dc74-93ba-469d-bc68-3be4ca2e7452 req-15ef80bb-0a59-4d35-af92-2583fad65f0f None None] RequestId filter calling following filter/app {{(pid=110746) _context_setter /opt/stack/cinder/cinder/api/middleware/request_id.py:62}}
Aug 07 10:54:10.482218 dv-cinder-850320-3-iscsi devstack@c-api.service[110746]: INFO cinder.api.openstack.wsgi [req-13d1dc74-93ba-469d-bc68-3be4ca2e7452 req-15ef80bb-0a59-4d35-af92-2583fad65f0f tempest-VolumesSnapshotsTestJSON-754500799 tempest-VolumesSnapshotsTestJSON-754500799-project] GET http://10.222.0.25/volume/v3/639f69c020004f59b20d086d5f4149e5/snapshots/ccd6ceb4-5540-41a4-8b38-2d330f2307de
Aug 07 10:54:10.482686 dv-cinder-850320-3-iscsi devstack@c-api.service[110746]: DEBUG cinder.api.openstack.wsgi [req-13d1dc74-93ba-469d-bc68-3be4ca2e7452 req-15ef80bb-0a59-4d35-af92-2583fad65f0f tempest-VolumesSnapshotsTestJSON-754500799 tempest-VolumesSnapshotsTestJSON-754500799-project] Empty body provided in request {{(pid=110746) get_body /opt/stack/cinder/cinder/api/openstack/wsgi.py:715}}
Aug 07 10:54:10.483429 dv-cinder-850320-3-iscsi devstack@c-api.service[110746]: DEBUG cinder.api.openstack.wsgi [req-13d1dc74-93ba-469d-bc68-3be4ca2e7452 req-15ef80bb-0a59-4d35-af92-2583fad65f0f tempest-VolumesSnapshotsTestJSON-754500799 tempest-VolumesSnapshotsTestJSON-754500799-project] Calling method 'show' {{(pid=110746) _process_stack /opt/stack/cinder/cinder/api/openstack/wsgi.py:868}}
Aug 07 10:54:10.485382 dv-cinder-850320-3-iscsi devstack@c-api.service[110745]: INFO cinder.api.openstack.wsgi [None req-9ebd6ced-34e6-4858-ae11-04d59e78bc9b tempest-GroupsV320Test-1773735173 tempest-GroupsV320Test-1773735173-project] GET http://10.222.0.25/volume/v3/8ac25ca8dc94488ba8404d09d27d034d/volumes/detail
Aug 07 10:54:10.485832 dv-cinder-850320-3-iscsi devstack@c-api.service[110745]: DEBUG cinder.api.openstack.wsgi [None req-9ebd6ced-34e6-4858-ae11-04d59e78bc9b tempest-GroupsV320Test-1773735173 tempest-GroupsV320Test-1773735173-project] Empty body provided in request {{(pid=110745) get_body /opt/stack/cinder/cinder/api/openstack/wsgi.py:715}}
Aug 07 10:54:10.487466 dv-cinder-850320-3-iscsi devstack@c-api.service[110745]: DEBUG cinder.api.openstack.wsgi [None req-9ebd6ced-34e6-4858-ae11-04d59e78bc9b tempest-GroupsV320Test-1773735173 tempest-GroupsV320Test-1773735173-project] Calling method 'detail' {{(pid=110745) _process_stack /opt/stack/cinder/cinder/api/openstack/wsgi.py:868}}
Aug 07 10:54:10.488702 dv-cinder-850320-3-iscsi devstack@c-api.service[110745]: DEBUG cinder.api.api_utils [None req-9ebd6ced-34e6-4858-ae11-04d59e78bc9b tempest-GroupsV320Test-1773735173 tempest-GroupsV320Test-1773735173-project] Removing options '' from query. {{(pid=110745) remove_invalid_filter_options /opt/stack/cinder/cinder/api/api_utils.py:83}}
Aug 07 10:54:10.491313 dv-cinder-850320-3-iscsi devstack@c-api.service[110745]: /usr/local/lib/python3.8/dist-packages/oslo_context/context.py:100: DeprecationWarning: Policy enforcement is depending on the value of is_admin. This key is deprecated. Please update your policy file to use the standard policy values.
Aug 07 10:54:10.491313 dv-cinder-850320-3-iscsi devstack@c-api.service[110745]: warnings.warn('Policy enforcement is depending on the value of '
Aug 07 10:54:10.493121 dv-cinder-850320-3-iscsi devstack@c-api.service[110745]: DEBUG cinder.volume.api [None req-9ebd6ced-34e6-4858-ae11-04d59e78bc9b tempest-GroupsV320Test-1773735173 tempest-GroupsV320Test-1773735173-project] Searching by: MultiDict([('no_migration_targets', True)]). {{(pid=110745) get_all /opt/stack/cinder/cinder/volume/api.py:664}}
Aug 07 10:54:10.605308 dv-cinder-850320-3-iscsi devstack@c-api.service[110746]: /usr/local/lib/python3.8/dist-packages/oslo_context/context.py:100: DeprecationWarning: Policy enforcement is depending on the value of is_admin. This key is deprecated. Please update your policy file to use the standard policy values.
Aug 07 10:54:10.605308 dv-cinder-850320-3-iscsi devstack@c-api.service[110746]: warnings.warn('Policy enforcement is depending on the value of '
Aug 07 10:54:10.606269 dv-cinder-850320-3-iscsi devstack@c-api.service[110746]: INFO cinder.volume.api [req-13d1dc74-93ba-469d-bc68-3be4ca2e7452 req-15ef80bb-0a59-4d35-af92-2583fad65f0f tempest-VolumesSnapshotsTestJSON-754500799 tempest-VolumesSnapshotsTestJSON-754500799-project] Snapshot retrieved successfully.
Aug 07 10:54:10.611042 dv-cinder-850320-3-iscsi devstack@c-api.service[110746]: INFO cinder.api.openstack.wsgi [req-13d1dc74-93ba-469d-bc68-3be4ca2e7452 req-15ef80bb-0a59-4d35-af92-2583fad65f0f tempest-VolumesSnapshotsTestJSON-754500799 tempest-VolumesSnapshotsTestJSON-754500799-project] http://10.222.0.25/volume/v3/639f69c020004f59b20d086d5f4149e5/snapshots/ccd6ceb4-5540-41a4-8b38-2d330f2307de returned with HTTP 200
Aug 07 10:54:10.618244 dv-cinder-850320-3-iscsi devstack@c-api.service[110746]: [pid: 110746|app: 0|req: 22/41] 10.222.0.25 () {60 vars in 1584 bytes} [Sun Aug 7 10:54:10 2022] GET /volume/v3/639f69c020004f59b20d086d5f4149e5/snapshots/ccd6ceb4-5540-41a4-8b38-2d330f2307de => generated 443 bytes in 144 msecs (HTTP/1.1 200) 7 headers in 285 bytes (1 switches on core 0)
Aug 07 10:54:10.621116 dv-cinder-850320-3-iscsi devstack@c-api.service[110746]: DEBUG cinder.api.middleware.request_id [req-dd088f87-dabf-443d-8f22-c3d71f14b5c1 req-5c93f67b-52e3-41de-a67a-9016b67cb4d6 None None] RequestId filter calling following filter/app {{(pid=110746) _context_setter /opt/stack/cinder/cinder/api/middleware/request_id.py:62}}
Aug 07 10:54:10.622165 dv-cinder-850320-3-iscsi devstack@c-api.service[110745]: INFO cinder.volume.api [None req-9ebd6ced-34e6-4858-ae11-04d59e78bc9b tempest-GroupsV320Test-1773735173 tempest-GroupsV320Test-1773735173-project] Get all volumes completed successfully.
Aug 07 10:54:10.644597 dv-cinder-850320-3-iscsi devstack@c-api.service[110746]: INFO cinder.api.openstack.wsgi [req-dd088f87-dabf-443d-8f22-c3d71f14b5c1 req-5c93f67b-52e3-41de-a67a-9016b67cb4d6 tempest-VolumesGetTestJSON-2038507720 tempest-VolumesGetTestJSON-2038507720-project] GET http://10.222.0.25/volume/v3/d16deb58b3724c8191e1e251a4e915f0/volumes/31dc0afc-b20a-4f7c-b4ca-f5058ff30a6b
Aug 07 10:54:10.645071 dv-cinder-850320-3-iscsi devstack@c-api.service[110746]: DEBUG cinder.api.openstack.wsgi [req-dd088f87-dabf-443d-8f22-c3d71f14b5c1 req-5c93f67b-52e3-41de-a67a-9016b67cb4d6 tempest-VolumesGetTestJSON-2038507720 tempest-VolumesGetTestJSON-2038507720-project] Empty body provided in request {{(pid=110746) get_body /opt/stack/cinder/cinder/api/openstack/wsgi.py:715}}
Aug 07 10:54:10.645537 dv-cinder-850320-3-iscsi devstack@c-api.service[110746]: DEBUG cinder.api.openstack.wsgi [req-dd088f87-dabf-443d-8f22-c3d71f14b5c1 req-5c93f67b-52e3-41de-a67a-9016b67cb4d6 tempest-VolumesGetTestJSON-2038507720 tempest-VolumesGetTestJSON-2038507720-project] Calling method 'show' {{(pid=110746) _process_stack /opt/stack/cinder/cinder/api/openstack/wsgi.py:868}}
Aug 07 10:54:10.649622 dv-cinder-850320-3-iscsi devstack@c-api.service[110745]: INFO cinder.api.openstack.wsgi [None req-9ebd6ced-34e6-4858-ae11-04d59e78bc9b tempest-GroupsV320Test-1773735173 tempest-GroupsV320Test-1773735173-project] http://10.222.0.25/volume/v3/8ac25ca8dc94488ba8404d09d27d034d/volumes/detail returned with HTTP 200
Aug 07 10:54:10.650914 dv-cinder-850320-3-iscsi devstack@c-api.service[110745]: [pid: 110745|app: 0|req: 20/42] 10.222.0.25 () {60 vars in 1276 bytes} [Sun Aug 7 10:54:10 2022] GET /volume/v3/8ac25ca8dc94488ba8404d09d27d034d/volumes/detail => generated 15 bytes in 199 msecs (HTTP/1.1 200) 7 headers in 285 bytes (1 switches on core 0)
Aug 07 10:54:10.652313 dv-cinder-850320-3-iscsi devstack@c-api.service[110745]: DEBUG cinder.api.middleware.request_id [req-345cff4e-797e-49a5-9d8b-f4071fe41b23 req-f4430985-611c-4466-84d0-f95a2916af74 None None] RequestId filter calling following filter/app {{(pid=110745) _context_setter /opt/stack/cinder/cinder/api/middleware/request_id.py:62}}
Aug 07 10:54:10.663402 dv-cinder-850320-3-iscsi devstack@c-api.service[110745]: INFO cinder.api.openstack.wsgi [req-345cff4e-797e-49a5-9d8b-f4071fe41b23 req-f4430985-611c-4466-84d0-f95a2916af74 tempest-VolumesSnapshotsTestJSON-754500799 tempest-VolumesSnapshotsTestJSON-754500799-project] GET http://10.222.0.25/volume/v3/639f69c020004f59b20d086d5f4149e5/snapshots/detail
Aug 07 10:54:10.663402 dv-cinder-850320-3-iscsi devstack@c-api.service[110745]: DEBUG cinder.api.openstack.wsgi [req-345cff4e-797e-49a5-9d8b-f4071fe41b23 req-f4430985-611c-4466-84d0-f95a2916af74 tempest-VolumesSnapshotsTestJSON-754500799 tempest-VolumesSnapshotsTestJSON-754500799-project] Empty body provided in request {{(pid=110745) get_body /opt/stack/cinder/cinder/api/openstack/wsgi.py:715}}
Aug 07 10:54:10.663402 dv-cinder-850320-3-iscsi devstack@c-api.service[110745]: DEBUG cinder.api.openstack.wsgi [req-345cff4e-797e-49a5-9d8b-f4071fe41b23 req-f4430985-611c-4466-84d0-f95a2916af74 tempest-VolumesSnapshotsTestJSON-754500799 tempest-VolumesSnapshotsTestJSON-754500799-project] Calling method 'detail' {{(pid=110745) _process_stack /opt/stack/cinder/cinder/api/openstack/wsgi.py:868}}
Aug 07 10:54:10.673331 dv-cinder-850320-3-iscsi devstack@c-api.service[110745]: DEBUG cinder.api.api_utils [req-345cff4e-797e-49a5-9d8b-f4071fe41b23 req-f4430985-611c-4466-84d0-f95a2916af74 tempest-VolumesSnapshotsTestJSON-754500799 tempest-VolumesSnapshotsTestJSON-754500799-project] Removing options '' from query. {{(pid=110745) remove_invalid_filter_options /opt/stack/cinder/cinder/api/api_utils.py:83}}
Aug 07 10:54:10.678382 dv-cinder-850320-3-iscsi devstack@c-api.service[110745]: DEBUG cinder.db.sqlalchemy.api [req-345cff4e-797e-49a5-9d8b-f4071fe41b23 req-f4430985-611c-4466-84d0-f95a2916af74 tempest-VolumesSnapshotsTestJSON-754500799 tempest-VolumesSnapshotsTestJSON-754500799-project] Building query based on filter {{(pid=110745) _process_snaps_filters /opt/stack/cinder/cinder/db/sqlalchemy/api.py:3885}}
Aug 07 10:54:10.692152 dv-cinder-850320-3-iscsi devstack@c-api.service[110746]: /usr/local/lib/python3.8/dist-packages/oslo_context/context.py:100: DeprecationWarning: Policy enforcement is depending on the value of is_admin. This key is deprecated. Please update your policy file to use the standard policy values.
Aug 07 10:54:10.692152 dv-cinder-850320-3-iscsi devstack@c-api.service[110746]: warnings.warn('Policy enforcement is depending on the value of '
Aug 07 10:54:10.717239 dv-cinder-850320-3-iscsi devstack@c-api.service[110746]: INFO cinder.volume.api [req-dd088f87-dabf-443d-8f22-c3d71f14b5c1 req-5c93f67b-52e3-41de-a67a-9016b67cb4d6 tempest-VolumesGetTestJSON-2038507720 tempest-VolumesGetTestJSON-2038507720-project] Volume info retrieved successfully.
Aug 07 10:54:10.736923 dv-cinder-850320-3-iscsi devstack@c-api.service[110745]: INFO cinder.volume.api [req-345cff4e-797e-49a5-9d8b-f4071fe41b23 req-f4430985-611c-4466-84d0-f95a2916af74 tempest-VolumesSnapshotsTestJSON-754500799 tempest-VolumesSnapshotsTestJSON-754500799-project] Get all snapshots completed successfully.
Aug 07 10:54:10.738347 dv-cinder-850320-3-iscsi devstack@c-api.service[110745]: /usr/local/lib/python3.8/dist-packages/oslo_context/context.py:100: DeprecationWarning: Policy enforcement is depending on the value of is_admin. This key is deprecated. Please update your policy file to use the standard policy values.
Aug 07 10:54:10.738347 dv-cinder-850320-3-iscsi devstack@c-api.service[110745]: warnings.warn('Policy enforcement is depending on the value of '
Aug 07 10:54:10.739942 dv-cinder-850320-3-iscsi devstack@c-api.service[110745]: INFO cinder.api.openstack.wsgi [req-345cff4e-797e-49a5-9d8b-f4071fe41b23 req-f4430985-611c-4466-84d0-f95a2916af74 tempest-VolumesSnapshotsTestJSON-754500799 tempest-VolumesSnapshotsTestJSON-754500799-project] http://10.222.0.25/volume/v3/639f69c020004f59b20d086d5f4149e5/snapshots/detail returned with HTTP 200
Aug 07 10:54:10.741501 dv-cinder-850320-3-iscsi devstack@c-api.service[110746]: INFO cinder.api.openstack.wsgi [req-dd088f87-dabf-443d-8f22-c3d71f14b5c1 req-5c93f67b-52e3-41de-a67a-9016b67cb4d6 tempest-VolumesGetTestJSON-2038507720 tempest-VolumesGetTestJSON-2038507720-project] http://10.222.0.25/volume/v3/d16deb58b3724c8191e1e251a4e915f0/volumes/31dc0afc-b20a-4f7c-b4ca-f5058ff30a6b returned with HTTP 200
Aug 07 10:54:10.742339 dv-cinder-850320-3-iscsi devstack@c-api.service[110746]: [pid: 110746|app: 0|req: 23/43] 10.222.0.25 () {60 vars in 1578 bytes} [Sun Aug 7 10:54:10 2022] GET /volume/v3/d16deb58b3724c8191e1e251a4e915f0/volumes/31dc0afc-b20a-4f7c-b4ca-f5058ff30a6b => generated 924 bytes in 124 msecs (HTTP/1.1 200) 7 headers in 285 bytes (1 switches on core 0)
Aug 07 10:54:10.743764 dv-cinder-850320-3-iscsi devstack@c-api.service[110746]: DEBUG cinder.api.middleware.request_id [None req-92f649d3-b31a-48b1-b7dc-6a608beb96c0 None None] RequestId filter calling following filter/app {{(pid=110746) _context_setter /opt/stack/cinder/cinder/api/middleware/request_id.py:62}}
Aug 07 10:54:10.745322 dv-cinder-850320-3-iscsi devstack@c-api.service[110745]: [pid: 110745|app: 0|req: 21/44] 10.222.0.25 () {60 vars in 1494 bytes} [Sun Aug 7 10:54:10 2022] GET /volume/v3/639f69c020004f59b20d086d5f4149e5/snapshots/detail => generated 446 bytes in 94 msecs (HTTP/1.1 200) 7 headers in 285 bytes (1 switches on core 0)
Aug 07 10:54:10.755196 dv-cinder-850320-3-iscsi devstack@c-api.service[110746]: INFO cinder.api.openstack.wsgi [None req-92f649d3-b31a-48b1-b7dc-6a608beb96c0 tempest-GroupsV320Test-1773735173 tempest-GroupsV320Test-1773735173-project] POST http://10.222.0.25/volume/v3/8ac25ca8dc94488ba8404d09d27d034d/groups/ff80606a-a609-441b-8d82-ee0ff8478154/action
Aug 07 10:54:10.760609 dv-cinder-850320-3-iscsi devstack@c-api.service[110746]: DEBUG cinder.api.openstack.wsgi [None req-92f649d3-b31a-48b1-b7dc-6a608beb96c0 tempest-GroupsV320Test-1773735173 tempest-GroupsV320Test-1773735173-project] Action body: b'{"delete": {"delete-volumes": true}}' {{(pid=110746) get_method /opt/stack/cinder/cinder/api/openstack/wsgi.py:983}}
Aug 07 10:54:10.763206 dv-cinder-850320-3-iscsi devstack@c-api.service[110746]: DEBUG cinder.api.openstack.wsgi [None req-92f649d3-b31a-48b1-b7dc-6a608beb96c0 tempest-GroupsV320Test-1773735173 tempest-GroupsV320Test-1773735173-project] Action: 'action', calling method: version_select, body: {"delete": {"delete-volumes": true}} {{(pid=110746) _process_stack /opt/stack/cinder/cinder/api/openstack/wsgi.py:866}}
Aug 07 10:54:10.765525 dv-cinder-850320-3-iscsi devstack@c-api.service[110746]: DEBUG cinder.api.v3.groups [None req-92f649d3-b31a-48b1-b7dc-6a608beb96c0 tempest-GroupsV320Test-1773735173 tempest-GroupsV320Test-1773735173-project] delete called for group ff80606a-a609-441b-8d82-ee0ff8478154 {{(pid=110746) _delete /opt/stack/cinder/cinder/api/v3/groups.py:117}}
Aug 07 10:54:10.767979 dv-cinder-850320-3-iscsi devstack@c-api.service[110746]: INFO cinder.api.v3.groups [None req-92f649d3-b31a-48b1-b7dc-6a608beb96c0 tempest-GroupsV320Test-1773735173 tempest-GroupsV320Test-1773735173-project] Delete group with id: ff80606a-a609-441b-8d82-ee0ff8478154
Aug 07 10:54:10.779785 dv-cinder-850320-3-iscsi devstack@c-api.service[110745]: DEBUG cinder.api.middleware.request_id [req-2b3c0ba1-fb50-48f7-ae4c-b97b29675ddb req-ae146b4b-4d59-4002-b1ce-b7f1cf9da8b5 None None] RequestId filter calling following filter/app {{(pid=110745) _context_setter /opt/stack/cinder/cinder/api/middleware/request_id.py:62}}
Aug 07 10:54:10.782060 dv-cinder-850320-3-iscsi devstack@c-api.service[110746]: /usr/local/lib/python3.8/dist-packages/oslo_context/context.py:100: DeprecationWarning: Policy enforcement is depending on the value of is_admin. This key is deprecated. Please update your policy file to use the standard policy values.
Aug 07 10:54:10.782060 dv-cinder-850320-3-iscsi devstack@c-api.service[110746]: warnings.warn('Policy enforcement is depending on the value of '
Aug 07 10:54:10.786416 dv-cinder-850320-3-iscsi devstack@c-api.service[110745]: INFO cinder.api.openstack.wsgi [req-2b3c0ba1-fb50-48f7-ae4c-b97b29675ddb req-ae146b4b-4d59-4002-b1ce-b7f1cf9da8b5 tempest-VolumesSnapshotsTestJSON-754500799 tempest-VolumesSnapshotsTestJSON-754500799-project] GET http://10.222.0.25/volume/v3/639f69c020004f59b20d086d5f4149e5/snapshots/ccd6ceb4-5540-41a4-8b38-2d330f2307de
Aug 07 10:54:10.786775 dv-cinder-850320-3-iscsi devstack@c-api.service[110745]: DEBUG cinder.api.openstack.wsgi [req-2b3c0ba1-fb50-48f7-ae4c-b97b29675ddb req-ae146b4b-4d59-4002-b1ce-b7f1cf9da8b5 tempest-VolumesSnapshotsTestJSON-754500799 tempest-VolumesSnapshotsTestJSON-754500799-project] Empty body provided in request {{(pid=110745) get_body /opt/stack/cinder/cinder/api/openstack/wsgi.py:715}}
Aug 07 10:54:10.787290 dv-cinder-850320-3-iscsi devstack@c-api.service[110745]: DEBUG cinder.api.openstack.wsgi [req-2b3c0ba1-fb50-48f7-ae4c-b97b29675ddb req-ae146b4b-4d59-4002-b1ce-b7f1cf9da8b5 tempest-VolumesSnapshotsTestJSON-754500799 tempest-VolumesSnapshotsTestJSON-754500799-project] Calling method 'show' {{(pid=110745) _process_stack /opt/stack/cinder/cinder/api/openstack/wsgi.py:868}}
Aug 07 10:54:10.808173 dv-cinder-850320-3-iscsi devstack@c-api.service[110745]: /usr/local/lib/python3.8/dist-packages/oslo_context/context.py:100: DeprecationWarning: Policy enforcement is depending on the value of is_admin. This key is deprecated. Please update your policy file to use the standard policy values.
Aug 07 10:54:10.808173 dv-cinder-850320-3-iscsi devstack@c-api.service[110745]: warnings.warn('Policy enforcement is depending on the value of '
Aug 07 10:54:10.809563 dv-cinder-850320-3-iscsi devstack@c-api.service[110745]: INFO cinder.volume.api [req-2b3c0ba1-fb50-48f7-ae4c-b97b29675ddb req-ae146b4b-4d59-4002-b1ce-b7f1cf9da8b5 tempest-VolumesSnapshotsTestJSON-754500799 tempest-VolumesSnapshotsTestJSON-754500799-project] Snapshot retrieved successfully.
Aug 07 10:54:10.818076 dv-cinder-850320-3-iscsi devstack@c-api.service[110745]: INFO cinder.api.openstack.wsgi [req-2b3c0ba1-fb50-48f7-ae4c-b97b29675ddb req-ae146b4b-4d59-4002-b1ce-b7f1cf9da8b5 tempest-VolumesSnapshotsTestJSON-754500799 tempest-VolumesSnapshotsTestJSON-754500799-project] http://10.222.0.25/volume/v3/639f69c020004f59b20d086d5f4149e5/snapshots/ccd6ceb4-5540-41a4-8b38-2d330f2307de returned with HTTP 200
Aug 07 10:54:10.823674 dv-cinder-850320-3-iscsi devstack@c-api.service[110745]: [pid: 110745|app: 0|req: 22/45] 10.222.0.25 () {60 vars in 1584 bytes} [Sun Aug 7 10:54:10 2022] GET /volume/v3/639f69c020004f59b20d086d5f4149e5/snapshots/ccd6ceb4-5540-41a4-8b38-2d330f2307de => generated 443 bytes in 45 msecs (HTTP/1.1 200) 7 headers in 285 bytes (1 switches on core 0)
Aug 07 10:54:10.831795 dv-cinder-850320-3-iscsi devstack@c-api.service[110745]: DEBUG cinder.api.middleware.request_id [None req-e3bd3f57-5b25-4c05-a499-86efcef6a733 None None] RequestId filter calling following filter/app {{(pid=110745) _context_setter /opt/stack/cinder/cinder/api/middleware/request_id.py:62}}
Aug 07 10:54:10.839970 dv-cinder-850320-3-iscsi devstack@c-api.service[110745]: INFO cinder.api.openstack.wsgi [None req-e3bd3f57-5b25-4c05-a499-86efcef6a733 tempest-GroupsV314Test-34627323 tempest-GroupsV314Test-34627323-project] GET http://10.222.0.25/volume/v3/e827ce1c53e1400c9a5af4924657100a/volumes/ee127834-9635-4f80-a7b2-2e5cf398a1ff
Aug 07 10:54:10.846742 dv-cinder-850320-3-iscsi devstack@c-api.service[110745]: DEBUG cinder.api.openstack.wsgi [None req-e3bd3f57-5b25-4c05-a499-86efcef6a733 tempest-GroupsV314Test-34627323 tempest-GroupsV314Test-34627323-project] Empty body provided in request {{(pid=110745) get_body /opt/stack/cinder/cinder/api/openstack/wsgi.py:715}}
Aug 07 10:54:10.847384 dv-cinder-850320-3-iscsi devstack@c-api.service[110745]: DEBUG cinder.api.openstack.wsgi [None req-e3bd3f57-5b25-4c05-a499-86efcef6a733 tempest-GroupsV314Test-34627323 tempest-GroupsV314Test-34627323-project] Calling method 'show' {{(pid=110745) _process_stack /opt/stack/cinder/cinder/api/openstack/wsgi.py:868}}
Aug 07 10:54:10.917837 dv-cinder-850320-3-iscsi devstack@c-api.service[110745]: /usr/local/lib/python3.8/dist-packages/oslo_context/context.py:100: DeprecationWarning: Policy enforcement is depending on the value of is_admin. This key is deprecated. Please update your policy file to use the standard policy values.
Aug 07 10:54:10.917837 dv-cinder-850320-3-iscsi devstack@c-api.service[110745]: warnings.warn('Policy enforcement is depending on the value of '
Aug 07 10:54:10.934615 dv-cinder-850320-3-iscsi devstack@c-api.service[110745]: INFO cinder.volume.api [None req-e3bd3f57-5b25-4c05-a499-86efcef6a733 tempest-GroupsV314Test-34627323 tempest-GroupsV314Test-34627323-project] Volume info retrieved successfully.
Aug 07 10:54:10.947618 dv-cinder-850320-3-iscsi devstack@c-api.service[110745]: WARNING stevedore.named [None req-e3bd3f57-5b25-4c05-a499-86efcef6a733 tempest-GroupsV314Test-34627323 tempest-GroupsV314Test-34627323-project] Could not load cinder.keymgr.conf_key_mgr.ConfKeyManager
Aug 07 10:54:10.948392 dv-cinder-850320-3-iscsi devstack@c-api.service[110745]: WARNING castellan.key_manager [None req-e3bd3f57-5b25-4c05-a499-86efcef6a733 tempest-GroupsV314Test-34627323 tempest-GroupsV314Test-34627323-project] Deprecation Warning : cinder.keymgr.conf_key_mgr.ConfKeyManager is not a stevedore based driver, trying to load it as a class: stevedore.exception.NoMatches: No 'castellan.drivers' driver found, looking for 'cinder.keymgr.conf_key_mgr.ConfKeyManager'
Aug 07 10:54:10.980108 dv-cinder-850320-3-iscsi devstack@c-api.service[110745]: DEBUG oslo_db.sqlalchemy.engines [None req-e3bd3f57-5b25-4c05-a499-86efcef6a733 tempest-GroupsV314Test-34627323 tempest-GroupsV314Test-34627323-project] MySQL server mode set to STRICT_TRANS_TABLES,STRICT_ALL_TABLES,NO_ZERO_IN_DATE,NO_ZERO_DATE,ERROR_FOR_DIVISION_BY_ZERO,TRADITIONAL,NO_ENGINE_SUBSTITUTION {{(pid=110745) _check_effective_sql_mode /usr/local/lib/python3.8/dist-packages/oslo_db/sqlalchemy/engines.py:314}}
Aug 07 10:54:10.997066 dv-cinder-850320-3-iscsi devstack@c-api.service[110745]: /usr/local/lib/python3.8/dist-packages/oslo_context/context.py:100: DeprecationWarning: Policy enforcement is depending on the value of is_admin. This key is deprecated. Please update your policy file to use the standard policy values.
Aug 07 10:54:10.997066 dv-cinder-850320-3-iscsi devstack@c-api.service[110745]: warnings.warn('Policy enforcement is depending on the value of '
Aug 07 10:54:11.005369 dv-cinder-850320-3-iscsi devstack@c-api.service[110746]: INFO cinder.api.openstack.wsgi [None req-92f649d3-b31a-48b1-b7dc-6a608beb96c0 tempest-GroupsV320Test-1773735173 tempest-GroupsV320Test-1773735173-project] http://10.222.0.25/volume/v3/8ac25ca8dc94488ba8404d09d27d034d/groups/ff80606a-a609-441b-8d82-ee0ff8478154/action returned with HTTP 202
Aug 07 10:54:11.006335 dv-cinder-850320-3-iscsi devstack@c-api.service[110746]: [pid: 110746|app: 0|req: 24/46] 10.222.0.25 () {62 vars in 1405 bytes} [Sun Aug 7 10:54:10 2022] POST /volume/v3/8ac25ca8dc94488ba8404d09d27d034d/groups/ff80606a-a609-441b-8d82-ee0ff8478154/action => generated 0 bytes in 263 msecs (HTTP/1.1 202) 6 headers in 234 bytes (1 switches on core 0)
Aug 07 10:54:11.013498 dv-cinder-850320-3-iscsi devstack@c-api.service[110746]: DEBUG cinder.api.middleware.request_id [None req-1bd99454-c20c-477b-af97-04b7f59e29d6 None None] RequestId filter calling following filter/app {{(pid=110746) _context_setter /opt/stack/cinder/cinder/api/middleware/request_id.py:62}}
Aug 07 10:54:11.022894 dv-cinder-850320-3-iscsi devstack@c-api.service[110746]: INFO cinder.api.openstack.wsgi [None req-1bd99454-c20c-477b-af97-04b7f59e29d6 tempest-GroupsV320Test-1773735173 tempest-GroupsV320Test-1773735173-project] GET http://10.222.0.25/volume/v3/8ac25ca8dc94488ba8404d09d27d034d/groups/ff80606a-a609-441b-8d82-ee0ff8478154
Aug 07 10:54:11.023435 dv-cinder-850320-3-iscsi devstack@c-api.service[110746]: DEBUG cinder.api.openstack.wsgi [None req-1bd99454-c20c-477b-af97-04b7f59e29d6 tempest-GroupsV320Test-1773735173 tempest-GroupsV320Test-1773735173-project] Empty body provided in request {{(pid=110746) get_body /opt/stack/cinder/cinder/api/openstack/wsgi.py:715}}
Aug 07 10:54:11.023892 dv-cinder-850320-3-iscsi devstack@c-api.service[110746]: DEBUG cinder.api.openstack.wsgi [None req-1bd99454-c20c-477b-af97-04b7f59e29d6 tempest-GroupsV320Test-1773735173 tempest-GroupsV320Test-1773735173-project] Calling method 'version_select' {{(pid=110746) _process_stack /opt/stack/cinder/cinder/api/openstack/wsgi.py:868}}
Aug 07 10:54:11.024524 dv-cinder-850320-3-iscsi devstack@c-api.service[110745]: INFO cinder.api.openstack.wsgi [None req-e3bd3f57-5b25-4c05-a499-86efcef6a733 tempest-GroupsV314Test-34627323 tempest-GroupsV314Test-34627323-project] http://10.222.0.25/volume/v3/e827ce1c53e1400c9a5af4924657100a/volumes/ee127834-9635-4f80-a7b2-2e5cf398a1ff returned with HTTP 200
Aug 07 10:54:11.025886 dv-cinder-850320-3-iscsi devstack@c-api.service[110746]: DEBUG cinder.api.v3.groups [None req-1bd99454-c20c-477b-af97-04b7f59e29d6 tempest-GroupsV320Test-1773735173 tempest-GroupsV320Test-1773735173-project] show called for member ff80606a-a609-441b-8d82-ee0ff8478154 {{(pid=110746) show /opt/stack/cinder/cinder/api/v3/groups.py:58}}
Aug 07 10:54:11.027179 dv-cinder-850320-3-iscsi devstack@c-api.service[110745]: [pid: 110745|app: 0|req: 23/47] 10.222.0.25 () {60 vars in 1366 bytes} [Sun Aug 7 10:54:10 2022] GET /volume/v3/e827ce1c53e1400c9a5af4924657100a/volumes/ee127834-9635-4f80-a7b2-2e5cf398a1ff => generated 992 bytes in 203 msecs (HTTP/1.1 200) 7 headers in 286 bytes (1 switches on core 0)
Aug 07 10:54:11.044662 dv-cinder-850320-3-iscsi devstack@c-api.service[110745]: DEBUG cinder.api.middleware.request_id [None req-fe5d6aca-578a-4169-b4f2-bc49ced597eb None None] RequestId filter calling following filter/app {{(pid=110745) _context_setter /opt/stack/cinder/cinder/api/middleware/request_id.py:62}}
Aug 07 10:54:11.049959 dv-cinder-850320-3-iscsi devstack@c-api.service[110745]: INFO cinder.api.openstack.wsgi [None req-fe5d6aca-578a-4169-b4f2-bc49ced597eb tempest-GroupsV314Test-34627323 tempest-GroupsV314Test-34627323-project] POST http://10.222.0.25/volume/v3/e827ce1c53e1400c9a5af4924657100a/groups/action
Aug 07 10:54:11.050891 dv-cinder-850320-3-iscsi devstack@c-api.service[110745]: DEBUG cinder.api.openstack.wsgi [None req-fe5d6aca-578a-4169-b4f2-bc49ced597eb tempest-GroupsV314Test-34627323 tempest-GroupsV314Test-34627323-project] Action body: b'{"create-from-src": {"source_group_id": "09f3bd3b-bce9-4558-bbae-307d9352d080", "name": "tempest-Group_from_grp-1681871055"}}' {{(pid=110745) get_method /opt/stack/cinder/cinder/api/openstack/wsgi.py:983}}
Aug 07 10:54:11.052625 dv-cinder-850320-3-iscsi devstack@c-api.service[110745]: DEBUG cinder.api.openstack.wsgi [None req-fe5d6aca-578a-4169-b4f2-bc49ced597eb tempest-GroupsV314Test-34627323 tempest-GroupsV314Test-34627323-project] Action: 'action', calling method: version_select, body: {"create-from-src": {"source_group_id": "09f3bd3b-bce9-4558-bbae-307d9352d080", "name": "tempest-Group_from_grp-1681871055"}} {{(pid=110745) _process_stack /opt/stack/cinder/cinder/api/openstack/wsgi.py:866}}
Aug 07 10:54:11.056256 dv-cinder-850320-3-iscsi devstack@c-api.service[110745]: DEBUG cinder.api.v3.groups [None req-fe5d6aca-578a-4169-b4f2-bc49ced597eb tempest-GroupsV314Test-34627323 tempest-GroupsV314Test-34627323-project] Creating new group {'create-from-src': {'source_group_id': '09f3bd3b-bce9-4558-bbae-307d9352d080', 'name': 'tempest-Group_from_grp-1681871055'}}. {{(pid=110745) create_from_src /opt/stack/cinder/cinder/api/v3/groups.py:236}}
Aug 07 10:54:11.057326 dv-cinder-850320-3-iscsi devstack@c-api.service[110745]: INFO cinder.api.v3.groups [None req-fe5d6aca-578a-4169-b4f2-bc49ced597eb tempest-GroupsV314Test-34627323 tempest-GroupsV314Test-34627323-project] Creating group tempest-Group_from_grp-1681871055 from source group 09f3bd3b-bce9-4558-bbae-307d9352d080.
Aug 07 10:54:11.060790 dv-cinder-850320-3-iscsi devstack@c-api.service[110746]: /usr/local/lib/python3.8/dist-packages/oslo_context/context.py:100: DeprecationWarning: Policy enforcement is depending on the value of is_admin. This key is deprecated. Please update your policy file to use the standard policy values.
Aug 07 10:54:11.060790 dv-cinder-850320-3-iscsi devstack@c-api.service[110746]: warnings.warn('Policy enforcement is depending on the value of '
Aug 07 10:54:11.075370 dv-cinder-850320-3-iscsi devstack@c-api.service[110745]: /usr/local/lib/python3.8/dist-packages/oslo_context/context.py:100: DeprecationWarning: Policy enforcement is depending on the value of is_admin. This key is deprecated. Please update your policy file to use the standard policy values.
Aug 07 10:54:11.075370 dv-cinder-850320-3-iscsi devstack@c-api.service[110745]: warnings.warn('Policy enforcement is depending on the value of '
Aug 07 10:54:11.110264 dv-cinder-850320-3-iscsi devstack@c-api.service[110746]: INFO cinder.api.openstack.wsgi [None req-1bd99454-c20c-477b-af97-04b7f59e29d6 tempest-GroupsV320Test-1773735173 tempest-GroupsV320Test-1773735173-project] http://10.222.0.25/volume/v3/8ac25ca8dc94488ba8404d09d27d034d/groups/ff80606a-a609-441b-8d82-ee0ff8478154 returned with HTTP 200
Aug 07 10:54:11.116130 dv-cinder-850320-3-iscsi devstack@c-api.service[110746]: [pid: 110746|app: 0|req: 25/48] 10.222.0.25 () {60 vars in 1363 bytes} [Sun Aug 7 10:54:11 2022] GET /volume/v3/8ac25ca8dc94488ba8404d09d27d034d/groups/ff80606a-a609-441b-8d82-ee0ff8478154 => generated 388 bytes in 104 msecs (HTTP/1.1 200) 7 headers in 286 bytes (1 switches on core 0)
Aug 07 10:54:11.123466 dv-cinder-850320-3-iscsi devstack@c-api.service[110745]: /usr/local/lib/python3.8/dist-packages/oslo_context/context.py:100: DeprecationWarning: Policy enforcement is depending on the value of is_admin. This key is deprecated. Please update your policy file to use the standard policy values.
Aug 07 10:54:11.123466 dv-cinder-850320-3-iscsi devstack@c-api.service[110745]: warnings.warn('Policy enforcement is depending on the value of '
Aug 07 10:54:11.212497 dv-cinder-850320-3-iscsi devstack@c-api.service[110745]: DEBUG cinder.quota [None req-fe5d6aca-578a-4169-b4f2-bc49ced597eb tempest-GroupsV314Test-34627323 tempest-GroupsV314Test-34627323-project] Created reservations ['751a0186-a9e5-4fa4-afef-cbea17b6e603'] {{(pid=110745) reserve /opt/stack/cinder/cinder/quota.py:755}}
Aug 07 10:54:11.227670 dv-cinder-850320-3-iscsi devstack@c-api.service[110745]: DEBUG dbcounter [-] [110745] Writing DB stats cinder:SELECT=77,cinder:UPDATE=14,cinder:INSERT=9 {{(pid=110745) stat_writer /usr/local/lib/python3.8/dist-packages/dbcounter.py:114}}
Aug 07 10:54:11.456251 dv-cinder-850320-3-iscsi devstack@c-api.service[110745]: INFO cinder.group.api [None req-fe5d6aca-578a-4169-b4f2-bc49ced597eb tempest-GroupsV314Test-34627323 tempest-GroupsV314Test-34627323-project] A mapping entry already exists for group f0abaeac-c5b9-43b9-9b1f-989593c430fe and volume type 1e2ddf15-3010-4917-b697-fc19fad13835. Do not need to create again.
Aug 07 10:54:11.457003 dv-cinder-850320-3-iscsi devstack@c-api.service[110745]: /usr/local/lib/python3.8/dist-packages/oslo_context/context.py:100: DeprecationWarning: Policy enforcement is depending on the value of is_admin. This key is deprecated. Please update your policy file to use the standard policy values.
Aug 07 10:54:11.457003 dv-cinder-850320-3-iscsi devstack@c-api.service[110745]: warnings.warn('Policy enforcement is depending on the value of '
Aug 07 10:54:11.458124 dv-cinder-850320-3-iscsi devstack@c-api.service[110745]: INFO cinder.volume.api [None req-fe5d6aca-578a-4169-b4f2-bc49ced597eb tempest-GroupsV314Test-34627323 tempest-GroupsV314Test-34627323-project] Availability Zones retrieved successfully.
Aug 07 10:54:11.483444 dv-cinder-850320-3-iscsi devstack@c-api.service[110745]: DEBUG cinder.volume.api [None req-fe5d6aca-578a-4169-b4f2-bc49ced597eb tempest-GroupsV314Test-34627323 tempest-GroupsV314Test-34627323-project] Flow 'volume_create_api' (2181fb31-0753-4dd4-a5cd-79199d038408) transitioned into state 'RUNNING' from state 'PENDING' {{(pid=110745) _flow_receiver /usr/local/lib/python3.8/dist-packages/taskflow/listeners/logging.py:141}}
Aug 07 10:54:11.485746 dv-cinder-850320-3-iscsi devstack@c-api.service[110745]: DEBUG cinder.volume.api [None req-fe5d6aca-578a-4169-b4f2-bc49ced597eb tempest-GroupsV314Test-34627323 tempest-GroupsV314Test-34627323-project] Task 'cinder.volume.flows.api.create_volume.ExtractVolumeRequestTask;volume:create' (46c18877-fc3f-4523-8807-fa5785d08f59) transitioned into state 'RUNNING' from state 'PENDING' {{(pid=110745) _task_receiver /usr/local/lib/python3.8/dist-packages/taskflow/listeners/logging.py:190}}
Aug 07 10:54:11.496476 dv-cinder-850320-3-iscsi devstack@c-api.service[110745]: DEBUG cinder.volume.flows.api.create_volume [None req-fe5d6aca-578a-4169-b4f2-bc49ced597eb tempest-GroupsV314Test-34627323 tempest-GroupsV314Test-34627323-project] Validating volume size '1' using validate_int, validate_source_size {{(pid=110745) _extract_size /opt/stack/cinder/cinder/volume/flows/api/create_volume.py:228}}
Aug 07 10:54:11.557730 dv-cinder-850320-3-iscsi devstack@c-api.service[110745]: DEBUG cinder.volume.api [None req-fe5d6aca-578a-4169-b4f2-bc49ced597eb tempest-GroupsV314Test-34627323 tempest-GroupsV314Test-34627323-project] Task 'cinder.volume.flows.api.create_volume.ExtractVolumeRequestTask;volume:create' (46c18877-fc3f-4523-8807-fa5785d08f59) transitioned into state 'SUCCESS' from state 'RUNNING' with result '{'size': 1, 'snapshot_id': None, 'source_volid': 'ee127834-9635-4f80-a7b2-2e5cf398a1ff', 'volume_type': VolumeType(created_at=2022-08-07T10:54:06Z,deleted=False,deleted_at=None,description=None,extra_specs={},id=1e2ddf15-3010-4917-b697-fc19fad13835,is_public=True,name='tempest-GroupsV314Test-volume-type-1358218919',projects=[],qos_specs=,qos_specs_id=None,updated_at=None), 'volume_type_id': '1e2ddf15-3010-4917-b697-fc19fad13835', 'encryption_key_id': None, 'qos_specs': None, 'consistencygroup_id': None, 'cgsnapshot_id': None, 'group_id': 'f0abaeac-c5b9-43b9-9b1f-989593c430fe', 'replication_status': 'disabled', 'refresh_az': False, 'backup_id': None, 'multiattach': False, 'availability_zones': ['nova']}' {{(pid=110745) _task_receiver /usr/local/lib/python3.8/dist-packages/taskflow/listeners/logging.py:178}}
Aug 07 10:54:11.559623 dv-cinder-850320-3-iscsi devstack@c-api.service[110745]: DEBUG cinder.volume.api [None req-fe5d6aca-578a-4169-b4f2-bc49ced597eb tempest-GroupsV314Test-34627323 tempest-GroupsV314Test-34627323-project] Task 'cinder.volume.flows.api.create_volume.QuotaReserveTask;volume:create' (db50ce02-7fc7-475a-a425-e660931331ae) transitioned into state 'RUNNING' from state 'PENDING' {{(pid=110745) _task_receiver /usr/local/lib/python3.8/dist-packages/taskflow/listeners/logging.py:190}}
Aug 07 10:54:11.628720 dv-cinder-850320-3-iscsi devstack@c-api.service[110745]: WARNING cinder.quota [None req-fe5d6aca-578a-4169-b4f2-bc49ced597eb tempest-GroupsV314Test-34627323 tempest-GroupsV314Test-34627323-project] Deprecated: Default quota for resource: volumes_tempest-GroupsV314Test-volume-type-1358218919 is set by the default quota flag: quota_volumes_tempest-GroupsV314Test-volume-type-1358218919, it is now deprecated. Please use the default quota class for default quota.
Aug 07 10:54:11.629488 dv-cinder-850320-3-iscsi devstack@c-api.service[110745]: WARNING cinder.quota [None req-fe5d6aca-578a-4169-b4f2-bc49ced597eb tempest-GroupsV314Test-34627323 tempest-GroupsV314Test-34627323-project] Deprecated: Default quota for resource: gigabytes_tempest-GroupsV314Test-volume-type-1358218919 is set by the default quota flag: quota_gigabytes_tempest-GroupsV314Test-volume-type-1358218919, it is now deprecated. Please use the default quota class for default quota.
Aug 07 10:54:11.660913 dv-cinder-850320-3-iscsi devstack@c-api.service[110745]: DEBUG cinder.quota [None req-fe5d6aca-578a-4169-b4f2-bc49ced597eb tempest-GroupsV314Test-34627323 tempest-GroupsV314Test-34627323-project] Created reservations ['9d223211-7f59-4ddd-8df4-251825cdcded', 'd71ee730-4df5-4856-9151-2a471d70185b', '56f94a74-de02-48ee-9ac5-123bc415f5f8', '856cc024-c2a2-41d8-8771-6f5cedeb1eb8'] {{(pid=110745) reserve /opt/stack/cinder/cinder/quota.py:755}}
Aug 07 10:54:11.663953 dv-cinder-850320-3-iscsi devstack@c-api.service[110745]: DEBUG cinder.volume.api [None req-fe5d6aca-578a-4169-b4f2-bc49ced597eb tempest-GroupsV314Test-34627323 tempest-GroupsV314Test-34627323-project] Task 'cinder.volume.flows.api.create_volume.QuotaReserveTask;volume:create' (db50ce02-7fc7-475a-a425-e660931331ae) transitioned into state 'SUCCESS' from state 'RUNNING' with result '{'reservations': ['9d223211-7f59-4ddd-8df4-251825cdcded', 'd71ee730-4df5-4856-9151-2a471d70185b', '56f94a74-de02-48ee-9ac5-123bc415f5f8', '856cc024-c2a2-41d8-8771-6f5cedeb1eb8']}' {{(pid=110745) _task_receiver /usr/local/lib/python3.8/dist-packages/taskflow/listeners/logging.py:178}}
Aug 07 10:54:11.667099 dv-cinder-850320-3-iscsi devstack@c-api.service[110745]: DEBUG cinder.volume.api [None req-fe5d6aca-578a-4169-b4f2-bc49ced597eb tempest-GroupsV314Test-34627323 tempest-GroupsV314Test-34627323-project] Task 'cinder.volume.flows.api.create_volume.EntryCreateTask;volume:create' (a217dd26-25e3-430b-91ea-fa3e9345d89f) transitioned into state 'RUNNING' from state 'PENDING' {{(pid=110745) _task_receiver /usr/local/lib/python3.8/dist-packages/taskflow/listeners/logging.py:190}}
Aug 07 10:54:11.740870 dv-cinder-850320-3-iscsi devstack@c-api.service[110745]: DEBUG cinder.volume.api [None req-fe5d6aca-578a-4169-b4f2-bc49ced597eb tempest-GroupsV314Test-34627323 tempest-GroupsV314Test-34627323-project] Task 'cinder.volume.flows.api.create_volume.EntryCreateTask;volume:create' (a217dd26-25e3-430b-91ea-fa3e9345d89f) transitioned into state 'SUCCESS' from state 'RUNNING' with result '{'volume_id': '5108b665-61fd-4b18-bf38-b24a8a8222da', 'volume_properties': VolumeProperties(attach_status='detached',availability_zone='nova',cgsnapshot_id=None,consistencygroup_id=None,display_description=None,display_name=None,encryption_key_id=None,group_id=f0abaeac-c5b9-43b9-9b1f-989593c430fe,group_type_id=,metadata={},multiattach=False,project_id='e827ce1c53e1400c9a5af4924657100a',qos_specs=None,replication_status=,reservations=['9d223211-7f59-4ddd-8df4-251825cdcded','d71ee730-4df5-4856-9151-2a471d70185b','56f94a74-de02-48ee-9ac5-123bc415f5f8','856cc024-c2a2-41d8-8771-6f5cedeb1eb8'],size=1,snapshot_id=None,source_replicaid=,source_volid=ee127834-9635-4f80-a7b2-2e5cf398a1ff,status='creating',user_id='253a30f00d6f42d0af49f80acfeadcfa',volume_type_id=1e2ddf15-3010-4917-b697-fc19fad13835), 'volume': Volume(_name_id=None,admin_metadata=,attach_status='detached',availability_zone='nova',bootable=False,cluster=,cluster_name=None,consistencygroup=,consistencygroup_id=None,created_at=2022-08-07T10:54:11Z,deleted=False,deleted_at=None,display_description=None,display_name=None,ec2_id=None,encryption_key_id=None,glance_metadata=,group=,group_id=f0abaeac-c5b9-43b9-9b1f-989593c430fe,host=None,id=5108b665-61fd-4b18-bf38-b24a8a8222da,launched_at=None,metadata={},migration_status=None,multiattach=False,previous_status=None,project_id='e827ce1c53e1400c9a5af4924657100a',provider_auth=None,provider_geometry=None,provider_id=None,provider_location=None,replication_driver_data=None,replication_extended_status=None,replication_status=None,scheduled_at=None,service_uuid=None,shared_targets=True,size=1,snapshot_id=None,snapshots=,source_volid=ee127834-9635-4f80-a7b2-2e5cf398a1ff,status='creating',terminated_at=None,updated_at=None,use_quota=True,user_id='253a30f00d6f42d0af49f80acfeadcfa',volume_attachment=VolumeAttachmentList,volume_type=VolumeType(1e2ddf15-3010-4917-b697-fc19fad13835),volume_type_id=1e2ddf15-3010-4917-b697-fc19fad13835)}' {{(pid=110745) _task_receiver /usr/local/lib/python3.8/dist-packages/taskflow/listeners/logging.py:178}}
