Aug 01 11:50:03.436296 dv-cinder-850320-2-smb devstack@keystone.service[80142]: ERROR keystone.server.flask.application return self.ensure_sync(self.view_functions[rule.endpoint])(**req.view_args)
Aug 01 11:50:03.436296 dv-cinder-850320-2-smb devstack@keystone.service[80142]: ERROR keystone.server.flask.application
File "/usr/local/lib/python3.8/dist-packages/flask_restful/__init__.py", line 467, in wrapper
Aug 01 11:50:03.436296 dv-cinder-850320-2-smb devstack@keystone.service[80142]: ERROR keystone.server.flask.application resp = resource(*args, **kwargs)
Aug 01 11:50:03.436296 dv-cinder-850320-2-smb devstack@keystone.service[80142]: ERROR keystone.server.flask.application
File "/usr/local/lib/python3.8/dist-packages/flask/views.py", line 84, in view
Aug 01 11:50:03.436296 dv-cinder-850320-2-smb devstack@keystone.service[80142]: ERROR keystone.server.flask.application return current_app.ensure_sync(self.dispatch_request)(*args, **kwargs)
Aug 01 11:50:03.436296 dv-cinder-850320-2-smb devstack@keystone.service[80142]: ERROR keystone.server.flask.application
File "/usr/local/lib/python3.8/dist-packages/flask_restful/__init__.py", line 582, in dispatch_request
Aug 01 11:50:03.436296 dv-cinder-850320-2-smb devstack@keystone.service[80142]: ERROR keystone.server.flask.application resp = meth(*args, **kwargs)
Aug 01 11:50:03.436296 dv-cinder-850320-2-smb devstack@keystone.service[80142]: ERROR keystone.server.flask.application
File "/opt/stack/keystone/keystone/api/roles.py", line 50, in get
Aug 01 11:50:03.436296 dv-cinder-850320-2-smb devstack@keystone.service[80142]: ERROR keystone.server.flask.application return self._get_role(role_id)
Aug 01 11:50:03.436296 dv-cinder-850320-2-smb devstack@keystone.service[80142]: ERROR keystone.server.flask.application
File "/opt/stack/keystone/keystone/api/roles.py", line 70, in _get_role
Aug 01 11:50:03.436296 dv-cinder-850320-2-smb devstack@keystone.service[80142]: ERROR keystone.server.flask.application ENFORCER.enforce_call(action='identity:get_role')
Aug 01 11:50:03.437248 dv-cinder-850320-2-smb devstack@keystone.service[80142]: ERROR keystone.server.flask.application
File "/opt/stack/keystone/keystone/common/rbac_enforcer/enforcer.py", line 402, in enforce_call
Aug 01 11:50:03.437248 dv-cinder-850320-2-smb devstack@keystone.service[80142]: ERROR keystone.server.flask.application policy_dict.update(cls._extract_member_target_data(
Aug 01 11:50:03.437248 dv-cinder-850320-2-smb devstack@keystone.service[80142]: ERROR keystone.server.flask.application
File "/opt/stack/keystone/keystone/common/rbac_enforcer/enforcer.py", line 234, in _extract_member_target_data
Aug 01 11:50:03.437248 dv-cinder-850320-2-smb devstack@keystone.service[80142]: ERROR keystone.server.flask.application member_name: func(flask.request.view_args[key])
Aug 01 11:50:03.437248 dv-cinder-850320-2-smb devstack@keystone.service[80142]: ERROR keystone.server.flask.application
File "/opt/stack/keystone/keystone/common/manager.py", line 115, in wrapped
Aug 01 11:50:03.437248 dv-cinder-850320-2-smb devstack@keystone.service[80142]: ERROR keystone.server.flask.application __ret_val = __f(*args, **kwargs)
Aug 01 11:50:03.437248 dv-cinder-850320-2-smb devstack@keystone.service[80142]: ERROR keystone.server.flask.application
File "/usr/local/lib/python3.8/dist-packages/decorator.py", line 232, in fun
Aug 01 11:50:03.437248 dv-cinder-850320-2-smb devstack@keystone.service[80142]: ERROR keystone.server.flask.application return caller(func, *(extras + args), **kw)
Aug 01 11:50:03.437248 dv-cinder-850320-2-smb devstack@keystone.service[80142]: ERROR keystone.server.flask.application
File "/usr/local/lib/python3.8/dist-packages/dogpile/cache/region.py", line 1577, in get_or_create_for_user_func
Aug 01 11:50:03.437248 dv-cinder-850320-2-smb devstack@keystone.service[80142]: ERROR keystone.server.flask.application return self.get_or_create(
Aug 01 11:50:03.437248 dv-cinder-850320-2-smb devstack@keystone.service[80142]: ERROR keystone.server.flask.application
File "/usr/local/lib/python3.8/dist-packages/dogpile/cache/region.py", line 1042, in get_or_create
Aug 01 11:50:03.437248 dv-cinder-850320-2-smb devstack@keystone.service[80142]: ERROR keystone.server.flask.application with Lock(
Aug 01 11:50:03.437248 dv-cinder-850320-2-smb devstack@keystone.service[80142]: ERROR keystone.server.flask.application
File "/usr/local/lib/python3.8/dist-packages/dogpile/lock.py", line 185, in __enter__
Aug 01 11:50:03.437248 dv-cinder-850320-2-smb devstack@keystone.service[80142]: ERROR keystone.server.flask.application return self._enter()
Aug 01 11:50:03.437248 dv-cinder-850320-2-smb devstack@keystone.service[80142]: ERROR keystone.server.flask.application
File "/usr/local/lib/python3.8/dist-packages/dogpile/lock.py", line 94, in _enter
Aug 01 11:50:03.437248 dv-cinder-850320-2-smb devstack@keystone.service[80142]: ERROR keystone.server.flask.application generated = self._enter_create(value, createdtime)
Aug 01 11:50:03.438198 dv-cinder-850320-2-smb devstack@keystone.service[80142]: ERROR keystone.server.flask.application
File "/usr/local/lib/python3.8/dist-packages/dogpile/lock.py", line 178, in _enter_create
Aug 01 11:50:03.438198 dv-cinder-850320-2-smb devstack@keystone.service[80142]: ERROR keystone.server.flask.application return self.creator()
Aug 01 11:50:03.438198 dv-cinder-850320-2-smb devstack@keystone.service[80142]: ERROR keystone.server.flask.application
File "/usr/local/lib/python3.8/dist-packages/dogpile/cache/region.py", line 995, in gen_value
Aug 01 11:50:03.438198 dv-cinder-850320-2-smb devstack@keystone.service[80142]: ERROR keystone.server.flask.application created_value = creator(
Aug 01 11:50:03.438198 dv-cinder-850320-2-smb devstack@keystone.service[80142]: ERROR keystone.server.flask.application
File "/opt/stack/keystone/keystone/assignment/core.py", line 1276, in get_role
Aug 01 11:50:03.438198 dv-cinder-850320-2-smb devstack@keystone.service[80142]: ERROR keystone.server.flask.application return self.driver.get_role(role_id)
Aug 01 11:50:03.438198 dv-cinder-850320-2-smb devstack@keystone.service[80142]: ERROR keystone.server.flask.application
File "/opt/stack/keystone/keystone/assignment/role_backends/sql.py", line 70, in get_role
Aug 01 11:50:03.438198 dv-cinder-850320-2-smb devstack@keystone.service[80142]: ERROR keystone.server.flask.application return self._get_role(session, role_id).to_dict()
Aug 01 11:50:03.438198 dv-cinder-850320-2-smb devstack@keystone.service[80142]: ERROR keystone.server.flask.application
File "/opt/stack/keystone/keystone/assignment/role_backends/sql.py", line 65, in _get_role
Aug 01 11:50:03.438198 dv-cinder-850320-2-smb devstack@keystone.service[80142]: ERROR keystone.server.flask.application raise exception.RoleNotFound(role_id=role_id)
Aug 01 11:50:03.438198 dv-cinder-850320-2-smb devstack@keystone.service[80142]: ERROR keystone.server.flask.application keystone.exception.RoleNotFound: Could not find role: anotherrole.
Aug 01 11:50:03.438198 dv-cinder-850320-2-smb devstack@keystone.service[80142]: ERROR keystone.server.flask.application
Aug 01 11:50:03.442693 dv-cinder-850320-2-smb devstack@keystone.service[80142]: [pid: 80142|app: 0|req: 169/346] 10.222.0.42 () {56 vars in 1114 bytes} [Mon Aug 1 11:50:03 2022] GET /identity/v3/roles/anotherrole => generated 89 bytes in 425 msecs (HTTP/1.1 404) 5 headers in 183 bytes (1 switches on core 0)
Aug 01 11:50:03.444509 dv-cinder-850320-2-smb devstack@keystone.service[80142]: DEBUG keystone.server.flask.request_processing.middleware.auth_context [None req-7094fce4-fb54-4eb2-bf64-d3b6424ae5b6 None admin] Authenticating user token {{(pid=80142) process_request /usr/local/lib/python3.8/dist-packages/keystonemiddleware/auth_token/__init__.py:407}}
Aug 01 11:50:03.459092 dv-cinder-850320-2-smb devstack@keystone.service[80141]: DEBUG keystone.server.flask.request_processing.middleware.auth_context [None req-2545b1d7-24e2-4936-b97c-76ca21506bd4 None admin] Validating token access rules against request {{(pid=80141) validate_allowed_request /usr/local/lib/python3.8/dist-packages/keystonemiddleware/auth_token/__init__.py:545}}
Aug 01 11:50:03.550658 dv-cinder-850320-2-smb devstack@keystone.service[80141]: DEBUG keystone.server.flask.request_processing.middleware.auth_context [None req-f73d87aa-a5bf-442a-8618-c5a2adf23d31 None admin] RBAC: auth_context: {'token': , 'domain_id': None, 'trust_id': None, 'trustor_id': None, 'trustee_id': None, 'domain_name': None, 'group_ids': [], 'user_id': '2ba23ee634e9487f8436a5c9c29e0eb9', 'user_domain_id': 'default', 'system_scope': 'all', 'project_id': None, 'project_domain_id': None, 'roles': ['admin', 'member', 'reader'], 'is_admin_project': True, 'service_user_id': None, 'service_user_domain_id': None, 'service_project_id': None, 'service_project_domain_id': None, 'service_roles': []} {{(pid=80141) fill_context /opt/stack/keystone/keystone/server/flask/request_processing/middleware/auth_context.py:478}}
Aug 01 11:50:03.551675 dv-cinder-850320-2-smb devstack@keystone.service[80141]: DEBUG keystone.server.flask.request_processing.req_logging [None req-f73d87aa-a5bf-442a-8618-c5a2adf23d31 None admin] REQUEST_METHOD: `GET` {{(pid=80141) log_request_info /opt/stack/keystone/keystone/server/flask/request_processing/req_logging.py:27}}
Aug 01 11:50:03.552167 dv-cinder-850320-2-smb devstack@keystone.service[80141]: DEBUG keystone.server.flask.request_processing.req_logging [None req-f73d87aa-a5bf-442a-8618-c5a2adf23d31 None admin] SCRIPT_NAME: `/identity` {{(pid=80141) log_request_info /opt/stack/keystone/keystone/server/flask/request_processing/req_logging.py:28}}
Aug 01 11:50:03.552642 dv-cinder-850320-2-smb devstack@keystone.service[80141]: DEBUG keystone.server.flask.request_processing.req_logging [None req-f73d87aa-a5bf-442a-8618-c5a2adf23d31 None admin] PATH_INFO: `/v3/role_assignments` {{(pid=80141) log_request_info /opt/stack/keystone/keystone/server/flask/request_processing/req_logging.py:29}}
Aug 01 11:50:03.553672 dv-cinder-850320-2-smb devstack@keystone.service[80141]: DEBUG keystone.common.rbac_enforcer.enforcer [None req-f73d87aa-a5bf-442a-8618-c5a2adf23d31 None admin] RBAC: Adding query filter params (role.id=fce6359ef8b8407a9887ee97701093a8, user.id=d21fcc161933463a800bc3a5855f3621, scope.system=all) {{(pid=80141) _extract_filter_values /opt/stack/keystone/keystone/common/rbac_enforcer/enforcer.py:167}}
Aug 01 11:50:03.554187 dv-cinder-850320-2-smb devstack@keystone.service[80141]: DEBUG keystone.common.rbac_enforcer.enforcer [None req-f73d87aa-a5bf-442a-8618-c5a2adf23d31 None admin] RBAC: Authorizing `identity:list_role_assignments()` {{(pid=80141) enforce_call /opt/stack/keystone/keystone/common/rbac_enforcer/enforcer.py:449}}
Aug 01 11:50:03.555859 dv-cinder-850320-2-smb devstack@keystone.service[80141]: DEBUG keystone.common.rbac_enforcer.enforcer [None req-f73d87aa-a5bf-442a-8618-c5a2adf23d31 None admin] RBAC: Authorization granted {{(pid=80141) enforce_call /opt/stack/keystone/keystone/common/rbac_enforcer/enforcer.py:457}}
Aug 01 11:50:03.577428 dv-cinder-850320-2-smb devstack@keystone.service[80141]: [pid: 80141|app: 0|req: 178/347] 10.222.0.42 () {56 vars in 1308 bytes} [Mon Aug 1 11:50:03 2022] GET /identity/v3/role_assignments?user.id=d21fcc161933463a800bc3a5855f3621&scope.system=all&role.id=fce6359ef8b8407a9887ee97701093a8 => generated 510 bytes in 408 msecs (HTTP/1.1 200) 5 headers in 177 bytes (1 switches on core 0)
Aug 01 11:50:03.578768 dv-cinder-850320-2-smb devstack@keystone.service[80141]: DEBUG keystone.server.flask.request_processing.middleware.auth_context [None req-f73d87aa-a5bf-442a-8618-c5a2adf23d31 None admin] Authenticating user token {{(pid=80141) process_request /usr/local/lib/python3.8/dist-packages/keystonemiddleware/auth_token/__init__.py:407}}
Aug 01 11:50:03.581897 dv-cinder-850320-2-smb devstack@keystone.service[80142]: DEBUG dbcounter [-] [80142] Writing DB stats keystone:SELECT=100 {{(pid=80142) stat_writer /usr/local/lib/python3.8/dist-packages/dbcounter.py:114}}
Aug 01 11:50:03.614785 dv-cinder-850320-2-smb devstack@keystone.service[80142]: DEBUG keystone.server.flask.request_processing.middleware.auth_context [None req-7094fce4-fb54-4eb2-bf64-d3b6424ae5b6 None admin] Validating token access rules against request {{(pid=80142) validate_allowed_request /usr/local/lib/python3.8/dist-packages/keystonemiddleware/auth_token/__init__.py:545}}
Aug 01 11:50:03.641936 dv-cinder-850320-2-smb devstack@keystone.service[80141]: DEBUG dbcounter [-] [80141] Writing DB stats keystone:SELECT=100 {{(pid=80141) stat_writer /usr/local/lib/python3.8/dist-packages/dbcounter.py:114}}
Aug 01 11:50:03.657244 dv-cinder-850320-2-smb devstack@keystone.service[80142]: DEBUG keystone.server.flask.request_processing.middleware.auth_context [None req-8a5a621c-f683-4f72-926e-5f6607dc4a4e None admin] RBAC: auth_context: {'token': , 'domain_id': None, 'trust_id': None, 'trustor_id': None, 'trustee_id': None, 'domain_name': None, 'group_ids': [], 'user_id': '2ba23ee634e9487f8436a5c9c29e0eb9', 'user_domain_id': 'default', 'system_scope': 'all', 'project_id': None, 'project_domain_id': None, 'roles': ['admin', 'member', 'reader'], 'is_admin_project': True, 'service_user_id': None, 'service_user_domain_id': None, 'service_project_id': None, 'service_project_domain_id': None, 'service_roles': []} {{(pid=80142) fill_context /opt/stack/keystone/keystone/server/flask/request_processing/middleware/auth_context.py:478}}
Aug 01 11:50:03.658368 dv-cinder-850320-2-smb devstack@keystone.service[80142]: DEBUG keystone.server.flask.request_processing.req_logging [None req-8a5a621c-f683-4f72-926e-5f6607dc4a4e None admin] REQUEST_METHOD: `GET` {{(pid=80142) log_request_info /opt/stack/keystone/keystone/server/flask/request_processing/req_logging.py:27}}
Aug 01 11:50:03.658853 dv-cinder-850320-2-smb devstack@keystone.service[80142]: DEBUG keystone.server.flask.request_processing.req_logging [None req-8a5a621c-f683-4f72-926e-5f6607dc4a4e None admin] SCRIPT_NAME: `/identity` {{(pid=80142) log_request_info /opt/stack/keystone/keystone/server/flask/request_processing/req_logging.py:28}}
Aug 01 11:50:03.659367 dv-cinder-850320-2-smb devstack@keystone.service[80142]: DEBUG keystone.server.flask.request_processing.req_logging [None req-8a5a621c-f683-4f72-926e-5f6607dc4a4e None admin] PATH_INFO: `/v3/auth/tokens` {{(pid=80142) log_request_info /opt/stack/keystone/keystone/server/flask/request_processing/req_logging.py:29}}
Aug 01 11:50:03.753586 dv-cinder-850320-2-smb devstack@keystone.service[80142]: DEBUG keystone.common.rbac_enforcer.enforcer [None req-8a5a621c-f683-4f72-926e-5f6607dc4a4e None admin] RBAC: Authorizing `identity:validate_token()` {{(pid=80142) enforce_call /opt/stack/keystone/keystone/common/rbac_enforcer/enforcer.py:449}}
Aug 01 11:50:03.755965 dv-cinder-850320-2-smb devstack@keystone.service[80142]: DEBUG keystone.common.rbac_enforcer.enforcer [None req-8a5a621c-f683-4f72-926e-5f6607dc4a4e None admin] RBAC: Authorization granted {{(pid=80142) enforce_call /opt/stack/keystone/keystone/common/rbac_enforcer/enforcer.py:457}}
Aug 01 11:50:03.787393 dv-cinder-850320-2-smb devstack@keystone.service[80141]: DEBUG keystone.server.flask.request_processing.middleware.auth_context [None req-f73d87aa-a5bf-442a-8618-c5a2adf23d31 None admin] Validating token access rules against request {{(pid=80141) validate_allowed_request /usr/local/lib/python3.8/dist-packages/keystonemiddleware/auth_token/__init__.py:545}}
Aug 01 11:50:03.874762 dv-cinder-850320-2-smb devstack@keystone.service[80141]: DEBUG keystone.server.flask.request_processing.middleware.auth_context [None req-204f20af-0419-49fc-82a1-a1facc97754e None admin] RBAC: auth_context: {'token': , 'domain_id': None, 'trust_id': None, 'trustor_id': None, 'trustee_id': None, 'domain_name': None, 'group_ids': [], 'user_id': '2ba23ee634e9487f8436a5c9c29e0eb9', 'user_domain_id': 'default', 'system_scope': 'all', 'project_id': None, 'project_domain_id': None, 'roles': ['admin', 'member', 'reader'], 'is_admin_project': True, 'service_user_id': None, 'service_user_domain_id': None, 'service_project_id': None, 'service_project_domain_id': None, 'service_roles': []} {{(pid=80141) fill_context /opt/stack/keystone/keystone/server/flask/request_processing/middleware/auth_context.py:478}}
Aug 01 11:50:03.875436 dv-cinder-850320-2-smb devstack@keystone.service[80141]: DEBUG keystone.server.flask.request_processing.req_logging [None req-204f20af-0419-49fc-82a1-a1facc97754e None admin] REQUEST_METHOD: `GET` {{(pid=80141) log_request_info /opt/stack/keystone/keystone/server/flask/request_processing/req_logging.py:27}}
Aug 01 11:50:03.875781 dv-cinder-850320-2-smb devstack@keystone.service[80141]: DEBUG keystone.server.flask.request_processing.req_logging [None req-204f20af-0419-49fc-82a1-a1facc97754e None admin] SCRIPT_NAME: `/identity` {{(pid=80141) log_request_info /opt/stack/keystone/keystone/server/flask/request_processing/req_logging.py:28}}
Aug 01 11:50:03.875982 dv-cinder-850320-2-smb devstack@keystone.service[80141]: DEBUG keystone.server.flask.request_processing.req_logging [None req-204f20af-0419-49fc-82a1-a1facc97754e None admin] PATH_INFO: `/v3/roles` {{(pid=80141) log_request_info /opt/stack/keystone/keystone/server/flask/request_processing/req_logging.py:29}}
Aug 01 11:50:03.876708 dv-cinder-850320-2-smb devstack@keystone.service[80141]: DEBUG keystone.common.rbac_enforcer.enforcer [None req-204f20af-0419-49fc-82a1-a1facc97754e None admin] RBAC: Adding query filter params (name=anotherrole) {{(pid=80141) _extract_filter_values /opt/stack/keystone/keystone/common/rbac_enforcer/enforcer.py:167}}
Aug 01 11:50:03.876815 dv-cinder-850320-2-smb devstack@keystone.service[80142]: DEBUG dbcounter [-] [80142] Writing DB stats keystone:SELECT=100 {{(pid=80142) stat_writer /usr/local/lib/python3.8/dist-packages/dbcounter.py:114}}
Aug 01 11:50:03.877008 dv-cinder-850320-2-smb devstack@keystone.service[80141]: DEBUG keystone.common.rbac_enforcer.enforcer [None req-204f20af-0419-49fc-82a1-a1facc97754e None admin] RBAC: Authorizing `identity:list_roles()` {{(pid=80141) enforce_call /opt/stack/keystone/keystone/common/rbac_enforcer/enforcer.py:449}}
Aug 01 11:50:03.882604 dv-cinder-850320-2-smb devstack@keystone.service[80141]: DEBUG keystone.common.rbac_enforcer.enforcer [None req-204f20af-0419-49fc-82a1-a1facc97754e None admin] RBAC: Authorization granted {{(pid=80141) enforce_call /opt/stack/keystone/keystone/common/rbac_enforcer/enforcer.py:457}}
Aug 01 11:50:03.884473 dv-cinder-850320-2-smb devstack@keystone.service[80142]: [pid: 80142|app: 0|req: 170/348] 10.222.0.42 () {58 vars in 1282 bytes} [Mon Aug 1 11:50:03 2022] GET /identity/v3/auth/tokens => generated 799 bytes in 441 msecs (HTTP/1.1 200) 6 headers in 358 bytes (1 switches on core 0)
Aug 01 11:50:03.886523 dv-cinder-850320-2-smb devstack@keystone.service[80142]: DEBUG keystone.server.flask.request_processing.req_logging [None req-3a3f0918-7117-4d53-8fcf-706ebe05cd70 None None] REQUEST_METHOD: `GET` {{(pid=80142) log_request_info /opt/stack/keystone/keystone/server/flask/request_processing/req_logging.py:27}}
Aug 01 11:50:03.887027 dv-cinder-850320-2-smb devstack@keystone.service[80142]: DEBUG keystone.server.flask.request_processing.req_logging [None req-3a3f0918-7117-4d53-8fcf-706ebe05cd70 None None] SCRIPT_NAME: `/identity` {{(pid=80142) log_request_info /opt/stack/keystone/keystone/server/flask/request_processing/req_logging.py:28}}
Aug 01 11:50:03.887529 dv-cinder-850320-2-smb devstack@keystone.service[80142]: DEBUG keystone.server.flask.request_processing.req_logging [None req-3a3f0918-7117-4d53-8fcf-706ebe05cd70 None None] PATH_INFO: `/` {{(pid=80142) log_request_info /opt/stack/keystone/keystone/server/flask/request_processing/req_logging.py:29}}
Aug 01 11:50:03.889035 dv-cinder-850320-2-smb devstack@keystone.service[80142]: [pid: 80142|app: 0|req: 171/349] 10.222.0.42 () {54 vars in 926 bytes} [Mon Aug 1 11:50:03 2022] GET /identity => generated 270 bytes in 4 msecs (HTTP/1.1 300) 6 headers in 234 bytes (1 switches on core 0)
Aug 01 11:50:03.896831 dv-cinder-850320-2-smb devstack@keystone.service[80142]: DEBUG keystone.server.flask.request_processing.middleware.auth_context [None req-3a3f0918-7117-4d53-8fcf-706ebe05cd70 None None] Authenticating user token {{(pid=80142) process_request /usr/local/lib/python3.8/dist-packages/keystonemiddleware/auth_token/__init__.py:407}}
Aug 01 11:50:03.901334 dv-cinder-850320-2-smb devstack@keystone.service[80141]: [pid: 80141|app: 0|req: 179/350] 10.222.0.42 () {56 vars in 1111 bytes} [Mon Aug 1 11:50:03 2022] GET /identity/v3/roles?name=anotherrole => generated 334 bytes in 322 msecs (HTTP/1.1 200) 5 headers in 177 bytes (1 switches on core 0)
Aug 01 11:50:03.902502 dv-cinder-850320-2-smb devstack@keystone.service[80141]: DEBUG keystone.server.flask.request_processing.req_logging [None req-192f5508-91e2-42ce-9c4f-b68b566ed388 None None] REQUEST_METHOD: `POST` {{(pid=80141) log_request_info /opt/stack/keystone/keystone/server/flask/request_processing/req_logging.py:27}}
Aug 01 11:50:03.902791 dv-cinder-850320-2-smb devstack@keystone.service[80141]: DEBUG keystone.server.flask.request_processing.req_logging [None req-192f5508-91e2-42ce-9c4f-b68b566ed388 None None] SCRIPT_NAME: `/identity` {{(pid=80141) log_request_info /opt/stack/keystone/keystone/server/flask/request_processing/req_logging.py:28}}
Aug 01 11:50:03.903069 dv-cinder-850320-2-smb devstack@keystone.service[80141]: DEBUG keystone.server.flask.request_processing.req_logging [None req-192f5508-91e2-42ce-9c4f-b68b566ed388 None None] PATH_INFO: `/v3/auth/tokens` {{(pid=80141) log_request_info /opt/stack/keystone/keystone/server/flask/request_processing/req_logging.py:29}}
Aug 01 11:50:03.936312 dv-cinder-850320-2-smb devstack@keystone.service[80141]: DEBUG keystone.auth.core [None req-192f5508-91e2-42ce-9c4f-b68b566ed388 None None] MFA Rules not processed for user `2ba23ee634e9487f8436a5c9c29e0eb9`. Rule list: `[]` (Enabled: `True`). {{(pid=80141) check_auth_methods_against_rules /opt/stack/keystone/keystone/auth/core.py:438}}
Aug 01 11:50:03.937555 dv-cinder-850320-2-smb devstack@keystone.service[80141]: DEBUG keystone.common.fernet_utils [None req-192f5508-91e2-42ce-9c4f-b68b566ed388 None None] Loaded 2 Fernet keys from /etc/keystone/fernet-keys/, but `[fernet_tokens] max_active_keys = 3`; perhaps there have not been enough key rotations to reach `max_active_keys` yet? {{(pid=80141) load_keys /opt/stack/keystone/keystone/common/fernet_utils.py:286}}
Aug 01 11:50:04.038267 dv-cinder-850320-2-smb devstack@keystone.service[80142]: DEBUG keystone.server.flask.request_processing.middleware.auth_context [None req-3a3f0918-7117-4d53-8fcf-706ebe05cd70 None None] Validating token access rules against request {{(pid=80142) validate_allowed_request /usr/local/lib/python3.8/dist-packages/keystonemiddleware/auth_token/__init__.py:545}}
Aug 01 11:50:04.044179 dv-cinder-850320-2-smb devstack@keystone.service[80141]: [pid: 80141|app: 0|req: 180/351] 10.222.0.42 () {58 vars in 1023 bytes} [Mon Aug 1 11:50:03 2022] POST /identity/v3/auth/tokens => generated 799 bytes in 138 msecs (HTTP/1.1 201) 6 headers in 363 bytes (2 switches on core 0)
Aug 01 11:50:04.045168 dv-cinder-850320-2-smb devstack@keystone.service[80141]: DEBUG keystone.server.flask.request_processing.middleware.auth_context [None req-192f5508-91e2-42ce-9c4f-b68b566ed388 None None] Authenticating user token {{(pid=80141) process_request /usr/local/lib/python3.8/dist-packages/keystonemiddleware/auth_token/__init__.py:407}}
Aug 01 11:50:04.080716 dv-cinder-850320-2-smb devstack@keystone.service[80142]: DEBUG keystone.server.flask.request_processing.middleware.auth_context [None req-137ee79c-09cd-4458-8639-e696aa6c71ea None admin] RBAC: auth_context: {'token': , 'domain_id': None, 'trust_id': None, 'trustor_id': None, 'trustee_id': None, 'domain_name': None, 'group_ids': [], 'user_id': '2ba23ee634e9487f8436a5c9c29e0eb9', 'user_domain_id': 'default', 'system_scope': 'all', 'project_id': None, 'project_domain_id': None, 'roles': ['admin', 'member', 'reader'], 'is_admin_project': True, 'service_user_id': None, 'service_user_domain_id': None, 'service_project_id': None, 'service_project_domain_id': None, 'service_roles': []} {{(pid=80142) fill_context /opt/stack/keystone/keystone/server/flask/request_processing/middleware/auth_context.py:478}}
Aug 01 11:50:04.082102 dv-cinder-850320-2-smb devstack@keystone.service[80142]: DEBUG keystone.server.flask.request_processing.req_logging [None req-137ee79c-09cd-4458-8639-e696aa6c71ea None admin] REQUEST_METHOD: `GET` {{(pid=80142) log_request_info /opt/stack/keystone/keystone/server/flask/request_processing/req_logging.py:27}}
Aug 01 11:50:04.082778 dv-cinder-850320-2-smb devstack@keystone.service[80142]: DEBUG keystone.server.flask.request_processing.req_logging [None req-137ee79c-09cd-4458-8639-e696aa6c71ea None admin] SCRIPT_NAME: `/identity` {{(pid=80142) log_request_info /opt/stack/keystone/keystone/server/flask/request_processing/req_logging.py:28}}
Aug 01 11:50:04.083271 dv-cinder-850320-2-smb devstack@keystone.service[80142]: DEBUG keystone.server.flask.request_processing.req_logging [None req-137ee79c-09cd-4458-8639-e696aa6c71ea None admin] PATH_INFO: `/v3/projects/de598ff4856d4edc9937647ebb5aa468` {{(pid=80142) log_request_info /opt/stack/keystone/keystone/server/flask/request_processing/req_logging.py:29}}
Aug 01 11:50:04.084989 dv-cinder-850320-2-smb devstack@keystone.service[80142]: DEBUG keystone.common.rbac_enforcer.enforcer [None req-137ee79c-09cd-4458-8639-e696aa6c71ea None admin] RBAC: Authorizing `identity:get_project(project_id=de598ff4856d4edc9937647ebb5aa468)` {{(pid=80142) enforce_call /opt/stack/keystone/keystone/common/rbac_enforcer/enforcer.py:449}}
Aug 01 11:50:04.086712 dv-cinder-850320-2-smb devstack@keystone.service[80142]: DEBUG keystone.common.rbac_enforcer.enforcer [None req-137ee79c-09cd-4458-8639-e696aa6c71ea None admin] RBAC: Authorization granted {{(pid=80142) enforce_call /opt/stack/keystone/keystone/common/rbac_enforcer/enforcer.py:457}}
Aug 01 11:50:04.089631 dv-cinder-850320-2-smb devstack@keystone.service[80142]: [pid: 80142|app: 0|req: 172/352] 10.222.0.42 () {56 vars in 1186 bytes} [Mon Aug 1 11:50:03 2022] GET /identity/v3/projects/de598ff4856d4edc9937647ebb5aa468 => generated 298 bytes in 193 msecs (HTTP/1.1 200) 5 headers in 177 bytes (1 switches on core 0)
Aug 01 11:50:04.094283 dv-cinder-850320-2-smb devstack@keystone.service[80142]: DEBUG keystone.server.flask.request_processing.middleware.auth_context [None req-137ee79c-09cd-4458-8639-e696aa6c71ea None admin] Authenticating user token {{(pid=80142) process_request /usr/local/lib/python3.8/dist-packages/keystonemiddleware/auth_token/__init__.py:407}}
Aug 01 11:50:04.098273 dv-cinder-850320-2-smb devstack@keystone.service[80141]: DEBUG dbcounter [-] [80141] Writing DB stats keystone:SELECT=100 {{(pid=80141) stat_writer /usr/local/lib/python3.8/dist-packages/dbcounter.py:114}}
Aug 01 11:50:04.163012 dv-cinder-850320-2-smb devstack@keystone.service[80142]: DEBUG dbcounter [-] [80142] Writing DB stats keystone:SELECT=100 {{(pid=80142) stat_writer /usr/local/lib/python3.8/dist-packages/dbcounter.py:114}}
Aug 01 11:50:04.200821 dv-cinder-850320-2-smb devstack@keystone.service[80141]: DEBUG keystone.server.flask.request_processing.middleware.auth_context [None req-192f5508-91e2-42ce-9c4f-b68b566ed388 None None] Validating token access rules against request {{(pid=80141) validate_allowed_request /usr/local/lib/python3.8/dist-packages/keystonemiddleware/auth_token/__init__.py:545}}
Aug 01 11:50:04.224761 dv-cinder-850320-2-smb devstack@keystone.service[80142]: DEBUG keystone.server.flask.request_processing.middleware.auth_context [None req-137ee79c-09cd-4458-8639-e696aa6c71ea None admin] Validating token access rules against request {{(pid=80142) validate_allowed_request /usr/local/lib/python3.8/dist-packages/keystonemiddleware/auth_token/__init__.py:545}}
Aug 01 11:50:04.247663 dv-cinder-850320-2-smb devstack@keystone.service[80141]: DEBUG keystone.server.flask.request_processing.middleware.auth_context [None req-4b32a95d-654b-4366-885e-ab442bed1ccd None admin] RBAC: auth_context: {'token': , 'domain_id': None, 'trust_id': None, 'trustor_id': None, 'trustee_id': None, 'domain_name': None, 'group_ids': [], 'user_id': '2ba23ee634e9487f8436a5c9c29e0eb9', 'user_domain_id': 'default', 'system_scope': 'all', 'project_id': None, 'project_domain_id': None, 'roles': ['admin', 'member', 'reader'], 'is_admin_project': True, 'service_user_id': None, 'service_user_domain_id': None, 'service_project_id': None, 'service_project_domain_id': None, 'service_roles': []} {{(pid=80141) fill_context /opt/stack/keystone/keystone/server/flask/request_processing/middleware/auth_context.py:478}}
Aug 01 11:50:04.248300 dv-cinder-850320-2-smb devstack@keystone.service[80141]: DEBUG keystone.server.flask.request_processing.req_logging [None req-4b32a95d-654b-4366-885e-ab442bed1ccd None admin] REQUEST_METHOD: `GET` {{(pid=80141) log_request_info /opt/stack/keystone/keystone/server/flask/request_processing/req_logging.py:27}}
Aug 01 11:50:04.248580 dv-cinder-850320-2-smb devstack@keystone.service[80141]: DEBUG keystone.server.flask.request_processing.req_logging [None req-4b32a95d-654b-4366-885e-ab442bed1ccd None admin] SCRIPT_NAME: `/identity` {{(pid=80141) log_request_info /opt/stack/keystone/keystone/server/flask/request_processing/req_logging.py:28}}
Aug 01 11:50:04.248848 dv-cinder-850320-2-smb devstack@keystone.service[80141]: DEBUG keystone.server.flask.request_processing.req_logging [None req-4b32a95d-654b-4366-885e-ab442bed1ccd None admin] PATH_INFO: `/v3/auth/tokens` {{(pid=80141) log_request_info /opt/stack/keystone/keystone/server/flask/request_processing/req_logging.py:29}}
Aug 01 11:50:04.268942 dv-cinder-850320-2-smb devstack@keystone.service[80142]: DEBUG keystone.server.flask.request_processing.middleware.auth_context [None req-782d89d3-8125-45b3-bad2-e976fe95c055 None admin] RBAC: auth_context: {'token': , 'domain_id': None, 'trust_id': None, 'trustor_id': None, 'trustee_id': None, 'domain_name': None, 'group_ids': [], 'user_id': '2ba23ee634e9487f8436a5c9c29e0eb9', 'user_domain_id': 'default', 'system_scope': 'all', 'project_id': None, 'project_domain_id': None, 'roles': ['admin', 'member', 'reader'], 'is_admin_project': True, 'service_user_id': None, 'service_user_domain_id': None, 'service_project_id': None, 'service_project_domain_id': None, 'service_roles': []} {{(pid=80142) fill_context /opt/stack/keystone/keystone/server/flask/request_processing/middleware/auth_context.py:478}}
Aug 01 11:50:04.269645 dv-cinder-850320-2-smb devstack@keystone.service[80142]: DEBUG keystone.server.flask.request_processing.req_logging [None req-782d89d3-8125-45b3-bad2-e976fe95c055 None admin] REQUEST_METHOD: `GET` {{(pid=80142) log_request_info /opt/stack/keystone/keystone/server/flask/request_processing/req_logging.py:27}}
Aug 01 11:50:04.269932 dv-cinder-850320-2-smb devstack@keystone.service[80142]: DEBUG keystone.server.flask.request_processing.req_logging [None req-782d89d3-8125-45b3-bad2-e976fe95c055 None admin] SCRIPT_NAME: `/identity` {{(pid=80142) log_request_info /opt/stack/keystone/keystone/server/flask/request_processing/req_logging.py:28}}
Aug 01 11:50:04.270203 dv-cinder-850320-2-smb devstack@keystone.service[80142]: DEBUG keystone.server.flask.request_processing.req_logging [None req-782d89d3-8125-45b3-bad2-e976fe95c055 None admin] PATH_INFO: `/v3/roles/member` {{(pid=80142) log_request_info /opt/stack/keystone/keystone/server/flask/request_processing/req_logging.py:29}}
Aug 01 11:50:04.283575 dv-cinder-850320-2-smb devstack@keystone.service[80142]: DEBUG keystone.common.rbac_enforcer.enforcer [None req-782d89d3-8125-45b3-bad2-e976fe95c055 None admin] Extracting inferred target data resulted in "NOT FOUND (404)". {{(pid=80142) enforce_call /opt/stack/keystone/keystone/common/rbac_enforcer/enforcer.py:409}}
Aug 01 11:50:04.289650 dv-cinder-850320-2-smb devstack@keystone.service[80142]: ERROR keystone.server.flask.application [None req-782d89d3-8125-45b3-bad2-e976fe95c055 None admin] Could not find role: member.: keystone.exception.RoleNotFound: Could not find role: member.
Aug 01 11:50:04.289650 dv-cinder-850320-2-smb devstack@keystone.service[80142]: ERROR keystone.server.flask.application
Traceback (most recent call last):
Aug 01 11:50:04.289650 dv-cinder-850320-2-smb devstack@keystone.service[80142]: ERROR keystone.server.flask.application
File "/usr/local/lib/python3.8/dist-packages/flask/app.py", line 1517, in full_dispatch_request
Aug 01 11:50:04.289650 dv-cinder-850320-2-smb devstack@keystone.service[80142]: ERROR keystone.server.flask.application rv = self.dispatch_request()
Aug 01 11:50:04.289650 dv-cinder-850320-2-smb devstack@keystone.service[80142]: ERROR keystone.server.flask.application
File "/usr/local/lib/python3.8/dist-packages/flask/app.py", line 1503, in dispatch_request
Aug 01 11:50:04.289650 dv-cinder-850320-2-smb devstack@keystone.service[80142]: ERROR keystone.server.flask.application return self.ensure_sync(self.view_functions[rule.endpoint])(**req.view_args)
Aug 01 11:50:04.289650 dv-cinder-850320-2-smb devstack@keystone.service[80142]: ERROR keystone.server.flask.application
File "/usr/local/lib/python3.8/dist-packages/flask_restful/__init__.py", line 467, in wrapper
Aug 01 11:50:04.289650 dv-cinder-850320-2-smb devstack@keystone.service[80142]: ERROR keystone.server.flask.application resp = resource(*args, **kwargs)
Aug 01 11:50:04.289650 dv-cinder-850320-2-smb devstack@keystone.service[80142]: ERROR keystone.server.flask.application
File "/usr/local/lib/python3.8/dist-packages/flask/views.py", line 84, in view
Aug 01 11:50:04.289650 dv-cinder-850320-2-smb devstack@keystone.service[80142]: ERROR keystone.server.flask.application return current_app.ensure_sync(self.dispatch_request)(*args, **kwargs)
Aug 01 11:50:04.289650 dv-cinder-850320-2-smb devstack@keystone.service[80142]: ERROR keystone.server.flask.application
File "/usr/local/lib/python3.8/dist-packages/flask_restful/__init__.py", line 582, in dispatch_request
Aug 01 11:50:04.289650 dv-cinder-850320-2-smb devstack@keystone.service[80142]: ERROR keystone.server.flask.application resp = meth(*args, **kwargs)
Aug 01 11:50:04.289650 dv-cinder-850320-2-smb devstack@keystone.service[80142]: ERROR keystone.server.flask.application
File "/opt/stack/keystone/keystone/api/roles.py", line 50, in get
Aug 01 11:50:04.289650 dv-cinder-850320-2-smb devstack@keystone.service[80142]: ERROR keystone.server.flask.application return self._get_role(role_id)
Aug 01 11:50:04.289650 dv-cinder-850320-2-smb devstack@keystone.service[80142]: ERROR keystone.server.flask.application
File "/opt/stack/keystone/keystone/api/roles.py", line 70, in _get_role
Aug 01 11:50:04.289650 dv-cinder-850320-2-smb devstack@keystone.service[80142]: ERROR keystone.server.flask.application ENFORCER.enforce_call(action='identity:get_role')
Aug 01 11:50:04.290528 dv-cinder-850320-2-smb devstack@keystone.service[80142]: ERROR keystone.server.flask.application
File "/opt/stack/keystone/keystone/common/rbac_enforcer/enforcer.py", line 402, in enforce_call
Aug 01 11:50:04.290528 dv-cinder-850320-2-smb devstack@keystone.service[80142]: ERROR keystone.server.flask.application policy_dict.update(cls._extract_member_target_data(
Aug 01 11:50:04.290528 dv-cinder-850320-2-smb devstack@keystone.service[80142]: ERROR keystone.server.flask.application
File "/opt/stack/keystone/keystone/common/rbac_enforcer/enforcer.py", line 234, in _extract_member_target_data
Aug 01 11:50:04.290528 dv-cinder-850320-2-smb devstack@keystone.service[80142]: ERROR keystone.server.flask.application member_name: func(flask.request.view_args[key])
Aug 01 11:50:04.290528 dv-cinder-850320-2-smb devstack@keystone.service[80142]: ERROR keystone.server.flask.application
File "/opt/stack/keystone/keystone/common/manager.py", line 115, in wrapped
Aug 01 11:50:04.290528 dv-cinder-850320-2-smb devstack@keystone.service[80142]: ERROR keystone.server.flask.application __ret_val = __f(*args, **kwargs)
Aug 01 11:50:04.290528 dv-cinder-850320-2-smb devstack@keystone.service[80142]: ERROR keystone.server.flask.application
File "/usr/local/lib/python3.8/dist-packages/decorator.py", line 232, in fun
Aug 01 11:50:04.290528 dv-cinder-850320-2-smb devstack@keystone.service[80142]: ERROR keystone.server.flask.application return caller(func, *(extras + args), **kw)
Aug 01 11:50:04.290528 dv-cinder-850320-2-smb devstack@keystone.service[80142]: ERROR keystone.server.flask.application
File "/usr/local/lib/python3.8/dist-packages/dogpile/cache/region.py", line 1577, in get_or_create_for_user_func
Aug 01 11:50:04.290528 dv-cinder-850320-2-smb devstack@keystone.service[80142]: ERROR keystone.server.flask.application return self.get_or_create(
Aug 01 11:50:04.290528 dv-cinder-850320-2-smb devstack@keystone.service[80142]: ERROR keystone.server.flask.application
File "/usr/local/lib/python3.8/dist-packages/dogpile/cache/region.py", line 1042, in get_or_create
Aug 01 11:50:04.290528 dv-cinder-850320-2-smb devstack@keystone.service[80142]: ERROR keystone.server.flask.application with Lock(
Aug 01 11:50:04.290528 dv-cinder-850320-2-smb devstack@keystone.service[80142]: ERROR keystone.server.flask.application
File "/usr/local/lib/python3.8/dist-packages/dogpile/lock.py", line 185, in __enter__
Aug 01 11:50:04.290528 dv-cinder-850320-2-smb devstack@keystone.service[80142]: ERROR keystone.server.flask.application return self._enter()
Aug 01 11:50:04.290528 dv-cinder-850320-2-smb devstack@keystone.service[80142]: ERROR keystone.server.flask.application
File "/usr/local/lib/python3.8/dist-packages/dogpile/lock.py", line 94, in _enter
Aug 01 11:50:04.290528 dv-cinder-850320-2-smb devstack@keystone.service[80142]: ERROR keystone.server.flask.application generated = self._enter_create(value, createdtime)
Aug 01 11:50:04.291321 dv-cinder-850320-2-smb devstack@keystone.service[80142]: ERROR keystone.server.flask.application
File "/usr/local/lib/python3.8/dist-packages/dogpile/lock.py", line 178, in _enter_create
Aug 01 11:50:04.291321 dv-cinder-850320-2-smb devstack@keystone.service[80142]: ERROR keystone.server.flask.application return self.creator()
Aug 01 11:50:04.291321 dv-cinder-850320-2-smb devstack@keystone.service[80142]: ERROR keystone.server.flask.application
File "/usr/local/lib/python3.8/dist-packages/dogpile/cache/region.py", line 995, in gen_value
Aug 01 11:50:04.291321 dv-cinder-850320-2-smb devstack@keystone.service[80142]: ERROR keystone.server.flask.application created_value = creator(
Aug 01 11:50:04.291321 dv-cinder-850320-2-smb devstack@keystone.service[80142]: ERROR keystone.server.flask.application
File "/opt/stack/keystone/keystone/assignment/core.py", line 1276, in get_role
Aug 01 11:50:04.291321 dv-cinder-850320-2-smb devstack@keystone.service[80142]: ERROR keystone.server.flask.application return self.driver.get_role(role_id)
Aug 01 11:50:04.291321 dv-cinder-850320-2-smb devstack@keystone.service[80142]: ERROR keystone.server.flask.application
File "/opt/stack/keystone/keystone/assignment/role_backends/sql.py", line 70, in get_role
Aug 01 11:50:04.291321 dv-cinder-850320-2-smb devstack@keystone.service[80142]: ERROR keystone.server.flask.application return self._get_role(session, role_id).to_dict()
Aug 01 11:50:04.291321 dv-cinder-850320-2-smb devstack@keystone.service[80142]: ERROR keystone.server.flask.application
File "/opt/stack/keystone/keystone/assignment/role_backends/sql.py", line 65, in _get_role
Aug 01 11:50:04.291321 dv-cinder-850320-2-smb devstack@keystone.service[80142]: ERROR keystone.server.flask.application raise exception.RoleNotFound(role_id=role_id)
Aug 01 11:50:04.291321 dv-cinder-850320-2-smb devstack@keystone.service[80142]: ERROR keystone.server.flask.application keystone.exception.RoleNotFound: Could not find role: member.
Aug 01 11:50:04.291321 dv-cinder-850320-2-smb devstack@keystone.service[80142]: ERROR keystone.server.flask.application
Aug 01 11:50:04.296780 dv-cinder-850320-2-smb devstack@keystone.service[80142]: [pid: 80142|app: 0|req: 173/353] 10.222.0.42 () {56 vars in 1099 bytes} [Mon Aug 1 11:50:04 2022] GET /identity/v3/roles/member => generated 84 bytes in 197 msecs (HTTP/1.1 404) 5 headers in 183 bytes (1 switches on core 0)
Aug 01 11:50:04.296780 dv-cinder-850320-2-smb devstack@keystone.service[80142]: DEBUG keystone.server.flask.request_processing.middleware.auth_context [None req-782d89d3-8125-45b3-bad2-e976fe95c055 None admin] Authenticating user token {{(pid=80142) process_request /usr/local/lib/python3.8/dist-packages/keystonemiddleware/auth_token/__init__.py:407}}
Aug 01 11:50:04.354069 dv-cinder-850320-2-smb devstack@keystone.service[80141]: DEBUG keystone.common.rbac_enforcer.enforcer [None req-4b32a95d-654b-4366-885e-ab442bed1ccd None admin] RBAC: Authorizing `identity:validate_token()` {{(pid=80141) enforce_call /opt/stack/keystone/keystone/common/rbac_enforcer/enforcer.py:449}}
Aug 01 11:50:04.355544 dv-cinder-850320-2-smb devstack@keystone.service[80141]: DEBUG keystone.common.rbac_enforcer.enforcer [None req-4b32a95d-654b-4366-885e-ab442bed1ccd None admin] RBAC: Authorization granted {{(pid=80141) enforce_call /opt/stack/keystone/keystone/common/rbac_enforcer/enforcer.py:457}}
Aug 01 11:50:04.392368 dv-cinder-850320-2-smb devstack@keystone.service[80141]: DEBUG dbcounter [-] [80141] Writing DB stats keystone:SELECT=100 {{(pid=80141) stat_writer /usr/local/lib/python3.8/dist-packages/dbcounter.py:114}}
Aug 01 11:50:04.427815 dv-cinder-850320-2-smb devstack@keystone.service[80142]: DEBUG dbcounter [-] [80142] Writing DB stats keystone:SELECT=100 {{(pid=80142) stat_writer /usr/local/lib/python3.8/dist-packages/dbcounter.py:114}}
Aug 01 11:50:04.438210 dv-cinder-850320-2-smb devstack@keystone.service[80142]: DEBUG keystone.server.flask.request_processing.middleware.auth_context [None req-782d89d3-8125-45b3-bad2-e976fe95c055 None admin] Validating token access rules against request {{(pid=80142) validate_allowed_request /usr/local/lib/python3.8/dist-packages/keystonemiddleware/auth_token/__init__.py:545}}
Aug 01 11:50:04.485104 dv-cinder-850320-2-smb devstack@keystone.service[80142]: DEBUG keystone.server.flask.request_processing.middleware.auth_context [None req-1f439cc0-1303-4eaa-82a3-0e1f0bc04fda None admin] RBAC: auth_context: {'token': , 'domain_id': None, 'trust_id': None, 'trustor_id': None, 'trustee_id': None, 'domain_name': None, 'group_ids': [], 'user_id': '2ba23ee634e9487f8436a5c9c29e0eb9', 'user_domain_id': 'default', 'system_scope': 'all', 'project_id': None, 'project_domain_id': None, 'roles': ['admin', 'member', 'reader'], 'is_admin_project': True, 'service_user_id': None, 'service_user_domain_id': None, 'service_project_id': None, 'service_project_domain_id': None, 'service_roles': []} {{(pid=80142) fill_context /opt/stack/keystone/keystone/server/flask/request_processing/middleware/auth_context.py:478}}
Aug 01 11:50:04.485792 dv-cinder-850320-2-smb devstack@keystone.service[80142]: DEBUG keystone.server.flask.request_processing.req_logging [None req-1f439cc0-1303-4eaa-82a3-0e1f0bc04fda None admin] REQUEST_METHOD: `GET` {{(pid=80142) log_request_info /opt/stack/keystone/keystone/server/flask/request_processing/req_logging.py:27}}
Aug 01 11:50:04.486080 dv-cinder-850320-2-smb devstack@keystone.service[80142]: DEBUG keystone.server.flask.request_processing.req_logging [None req-1f439cc0-1303-4eaa-82a3-0e1f0bc04fda None admin] SCRIPT_NAME: `/identity` {{(pid=80142) log_request_info /opt/stack/keystone/keystone/server/flask/request_processing/req_logging.py:28}}
Aug 01 11:50:04.486354 dv-cinder-850320-2-smb devstack@keystone.service[80142]: DEBUG keystone.server.flask.request_processing.req_logging [None req-1f439cc0-1303-4eaa-82a3-0e1f0bc04fda None admin] PATH_INFO: `/v3/groups/9337875cb4004e8aa9d8bba280776c77` {{(pid=80142) log_request_info /opt/stack/keystone/keystone/server/flask/request_processing/req_logging.py:29}}
Aug 01 11:50:04.496255 dv-cinder-850320-2-smb devstack@keystone.service[80142]: DEBUG keystone.common.rbac_enforcer.enforcer [None req-1f439cc0-1303-4eaa-82a3-0e1f0bc04fda None admin] RBAC: Authorizing `identity:get_group(group_id=9337875cb4004e8aa9d8bba280776c77)` {{(pid=80142) enforce_call /opt/stack/keystone/keystone/common/rbac_enforcer/enforcer.py:449}}
Aug 01 11:50:04.499820 dv-cinder-850320-2-smb devstack@keystone.service[80142]: DEBUG keystone.common.rbac_enforcer.enforcer [None req-1f439cc0-1303-4eaa-82a3-0e1f0bc04fda None admin] RBAC: Authorization granted {{(pid=80142) enforce_call /opt/stack/keystone/keystone/common/rbac_enforcer/enforcer.py:457}}
Aug 01 11:50:04.499941 dv-cinder-850320-2-smb devstack@keystone.service[80141]: [pid: 80141|app: 0|req: 181/354] 10.222.0.42 () {58 vars in 1282 bytes} [Mon Aug 1 11:50:04 2022] GET /identity/v3/auth/tokens => generated 799 bytes in 454 msecs (HTTP/1.1 200) 6 headers in 358 bytes (1 switches on core 0)
Aug 01 11:50:04.499941 dv-cinder-850320-2-smb devstack@keystone.service[80141]: DEBUG keystone.server.flask.request_processing.req_logging [None req-8f0cfb3f-ef7c-4619-95c6-f69017b11822 None None] REQUEST_METHOD: `GET` {{(pid=80141) log_request_info /opt/stack/keystone/keystone/server/flask/request_processing/req_logging.py:27}}
Aug 01 11:50:04.500074 dv-cinder-850320-2-smb devstack@keystone.service[80142]: [pid: 80142|app: 0|req: 174/355] 10.222.0.42 () {56 vars in 1180 bytes} [Mon Aug 1 11:50:04 2022] GET /identity/v3/groups/9337875cb4004e8aa9d8bba280776c77 => generated 226 bytes in 203 msecs (HTTP/1.1 200) 5 headers in 177 bytes (1 switches on core 0)
Aug 01 11:50:04.500141 dv-cinder-850320-2-smb devstack@keystone.service[80141]: DEBUG keystone.server.flask.request_processing.req_logging [None req-8f0cfb3f-ef7c-4619-95c6-f69017b11822 None None] SCRIPT_NAME: `/identity` {{(pid=80141) log_request_info /opt/stack/keystone/keystone/server/flask/request_processing/req_logging.py:28}}
Aug 01 11:50:04.500338 dv-cinder-850320-2-smb devstack@keystone.service[80141]: DEBUG keystone.server.flask.request_processing.req_logging [None req-8f0cfb3f-ef7c-4619-95c6-f69017b11822 None None] PATH_INFO: `/` {{(pid=80141) log_request_info /opt/stack/keystone/keystone/server/flask/request_processing/req_logging.py:29}}
Aug 01 11:50:04.500522 dv-cinder-850320-2-smb devstack@keystone.service[80142]: DEBUG keystone.server.flask.request_processing.middleware.auth_context [None req-1f439cc0-1303-4eaa-82a3-0e1f0bc04fda None admin] Authenticating user token {{(pid=80142) process_request /usr/local/lib/python3.8/dist-packages/keystonemiddleware/auth_token/__init__.py:407}}
Aug 01 11:50:04.505386 dv-cinder-850320-2-smb devstack@keystone.service[80141]: [pid: 80141|app: 0|req: 182/356] 10.222.0.42 () {54 vars in 926 bytes} [Mon Aug 1 11:50:04 2022] GET /identity => generated 270 bytes in 3 msecs (HTTP/1.1 300) 6 headers in 234 bytes (1 switches on core 0)
Aug 01 11:50:04.505386 dv-cinder-850320-2-smb devstack@keystone.service[80141]: DEBUG keystone.server.flask.request_processing.middleware.auth_context [None req-8f0cfb3f-ef7c-4619-95c6-f69017b11822 None None] Authenticating user token {{(pid=80141) process_request /usr/local/lib/python3.8/dist-packages/keystonemiddleware/auth_token/__init__.py:407}}
Aug 01 11:50:04.631484 dv-cinder-850320-2-smb devstack@keystone.service[80142]: DEBUG keystone.server.flask.request_processing.middleware.auth_context [None req-1f439cc0-1303-4eaa-82a3-0e1f0bc04fda None admin] Validating token access rules against request {{(pid=80142) validate_allowed_request /usr/local/lib/python3.8/dist-packages/keystonemiddleware/auth_token/__init__.py:545}}
Aug 01 11:50:04.635418 dv-cinder-850320-2-smb devstack@keystone.service[80141]: DEBUG keystone.server.flask.request_processing.middleware.auth_context [None req-8f0cfb3f-ef7c-4619-95c6-f69017b11822 None None] Validating token access rules against request {{(pid=80141) validate_allowed_request /usr/local/lib/python3.8/dist-packages/keystonemiddleware/auth_token/__init__.py:545}}
Aug 01 11:50:04.668803 dv-cinder-850320-2-smb devstack@keystone.service[80141]: DEBUG dbcounter [-] [80141] Writing DB stats keystone:SELECT=100 {{(pid=80141) stat_writer /usr/local/lib/python3.8/dist-packages/dbcounter.py:114}}
Aug 01 11:50:04.673817 dv-cinder-850320-2-smb devstack@keystone.service[80142]: DEBUG keystone.server.flask.request_processing.middleware.auth_context [None req-da64ad78-e15d-406a-90df-d06055872744 None admin] RBAC: auth_context: {'token': , 'domain_id': None, 'trust_id': None, 'trustor_id': None, 'trustee_id': None, 'domain_name': None, 'group_ids': [], 'user_id': '2ba23ee634e9487f8436a5c9c29e0eb9', 'user_domain_id': 'default', 'system_scope': 'all', 'project_id': None, 'project_domain_id': None, 'roles': ['admin', 'member', 'reader'], 'is_admin_project': True, 'service_user_id': None, 'service_user_domain_id': None, 'service_project_id': None, 'service_project_domain_id': None, 'service_roles': []} {{(pid=80142) fill_context /opt/stack/keystone/keystone/server/flask/request_processing/middleware/auth_context.py:478}}
Aug 01 11:50:04.674834 dv-cinder-850320-2-smb devstack@keystone.service[80142]: DEBUG keystone.server.flask.request_processing.req_logging [None req-da64ad78-e15d-406a-90df-d06055872744 None admin] REQUEST_METHOD: `GET` {{(pid=80142) log_request_info /opt/stack/keystone/keystone/server/flask/request_processing/req_logging.py:27}}
Aug 01 11:50:04.675364 dv-cinder-850320-2-smb devstack@keystone.service[80142]: DEBUG keystone.server.flask.request_processing.req_logging [None req-da64ad78-e15d-406a-90df-d06055872744 None admin] SCRIPT_NAME: `/identity` {{(pid=80142) log_request_info /opt/stack/keystone/keystone/server/flask/request_processing/req_logging.py:28}}
