Jul 21 08:30:58.839984 dv-cinder-850320-1-smb devstack@c-api.service[110868]: /usr/local/lib/python3.8/dist-packages/oslo_context/context.py:100: DeprecationWarning: Policy enforcement is depending on the value of is_admin. This key is deprecated. Please update your policy file to use the standard policy values.
Jul 21 08:30:58.839984 dv-cinder-850320-1-smb devstack@c-api.service[110868]: warnings.warn('Policy enforcement is depending on the value of '
Jul 21 08:30:58.852152 dv-cinder-850320-1-smb devstack@c-api.service[110868]: INFO cinder.volume.api [None req-7ec54eda-179e-444e-bcee-409aee8197e6 tempest-VolumesServicesTestJSON-1992613389 tempest-VolumesServicesTestJSON-1992613389-project-admin] Volume info retrieved successfully.
Jul 21 08:30:58.869804 dv-cinder-850320-1-smb devstack@c-api.service[110868]: INFO cinder.api.openstack.wsgi [None req-7ec54eda-179e-444e-bcee-409aee8197e6 tempest-VolumesServicesTestJSON-1992613389 tempest-VolumesServicesTestJSON-1992613389-project-admin] http://10.222.0.64/volume/v3/fc57fd2084654e4396814c0ca1d1b1e8/volumes/3cc707a7-24a1-4861-9a6a-bfd2fa224eb6 returned with HTTP 200
Jul 21 08:30:58.871485 dv-cinder-850320-1-smb devstack@c-api.service[110868]: [pid: 110868|app: 0|req: 146/279] 10.222.0.64 () {58 vars in 1324 bytes} [Thu Jul 21 08:30:58 2022] GET /volume/v3/fc57fd2084654e4396814c0ca1d1b1e8/volumes/3cc707a7-24a1-4861-9a6a-bfd2fa224eb6 => generated 1082 bytes in 93 msecs (HTTP/1.1 200) 7 headers in 286 bytes (1 switches on core 0)
Jul 21 08:30:58.887211 dv-cinder-850320-1-smb devstack@c-api.service[110868]: DEBUG cinder.api.middleware.request_id [None req-5f4c7e99-2756-4ec6-b7a3-e87daaa50966 None None] RequestId filter calling following filter/app {{(pid=110868) _context_setter /opt/stack/cinder/cinder/api/middleware/request_id.py:62}}
Jul 21 08:30:58.891395 dv-cinder-850320-1-smb devstack@c-api.service[110869]: INFO cinder.api.openstack.wsgi [None req-e1ce1d92-aba7-429b-b2e2-72f094fd2e79 tempest-QosSpecsTestJSON-1728319494 tempest-QosSpecsTestJSON-1728319494-project-admin] POST http://10.222.0.64/volume/v3/f17dc520cb7a4971a5b799cf77311006/qos-specs
Jul 21 08:30:58.892234 dv-cinder-850320-1-smb devstack@c-api.service[110869]: DEBUG cinder.api.openstack.wsgi [None req-e1ce1d92-aba7-429b-b2e2-72f094fd2e79 tempest-QosSpecsTestJSON-1728319494 tempest-QosSpecsTestJSON-1728319494-project-admin] Action: 'create', calling method: create, body: {"qos_specs": {"name": "tempest-QosSpecsTestJSON-QoS-215574641", "consumer": "front-end", "read_iops_sec": "2000"}} {{(pid=110869) _process_stack /opt/stack/cinder/cinder/api/openstack/wsgi.py:866}}
Jul 21 08:30:58.893378 dv-cinder-850320-1-smb devstack@c-api.service[110868]: INFO cinder.api.openstack.wsgi [None req-5f4c7e99-2756-4ec6-b7a3-e87daaa50966 tempest-VolumesServicesTestJSON-1992613389 tempest-VolumesServicesTestJSON-1992613389-project-admin] GET http://10.222.0.64/volume/v3/fc57fd2084654e4396814c0ca1d1b1e8/os-services?host=hv-cinder-85032&binary=cinder-volume
Jul 21 08:30:58.893511 dv-cinder-850320-1-smb devstack@c-api.service[110869]: /usr/local/lib/python3.8/dist-packages/oslo_context/context.py:100: DeprecationWarning: Policy enforcement is depending on the value of is_admin. This key is deprecated. Please update your policy file to use the standard policy values.
Jul 21 08:30:58.893511 dv-cinder-850320-1-smb devstack@c-api.service[110869]: warnings.warn('Policy enforcement is depending on the value of '
Jul 21 08:30:58.894100 dv-cinder-850320-1-smb devstack@c-api.service[110868]: DEBUG cinder.api.openstack.wsgi [None req-5f4c7e99-2756-4ec6-b7a3-e87daaa50966 tempest-VolumesServicesTestJSON-1992613389 tempest-VolumesServicesTestJSON-1992613389-project-admin] Empty body provided in request {{(pid=110868) get_body /opt/stack/cinder/cinder/api/openstack/wsgi.py:715}}
Jul 21 08:30:58.894711 dv-cinder-850320-1-smb devstack@c-api.service[110868]: DEBUG cinder.api.openstack.wsgi [None req-5f4c7e99-2756-4ec6-b7a3-e87daaa50966 tempest-VolumesServicesTestJSON-1992613389 tempest-VolumesServicesTestJSON-1992613389-project-admin] Calling method 'index' {{(pid=110868) _process_stack /opt/stack/cinder/cinder/api/openstack/wsgi.py:868}}
Jul 21 08:30:58.900675 dv-cinder-850320-1-smb devstack@c-api.service[110869]: DEBUG cinder.volume.qos_specs [None req-e1ce1d92-aba7-429b-b2e2-72f094fd2e79 tempest-QosSpecsTestJSON-1728319494 tempest-QosSpecsTestJSON-1728319494-project-admin] Dict for qos_specs: {'name': 'tempest-QosSpecsTestJSON-QoS-215574641', 'consumer': 'front-end', 'specs': {'read_iops_sec': '2000'}} {{(pid=110869) create /opt/stack/cinder/cinder/volume/qos_specs.py:64}}
Jul 21 08:30:58.907798 dv-cinder-850320-1-smb devstack@c-api.service[110868]: INFO cinder.api.openstack.wsgi [None req-5f4c7e99-2756-4ec6-b7a3-e87daaa50966 tempest-VolumesServicesTestJSON-1992613389 tempest-VolumesServicesTestJSON-1992613389-project-admin] http://10.222.0.64/volume/v3/fc57fd2084654e4396814c0ca1d1b1e8/os-services?host=hv-cinder-85032&binary=cinder-volume returned with HTTP 200
Jul 21 08:30:58.908899 dv-cinder-850320-1-smb devstack@c-api.service[110868]: [pid: 110868|app: 0|req: 147/280] 10.222.0.64 () {58 vars in 1308 bytes} [Thu Jul 21 08:30:58 2022] GET /volume/v3/fc57fd2084654e4396814c0ca1d1b1e8/os-services?host=hv-cinder-85032&binary=cinder-volume => generated 276 bytes in 24 msecs (HTTP/1.1 200) 7 headers in 285 bytes (1 switches on core 0)
Jul 21 08:30:58.918543 dv-cinder-850320-1-smb devstack@c-api.service[110868]: DEBUG cinder.api.middleware.request_id [None req-5918a268-ddc7-4310-9cf3-54e2871e22cb None None] RequestId filter calling following filter/app {{(pid=110868) _context_setter /opt/stack/cinder/cinder/api/middleware/request_id.py:62}}
Jul 21 08:30:58.919159 dv-cinder-850320-1-smb devstack@c-api.service[110869]: DEBUG cinder.db.sqlalchemy.api [None req-e1ce1d92-aba7-429b-b2e2-72f094fd2e79 tempest-QosSpecsTestJSON-1728319494 tempest-QosSpecsTestJSON-1728319494-project-admin] DB qos_specs_create(): root {'id': '9a7981eb-3570-4792-b28c-d5fe30bd5753', 'key': 'QoS_Specs_Name', 'value': 'tempest-QosSpecsTestJSON-QoS-215574641'} {{(pid=110869) qos_specs_create /opt/stack/cinder/cinder/db/sqlalchemy/api.py:5586}}
Jul 21 08:30:58.939307 dv-cinder-850320-1-smb devstack@c-api.service[110869]: INFO cinder.api.openstack.wsgi [None req-e1ce1d92-aba7-429b-b2e2-72f094fd2e79 tempest-QosSpecsTestJSON-1728319494 tempest-QosSpecsTestJSON-1728319494-project-admin] http://10.222.0.64/volume/v3/f17dc520cb7a4971a5b799cf77311006/qos-specs returned with HTTP 200
Jul 21 08:30:58.941279 dv-cinder-850320-1-smb devstack@c-api.service[110869]: [pid: 110869|app: 0|req: 134/281] 10.222.0.64 () {60 vars in 1241 bytes} [Thu Jul 21 08:30:58 2022] POST /volume/v3/f17dc520cb7a4971a5b799cf77311006/qos-specs => generated 458 bytes in 627 msecs (HTTP/1.1 200) 7 headers in 285 bytes (2 switches on core 0)
Jul 21 08:30:58.945758 dv-cinder-850320-1-smb devstack@c-api.service[110868]: INFO cinder.api.openstack.wsgi [None req-5918a268-ddc7-4310-9cf3-54e2871e22cb tempest-VolumesServicesTestJSON-1992613389 tempest-VolumesServicesTestJSON-1992613389-project-admin] GET http://10.222.0.64/volume/v3/fc57fd2084654e4396814c0ca1d1b1e8/os-services
Jul 21 08:30:58.948543 dv-cinder-850320-1-smb devstack@c-api.service[110868]: DEBUG cinder.api.openstack.wsgi [None req-5918a268-ddc7-4310-9cf3-54e2871e22cb tempest-VolumesServicesTestJSON-1992613389 tempest-VolumesServicesTestJSON-1992613389-project-admin] Empty body provided in request {{(pid=110868) get_body /opt/stack/cinder/cinder/api/openstack/wsgi.py:715}}
Jul 21 08:30:58.949043 dv-cinder-850320-1-smb devstack@c-api.service[110868]: DEBUG cinder.api.openstack.wsgi [None req-5918a268-ddc7-4310-9cf3-54e2871e22cb tempest-VolumesServicesTestJSON-1992613389 tempest-VolumesServicesTestJSON-1992613389-project-admin] Calling method 'index' {{(pid=110868) _process_stack /opt/stack/cinder/cinder/api/openstack/wsgi.py:868}}
Jul 21 08:30:58.949854 dv-cinder-850320-1-smb devstack@c-api.service[110869]: DEBUG cinder.api.middleware.request_id [None req-835cd1fe-7703-40f8-a7f2-5ebfdde881f8 None None] RequestId filter calling following filter/app {{(pid=110869) _context_setter /opt/stack/cinder/cinder/api/middleware/request_id.py:62}}
Jul 21 08:30:58.956642 dv-cinder-850320-1-smb devstack@c-api.service[110869]: INFO cinder.api.openstack.wsgi [None req-835cd1fe-7703-40f8-a7f2-5ebfdde881f8 tempest-QosSpecsTestJSON-1728319494 tempest-QosSpecsTestJSON-1728319494-project-admin] POST http://10.222.0.64/volume/v3/f17dc520cb7a4971a5b799cf77311006/types
Jul 21 08:30:58.957388 dv-cinder-850320-1-smb devstack@c-api.service[110869]: DEBUG cinder.api.openstack.wsgi [None req-835cd1fe-7703-40f8-a7f2-5ebfdde881f8 tempest-QosSpecsTestJSON-1728319494 tempest-QosSpecsTestJSON-1728319494-project-admin] Action: 'create', calling method: _create, body: {"volume_type": {"name": "tempest-QosSpecsTestJSON-volume-type-1302233082"}} {{(pid=110869) _process_stack /opt/stack/cinder/cinder/api/openstack/wsgi.py:866}}
Jul 21 08:30:58.960131 dv-cinder-850320-1-smb devstack@c-api.service[110869]: /usr/local/lib/python3.8/dist-packages/oslo_context/context.py:100: DeprecationWarning: Policy enforcement is depending on the value of is_admin. This key is deprecated. Please update your policy file to use the standard policy values.
Jul 21 08:30:58.960131 dv-cinder-850320-1-smb devstack@c-api.service[110869]: warnings.warn('Policy enforcement is depending on the value of '
Jul 21 08:30:58.962855 dv-cinder-850320-1-smb devstack@c-api.service[110868]: INFO cinder.api.openstack.wsgi [None req-5918a268-ddc7-4310-9cf3-54e2871e22cb tempest-VolumesServicesTestJSON-1992613389 tempest-VolumesServicesTestJSON-1992613389-project-admin] http://10.222.0.64/volume/v3/fc57fd2084654e4396814c0ca1d1b1e8/os-services returned with HTTP 200
Jul 21 08:30:58.967636 dv-cinder-850320-1-smb devstack@c-api.service[110868]: [pid: 110868|app: 0|req: 148/282] 10.222.0.64 () {58 vars in 1225 bytes} [Thu Jul 21 08:30:58 2022] GET /volume/v3/fc57fd2084654e4396814c0ca1d1b1e8/os-services => generated 640 bytes in 46 msecs (HTTP/1.1 200) 7 headers in 285 bytes (1 switches on core 0)
Jul 21 08:30:58.974040 dv-cinder-850320-1-smb devstack@c-api.service[110868]: DEBUG cinder.api.middleware.request_id [None req-75e31582-1f33-4724-aa31-f8d08ba010d5 None None] RequestId filter calling following filter/app {{(pid=110868) _context_setter /opt/stack/cinder/cinder/api/middleware/request_id.py:62}}
Jul 21 08:30:58.978808 dv-cinder-850320-1-smb devstack@c-api.service[110868]: INFO cinder.api.openstack.wsgi [None req-75e31582-1f33-4724-aa31-f8d08ba010d5 tempest-VolumesServicesTestJSON-1307232843 tempest-VolumesServicesTestJSON-1307232843-project] DELETE http://10.222.0.64/volume/v3/6e97423858004593a721614659e5fbf2/volumes/3cc707a7-24a1-4861-9a6a-bfd2fa224eb6
Jul 21 08:30:58.979292 dv-cinder-850320-1-smb devstack@c-api.service[110868]: DEBUG cinder.api.openstack.wsgi [None req-75e31582-1f33-4724-aa31-f8d08ba010d5 tempest-VolumesServicesTestJSON-1307232843 tempest-VolumesServicesTestJSON-1307232843-project] Empty body provided in request {{(pid=110868) get_body /opt/stack/cinder/cinder/api/openstack/wsgi.py:715}}
Jul 21 08:30:58.980058 dv-cinder-850320-1-smb devstack@c-api.service[110868]: DEBUG cinder.api.openstack.wsgi [None req-75e31582-1f33-4724-aa31-f8d08ba010d5 tempest-VolumesServicesTestJSON-1307232843 tempest-VolumesServicesTestJSON-1307232843-project] Calling method 'delete' {{(pid=110868) _process_stack /opt/stack/cinder/cinder/api/openstack/wsgi.py:868}}
Jul 21 08:30:58.980757 dv-cinder-850320-1-smb devstack@c-api.service[110868]: INFO cinder.api.v3.volumes [None req-75e31582-1f33-4724-aa31-f8d08ba010d5 tempest-VolumesServicesTestJSON-1307232843 tempest-VolumesServicesTestJSON-1307232843-project] Delete volume with id: 3cc707a7-24a1-4861-9a6a-bfd2fa224eb6
Jul 21 08:30:58.992860 dv-cinder-850320-1-smb devstack@c-api.service[110869]: DEBUG dbcounter [-] [110869] Writing DB stats cinder:SELECT=72,cinder:UPDATE=14,cinder:INSERT=14 {{(pid=110869) stat_writer /usr/local/lib/python3.8/dist-packages/dbcounter.py:114}}
Jul 21 08:30:59.009607 dv-cinder-850320-1-smb devstack@c-api.service[110868]: /usr/local/lib/python3.8/dist-packages/oslo_context/context.py:100: DeprecationWarning: Policy enforcement is depending on the value of is_admin. This key is deprecated. Please update your policy file to use the standard policy values.
Jul 21 08:30:59.009607 dv-cinder-850320-1-smb devstack@c-api.service[110868]: warnings.warn('Policy enforcement is depending on the value of '
Jul 21 08:30:59.011060 dv-cinder-850320-1-smb devstack@c-api.service[110868]: INFO cinder.volume.api [None req-75e31582-1f33-4724-aa31-f8d08ba010d5 tempest-VolumesServicesTestJSON-1307232843 tempest-VolumesServicesTestJSON-1307232843-project] Volume info retrieved successfully.
Jul 21 08:30:59.016411 dv-cinder-850320-1-smb devstack@c-api.service[110869]: INFO cinder.api.openstack.wsgi [None req-835cd1fe-7703-40f8-a7f2-5ebfdde881f8 tempest-QosSpecsTestJSON-1728319494 tempest-QosSpecsTestJSON-1728319494-project-admin] http://10.222.0.64/volume/v3/f17dc520cb7a4971a5b799cf77311006/types returned with HTTP 200
Jul 21 08:30:59.016985 dv-cinder-850320-1-smb devstack@c-api.service[110869]: [pid: 110869|app: 0|req: 135/283] 10.222.0.64 () {60 vars in 1228 bytes} [Thu Jul 21 08:30:58 2022] POST /volume/v3/f17dc520cb7a4971a5b799cf77311006/types => generated 222 bytes in 68 msecs (HTTP/1.1 200) 7 headers in 285 bytes (1 switches on core 0)
Jul 21 08:30:59.024866 dv-cinder-850320-1-smb devstack@c-api.service[110869]: DEBUG cinder.api.middleware.request_id [None req-ac80ca86-2bfe-4c79-8c25-78cb453ea64a None None] RequestId filter calling following filter/app {{(pid=110869) _context_setter /opt/stack/cinder/cinder/api/middleware/request_id.py:62}}
Jul 21 08:30:59.034347 dv-cinder-850320-1-smb devstack@c-api.service[110869]: INFO cinder.api.openstack.wsgi [None req-ac80ca86-2bfe-4c79-8c25-78cb453ea64a tempest-QosSpecsTestJSON-1728319494 tempest-QosSpecsTestJSON-1728319494-project-admin] POST http://10.222.0.64/volume/v3/f17dc520cb7a4971a5b799cf77311006/types
Jul 21 08:30:59.035473 dv-cinder-850320-1-smb devstack@c-api.service[110869]: DEBUG cinder.api.openstack.wsgi [None req-ac80ca86-2bfe-4c79-8c25-78cb453ea64a tempest-QosSpecsTestJSON-1728319494 tempest-QosSpecsTestJSON-1728319494-project-admin] Action: 'create', calling method: _create, body: {"volume_type": {"name": "tempest-QosSpecsTestJSON-volume-type-769428552"}} {{(pid=110869) _process_stack /opt/stack/cinder/cinder/api/openstack/wsgi.py:866}}
Jul 21 08:30:59.061216 dv-cinder-850320-1-smb devstack@c-api.service[110868]: DEBUG dbcounter [-] [110868] Writing DB stats cinder:SELECT=78,cinder:INSERT=9,cinder:UPDATE=13 {{(pid=110868) stat_writer /usr/local/lib/python3.8/dist-packages/dbcounter.py:114}}
Jul 21 08:30:59.077139 dv-cinder-850320-1-smb devstack@c-api.service[110868]: INFO cinder.volume.api [None req-75e31582-1f33-4724-aa31-f8d08ba010d5 tempest-VolumesServicesTestJSON-1307232843 tempest-VolumesServicesTestJSON-1307232843-project] Delete volume request issued successfully.
Jul 21 08:30:59.077584 dv-cinder-850320-1-smb devstack@c-api.service[110868]: INFO cinder.api.openstack.wsgi [None req-75e31582-1f33-4724-aa31-f8d08ba010d5 tempest-VolumesServicesTestJSON-1307232843 tempest-VolumesServicesTestJSON-1307232843-project] http://10.222.0.64/volume/v3/6e97423858004593a721614659e5fbf2/volumes/3cc707a7-24a1-4861-9a6a-bfd2fa224eb6 returned with HTTP 202
Jul 21 08:30:59.083319 dv-cinder-850320-1-smb devstack@c-api.service[110868]: [pid: 110868|app: 0|req: 149/284] 10.222.0.64 () {58 vars in 1327 bytes} [Thu Jul 21 08:30:58 2022] DELETE /volume/v3/6e97423858004593a721614659e5fbf2/volumes/3cc707a7-24a1-4861-9a6a-bfd2fa224eb6 => generated 0 bytes in 109 msecs (HTTP/1.1 202) 6 headers in 233 bytes (1 switches on core 0)
Jul 21 08:30:59.085002 dv-cinder-850320-1-smb devstack@c-api.service[110868]: DEBUG cinder.api.middleware.request_id [None req-49ee9282-e7b2-432a-835d-62f66e49138b None None] RequestId filter calling following filter/app {{(pid=110868) _context_setter /opt/stack/cinder/cinder/api/middleware/request_id.py:62}}
Jul 21 08:30:59.094388 dv-cinder-850320-1-smb devstack@c-api.service[110868]: INFO cinder.api.openstack.wsgi [None req-49ee9282-e7b2-432a-835d-62f66e49138b tempest-VolumesServicesTestJSON-1307232843 tempest-VolumesServicesTestJSON-1307232843-project] GET http://10.222.0.64/volume/v3/6e97423858004593a721614659e5fbf2/volumes/3cc707a7-24a1-4861-9a6a-bfd2fa224eb6
Jul 21 08:30:59.094388 dv-cinder-850320-1-smb devstack@c-api.service[110868]: DEBUG cinder.api.openstack.wsgi [None req-49ee9282-e7b2-432a-835d-62f66e49138b tempest-VolumesServicesTestJSON-1307232843 tempest-VolumesServicesTestJSON-1307232843-project] Empty body provided in request {{(pid=110868) get_body /opt/stack/cinder/cinder/api/openstack/wsgi.py:715}}
Jul 21 08:30:59.094812 dv-cinder-850320-1-smb devstack@c-api.service[110868]: DEBUG cinder.api.openstack.wsgi [None req-49ee9282-e7b2-432a-835d-62f66e49138b tempest-VolumesServicesTestJSON-1307232843 tempest-VolumesServicesTestJSON-1307232843-project] Calling method 'show' {{(pid=110868) _process_stack /opt/stack/cinder/cinder/api/openstack/wsgi.py:868}}
Jul 21 08:30:59.100255 dv-cinder-850320-1-smb devstack@c-api.service[110869]: INFO cinder.api.openstack.wsgi [None req-ac80ca86-2bfe-4c79-8c25-78cb453ea64a tempest-QosSpecsTestJSON-1728319494 tempest-QosSpecsTestJSON-1728319494-project-admin] http://10.222.0.64/volume/v3/f17dc520cb7a4971a5b799cf77311006/types returned with HTTP 200
Jul 21 08:30:59.102731 dv-cinder-850320-1-smb devstack@c-api.service[110869]: [pid: 110869|app: 0|req: 136/285] 10.222.0.64 () {60 vars in 1228 bytes} [Thu Jul 21 08:30:59 2022] POST /volume/v3/f17dc520cb7a4971a5b799cf77311006/types => generated 221 bytes in 79 msecs (HTTP/1.1 200) 7 headers in 285 bytes (1 switches on core 0)
Jul 21 08:30:59.110219 dv-cinder-850320-1-smb devstack@c-api.service[110869]: DEBUG cinder.api.middleware.request_id [None req-6a6cd939-14fe-45fd-9551-ba67645f985a None None] RequestId filter calling following filter/app {{(pid=110869) _context_setter /opt/stack/cinder/cinder/api/middleware/request_id.py:62}}
Jul 21 08:30:59.122443 dv-cinder-850320-1-smb devstack@c-api.service[110869]: INFO cinder.api.openstack.wsgi [None req-6a6cd939-14fe-45fd-9551-ba67645f985a tempest-QosSpecsTestJSON-1728319494 tempest-QosSpecsTestJSON-1728319494-project-admin] POST http://10.222.0.64/volume/v3/f17dc520cb7a4971a5b799cf77311006/types
Jul 21 08:30:59.124134 dv-cinder-850320-1-smb devstack@c-api.service[110869]: DEBUG cinder.api.openstack.wsgi [None req-6a6cd939-14fe-45fd-9551-ba67645f985a tempest-QosSpecsTestJSON-1728319494 tempest-QosSpecsTestJSON-1728319494-project-admin] Action: 'create', calling method: _create, body: {"volume_type": {"name": "tempest-QosSpecsTestJSON-volume-type-367796028"}} {{(pid=110869) _process_stack /opt/stack/cinder/cinder/api/openstack/wsgi.py:866}}
Jul 21 08:30:59.140887 dv-cinder-850320-1-smb devstack@c-api.service[110868]: /usr/local/lib/python3.8/dist-packages/oslo_context/context.py:100: DeprecationWarning: Policy enforcement is depending on the value of is_admin. This key is deprecated. Please update your policy file to use the standard policy values.
Jul 21 08:30:59.140887 dv-cinder-850320-1-smb devstack@c-api.service[110868]: warnings.warn('Policy enforcement is depending on the value of '
Jul 21 08:30:59.160332 dv-cinder-850320-1-smb devstack@c-api.service[110868]: INFO cinder.volume.api [None req-49ee9282-e7b2-432a-835d-62f66e49138b tempest-VolumesServicesTestJSON-1307232843 tempest-VolumesServicesTestJSON-1307232843-project] Volume info retrieved successfully.
Jul 21 08:30:59.168323 dv-cinder-850320-1-smb devstack@c-api.service[110869]: INFO cinder.api.openstack.wsgi [None req-6a6cd939-14fe-45fd-9551-ba67645f985a tempest-QosSpecsTestJSON-1728319494 tempest-QosSpecsTestJSON-1728319494-project-admin] http://10.222.0.64/volume/v3/f17dc520cb7a4971a5b799cf77311006/types returned with HTTP 200
Jul 21 08:30:59.170862 dv-cinder-850320-1-smb devstack@c-api.service[110869]: [pid: 110869|app: 0|req: 137/286] 10.222.0.64 () {60 vars in 1228 bytes} [Thu Jul 21 08:30:59 2022] POST /volume/v3/f17dc520cb7a4971a5b799cf77311006/types => generated 221 bytes in 62 msecs (HTTP/1.1 200) 7 headers in 285 bytes (1 switches on core 0)
Jul 21 08:30:59.176832 dv-cinder-850320-1-smb devstack@c-api.service[110869]: DEBUG cinder.api.middleware.request_id [None req-f1e6fba9-6c0d-4879-9fce-c380949473cd None None] RequestId filter calling following filter/app {{(pid=110869) _context_setter /opt/stack/cinder/cinder/api/middleware/request_id.py:62}}
Jul 21 08:30:59.182832 dv-cinder-850320-1-smb devstack@c-api.service[110869]: INFO cinder.api.openstack.wsgi [None req-f1e6fba9-6c0d-4879-9fce-c380949473cd tempest-QosSpecsTestJSON-1728319494 tempest-QosSpecsTestJSON-1728319494-project-admin] GET http://10.222.0.64/volume/v3/f17dc520cb7a4971a5b799cf77311006/qos-specs/9a7981eb-3570-4792-b28c-d5fe30bd5753/associate?vol_type_id=51b9cd27-cfd1-4db5-94f5-613b5c6044be
Jul 21 08:30:59.183617 dv-cinder-850320-1-smb devstack@c-api.service[110869]: DEBUG cinder.api.openstack.wsgi [None req-f1e6fba9-6c0d-4879-9fce-c380949473cd tempest-QosSpecsTestJSON-1728319494 tempest-QosSpecsTestJSON-1728319494-project-admin] Empty body provided in request {{(pid=110869) get_body /opt/stack/cinder/cinder/api/openstack/wsgi.py:715}}
Jul 21 08:30:59.184422 dv-cinder-850320-1-smb devstack@c-api.service[110869]: DEBUG cinder.api.openstack.wsgi [None req-f1e6fba9-6c0d-4879-9fce-c380949473cd tempest-QosSpecsTestJSON-1728319494 tempest-QosSpecsTestJSON-1728319494-project-admin] Calling method 'associate' {{(pid=110869) _process_stack /opt/stack/cinder/cinder/api/openstack/wsgi.py:868}}
Jul 21 08:30:59.186410 dv-cinder-850320-1-smb devstack@c-api.service[110868]: INFO cinder.api.openstack.wsgi [None req-49ee9282-e7b2-432a-835d-62f66e49138b tempest-VolumesServicesTestJSON-1307232843 tempest-VolumesServicesTestJSON-1307232843-project] http://10.222.0.64/volume/v3/6e97423858004593a721614659e5fbf2/volumes/3cc707a7-24a1-4861-9a6a-bfd2fa224eb6 returned with HTTP 200
Jul 21 08:30:59.187533 dv-cinder-850320-1-smb devstack@c-api.service[110868]: [pid: 110868|app: 0|req: 150/287] 10.222.0.64 () {58 vars in 1324 bytes} [Thu Jul 21 08:30:59 2022] GET /volume/v3/6e97423858004593a721614659e5fbf2/volumes/3cc707a7-24a1-4861-9a6a-bfd2fa224eb6 => generated 915 bytes in 103 msecs (HTTP/1.1 200) 7 headers in 285 bytes (1 switches on core 0)
Jul 21 08:30:59.188378 dv-cinder-850320-1-smb devstack@c-api.service[110869]: DEBUG cinder.api.contrib.qos_specs_manage [None req-f1e6fba9-6c0d-4879-9fce-c380949473cd tempest-QosSpecsTestJSON-1728319494 tempest-QosSpecsTestJSON-1728319494-project-admin] Associate qos_spec: 9a7981eb-3570-4792-b28c-d5fe30bd5753 with type: 51b9cd27-cfd1-4db5-94f5-613b5c6044be {{(pid=110869) associate /opt/stack/cinder/cinder/api/contrib/qos_specs_manage.py:275}}
Jul 21 08:30:59.286793 dv-cinder-850320-1-smb devstack@c-api.service[110869]: INFO cinder.api.openstack.wsgi [None req-f1e6fba9-6c0d-4879-9fce-c380949473cd tempest-QosSpecsTestJSON-1728319494 tempest-QosSpecsTestJSON-1728319494-project-admin] http://10.222.0.64/volume/v3/f17dc520cb7a4971a5b799cf77311006/qos-specs/9a7981eb-3570-4792-b28c-d5fe30bd5753/associate?vol_type_id=51b9cd27-cfd1-4db5-94f5-613b5c6044be returned with HTTP 202
Jul 21 08:30:59.291671 dv-cinder-850320-1-smb devstack@c-api.service[110869]: [pid: 110869|app: 0|req: 138/288] 10.222.0.64 () {58 vars in 1457 bytes} [Thu Jul 21 08:30:59 2022] GET /volume/v3/f17dc520cb7a4971a5b799cf77311006/qos-specs/9a7981eb-3570-4792-b28c-d5fe30bd5753/associate?vol_type_id=51b9cd27-cfd1-4db5-94f5-613b5c6044be => generated 0 bytes in 116 msecs (HTTP/1.1 202) 6 headers in 233 bytes (1 switches on core 0)
Jul 21 08:30:59.293120 dv-cinder-850320-1-smb devstack@c-api.service[110868]: DEBUG cinder.api.middleware.request_id [None req-8fe1e428-8b07-4a0a-a4cc-55220a9a439e None None] RequestId filter calling following filter/app {{(pid=110868) _context_setter /opt/stack/cinder/cinder/api/middleware/request_id.py:62}}
Jul 21 08:30:59.299040 dv-cinder-850320-1-smb devstack@c-api.service[110868]: INFO cinder.api.openstack.wsgi [None req-8fe1e428-8b07-4a0a-a4cc-55220a9a439e tempest-QosSpecsTestJSON-1728319494 tempest-QosSpecsTestJSON-1728319494-project-admin] GET http://10.222.0.64/volume/v3/f17dc520cb7a4971a5b799cf77311006/qos-specs/9a7981eb-3570-4792-b28c-d5fe30bd5753/associate?vol_type_id=036e73cd-6a6f-47df-869a-54e908d558b4
Jul 21 08:30:59.299714 dv-cinder-850320-1-smb devstack@c-api.service[110868]: DEBUG cinder.api.openstack.wsgi [None req-8fe1e428-8b07-4a0a-a4cc-55220a9a439e tempest-QosSpecsTestJSON-1728319494 tempest-QosSpecsTestJSON-1728319494-project-admin] Empty body provided in request {{(pid=110868) get_body /opt/stack/cinder/cinder/api/openstack/wsgi.py:715}}
Jul 21 08:30:59.300180 dv-cinder-850320-1-smb devstack@c-api.service[110868]: DEBUG cinder.api.openstack.wsgi [None req-8fe1e428-8b07-4a0a-a4cc-55220a9a439e tempest-QosSpecsTestJSON-1728319494 tempest-QosSpecsTestJSON-1728319494-project-admin] Calling method 'associate' {{(pid=110868) _process_stack /opt/stack/cinder/cinder/api/openstack/wsgi.py:868}}
Jul 21 08:30:59.302749 dv-cinder-850320-1-smb devstack@c-api.service[110868]: DEBUG cinder.api.contrib.qos_specs_manage [None req-8fe1e428-8b07-4a0a-a4cc-55220a9a439e tempest-QosSpecsTestJSON-1728319494 tempest-QosSpecsTestJSON-1728319494-project-admin] Associate qos_spec: 9a7981eb-3570-4792-b28c-d5fe30bd5753 with type: 036e73cd-6a6f-47df-869a-54e908d558b4 {{(pid=110868) associate /opt/stack/cinder/cinder/api/contrib/qos_specs_manage.py:275}}
Jul 21 08:30:59.387687 dv-cinder-850320-1-smb devstack@c-api.service[110868]: INFO cinder.api.openstack.wsgi [None req-8fe1e428-8b07-4a0a-a4cc-55220a9a439e tempest-QosSpecsTestJSON-1728319494 tempest-QosSpecsTestJSON-1728319494-project-admin] http://10.222.0.64/volume/v3/f17dc520cb7a4971a5b799cf77311006/qos-specs/9a7981eb-3570-4792-b28c-d5fe30bd5753/associate?vol_type_id=036e73cd-6a6f-47df-869a-54e908d558b4 returned with HTTP 202
Jul 21 08:30:59.388636 dv-cinder-850320-1-smb devstack@c-api.service[110868]: [pid: 110868|app: 0|req: 151/289] 10.222.0.64 () {58 vars in 1457 bytes} [Thu Jul 21 08:30:59 2022] GET /volume/v3/f17dc520cb7a4971a5b799cf77311006/qos-specs/9a7981eb-3570-4792-b28c-d5fe30bd5753/associate?vol_type_id=036e73cd-6a6f-47df-869a-54e908d558b4 => generated 0 bytes in 97 msecs (HTTP/1.1 202) 6 headers in 233 bytes (2 switches on core 0)
Jul 21 08:30:59.394408 dv-cinder-850320-1-smb devstack@c-api.service[110869]: DEBUG cinder.api.middleware.request_id [None req-6d7f9631-397e-4e01-8376-6c0273a7e31c None None] RequestId filter calling following filter/app {{(pid=110869) _context_setter /opt/stack/cinder/cinder/api/middleware/request_id.py:62}}
Jul 21 08:30:59.400776 dv-cinder-850320-1-smb devstack@c-api.service[110869]: INFO cinder.api.openstack.wsgi [None req-6d7f9631-397e-4e01-8376-6c0273a7e31c tempest-QosSpecsTestJSON-1728319494 tempest-QosSpecsTestJSON-1728319494-project-admin] GET http://10.222.0.64/volume/v3/f17dc520cb7a4971a5b799cf77311006/qos-specs/9a7981eb-3570-4792-b28c-d5fe30bd5753/associate?vol_type_id=76876b64-0b2c-46f3-ae60-e7d6ee0834b8
Jul 21 08:30:59.401646 dv-cinder-850320-1-smb devstack@c-api.service[110869]: DEBUG cinder.api.openstack.wsgi [None req-6d7f9631-397e-4e01-8376-6c0273a7e31c tempest-QosSpecsTestJSON-1728319494 tempest-QosSpecsTestJSON-1728319494-project-admin] Empty body provided in request {{(pid=110869) get_body /opt/stack/cinder/cinder/api/openstack/wsgi.py:715}}
Jul 21 08:30:59.402093 dv-cinder-850320-1-smb devstack@c-api.service[110869]: DEBUG cinder.api.openstack.wsgi [None req-6d7f9631-397e-4e01-8376-6c0273a7e31c tempest-QosSpecsTestJSON-1728319494 tempest-QosSpecsTestJSON-1728319494-project-admin] Calling method 'associate' {{(pid=110869) _process_stack /opt/stack/cinder/cinder/api/openstack/wsgi.py:868}}
Jul 21 08:30:59.402750 dv-cinder-850320-1-smb devstack@c-api.service[110869]: /usr/local/lib/python3.8/dist-packages/oslo_context/context.py:100: DeprecationWarning: Policy enforcement is depending on the value of is_admin. This key is deprecated. Please update your policy file to use the standard policy values.
Jul 21 08:30:59.402750 dv-cinder-850320-1-smb devstack@c-api.service[110869]: warnings.warn('Policy enforcement is depending on the value of '
Jul 21 08:30:59.403974 dv-cinder-850320-1-smb devstack@c-api.service[110869]: DEBUG cinder.api.contrib.qos_specs_manage [None req-6d7f9631-397e-4e01-8376-6c0273a7e31c tempest-QosSpecsTestJSON-1728319494 tempest-QosSpecsTestJSON-1728319494-project-admin] Associate qos_spec: 9a7981eb-3570-4792-b28c-d5fe30bd5753 with type: 76876b64-0b2c-46f3-ae60-e7d6ee0834b8 {{(pid=110869) associate /opt/stack/cinder/cinder/api/contrib/qos_specs_manage.py:275}}
Jul 21 08:30:59.465721 dv-cinder-850320-1-smb devstack@c-api.service[110869]: INFO cinder.api.openstack.wsgi [None req-6d7f9631-397e-4e01-8376-6c0273a7e31c tempest-QosSpecsTestJSON-1728319494 tempest-QosSpecsTestJSON-1728319494-project-admin] http://10.222.0.64/volume/v3/f17dc520cb7a4971a5b799cf77311006/qos-specs/9a7981eb-3570-4792-b28c-d5fe30bd5753/associate?vol_type_id=76876b64-0b2c-46f3-ae60-e7d6ee0834b8 returned with HTTP 202
Jul 21 08:30:59.466598 dv-cinder-850320-1-smb devstack@c-api.service[110869]: [pid: 110869|app: 0|req: 139/290] 10.222.0.64 () {58 vars in 1457 bytes} [Thu Jul 21 08:30:59 2022] GET /volume/v3/f17dc520cb7a4971a5b799cf77311006/qos-specs/9a7981eb-3570-4792-b28c-d5fe30bd5753/associate?vol_type_id=76876b64-0b2c-46f3-ae60-e7d6ee0834b8 => generated 0 bytes in 74 msecs (HTTP/1.1 202) 6 headers in 233 bytes (1 switches on core 0)
Jul 21 08:30:59.471955 dv-cinder-850320-1-smb devstack@c-api.service[110868]: DEBUG cinder.api.middleware.request_id [None req-9d995546-2dc9-4f1b-85fd-c3cbaad2cd91 None None] RequestId filter calling following filter/app {{(pid=110868) _context_setter /opt/stack/cinder/cinder/api/middleware/request_id.py:62}}
Jul 21 08:30:59.477116 dv-cinder-850320-1-smb devstack@c-api.service[110868]: INFO cinder.api.openstack.wsgi [None req-9d995546-2dc9-4f1b-85fd-c3cbaad2cd91 tempest-QosSpecsTestJSON-1728319494 tempest-QosSpecsTestJSON-1728319494-project-admin] GET http://10.222.0.64/volume/v3/f17dc520cb7a4971a5b799cf77311006/qos-specs/9a7981eb-3570-4792-b28c-d5fe30bd5753/associations
Jul 21 08:30:59.477638 dv-cinder-850320-1-smb devstack@c-api.service[110868]: DEBUG cinder.api.openstack.wsgi [None req-9d995546-2dc9-4f1b-85fd-c3cbaad2cd91 tempest-QosSpecsTestJSON-1728319494 tempest-QosSpecsTestJSON-1728319494-project-admin] Empty body provided in request {{(pid=110868) get_body /opt/stack/cinder/cinder/api/openstack/wsgi.py:715}}
Jul 21 08:30:59.478011 dv-cinder-850320-1-smb devstack@c-api.service[110868]: DEBUG cinder.api.openstack.wsgi [None req-9d995546-2dc9-4f1b-85fd-c3cbaad2cd91 tempest-QosSpecsTestJSON-1728319494 tempest-QosSpecsTestJSON-1728319494-project-admin] Calling method 'associations' {{(pid=110868) _process_stack /opt/stack/cinder/cinder/api/openstack/wsgi.py:868}}
Jul 21 08:30:59.478675 dv-cinder-850320-1-smb devstack@c-api.service[110868]: /usr/local/lib/python3.8/dist-packages/oslo_context/context.py:100: DeprecationWarning: Policy enforcement is depending on the value of is_admin. This key is deprecated. Please update your policy file to use the standard policy values.
Jul 21 08:30:59.478675 dv-cinder-850320-1-smb devstack@c-api.service[110868]: warnings.warn('Policy enforcement is depending on the value of '
Jul 21 08:30:59.489747 dv-cinder-850320-1-smb devstack@c-api.service[110868]: DEBUG cinder.api.contrib.qos_specs_manage [None req-9d995546-2dc9-4f1b-85fd-c3cbaad2cd91 tempest-QosSpecsTestJSON-1728319494 tempest-QosSpecsTestJSON-1728319494-project-admin] Get associations for qos_spec id: 9a7981eb-3570-4792-b28c-d5fe30bd5753 {{(pid=110868) associations /opt/stack/cinder/cinder/api/contrib/qos_specs_manage.py:233}}
Jul 21 08:30:59.516650 dv-cinder-850320-1-smb devstack@c-api.service[110868]: INFO cinder.api.openstack.wsgi [None req-9d995546-2dc9-4f1b-85fd-c3cbaad2cd91 tempest-QosSpecsTestJSON-1728319494 tempest-QosSpecsTestJSON-1728319494-project-admin] http://10.222.0.64/volume/v3/f17dc520cb7a4971a5b799cf77311006/qos-specs/9a7981eb-3570-4792-b28c-d5fe30bd5753/associations returned with HTTP 200
Jul 21 08:30:59.517459 dv-cinder-850320-1-smb devstack@c-api.service[110868]: [pid: 110868|app: 0|req: 152/291] 10.222.0.64 () {58 vars in 1369 bytes} [Thu Jul 21 08:30:59 2022] GET /volume/v3/f17dc520cb7a4971a5b799cf77311006/qos-specs/9a7981eb-3570-4792-b28c-d5fe30bd5753/associations => generated 446 bytes in 47 msecs (HTTP/1.1 200) 7 headers in 285 bytes (2 switches on core 0)
Jul 21 08:30:59.535423 dv-cinder-850320-1-smb devstack@c-api.service[110869]: DEBUG cinder.api.middleware.request_id [None req-95ef3b65-3779-4611-b065-d78c5264aa88 None None] RequestId filter calling following filter/app {{(pid=110869) _context_setter /opt/stack/cinder/cinder/api/middleware/request_id.py:62}}
Jul 21 08:30:59.541813 dv-cinder-850320-1-smb devstack@c-api.service[110869]: INFO cinder.api.openstack.wsgi [None req-95ef3b65-3779-4611-b065-d78c5264aa88 tempest-QosSpecsTestJSON-1728319494 tempest-QosSpecsTestJSON-1728319494-project-admin] GET http://10.222.0.64/volume/v3/f17dc520cb7a4971a5b799cf77311006/qos-specs/9a7981eb-3570-4792-b28c-d5fe30bd5753/disassociate?vol_type_id=51b9cd27-cfd1-4db5-94f5-613b5c6044be
Jul 21 08:30:59.542543 dv-cinder-850320-1-smb devstack@c-api.service[110869]: DEBUG cinder.api.openstack.wsgi [None req-95ef3b65-3779-4611-b065-d78c5264aa88 tempest-QosSpecsTestJSON-1728319494 tempest-QosSpecsTestJSON-1728319494-project-admin] Empty body provided in request {{(pid=110869) get_body /opt/stack/cinder/cinder/api/openstack/wsgi.py:715}}
Jul 21 08:30:59.544176 dv-cinder-850320-1-smb devstack@c-api.service[110869]: DEBUG cinder.api.openstack.wsgi [None req-95ef3b65-3779-4611-b065-d78c5264aa88 tempest-QosSpecsTestJSON-1728319494 tempest-QosSpecsTestJSON-1728319494-project-admin] Calling method 'disassociate' {{(pid=110869) _process_stack /opt/stack/cinder/cinder/api/openstack/wsgi.py:868}}
Jul 21 08:30:59.546254 dv-cinder-850320-1-smb devstack@c-api.service[110869]: /usr/local/lib/python3.8/dist-packages/oslo_context/context.py:100: DeprecationWarning: Policy enforcement is depending on the value of is_admin. This key is deprecated. Please update your policy file to use the standard policy values.
Jul 21 08:30:59.546254 dv-cinder-850320-1-smb devstack@c-api.service[110869]: warnings.warn('Policy enforcement is depending on the value of '
Jul 21 08:30:59.547463 dv-cinder-850320-1-smb devstack@c-api.service[110869]: DEBUG cinder.api.contrib.qos_specs_manage [None req-95ef3b65-3779-4611-b065-d78c5264aa88 tempest-QosSpecsTestJSON-1728319494 tempest-QosSpecsTestJSON-1728319494-project-admin] Disassociate qos_spec: 9a7981eb-3570-4792-b28c-d5fe30bd5753 from type: 51b9cd27-cfd1-4db5-94f5-613b5c6044be {{(pid=110869) disassociate /opt/stack/cinder/cinder/api/contrib/qos_specs_manage.py:327}}
Jul 21 08:30:59.574843 dv-cinder-850320-1-smb devstack@c-api.service[110869]: INFO cinder.api.openstack.wsgi [None req-95ef3b65-3779-4611-b065-d78c5264aa88 tempest-QosSpecsTestJSON-1728319494 tempest-QosSpecsTestJSON-1728319494-project-admin] http://10.222.0.64/volume/v3/f17dc520cb7a4971a5b799cf77311006/qos-specs/9a7981eb-3570-4792-b28c-d5fe30bd5753/disassociate?vol_type_id=51b9cd27-cfd1-4db5-94f5-613b5c6044be returned with HTTP 202
Jul 21 08:30:59.576159 dv-cinder-850320-1-smb devstack@c-api.service[110869]: [pid: 110869|app: 0|req: 140/292] 10.222.0.64 () {58 vars in 1466 bytes} [Thu Jul 21 08:30:59 2022] GET /volume/v3/f17dc520cb7a4971a5b799cf77311006/qos-specs/9a7981eb-3570-4792-b28c-d5fe30bd5753/disassociate?vol_type_id=51b9cd27-cfd1-4db5-94f5-613b5c6044be => generated 0 bytes in 51 msecs (HTTP/1.1 202) 6 headers in 233 bytes (1 switches on core 0)
Jul 21 08:30:59.581171 dv-cinder-850320-1-smb devstack@c-api.service[110868]: DEBUG cinder.api.middleware.request_id [None req-c006deaf-7c74-4554-b2c3-82b2ba947fea None None] RequestId filter calling following filter/app {{(pid=110868) _context_setter /opt/stack/cinder/cinder/api/middleware/request_id.py:62}}
Jul 21 08:30:59.587401 dv-cinder-850320-1-smb devstack@c-api.service[110868]: INFO cinder.api.openstack.wsgi [None req-c006deaf-7c74-4554-b2c3-82b2ba947fea tempest-QosSpecsTestJSON-1728319494 tempest-QosSpecsTestJSON-1728319494-project-admin] GET http://10.222.0.64/volume/v3/f17dc520cb7a4971a5b799cf77311006/qos-specs/9a7981eb-3570-4792-b28c-d5fe30bd5753/associations
Jul 21 08:30:59.588089 dv-cinder-850320-1-smb devstack@c-api.service[110868]: DEBUG cinder.api.openstack.wsgi [None req-c006deaf-7c74-4554-b2c3-82b2ba947fea tempest-QosSpecsTestJSON-1728319494 tempest-QosSpecsTestJSON-1728319494-project-admin] Empty body provided in request {{(pid=110868) get_body /opt/stack/cinder/cinder/api/openstack/wsgi.py:715}}
Jul 21 08:30:59.588811 dv-cinder-850320-1-smb devstack@c-api.service[110868]: DEBUG cinder.api.openstack.wsgi [None req-c006deaf-7c74-4554-b2c3-82b2ba947fea tempest-QosSpecsTestJSON-1728319494 tempest-QosSpecsTestJSON-1728319494-project-admin] Calling method 'associations' {{(pid=110868) _process_stack /opt/stack/cinder/cinder/api/openstack/wsgi.py:868}}
Jul 21 08:30:59.589497 dv-cinder-850320-1-smb devstack@c-api.service[110868]: /usr/local/lib/python3.8/dist-packages/oslo_context/context.py:100: DeprecationWarning: Policy enforcement is depending on the value of is_admin. This key is deprecated. Please update your policy file to use the standard policy values.
Jul 21 08:30:59.589497 dv-cinder-850320-1-smb devstack@c-api.service[110868]: warnings.warn('Policy enforcement is depending on the value of '
Jul 21 08:30:59.590164 dv-cinder-850320-1-smb devstack@c-api.service[110868]: DEBUG cinder.api.contrib.qos_specs_manage [None req-c006deaf-7c74-4554-b2c3-82b2ba947fea tempest-QosSpecsTestJSON-1728319494 tempest-QosSpecsTestJSON-1728319494-project-admin] Get associations for qos_spec id: 9a7981eb-3570-4792-b28c-d5fe30bd5753 {{(pid=110868) associations /opt/stack/cinder/cinder/api/contrib/qos_specs_manage.py:233}}
Jul 21 08:30:59.622489 dv-cinder-850320-1-smb devstack@c-api.service[110868]: INFO cinder.api.openstack.wsgi [None req-c006deaf-7c74-4554-b2c3-82b2ba947fea tempest-QosSpecsTestJSON-1728319494 tempest-QosSpecsTestJSON-1728319494-project-admin] http://10.222.0.64/volume/v3/f17dc520cb7a4971a5b799cf77311006/qos-specs/9a7981eb-3570-4792-b28c-d5fe30bd5753/associations returned with HTTP 200
Jul 21 08:30:59.627864 dv-cinder-850320-1-smb devstack@c-api.service[110868]: [pid: 110868|app: 0|req: 153/293] 10.222.0.64 () {58 vars in 1369 bytes} [Thu Jul 21 08:30:59 2022] GET /volume/v3/f17dc520cb7a4971a5b799cf77311006/qos-specs/9a7981eb-3570-4792-b28c-d5fe30bd5753/associations => generated 304 bytes in 45 msecs (HTTP/1.1 200) 7 headers in 285 bytes (1 switches on core 0)
Jul 21 08:30:59.629870 dv-cinder-850320-1-smb devstack@c-api.service[110869]: DEBUG cinder.api.middleware.request_id [None req-2ce662e3-4cf5-4e62-a602-5ce7621d722d None None] RequestId filter calling following filter/app {{(pid=110869) _context_setter /opt/stack/cinder/cinder/api/middleware/request_id.py:62}}
Jul 21 08:30:59.637356 dv-cinder-850320-1-smb devstack@c-api.service[110869]: INFO cinder.api.openstack.wsgi [None req-2ce662e3-4cf5-4e62-a602-5ce7621d722d tempest-QosSpecsTestJSON-1728319494 tempest-QosSpecsTestJSON-1728319494-project-admin] GET http://10.222.0.64/volume/v3/f17dc520cb7a4971a5b799cf77311006/qos-specs/9a7981eb-3570-4792-b28c-d5fe30bd5753/disassociate_all
Jul 21 08:30:59.637591 dv-cinder-850320-1-smb devstack@c-api.service[110869]: DEBUG cinder.api.openstack.wsgi [None req-2ce662e3-4cf5-4e62-a602-5ce7621d722d tempest-QosSpecsTestJSON-1728319494 tempest-QosSpecsTestJSON-1728319494-project-admin] Empty body provided in request {{(pid=110869) get_body /opt/stack/cinder/cinder/api/openstack/wsgi.py:715}}
Jul 21 08:30:59.639889 dv-cinder-850320-1-smb devstack@c-api.service[110869]: DEBUG cinder.api.openstack.wsgi [None req-2ce662e3-4cf5-4e62-a602-5ce7621d722d tempest-QosSpecsTestJSON-1728319494 tempest-QosSpecsTestJSON-1728319494-project-admin] Calling method 'disassociate_all' {{(pid=110869) _process_stack /opt/stack/cinder/cinder/api/openstack/wsgi.py:868}}
Jul 21 08:30:59.641454 dv-cinder-850320-1-smb devstack@c-api.service[110869]: /usr/local/lib/python3.8/dist-packages/oslo_context/context.py:100: DeprecationWarning: Policy enforcement is depending on the value of is_admin. This key is deprecated. Please update your policy file to use the standard policy values.
Jul 21 08:30:59.641454 dv-cinder-850320-1-smb devstack@c-api.service[110869]: warnings.warn('Policy enforcement is depending on the value of '
Jul 21 08:30:59.642165 dv-cinder-850320-1-smb devstack@c-api.service[110869]: DEBUG cinder.api.contrib.qos_specs_manage [None req-2ce662e3-4cf5-4e62-a602-5ce7621d722d tempest-QosSpecsTestJSON-1728319494 tempest-QosSpecsTestJSON-1728319494-project-admin] Disassociate qos_spec: 9a7981eb-3570-4792-b28c-d5fe30bd5753 from all. {{(pid=110869) disassociate_all /opt/stack/cinder/cinder/api/contrib/qos_specs_manage.py:361}}
Jul 21 08:30:59.687074 dv-cinder-850320-1-smb devstack@c-api.service[110869]: INFO cinder.api.openstack.wsgi [None req-2ce662e3-4cf5-4e62-a602-5ce7621d722d tempest-QosSpecsTestJSON-1728319494 tempest-QosSpecsTestJSON-1728319494-project-admin] http://10.222.0.64/volume/v3/f17dc520cb7a4971a5b799cf77311006/qos-specs/9a7981eb-3570-4792-b28c-d5fe30bd5753/disassociate_all returned with HTTP 202
Jul 21 08:30:59.691042 dv-cinder-850320-1-smb devstack@c-api.service[110869]: [pid: 110869|app: 0|req: 141/294] 10.222.0.64 () {58 vars in 1381 bytes} [Thu Jul 21 08:30:59 2022] GET /volume/v3/f17dc520cb7a4971a5b799cf77311006/qos-specs/9a7981eb-3570-4792-b28c-d5fe30bd5753/disassociate_all => generated 0 bytes in 60 msecs (HTTP/1.1 202) 6 headers in 233 bytes (1 switches on core 0)
Jul 21 08:30:59.693130 dv-cinder-850320-1-smb devstack@c-api.service[110868]: DEBUG cinder.api.middleware.request_id [None req-7ade98ab-55c0-4208-b898-64793b09ddb2 None None] RequestId filter calling following filter/app {{(pid=110868) _context_setter /opt/stack/cinder/cinder/api/middleware/request_id.py:62}}
Jul 21 08:30:59.698324 dv-cinder-850320-1-smb devstack@c-api.service[110868]: INFO cinder.api.openstack.wsgi [None req-7ade98ab-55c0-4208-b898-64793b09ddb2 tempest-QosSpecsTestJSON-1728319494 tempest-QosSpecsTestJSON-1728319494-project-admin] GET http://10.222.0.64/volume/v3/f17dc520cb7a4971a5b799cf77311006/qos-specs/9a7981eb-3570-4792-b28c-d5fe30bd5753/associations
Jul 21 08:30:59.698768 dv-cinder-850320-1-smb devstack@c-api.service[110868]: DEBUG cinder.api.openstack.wsgi [None req-7ade98ab-55c0-4208-b898-64793b09ddb2 tempest-QosSpecsTestJSON-1728319494 tempest-QosSpecsTestJSON-1728319494-project-admin] Empty body provided in request {{(pid=110868) get_body /opt/stack/cinder/cinder/api/openstack/wsgi.py:715}}
Jul 21 08:30:59.699222 dv-cinder-850320-1-smb devstack@c-api.service[110868]: DEBUG cinder.api.openstack.wsgi [None req-7ade98ab-55c0-4208-b898-64793b09ddb2 tempest-QosSpecsTestJSON-1728319494 tempest-QosSpecsTestJSON-1728319494-project-admin] Calling method 'associations' {{(pid=110868) _process_stack /opt/stack/cinder/cinder/api/openstack/wsgi.py:868}}
Jul 21 08:30:59.699906 dv-cinder-850320-1-smb devstack@c-api.service[110868]: /usr/local/lib/python3.8/dist-packages/oslo_context/context.py:100: DeprecationWarning: Policy enforcement is depending on the value of is_admin. This key is deprecated. Please update your policy file to use the standard policy values.
Jul 21 08:30:59.699906 dv-cinder-850320-1-smb devstack@c-api.service[110868]: warnings.warn('Policy enforcement is depending on the value of '
Jul 21 08:30:59.700965 dv-cinder-850320-1-smb devstack@c-api.service[110868]: DEBUG cinder.api.contrib.qos_specs_manage [None req-7ade98ab-55c0-4208-b898-64793b09ddb2 tempest-QosSpecsTestJSON-1728319494 tempest-QosSpecsTestJSON-1728319494-project-admin] Get associations for qos_spec id: 9a7981eb-3570-4792-b28c-d5fe30bd5753 {{(pid=110868) associations /opt/stack/cinder/cinder/api/contrib/qos_specs_manage.py:233}}
Jul 21 08:30:59.726045 dv-cinder-850320-1-smb devstack@c-api.service[110868]: INFO cinder.api.openstack.wsgi [None req-7ade98ab-55c0-4208-b898-64793b09ddb2 tempest-QosSpecsTestJSON-1728319494 tempest-QosSpecsTestJSON-1728319494-project-admin] http://10.222.0.64/volume/v3/f17dc520cb7a4971a5b799cf77311006/qos-specs/9a7981eb-3570-4792-b28c-d5fe30bd5753/associations returned with HTTP 200
Jul 21 08:30:59.732523 dv-cinder-850320-1-smb devstack@c-api.service[110868]: [pid: 110868|app: 0|req: 154/295] 10.222.0.64 () {58 vars in 1369 bytes} [Thu Jul 21 08:30:59 2022] GET /volume/v3/f17dc520cb7a4971a5b799cf77311006/qos-specs/9a7981eb-3570-4792-b28c-d5fe30bd5753/associations => generated 24 bytes in 37 msecs (HTTP/1.1 200) 7 headers in 284 bytes (1 switches on core 0)
Jul 21 08:30:59.734676 dv-cinder-850320-1-smb devstack@c-api.service[110869]: DEBUG cinder.api.middleware.request_id [None req-1eeaa651-7691-475e-b9d2-fea581109b7d None None] RequestId filter calling following filter/app {{(pid=110869) _context_setter /opt/stack/cinder/cinder/api/middleware/request_id.py:62}}
Jul 21 08:30:59.739487 dv-cinder-850320-1-smb devstack@c-api.service[110869]: INFO cinder.api.openstack.wsgi [None req-1eeaa651-7691-475e-b9d2-fea581109b7d tempest-QosSpecsTestJSON-1728319494 tempest-QosSpecsTestJSON-1728319494-project-admin] POST http://10.222.0.64/volume/v3/f17dc520cb7a4971a5b799cf77311006/qos-specs
Jul 21 08:30:59.740239 dv-cinder-850320-1-smb devstack@c-api.service[110869]: DEBUG cinder.api.openstack.wsgi [None req-1eeaa651-7691-475e-b9d2-fea581109b7d tempest-QosSpecsTestJSON-1728319494 tempest-QosSpecsTestJSON-1728319494-project-admin] Action: 'create', calling method: create, body: {"qos_specs": {"name": "tempest-QosSpecsTestJSON-qos-1721883168", "consumer": "back-end"}} {{(pid=110869) _process_stack /opt/stack/cinder/cinder/api/openstack/wsgi.py:866}}
Jul 21 08:30:59.741342 dv-cinder-850320-1-smb devstack@c-api.service[110869]: /usr/local/lib/python3.8/dist-packages/oslo_context/context.py:100: DeprecationWarning: Policy enforcement is depending on the value of is_admin. This key is deprecated. Please update your policy file to use the standard policy values.
Jul 21 08:30:59.741342 dv-cinder-850320-1-smb devstack@c-api.service[110869]: warnings.warn('Policy enforcement is depending on the value of '
Jul 21 08:30:59.742041 dv-cinder-850320-1-smb devstack@c-api.service[110869]: DEBUG cinder.volume.qos_specs [None req-1eeaa651-7691-475e-b9d2-fea581109b7d tempest-QosSpecsTestJSON-1728319494 tempest-QosSpecsTestJSON-1728319494-project-admin] Dict for qos_specs: {'name': 'tempest-QosSpecsTestJSON-qos-1721883168', 'consumer': 'back-end', 'specs': {}} {{(pid=110869) create /opt/stack/cinder/cinder/volume/qos_specs.py:64}}
Jul 21 08:30:59.744737 dv-cinder-850320-1-smb devstack@c-api.service[110868]: DEBUG cinder.api.middleware.request_id [None req-fa240dc3-c4cd-4b15-a77a-53b6ce21d002 None None] RequestId filter calling following filter/app {{(pid=110868) _context_setter /opt/stack/cinder/cinder/api/middleware/request_id.py:62}}
Jul 21 08:30:59.758518 dv-cinder-850320-1-smb devstack@c-api.service[110868]: INFO cinder.api.openstack.wsgi [None req-fa240dc3-c4cd-4b15-a77a-53b6ce21d002 tempest-GroupSnapshotsTest-73159222 tempest-GroupSnapshotsTest-73159222-project] GET http://10.222.0.64/volume/v3/f33ad73ca971454fa0a41fa8e645c79c/volumes/576b5606-3f2f-41fb-8116-b70daa353be6
Jul 21 08:30:59.759017 dv-cinder-850320-1-smb devstack@c-api.service[110868]: DEBUG cinder.api.openstack.wsgi [None req-fa240dc3-c4cd-4b15-a77a-53b6ce21d002 tempest-GroupSnapshotsTest-73159222 tempest-GroupSnapshotsTest-73159222-project] Empty body provided in request {{(pid=110868) get_body /opt/stack/cinder/cinder/api/openstack/wsgi.py:715}}
Jul 21 08:30:59.759815 dv-cinder-850320-1-smb devstack@c-api.service[110868]: DEBUG cinder.api.openstack.wsgi [None req-fa240dc3-c4cd-4b15-a77a-53b6ce21d002 tempest-GroupSnapshotsTest-73159222 tempest-GroupSnapshotsTest-73159222-project] Calling method 'show' {{(pid=110868) _process_stack /opt/stack/cinder/cinder/api/openstack/wsgi.py:868}}
Jul 21 08:30:59.767731 dv-cinder-850320-1-smb devstack@c-api.service[110869]: DEBUG cinder.db.sqlalchemy.api [None req-1eeaa651-7691-475e-b9d2-fea581109b7d tempest-QosSpecsTestJSON-1728319494 tempest-QosSpecsTestJSON-1728319494-project-admin] DB qos_specs_create(): root {'id': '2749a687-2abf-4aa0-8fc8-c4622dcfe062', 'key': 'QoS_Specs_Name', 'value': 'tempest-QosSpecsTestJSON-qos-1721883168'} {{(pid=110869) qos_specs_create /opt/stack/cinder/cinder/db/sqlalchemy/api.py:5586}}
Jul 21 08:30:59.791479 dv-cinder-850320-1-smb devstack@c-api.service[110869]: INFO cinder.api.openstack.wsgi [None req-1eeaa651-7691-475e-b9d2-fea581109b7d tempest-QosSpecsTestJSON-1728319494 tempest-QosSpecsTestJSON-1728319494-project-admin] http://10.222.0.64/volume/v3/f17dc520cb7a4971a5b799cf77311006/qos-specs returned with HTTP 200
Jul 21 08:30:59.792544 dv-cinder-850320-1-smb devstack@c-api.service[110869]: [pid: 110869|app: 0|req: 142/296] 10.222.0.64 () {60 vars in 1240 bytes} [Thu Jul 21 08:30:59 2022] POST /volume/v3/f17dc520cb7a4971a5b799cf77311006/qos-specs => generated 435 bytes in 59 msecs (HTTP/1.1 200) 7 headers in 285 bytes (1 switches on core 0)
Jul 21 08:30:59.795848 dv-cinder-850320-1-smb devstack@c-api.service[110868]: /usr/local/lib/python3.8/dist-packages/oslo_context/context.py:100: DeprecationWarning: Policy enforcement is depending on the value of is_admin. This key is deprecated. Please update your policy file to use the standard policy values.
