Aug 02 08:24:14.431468 dv-cinder-850318-5-iscsi neutron-server[103974]: DEBUG neutron.plugins.ml2.drivers.mech_agent [req-2f96bd59-9bd3-4b12-8374-c2da702c0b2b req-fc7ffaee-0aac-4875-92b1-cf3c8df59bac service neutron] Port 1398a015-29fa-41ab-b455-61895da64cc5 on network 90f989df-683e-4a44-82e4-f72b0c14780c not bound, no agent of type Open vSwitch agent registered on host hv-cinder-85031 {{(pid=103974) bind_port /opt/stack/neutron/neutron/plugins/ml2/drivers/mech_agent.py:103}}
Aug 02 08:24:14.431802 dv-cinder-850318-5-iscsi neutron-server[103974]: DEBUG neutron.plugins.ml2.drivers.mech_agent [req-2f96bd59-9bd3-4b12-8374-c2da702c0b2b req-fc7ffaee-0aac-4875-92b1-cf3c8df59bac service neutron] Attempting to bind port 1398a015-29fa-41ab-b455-61895da64cc5 on network 90f989df-683e-4a44-82e4-f72b0c14780c {{(pid=103974) bind_port /opt/stack/neutron/neutron/plugins/ml2/drivers/mech_agent.py:91}}
Aug 02 08:24:14.437747 dv-cinder-850318-5-iscsi neutron-server[103974]: DEBUG neutron.plugins.ml2.drivers.mech_agent [req-2f96bd59-9bd3-4b12-8374-c2da702c0b2b req-fc7ffaee-0aac-4875-92b1-cf3c8df59bac service neutron] Checking agent: {'id': 'c2f7d1e5-8d12-45a9-9576-5921e54e318d', 'agent_type': 'HyperV agent', 'binary': 'neutron-hyperv-agent', 'topic': 'N/A', 'host': 'hv-cinder-85031', 'admin_state_up': True, 'created_at': datetime.datetime(2022, 8, 2, 8, 21, 31), 'started_at': datetime.datetime(2022, 8, 2, 8, 21, 31), 'heartbeat_timestamp': datetime.datetime(2022, 8, 2, 8, 24, 1), 'description': None, 'resources_synced': None, 'availability_zone': None, 'alive': True, 'configurations': {'vswitch_mappings': {'physnet1$': 'br-data'}}, 'resource_versions': {}} {{(pid=103974) bind_port /opt/stack/neutron/neutron/plugins/ml2/drivers/mech_agent.py:110}}
Aug 02 08:24:14.438123 dv-cinder-850318-5-iscsi neutron-server[103974]: DEBUG neutron.plugins.ml2.drivers.mech_agent [req-2f96bd59-9bd3-4b12-8374-c2da702c0b2b req-fc7ffaee-0aac-4875-92b1-cf3c8df59bac service neutron] Checking segment: {'id': '4721f21b-ed88-4a3f-8890-8ca80a9539ef', 'network_type': 'vlan', 'physical_network': 'physnet1', 'segmentation_id': 113, 'network_id': '90f989df-683e-4a44-82e4-f72b0c14780c'} for mappings: {'physnet1$': 'br-data'} with network types: ['local', 'flat', 'vlan'] {{(pid=103974) check_segment_for_agent /opt/stack/neutron/neutron/plugins/ml2/drivers/mech_agent.py:373}}
Aug 02 08:24:14.438502 dv-cinder-850318-5-iscsi neutron-server[103974]: DEBUG neutron.plugins.ml2.drivers.mech_agent [req-2f96bd59-9bd3-4b12-8374-c2da702c0b2b req-fc7ffaee-0aac-4875-92b1-cf3c8df59bac service neutron] Bound using segment: {'id': '4721f21b-ed88-4a3f-8890-8ca80a9539ef', 'network_type': 'vlan', 'physical_network': 'physnet1', 'segmentation_id': 113, 'network_id': '90f989df-683e-4a44-82e4-f72b0c14780c'} {{(pid=103974) bind_port /opt/stack/neutron/neutron/plugins/ml2/drivers/mech_agent.py:120}}
Aug 02 08:24:14.438929 dv-cinder-850318-5-iscsi neutron-server[103974]: DEBUG neutron.plugins.ml2.managers [req-2f96bd59-9bd3-4b12-8374-c2da702c0b2b req-fc7ffaee-0aac-4875-92b1-cf3c8df59bac service neutron] Bound port: 1398a015-29fa-41ab-b455-61895da64cc5, host: hv-cinder-85031, vif_type: hyperv, vif_details: {"connectivity": "legacy", "port_filter": false}, binding_levels: [{'bound_driver': 'hyperv', 'bound_segment': {'id': '4721f21b-ed88-4a3f-8890-8ca80a9539ef', 'network_type': 'vlan', 'physical_network': 'physnet1', 'segmentation_id': 113, 'network_id': '90f989df-683e-4a44-82e4-f72b0c14780c'}}] {{(pid=103974) _bind_port_level /opt/stack/neutron/neutron/plugins/ml2/managers.py:947}}
Aug 02 08:24:14.439286 dv-cinder-850318-5-iscsi neutron-server[103974]: DEBUG neutron_lib.callbacks.manager [req-2f96bd59-9bd3-4b12-8374-c2da702c0b2b req-fc7ffaee-0aac-4875-92b1-cf3c8df59bac service neutron] Publish callbacks ['neutron.plugins.ml2.plugin.SecurityGroupDbMixin._ensure_default_security_group_handler-1430818'] for port (1398a015-29fa-41ab-b455-61895da64cc5), before_update {{(pid=103974) _notify_loop /usr/local/lib/python3.8/dist-packages/neutron_lib/callbacks/manager.py:176}}
Aug 02 08:24:14.450726 dv-cinder-850318-5-iscsi neutron-server[103974]: DEBUG neutron_lib.callbacks.manager [None req-c6acb667-b1cc-4236-858c-083ff37fc1c0 admin admin] Publish callbacks ['neutron.plugins.ml2.ovo_rpc._ObjectChangeHandler.handle_event-1009526'] for security_group (822c8cf0-185a-4b5a-867f-64ccaa607ca0), after_create {{(pid=103974) _notify_loop /usr/local/lib/python3.8/dist-packages/neutron_lib/callbacks/manager.py:176}}
Aug 02 08:24:14.473297 dv-cinder-850318-5-iscsi neutron-server[103973]: DEBUG neutron.pecan_wsgi.hooks.policy_enforcement [req-5f876f22-834f-416f-b8e6-748a166a4889 req-183ff70c-7587-4507-ba7b-a7d5030990fb tempest-AttachVolumeTestJSON-47131028 tempest-AttachVolumeTestJSON-47131028-project] Attributes excluded by policy engine: ['standard_attr_id', 'binding:profile', 'binding:host_id', 'binding:vif_type', 'binding:vif_details'] {{(pid=103973) _exclude_attributes_by_policy /opt/stack/neutron/neutron/pecan_wsgi/hooks/policy_enforcement.py:259}}
Aug 02 08:24:14.480820 dv-cinder-850318-5-iscsi neutron-server[103973]: INFO neutron.wsgi [req-5f876f22-834f-416f-b8e6-748a166a4889 req-183ff70c-7587-4507-ba7b-a7d5030990fb tempest-AttachVolumeTestJSON-47131028 tempest-AttachVolumeTestJSON-47131028-project] 10.222.0.57 "GET /networking/v2.0/ports?device_id=b6ca8d84-d51f-4238-a49e-53e38fc8239d HTTP/1.1" status: 200 len: 943 time: 0.1646073
Aug 02 08:24:14.511498 dv-cinder-850318-5-iscsi neutron-server[103974]: DEBUG neutron.api.rpc.handlers.resources_rpc [None req-c6acb667-b1cc-4236-858c-083ff37fc1c0 admin admin] Pushing event updated for resources: {'SecurityGroup': ['ID=822c8cf0-185a-4b5a-867f-64ccaa607ca0,revision_number=1']} {{(pid=103974) push /opt/stack/neutron/neutron/api/rpc/handlers/resources_rpc.py:237}}
Aug 02 08:24:14.517952 dv-cinder-850318-5-iscsi neutron-server[103974]: INFO neutron.wsgi [None req-c6acb667-b1cc-4236-858c-083ff37fc1c0 admin admin] 10.222.0.57 "GET /networking/v2.0/security-groups?tenant_id=c90e5260ee264f86ab7d314b2e364001&name=default HTTP/1.1" status: 200 len: 2996 time: 0.7130094
Aug 02 08:24:14.523063 dv-cinder-850318-5-iscsi neutron-server[103974]: DEBUG neutron.wsgi [-] (103974) accepted ('10.222.0.57', 33028) {{(pid=103974) server /usr/local/lib/python3.8/dist-packages/eventlet/wsgi.py:1004}}
Aug 02 08:24:14.570069 dv-cinder-850318-5-iscsi neutron-server[103974]: DEBUG neutron.plugins.ml2.db [req-2f96bd59-9bd3-4b12-8374-c2da702c0b2b req-fc7ffaee-0aac-4875-92b1-cf3c8df59bac service neutron] For port 1398a015-29fa-41ab-b455-61895da64cc5, host hv-cinder-85031, cleared binding levels {{(pid=103974) clear_binding_levels /opt/stack/neutron/neutron/plugins/ml2/db.py:87}}
Aug 02 08:24:14.588654 dv-cinder-850318-5-iscsi neutron-server[103974]: DEBUG neutron.plugins.ml2.db [req-2f96bd59-9bd3-4b12-8374-c2da702c0b2b req-fc7ffaee-0aac-4875-92b1-cf3c8df59bac service neutron] For port 1398a015-29fa-41ab-b455-61895da64cc5, host hv-cinder-85031, set binding levels [PortBindingLevel(driver='hyperv',host='hv-cinder-85031',level=0,port_id=1398a015-29fa-41ab-b455-61895da64cc5,segment=NetworkSegment(4721f21b-ed88-4a3f-8890-8ca80a9539ef),segment_id=4721f21b-ed88-4a3f-8890-8ca80a9539ef)] {{(pid=103974) set_binding_levels /opt/stack/neutron/neutron/plugins/ml2/db.py:59}}
Aug 02 08:24:14.594666 dv-cinder-850318-5-iscsi neutron-server[103974]: DEBUG dbcounter [-] [103974] Writing DB stats neutron:SELECT=93,neutron:UPDATE=2,neutron:INSERT=5 {{(pid=103974) stat_writer /usr/local/lib/python3.8/dist-packages/dbcounter.py:114}}
Aug 02 08:24:14.603389 dv-cinder-850318-5-iscsi neutron-server[103974]: DEBUG neutron_lib.callbacks.manager [req-2f96bd59-9bd3-4b12-8374-c2da702c0b2b req-fc7ffaee-0aac-4875-92b1-cf3c8df59bac service neutron] Publish callbacks ['neutron.plugins.ml2.plugin.SecurityGroupServerNotifierRpcMixin._notify_sg_on_port_change-1430881', 'neutron.plugins.ml2.ovo_rpc._ObjectChangeHandler.handle_event-71730', 'neutron.api.rpc.agentnotifiers.dhcp_rpc_agent_api.DhcpAgentNotifyAPI._native_event_send_dhcp_notification-537952', 'neutron.db.l3_db.L3RpcNotifierMixin._notify_gateway_port_ip_changed-8750432551635', 'neutron.db.l3_dvrscheduler_db._notify_l3_agent_port_update-8750432088962', 'neutron.db.l3_hascheduler_db._notify_l3_agent_ha_port_update-8750432088980', 'neutron.services.segments.plugin.NovaSegmentNotifier._notify_port_updated-59812111'] for port (1398a015-29fa-41ab-b455-61895da64cc5), after_update {{(pid=103974) _notify_loop /usr/local/lib/python3.8/dist-packages/neutron_lib/callbacks/manager.py:176}}
Aug 02 08:24:14.611755 dv-cinder-850318-5-iscsi neutron-server[103974]: DEBUG neutron.pecan_wsgi.hooks.policy_enforcement [req-2f96bd59-9bd3-4b12-8374-c2da702c0b2b req-fc7ffaee-0aac-4875-92b1-cf3c8df59bac service neutron] Attributes excluded by policy engine: ['standard_attr_id'] {{(pid=103974) _exclude_attributes_by_policy /opt/stack/neutron/neutron/pecan_wsgi/hooks/policy_enforcement.py:259}}
Aug 02 08:24:14.612376 dv-cinder-850318-5-iscsi neutron-server[103974]: DEBUG neutron_lib.callbacks.manager [req-2f96bd59-9bd3-4b12-8374-c2da702c0b2b req-fc7ffaee-0aac-4875-92b1-cf3c8df59bac service neutron] Publish callbacks ['neutron.notifiers.nova.Notifier._send_nova_notification-484963', 'neutron.api.rpc.agentnotifiers.dhcp_rpc_agent_api.DhcpAgentNotifyAPI._send_dhcp_notification-538002'] for port (None), before_response {{(pid=103974) _notify_loop /usr/local/lib/python3.8/dist-packages/neutron_lib/callbacks/manager.py:176}}
Aug 02 08:24:14.613784 dv-cinder-850318-5-iscsi neutron-server[103974]: INFO neutron.wsgi [req-2f96bd59-9bd3-4b12-8374-c2da702c0b2b req-fc7ffaee-0aac-4875-92b1-cf3c8df59bac service neutron] 10.222.0.66 "PUT /networking/v2.0/ports/1398a015-29fa-41ab-b455-61895da64cc5 HTTP/1.1" status: 200 len: 1093 time: 1.2912910
Aug 02 08:24:14.614569 dv-cinder-850318-5-iscsi neutron-server[103974]: DEBUG neutron.notifiers.nova [-] Sending events: [{'name': 'network-changed', 'server_uuid': 'b6ca8d84-d51f-4238-a49e-53e38fc8239d', 'tag': '1398a015-29fa-41ab-b455-61895da64cc5'}] {{(pid=103974) send_events /opt/stack/neutron/neutron/notifiers/nova.py:271}}
Aug 02 08:24:14.616818 dv-cinder-850318-5-iscsi neutron-server[103974]: DEBUG novaclient.v2.client [-] REQ: curl -g -i --cacert "/opt/stack/data/ca-bundle.pem" -X POST http://10.222.0.57/compute/v2.1/os-server-external-events -H "Accept: application/json" -H "Content-Type: application/json" -H "User-Agent: python-novaclient" -H "X-Auth-Token: {SHA256}547253c8371f458c97eceb982e84da7a21f943cc0316dfd95baa3de90a7e27f5" -H "X-OpenStack-Nova-API-Version: 2.1" -H "X-OpenStack-Request-ID: req-9a0458ba-fa07-47d3-8c42-dc9501c80755" -d '{"events": [{"name": "network-changed", "server_uuid": "b6ca8d84-d51f-4238-a49e-53e38fc8239d", "tag": "1398a015-29fa-41ab-b455-61895da64cc5"}]}' {{(pid=103974) _http_log_request /usr/local/lib/python3.8/dist-packages/keystoneauth1/session.py:519}}
Aug 02 08:24:14.632303 dv-cinder-850318-5-iscsi neutron-server[103973]: DEBUG neutron.pecan_wsgi.hooks.policy_enforcement [req-9ddbdf8a-3c84-400e-8764-54f3266e1f43 req-051dfb34-bdf3-4b9f-9724-2f85aaf15a0d tempest-AttachVolumeShelveTestJSON-1116660394 tempest-AttachVolumeShelveTestJSON-1116660394-project] Attributes excluded by policy engine: ['standard_attr_id', 'binding:profile', 'binding:host_id', 'binding:vif_type', 'binding:vif_details'] {{(pid=103973) _exclude_attributes_by_policy /opt/stack/neutron/neutron/pecan_wsgi/hooks/policy_enforcement.py:259}}
Aug 02 08:24:14.633840 dv-cinder-850318-5-iscsi neutron-server[103973]: INFO neutron.wsgi [req-9ddbdf8a-3c84-400e-8764-54f3266e1f43 req-051dfb34-bdf3-4b9f-9724-2f85aaf15a0d tempest-AttachVolumeShelveTestJSON-1116660394 tempest-AttachVolumeShelveTestJSON-1116660394-project] 10.222.0.57 "GET /networking/v2.0/ports?device_id=38ce3ef7-66df-4189-9182-63ffa4a6cabe HTTP/1.1" status: 200 len: 944 time: 0.1685138
Aug 02 08:24:14.650545 dv-cinder-850318-5-iscsi neutron-server[103974]: DEBUG neutron_lib.callbacks.manager [None req-11cf7416-0275-417a-88ad-7da761c871e9 admin admin] Publish callbacks [] for security_group (822c8cf0-185a-4b5a-867f-64ccaa607ca0), before_delete {{(pid=103974) _notify_loop /usr/local/lib/python3.8/dist-packages/neutron_lib/callbacks/manager.py:176}}
Aug 02 08:24:14.708576 dv-cinder-850318-5-iscsi neutron-server[103973]: INFO neutron.wsgi [req-5f876f22-834f-416f-b8e6-748a166a4889 req-fd7e3303-6dc7-4cd3-9882-36d95037bcc7 tempest-AttachVolumeTestJSON-47131028 tempest-AttachVolumeTestJSON-47131028-project] 10.222.0.57 "GET /networking/v2.0/security-groups?id=6aa5c191-d33f-451b-859a-8c34bc121a44&fields=id&fields=name HTTP/1.1" status: 200 len: 313 time: 0.2249739
Aug 02 08:24:14.713318 dv-cinder-850318-5-iscsi neutron-server[103974]: DEBUG neutron.api.rpc.handlers.resources_rpc [None req-fc7ffaee-0aac-4875-92b1-cf3c8df59bac service neutron] Pushing event updated for resources: {'Port': ['ID=1398a015-29fa-41ab-b455-61895da64cc5,revision_number=3']} {{(pid=103974) push /opt/stack/neutron/neutron/api/rpc/handlers/resources_rpc.py:237}}
Aug 02 08:24:14.722284 dv-cinder-850318-5-iscsi neutron-server[103974]: DEBUG neutron_lib.callbacks.manager [None req-11cf7416-0275-417a-88ad-7da761c871e9 admin admin] Publish callbacks [] for security_group (822c8cf0-185a-4b5a-867f-64ccaa607ca0), precommit_delete {{(pid=103974) _notify_loop /usr/local/lib/python3.8/dist-packages/neutron_lib/callbacks/manager.py:176}}
Aug 02 08:24:14.769553 dv-cinder-850318-5-iscsi neutron-server[103974]: DEBUG novaclient.v2.client [-] RESP: [200] Connection: close Content-Length: 179 Content-Type: application/json Date: Tue, 02 Aug 2022 08:24:14 GMT OpenStack-API-Version: compute 2.1 Server: Apache/2.4.41 (Ubuntu) Vary: OpenStack-API-Version,X-OpenStack-Nova-API-Version X-OpenStack-Nova-API-Version: 2.1 x-compute-request-id: req-16a829c8-7a14-4c4e-b7b0-35e009086f13 x-openstack-request-id: req-16a829c8-7a14-4c4e-b7b0-35e009086f13 {{(pid=103974) _http_log_response /usr/local/lib/python3.8/dist-packages/keystoneauth1/session.py:550}}
Aug 02 08:24:14.770169 dv-cinder-850318-5-iscsi neutron-server[103974]: DEBUG novaclient.v2.client [-] RESP BODY: {"events": [{"name": "network-changed", "server_uuid": "b6ca8d84-d51f-4238-a49e-53e38fc8239d", "tag": "1398a015-29fa-41ab-b455-61895da64cc5", "status": "completed", "code": 200}]} {{(pid=103974) _http_log_response /usr/local/lib/python3.8/dist-packages/keystoneauth1/session.py:582}}
Aug 02 08:24:14.770428 dv-cinder-850318-5-iscsi neutron-server[103974]: DEBUG novaclient.v2.client [-] POST call to compute for http://10.222.0.57/compute/v2.1/os-server-external-events used request id req-16a829c8-7a14-4c4e-b7b0-35e009086f13 {{(pid=103974) request /usr/local/lib/python3.8/dist-packages/keystoneauth1/session.py:954}}
Aug 02 08:24:14.771372 dv-cinder-850318-5-iscsi neutron-server[103974]: INFO neutron.notifiers.nova [-] Nova event matching ['req-16a829c8-7a14-4c4e-b7b0-35e009086f13'] response: {'name': 'network-changed', 'server_uuid': 'b6ca8d84-d51f-4238-a49e-53e38fc8239d', 'tag': '1398a015-29fa-41ab-b455-61895da64cc5', 'status': 'completed', 'code': 200}
Aug 02 08:24:14.777624 dv-cinder-850318-5-iscsi neutron-server[103973]: INFO neutron.wsgi [req-e37e69aa-1a54-4a43-9047-e07869aed505 req-d116d379-824a-43c6-bcf5-8f9e54e8e433 service neutron] 10.222.0.66 "GET /networking/v2.0/networks/58a7a636-08fd-4426-8102-78426ffe6dbf?fields=provider%3Aphysical_network&fields=provider%3Anetwork_type HTTP/1.1" status: 200 len: 281 time: 0.3938060
Aug 02 08:24:14.778678 dv-cinder-850318-5-iscsi neutron-server[103974]: DEBUG neutron.wsgi [-] (103974) accepted ('10.222.0.57', 33036) {{(pid=103974) server /usr/local/lib/python3.8/dist-packages/eventlet/wsgi.py:1004}}
Aug 02 08:24:14.791891 dv-cinder-850318-5-iscsi neutron-server[103973]: INFO neutron.wsgi [req-9ddbdf8a-3c84-400e-8764-54f3266e1f43 req-ccc66693-75e1-4eee-8d33-0e4aaf2f0f6a tempest-AttachVolumeShelveTestJSON-1116660394 tempest-AttachVolumeShelveTestJSON-1116660394-project] 10.222.0.57 "GET /networking/v2.0/security-groups?id=d674d899-6caf-4663-89db-26095380c6f9&fields=id&fields=name HTTP/1.1" status: 200 len: 313 time: 0.1420169
Aug 02 08:24:14.794580 dv-cinder-850318-5-iscsi neutron-server[103973]: INFO neutron.wsgi [req-26d4f394-e0b2-48e9-803f-fc949a6eae23 req-164578a0-a08e-4f3a-ba00-eda1e8c7b65a service neutron] 10.222.0.66 "GET /networking/v2.0/networks/3d537492-c798-45bd-b191-66d0eaa3e18a?fields=segments HTTP/1.1" status: 200 len: 212 time: 0.4097486
Aug 02 08:24:14.796398 dv-cinder-850318-5-iscsi neutron-server[103974]: DEBUG neutron_lib.callbacks.manager [None req-cb43594c-9ee6-4557-a98e-aa5b7c670e1c admin admin] Publish callbacks [] for security_group (None), before_create {{(pid=103974) _notify_loop /usr/local/lib/python3.8/dist-packages/neutron_lib/callbacks/manager.py:176}}
Aug 02 08:24:14.829387 dv-cinder-850318-5-iscsi neutron-server[103974]: DEBUG neutron_lib.callbacks.manager [None req-11cf7416-0275-417a-88ad-7da761c871e9 admin admin] Publish callbacks ['neutron.plugins.ml2.ovo_rpc._ObjectChangeHandler.handle_event-1009526'] for security_group (822c8cf0-185a-4b5a-867f-64ccaa607ca0), after_delete {{(pid=103974) _notify_loop /usr/local/lib/python3.8/dist-packages/neutron_lib/callbacks/manager.py:176}}
Aug 02 08:24:14.832312 dv-cinder-850318-5-iscsi neutron-server[103974]: DEBUG neutron_lib.callbacks.manager [None req-11cf7416-0275-417a-88ad-7da761c871e9 admin admin] Publish callbacks [] for security_group (None), before_response {{(pid=103974) _notify_loop /usr/local/lib/python3.8/dist-packages/neutron_lib/callbacks/manager.py:176}}
Aug 02 08:24:14.834144 dv-cinder-850318-5-iscsi neutron-server[103974]: INFO neutron.wsgi [None req-11cf7416-0275-417a-88ad-7da761c871e9 admin admin] 10.222.0.57 "DELETE /networking/v2.0/security-groups/822c8cf0-185a-4b5a-867f-64ccaa607ca0 HTTP/1.1" status: 204 len: 168 time: 0.3101213
Aug 02 08:24:14.845921 dv-cinder-850318-5-iscsi neutron-server[103974]: DEBUG neutron.api.rpc.handlers.resources_rpc [None req-11cf7416-0275-417a-88ad-7da761c871e9 admin admin] Pushing event deleted for resources: {'SecurityGroup': ['ID=822c8cf0-185a-4b5a-867f-64ccaa607ca0,revision_number=None']} {{(pid=103974) push /opt/stack/neutron/neutron/api/rpc/handlers/resources_rpc.py:237}}
Aug 02 08:24:14.906706 dv-cinder-850318-5-iscsi neutron-server[103974]: DEBUG neutron_lib.callbacks.manager [None req-cb43594c-9ee6-4557-a98e-aa5b7c670e1c admin admin] Publish callbacks [] for security_group (d21a48bc-3142-406b-93b0-93c88ee9e177), precommit_create {{(pid=103974) _notify_loop /usr/local/lib/python3.8/dist-packages/neutron_lib/callbacks/manager.py:176}}
Aug 02 08:24:14.910572 dv-cinder-850318-5-iscsi neutron-server[103974]: DEBUG neutron_lib.callbacks.manager [None req-cb43594c-9ee6-4557-a98e-aa5b7c670e1c admin admin] Publish callbacks ['neutron.plugins.ml2.ovo_rpc._ObjectChangeHandler.handle_event-1009526'] for security_group (d21a48bc-3142-406b-93b0-93c88ee9e177), after_create {{(pid=103974) _notify_loop /usr/local/lib/python3.8/dist-packages/neutron_lib/callbacks/manager.py:176}}
Aug 02 08:24:14.938542 dv-cinder-850318-5-iscsi neutron-server[103974]: DEBUG dbcounter [-] [103974] Writing DB stats neutron:SELECT=81,neutron:INSERT=14,neutron:UPDATE=3,neutron:DELETE=2 {{(pid=103974) stat_writer /usr/local/lib/python3.8/dist-packages/dbcounter.py:114}}
Aug 02 08:24:14.967447 dv-cinder-850318-5-iscsi neutron-server[103974]: INFO neutron.wsgi [None req-cb43594c-9ee6-4557-a98e-aa5b7c670e1c admin admin] 10.222.0.57 "GET /networking/v2.0/security-groups?tenant_id=ac5668786df647929be2ec2c1ceebb52&name=default HTTP/1.1" status: 200 len: 2996 time: 0.1870375
Aug 02 08:24:14.969142 dv-cinder-850318-5-iscsi neutron-server[103974]: DEBUG neutron.api.rpc.handlers.resources_rpc [None req-cb43594c-9ee6-4557-a98e-aa5b7c670e1c admin admin] Pushing event updated for resources: {'SecurityGroup': ['ID=d21a48bc-3142-406b-93b0-93c88ee9e177,revision_number=1']} {{(pid=103974) push /opt/stack/neutron/neutron/api/rpc/handlers/resources_rpc.py:237}}
Aug 02 08:24:14.970210 dv-cinder-850318-5-iscsi neutron-server[103973]: DEBUG neutron.wsgi [-] (103973) accepted ('10.222.0.57', 33042) {{(pid=103973) server /usr/local/lib/python3.8/dist-packages/eventlet/wsgi.py:1004}}
Aug 02 08:24:15.027012 dv-cinder-850318-5-iscsi neutron-server[103973]: DEBUG neutron_lib.callbacks.manager [None req-b6191fe5-1be9-47a1-ae16-9aecff62dd35 admin admin] Publish callbacks [] for security_group (d21a48bc-3142-406b-93b0-93c88ee9e177), before_delete {{(pid=103973) _notify_loop /usr/local/lib/python3.8/dist-packages/neutron_lib/callbacks/manager.py:176}}
Aug 02 08:24:15.051321 dv-cinder-850318-5-iscsi neutron-server[103973]: DEBUG neutron_lib.callbacks.manager [None req-b6191fe5-1be9-47a1-ae16-9aecff62dd35 admin admin] Publish callbacks [] for security_group (d21a48bc-3142-406b-93b0-93c88ee9e177), precommit_delete {{(pid=103973) _notify_loop /usr/local/lib/python3.8/dist-packages/neutron_lib/callbacks/manager.py:176}}
Aug 02 08:24:15.102431 dv-cinder-850318-5-iscsi neutron-server[103973]: DEBUG neutron_lib.callbacks.manager [None req-b6191fe5-1be9-47a1-ae16-9aecff62dd35 admin admin] Publish callbacks ['neutron.plugins.ml2.ovo_rpc._ObjectChangeHandler.handle_event-1009526'] for security_group (d21a48bc-3142-406b-93b0-93c88ee9e177), after_delete {{(pid=103973) _notify_loop /usr/local/lib/python3.8/dist-packages/neutron_lib/callbacks/manager.py:176}}
Aug 02 08:24:15.105092 dv-cinder-850318-5-iscsi neutron-server[103973]: DEBUG neutron_lib.callbacks.manager [None req-b6191fe5-1be9-47a1-ae16-9aecff62dd35 admin admin] Publish callbacks [] for security_group (None), before_response {{(pid=103973) _notify_loop /usr/local/lib/python3.8/dist-packages/neutron_lib/callbacks/manager.py:176}}
Aug 02 08:24:15.108756 dv-cinder-850318-5-iscsi neutron-server[103973]: INFO neutron.wsgi [None req-b6191fe5-1be9-47a1-ae16-9aecff62dd35 admin admin] 10.222.0.57 "DELETE /networking/v2.0/security-groups/d21a48bc-3142-406b-93b0-93c88ee9e177 HTTP/1.1" status: 204 len: 168 time: 0.1350431
Aug 02 08:24:15.116130 dv-cinder-850318-5-iscsi neutron-server[103973]: DEBUG neutron.api.rpc.handlers.resources_rpc [None req-b6191fe5-1be9-47a1-ae16-9aecff62dd35 admin admin] Pushing event deleted for resources: {'SecurityGroup': ['ID=d21a48bc-3142-406b-93b0-93c88ee9e177,revision_number=None']} {{(pid=103973) push /opt/stack/neutron/neutron/api/rpc/handlers/resources_rpc.py:237}}
Aug 02 08:24:15.179925 dv-cinder-850318-5-iscsi neutron-server[103975]: DEBUG neutron.plugins.ml2.rpc [None req-df2fb1f1-a433-4d73-b377-fdee4c8f91aa None None] Device ca6b4fc5-149d-4087-8dab-d97ecd175d6e up at agent hyperv_hv-cinder-85031 {{(pid=103975) update_device_up /opt/stack/neutron/neutron/plugins/ml2/rpc.py:296}}
Aug 02 08:24:15.211543 dv-cinder-850318-5-iscsi neutron-server[103973]: DEBUG neutron.wsgi [-] (103973) accepted ('10.222.0.57', 33050) {{(pid=103973) server /usr/local/lib/python3.8/dist-packages/eventlet/wsgi.py:1004}}
Aug 02 08:24:15.218679 dv-cinder-850318-5-iscsi neutron-server[103973]: DEBUG dbcounter [-] [103973] Writing DB stats neutron:SELECT=93,neutron:DELETE=7 {{(pid=103973) stat_writer /usr/local/lib/python3.8/dist-packages/dbcounter.py:114}}
Aug 02 08:24:15.220866 dv-cinder-850318-5-iscsi neutron-server[103973]: DEBUG dbcounter [-] [103973] Writing DB stats neutron:SELECT=99,neutron:DELETE=1 {{(pid=103973) stat_writer /usr/local/lib/python3.8/dist-packages/dbcounter.py:114}}
Aug 02 08:24:15.246420 dv-cinder-850318-5-iscsi neutron-server[103973]: DEBUG neutron_lib.callbacks.manager [None req-ca6f78c8-7e50-45de-a791-e55a57818aa5 admin admin] Publish callbacks [] for security_group (None), before_create {{(pid=103973) _notify_loop /usr/local/lib/python3.8/dist-packages/neutron_lib/callbacks/manager.py:176}}
Aug 02 08:24:15.295245 dv-cinder-850318-5-iscsi neutron-server[103975]: DEBUG neutron.db.provisioning_blocks [None req-df2fb1f1-a433-4d73-b377-fdee4c8f91aa None None] Provisioning for port ca6b4fc5-149d-4087-8dab-d97ecd175d6e completed by entity L2. {{(pid=103975) provisioning_complete /opt/stack/neutron/neutron/db/provisioning_blocks.py:137}}
Aug 02 08:24:15.307828 dv-cinder-850318-5-iscsi neutron-server[103975]: DEBUG neutron.db.provisioning_blocks [None req-df2fb1f1-a433-4d73-b377-fdee4c8f91aa None None] Provisioning complete for port ca6b4fc5-149d-4087-8dab-d97ecd175d6e triggered by entity L2. {{(pid=103975) provisioning_complete /opt/stack/neutron/neutron/db/provisioning_blocks.py:145}}
Aug 02 08:24:15.310510 dv-cinder-850318-5-iscsi neutron-server[103975]: DEBUG neutron_lib.callbacks.manager [None req-df2fb1f1-a433-4d73-b377-fdee4c8f91aa None None] Publish callbacks ['neutron.plugins.ml2.plugin.Ml2Plugin._port_provisioned-1424283'] for port (ca6b4fc5-149d-4087-8dab-d97ecd175d6e), provisioning_complete {{(pid=103975) _notify_loop /usr/local/lib/python3.8/dist-packages/neutron_lib/callbacks/manager.py:176}}
Aug 02 08:24:15.420715 dv-cinder-850318-5-iscsi neutron-server[103973]: DEBUG neutron_lib.callbacks.manager [None req-ca6f78c8-7e50-45de-a791-e55a57818aa5 admin admin] Publish callbacks [] for security_group (2d6bc8be-7b31-4430-b9e2-14b8e2250334), precommit_create {{(pid=103973) _notify_loop /usr/local/lib/python3.8/dist-packages/neutron_lib/callbacks/manager.py:176}}
Aug 02 08:24:15.458742 dv-cinder-850318-5-iscsi neutron-server[103975]: DEBUG neutron.plugins.ml2.plugin [None req-df2fb1f1-a433-4d73-b377-fdee4c8f91aa None None] Current status of the port ca6b4fc5-149d-4087-8dab-d97ecd175d6e is: BUILD; New status is: ACTIVE {{(pid=103975) _update_individual_port_db_status /opt/stack/neutron/neutron/plugins/ml2/plugin.py:2292}}
Aug 02 08:24:15.459791 dv-cinder-850318-5-iscsi neutron-server[103975]: DEBUG neutron_lib.callbacks.manager [None req-df2fb1f1-a433-4d73-b377-fdee4c8f91aa None None] Publish callbacks ['neutron.plugins.ml2.plugin.SecurityGroupDbMixin._ensure_default_security_group_handler-1430818'] for port (ca6b4fc5-149d-4087-8dab-d97ecd175d6e), before_update {{(pid=103975) _notify_loop /usr/local/lib/python3.8/dist-packages/neutron_lib/callbacks/manager.py:176}}
Aug 02 08:24:15.484552 dv-cinder-850318-5-iscsi neutron-server[103973]: DEBUG neutron_lib.callbacks.manager [None req-ca6f78c8-7e50-45de-a791-e55a57818aa5 admin admin] Publish callbacks ['neutron.plugins.ml2.ovo_rpc._ObjectChangeHandler.handle_event-1009526'] for security_group (2d6bc8be-7b31-4430-b9e2-14b8e2250334), after_create {{(pid=103973) _notify_loop /usr/local/lib/python3.8/dist-packages/neutron_lib/callbacks/manager.py:176}}
Aug 02 08:24:15.493820 dv-cinder-850318-5-iscsi neutron-server[103975]: DEBUG neutron.notifiers.nova [-] Sending events: [{'server_uuid': '38ce3ef7-66df-4189-9182-63ffa4a6cabe', 'name': 'network-vif-plugged', 'status': 'completed', 'tag': 'ca6b4fc5-149d-4087-8dab-d97ecd175d6e'}] {{(pid=103975) send_events /opt/stack/neutron/neutron/notifiers/nova.py:271}}
Aug 02 08:24:15.496309 dv-cinder-850318-5-iscsi neutron-server[103975]: DEBUG novaclient.v2.client [-] REQ: curl -g -i --cacert "/opt/stack/data/ca-bundle.pem" -X POST http://10.222.0.57/compute/v2.1/os-server-external-events -H "Accept: application/json" -H "Content-Type: application/json" -H "User-Agent: python-novaclient" -H "X-Auth-Token: {SHA256}1ac392f92d7016d666dc6639c136e4acc99d9ca829fd01130370f20722f120de" -H "X-OpenStack-Nova-API-Version: 2.1" -H "X-OpenStack-Request-ID: req-ffcd2bdc-016c-46b1-a53c-b0c162cac84f" -d '{"events": [{"server_uuid": "38ce3ef7-66df-4189-9182-63ffa4a6cabe", "name": "network-vif-plugged", "status": "completed", "tag": "ca6b4fc5-149d-4087-8dab-d97ecd175d6e"}]}' {{(pid=103975) _http_log_request /usr/local/lib/python3.8/dist-packages/keystoneauth1/session.py:519}}
Aug 02 08:24:15.518388 dv-cinder-850318-5-iscsi neutron-server[103975]: DEBUG neutron.plugins.ml2.db [None req-df2fb1f1-a433-4d73-b377-fdee4c8f91aa None None] For port ca6b4fc5-149d-4087-8dab-d97ecd175d6e, host hv-cinder-85031, got binding levels [PortBindingLevel(driver='hyperv',host='hv-cinder-85031',level=0,port_id=ca6b4fc5-149d-4087-8dab-d97ecd175d6e,segment=NetworkSegment(83cfee96-5353-48c2-913a-01b9a37fabba),segment_id=83cfee96-5353-48c2-913a-01b9a37fabba)] {{(pid=103975) get_binding_level_objs /opt/stack/neutron/neutron/plugins/ml2/db.py:74}}
Aug 02 08:24:15.524472 dv-cinder-850318-5-iscsi neutron-server[103975]: DEBUG neutron_lib.callbacks.manager [None req-df2fb1f1-a433-4d73-b377-fdee4c8f91aa None None] Publish callbacks ['neutron.plugins.ml2.plugin.SecurityGroupServerNotifierRpcMixin._notify_sg_on_port_change-1430881', 'neutron.plugins.ml2.ovo_rpc._ObjectChangeHandler.handle_event-71730', 'neutron.api.rpc.agentnotifiers.dhcp_rpc_agent_api.DhcpAgentNotifyAPI._native_event_send_dhcp_notification-537952', 'neutron.db.l3_db.L3RpcNotifierMixin._notify_gateway_port_ip_changed-8750432551635', 'neutron.db.l3_dvrscheduler_db._notify_l3_agent_port_update-8750432088962', 'neutron.db.l3_hascheduler_db._notify_l3_agent_ha_port_update-8750432088980'] for port (ca6b4fc5-149d-4087-8dab-d97ecd175d6e), after_update {{(pid=103975) _notify_loop /usr/local/lib/python3.8/dist-packages/neutron_lib/callbacks/manager.py:176}}
Aug 02 08:24:15.577091 dv-cinder-850318-5-iscsi neutron-server[103973]: DEBUG neutron.pecan_wsgi.hooks.policy_enforcement [req-d10b8c27-14cd-4df4-b815-fe507427016a req-f61affa4-1ed3-4238-80ee-af6b2aaeb7ed tempest-ServerRescueNegativeTestJSON-1030826908 tempest-ServerRescueNegativeTestJSON-1030826908-project] Attributes excluded by policy engine: ['standard_attr_id', 'binding:profile', 'binding:host_id', 'binding:vif_type', 'binding:vif_details'] {{(pid=103973) _exclude_attributes_by_policy /opt/stack/neutron/neutron/pecan_wsgi/hooks/policy_enforcement.py:259}}
Aug 02 08:24:15.580898 dv-cinder-850318-5-iscsi neutron-server[103975]: DEBUG dbcounter [-] [103975] Writing DB stats neutron:SELECT=97,neutron:UPDATE=2,neutron:DELETE=1 {{(pid=103975) stat_writer /usr/local/lib/python3.8/dist-packages/dbcounter.py:114}}
Aug 02 08:24:15.584541 dv-cinder-850318-5-iscsi neutron-server[103973]: INFO neutron.wsgi [req-d10b8c27-14cd-4df4-b815-fe507427016a req-f61affa4-1ed3-4238-80ee-af6b2aaeb7ed tempest-ServerRescueNegativeTestJSON-1030826908 tempest-ServerRescueNegativeTestJSON-1030826908-project] 10.222.0.57 "GET /networking/v2.0/ports?device_id=96c7907f-c261-4d1d-9534-6a678c790b89 HTTP/1.1" status: 200 len: 945 time: 0.1816883
Aug 02 08:24:15.586573 dv-cinder-850318-5-iscsi neutron-server[103975]: DEBUG neutron.api.rpc.handlers.resources_rpc [None req-df2fb1f1-a433-4d73-b377-fdee4c8f91aa None None] Pushing event updated for resources: {'Port': ['ID=ca6b4fc5-149d-4087-8dab-d97ecd175d6e,revision_number=5']} {{(pid=103975) push /opt/stack/neutron/neutron/api/rpc/handlers/resources_rpc.py:237}}
Aug 02 08:24:15.597663 dv-cinder-850318-5-iscsi neutron-server[103973]: DEBUG neutron.pecan_wsgi.hooks.policy_enforcement [req-871a1a3f-36a6-4f9e-a177-83ce25431562 req-3c3685b9-8467-42c8-9737-b2b11b81fd54 tempest-DeleteServersTestJSON-1468613898 tempest-DeleteServersTestJSON-1468613898-project] Attributes excluded by policy engine: ['standard_attr_id', 'binding:profile', 'binding:host_id', 'binding:vif_type', 'binding:vif_details'] {{(pid=103973) _exclude_attributes_by_policy /opt/stack/neutron/neutron/pecan_wsgi/hooks/policy_enforcement.py:259}}
Aug 02 08:24:15.601051 dv-cinder-850318-5-iscsi neutron-server[103973]: INFO neutron.wsgi [req-871a1a3f-36a6-4f9e-a177-83ce25431562 req-3c3685b9-8467-42c8-9737-b2b11b81fd54 tempest-DeleteServersTestJSON-1468613898 tempest-DeleteServersTestJSON-1468613898-project] 10.222.0.57 "GET /networking/v2.0/ports?device_id=d18501d3-7720-4305-b1d7-81de56075f50 HTTP/1.1" status: 200 len: 944 time: 0.2350695
Aug 02 08:24:15.634197 dv-cinder-850318-5-iscsi neutron-server[103973]: INFO neutron.wsgi [None req-ca6f78c8-7e50-45de-a791-e55a57818aa5 admin admin] 10.222.0.57 "GET /networking/v2.0/security-groups?tenant_id=d71a9b2824784303a12907afcb3eaec0&name=default HTTP/1.1" status: 200 len: 2996 time: 0.4224050
Aug 02 08:24:15.638041 dv-cinder-850318-5-iscsi neutron-server[103974]: DEBUG neutron.wsgi [-] (103974) accepted ('10.222.0.57', 33074) {{(pid=103974) server /usr/local/lib/python3.8/dist-packages/eventlet/wsgi.py:1004}}
Aug 02 08:24:15.639222 dv-cinder-850318-5-iscsi neutron-server[103973]: DEBUG neutron.api.rpc.handlers.resources_rpc [None req-ca6f78c8-7e50-45de-a791-e55a57818aa5 admin admin] Pushing event updated for resources: {'SecurityGroup': ['ID=2d6bc8be-7b31-4430-b9e2-14b8e2250334,revision_number=1']} {{(pid=103973) push /opt/stack/neutron/neutron/api/rpc/handlers/resources_rpc.py:237}}
Aug 02 08:24:15.713390 dv-cinder-850318-5-iscsi neutron-server[103974]: DEBUG neutron_lib.callbacks.manager [None req-7dfa03c6-652f-445b-8521-b855022665dd admin admin] Publish callbacks [] for security_group (2d6bc8be-7b31-4430-b9e2-14b8e2250334), before_delete {{(pid=103974) _notify_loop /usr/local/lib/python3.8/dist-packages/neutron_lib/callbacks/manager.py:176}}
Aug 02 08:24:15.718681 dv-cinder-850318-5-iscsi neutron-server[103973]: INFO neutron.wsgi [req-d10b8c27-14cd-4df4-b815-fe507427016a req-e4699e09-101d-451b-a8c0-108b29625573 tempest-ServerRescueNegativeTestJSON-1030826908 tempest-ServerRescueNegativeTestJSON-1030826908-project] 10.222.0.57 "GET /networking/v2.0/security-groups?id=e34e3355-ba17-44f0-aee9-77f67f32bd25&fields=id&fields=name HTTP/1.1" status: 200 len: 286 time: 0.1332374
Aug 02 08:24:15.738978 dv-cinder-850318-5-iscsi neutron-server[103974]: DEBUG neutron_lib.callbacks.manager [None req-7dfa03c6-652f-445b-8521-b855022665dd admin admin] Publish callbacks [] for security_group (2d6bc8be-7b31-4430-b9e2-14b8e2250334), precommit_delete {{(pid=103974) _notify_loop /usr/local/lib/python3.8/dist-packages/neutron_lib/callbacks/manager.py:176}}
Aug 02 08:24:15.745058 dv-cinder-850318-5-iscsi neutron-server[103973]: INFO neutron.wsgi [req-26d4f394-e0b2-48e9-803f-fc949a6eae23 req-11ecfb85-af29-433a-b127-c24f3f886b29 service neutron] 10.222.0.66 "GET /networking/v2.0/networks/3d537492-c798-45bd-b191-66d0eaa3e18a?fields=provider%3Aphysical_network&fields=provider%3Anetwork_type HTTP/1.1" status: 200 len: 281 time: 0.3540602
Aug 02 08:24:15.752874 dv-cinder-850318-5-iscsi neutron-server[103973]: INFO neutron.wsgi [req-871a1a3f-36a6-4f9e-a177-83ce25431562 req-94de8ede-8eb5-4603-89d1-fe5dd444b131 tempest-DeleteServersTestJSON-1468613898 tempest-DeleteServersTestJSON-1468613898-project] 10.222.0.57 "GET /networking/v2.0/security-groups?id=bd86cf1c-5557-4b84-8bc3-98bd975dbef3&fields=id&fields=name HTTP/1.1" status: 200 len: 286 time: 0.1392441
Aug 02 08:24:15.803893 dv-cinder-850318-5-iscsi neutron-server[103975]: DEBUG novaclient.v2.client [-] RESP: [200] Connection: close Content-Length: 183 Content-Type: application/json Date: Tue, 02 Aug 2022 08:24:15 GMT OpenStack-API-Version: compute 2.1 Server: Apache/2.4.41 (Ubuntu) Vary: OpenStack-API-Version,X-OpenStack-Nova-API-Version X-OpenStack-Nova-API-Version: 2.1 x-compute-request-id: req-b800478d-44c8-46aa-8b29-9d012699c41e x-openstack-request-id: req-b800478d-44c8-46aa-8b29-9d012699c41e {{(pid=103975) _http_log_response /usr/local/lib/python3.8/dist-packages/keystoneauth1/session.py:550}}
Aug 02 08:24:15.804612 dv-cinder-850318-5-iscsi neutron-server[103975]: DEBUG novaclient.v2.client [-] RESP BODY: {"events": [{"server_uuid": "38ce3ef7-66df-4189-9182-63ffa4a6cabe", "name": "network-vif-plugged", "status": "completed", "tag": "ca6b4fc5-149d-4087-8dab-d97ecd175d6e", "code": 200}]} {{(pid=103975) _http_log_response /usr/local/lib/python3.8/dist-packages/keystoneauth1/session.py:582}}
Aug 02 08:24:15.804875 dv-cinder-850318-5-iscsi neutron-server[103975]: DEBUG novaclient.v2.client [-] POST call to compute for http://10.222.0.57/compute/v2.1/os-server-external-events used request id req-b800478d-44c8-46aa-8b29-9d012699c41e {{(pid=103975) request /usr/local/lib/python3.8/dist-packages/keystoneauth1/session.py:954}}
Aug 02 08:24:15.805295 dv-cinder-850318-5-iscsi neutron-server[103975]: INFO neutron.notifiers.nova [-] Nova event matching ['req-b800478d-44c8-46aa-8b29-9d012699c41e'] response: {'server_uuid': '38ce3ef7-66df-4189-9182-63ffa4a6cabe', 'name': 'network-vif-plugged', 'status': 'completed', 'tag': 'ca6b4fc5-149d-4087-8dab-d97ecd175d6e', 'code': 200}
Aug 02 08:24:15.814484 dv-cinder-850318-5-iscsi neutron-server[103974]: DEBUG neutron_lib.callbacks.manager [None req-7dfa03c6-652f-445b-8521-b855022665dd admin admin] Publish callbacks ['neutron.plugins.ml2.ovo_rpc._ObjectChangeHandler.handle_event-1009526'] for security_group (2d6bc8be-7b31-4430-b9e2-14b8e2250334), after_delete {{(pid=103974) _notify_loop /usr/local/lib/python3.8/dist-packages/neutron_lib/callbacks/manager.py:176}}
Aug 02 08:24:15.818654 dv-cinder-850318-5-iscsi neutron-server[103974]: DEBUG neutron_lib.callbacks.manager [None req-7dfa03c6-652f-445b-8521-b855022665dd admin admin] Publish callbacks [] for security_group (None), before_response {{(pid=103974) _notify_loop /usr/local/lib/python3.8/dist-packages/neutron_lib/callbacks/manager.py:176}}
Aug 02 08:24:15.825663 dv-cinder-850318-5-iscsi neutron-server[103974]: INFO neutron.wsgi [None req-7dfa03c6-652f-445b-8521-b855022665dd admin admin] 10.222.0.57 "DELETE /networking/v2.0/security-groups/2d6bc8be-7b31-4430-b9e2-14b8e2250334 HTTP/1.1" status: 204 len: 168 time: 0.1865044
Aug 02 08:24:15.836363 dv-cinder-850318-5-iscsi neutron-server[103974]: DEBUG neutron.api.rpc.handlers.resources_rpc [None req-7dfa03c6-652f-445b-8521-b855022665dd admin admin] Pushing event deleted for resources: {'SecurityGroup': ['ID=2d6bc8be-7b31-4430-b9e2-14b8e2250334,revision_number=None']} {{(pid=103974) push /opt/stack/neutron/neutron/api/rpc/handlers/resources_rpc.py:237}}
Aug 02 08:24:15.916845 dv-cinder-850318-5-iscsi neutron-server[103973]: DEBUG neutron.pecan_wsgi.hooks.policy_enforcement [req-e7954ef4-253c-44f4-af07-65a7b7c689fd req-305a91f2-165e-445f-ba97-004c22393a9e tempest-AttachVolumeTestJSON-47131028 tempest-AttachVolumeTestJSON-47131028-project] Attributes excluded by policy engine: ['standard_attr_id', 'binding:profile', 'binding:host_id', 'binding:vif_type', 'binding:vif_details'] {{(pid=103973) _exclude_attributes_by_policy /opt/stack/neutron/neutron/pecan_wsgi/hooks/policy_enforcement.py:259}}
Aug 02 08:24:15.929752 dv-cinder-850318-5-iscsi neutron-server[103973]: INFO neutron.wsgi [req-e7954ef4-253c-44f4-af07-65a7b7c689fd req-305a91f2-165e-445f-ba97-004c22393a9e tempest-AttachVolumeTestJSON-47131028 tempest-AttachVolumeTestJSON-47131028-project] 10.222.0.57 "GET /networking/v2.0/ports?device_id=b6ca8d84-d51f-4238-a49e-53e38fc8239d HTTP/1.1" status: 200 len: 943 time: 0.0747671
Aug 02 08:24:16.020455 dv-cinder-850318-5-iscsi neutron-server[103973]: DEBUG neutron.pecan_wsgi.hooks.policy_enforcement [req-a73670d0-ebfa-40fb-9f24-a1a2b4935294 req-84ae1abf-2d8f-41ea-9621-07d896905b4b tempest-AttachVolumeShelveTestJSON-1116660394 tempest-AttachVolumeShelveTestJSON-1116660394-project] Attributes excluded by policy engine: ['standard_attr_id', 'binding:profile', 'binding:host_id', 'binding:vif_type', 'binding:vif_details'] {{(pid=103973) _exclude_attributes_by_policy /opt/stack/neutron/neutron/pecan_wsgi/hooks/policy_enforcement.py:259}}
Aug 02 08:24:16.022089 dv-cinder-850318-5-iscsi neutron-server[103973]: INFO neutron.wsgi [req-a73670d0-ebfa-40fb-9f24-a1a2b4935294 req-84ae1abf-2d8f-41ea-9621-07d896905b4b tempest-AttachVolumeShelveTestJSON-1116660394 tempest-AttachVolumeShelveTestJSON-1116660394-project] 10.222.0.57 "GET /networking/v2.0/ports?device_id=38ce3ef7-66df-4189-9182-63ffa4a6cabe HTTP/1.1" status: 200 len: 945 time: 0.0605323
Aug 02 08:24:16.067361 dv-cinder-850318-5-iscsi neutron-server[103973]: INFO neutron.wsgi [req-e7954ef4-253c-44f4-af07-65a7b7c689fd req-0a91ff3e-87f9-4d98-9182-e3e885f60056 tempest-AttachVolumeTestJSON-47131028 tempest-AttachVolumeTestJSON-47131028-project] 10.222.0.57 "GET /networking/v2.0/security-groups?id=6aa5c191-d33f-451b-859a-8c34bc121a44&fields=id&fields=name HTTP/1.1" status: 200 len: 313 time: 0.1289527
Aug 02 08:24:16.107680 dv-cinder-850318-5-iscsi neutron-server[103973]: INFO neutron.wsgi [req-a73670d0-ebfa-40fb-9f24-a1a2b4935294 req-8ab7592e-4416-409b-98f0-ad6f47b8d9db tempest-AttachVolumeShelveTestJSON-1116660394 tempest-AttachVolumeShelveTestJSON-1116660394-project] 10.222.0.57 "GET /networking/v2.0/security-groups?id=d674d899-6caf-4663-89db-26095380c6f9&fields=id&fields=name HTTP/1.1" status: 200 len: 313 time: 0.0750742
Aug 02 08:24:16.513156 dv-cinder-850318-5-iscsi neutron-server[103974]: DEBUG neutron.wsgi [-] (103974) accepted ('10.222.0.57', 33122) {{(pid=103974) server /usr/local/lib/python3.8/dist-packages/eventlet/wsgi.py:1004}}
Aug 02 08:24:16.629728 dv-cinder-850318-5-iscsi neutron-server[103974]: DEBUG neutron_lib.callbacks.manager [None req-7b718bdb-ceae-470d-9a47-f8df3ffb6ef1 admin admin] Publish callbacks [] for security_group (None), before_create {{(pid=103974) _notify_loop /usr/local/lib/python3.8/dist-packages/neutron_lib/callbacks/manager.py:176}}
Aug 02 08:24:16.719540 dv-cinder-850318-5-iscsi neutron-server[103974]: DEBUG neutron_lib.callbacks.manager [None req-7b718bdb-ceae-470d-9a47-f8df3ffb6ef1 admin admin] Publish callbacks [] for security_group (a96410f5-5773-4ae7-887e-ccdf9001fe8c), precommit_create {{(pid=103974) _notify_loop /usr/local/lib/python3.8/dist-packages/neutron_lib/callbacks/manager.py:176}}
Aug 02 08:24:16.724004 dv-cinder-850318-5-iscsi neutron-server[103974]: DEBUG neutron_lib.callbacks.manager [None req-7b718bdb-ceae-470d-9a47-f8df3ffb6ef1 admin admin] Publish callbacks ['neutron.plugins.ml2.ovo_rpc._ObjectChangeHandler.handle_event-1009526'] for security_group (a96410f5-5773-4ae7-887e-ccdf9001fe8c), after_create {{(pid=103974) _notify_loop /usr/local/lib/python3.8/dist-packages/neutron_lib/callbacks/manager.py:176}}
Aug 02 08:24:16.768118 dv-cinder-850318-5-iscsi neutron-server[103974]: INFO neutron.wsgi [None req-7b718bdb-ceae-470d-9a47-f8df3ffb6ef1 admin admin] 10.222.0.57 "GET /networking/v2.0/security-groups?tenant_id=ba75498ead7548208571bc390ef8e144&name=default HTTP/1.1" status: 200 len: 2996 time: 0.2537827
Aug 02 08:24:16.768998 dv-cinder-850318-5-iscsi neutron-server[103974]: DEBUG neutron.api.rpc.handlers.resources_rpc [None req-7b718bdb-ceae-470d-9a47-f8df3ffb6ef1 admin admin] Pushing event updated for resources: {'SecurityGroup': ['ID=a96410f5-5773-4ae7-887e-ccdf9001fe8c,revision_number=1']} {{(pid=103974) push /opt/stack/neutron/neutron/api/rpc/handlers/resources_rpc.py:237}}
Aug 02 08:24:16.771454 dv-cinder-850318-5-iscsi neutron-server[103973]: DEBUG neutron.wsgi [-] (103973) accepted ('10.222.0.57', 33138) {{(pid=103973) server /usr/local/lib/python3.8/dist-packages/eventlet/wsgi.py:1004}}
Aug 02 08:24:16.828419 dv-cinder-850318-5-iscsi neutron-server[103973]: DEBUG neutron_lib.callbacks.manager [None req-469b852b-40be-4be8-aa6e-920c144b3b65 admin admin] Publish callbacks [] for security_group (a96410f5-5773-4ae7-887e-ccdf9001fe8c), before_delete {{(pid=103973) _notify_loop /usr/local/lib/python3.8/dist-packages/neutron_lib/callbacks/manager.py:176}}
Aug 02 08:24:16.842772 dv-cinder-850318-5-iscsi neutron-server[103973]: DEBUG dbcounter [-] [103973] Writing DB stats neutron:SELECT=88,neutron:INSERT=11,neutron:UPDATE=1 {{(pid=103973) stat_writer /usr/local/lib/python3.8/dist-packages/dbcounter.py:114}}
Aug 02 08:24:16.888416 dv-cinder-850318-5-iscsi neutron-server[103973]: DEBUG neutron_lib.callbacks.manager [None req-469b852b-40be-4be8-aa6e-920c144b3b65 admin admin] Publish callbacks [] for security_group (a96410f5-5773-4ae7-887e-ccdf9001fe8c), precommit_delete {{(pid=103973) _notify_loop /usr/local/lib/python3.8/dist-packages/neutron_lib/callbacks/manager.py:176}}
Aug 02 08:24:16.961950 dv-cinder-850318-5-iscsi neutron-server[103973]: DEBUG neutron.pecan_wsgi.hooks.policy_enforcement [req-0e1ebc41-c0ca-4246-aab4-477f9c6e5cff req-1f76a04a-a8eb-401f-838a-b661194f5e80 tempest-ServerRescueNegativeTestJSON-1030826908 tempest-ServerRescueNegativeTestJSON-1030826908-project] Attributes excluded by policy engine: ['standard_attr_id', 'binding:profile', 'binding:host_id', 'binding:vif_type', 'binding:vif_details'] {{(pid=103973) _exclude_attributes_by_policy /opt/stack/neutron/neutron/pecan_wsgi/hooks/policy_enforcement.py:259}}
Aug 02 08:24:16.963525 dv-cinder-850318-5-iscsi neutron-server[103973]: INFO neutron.wsgi [req-0e1ebc41-c0ca-4246-aab4-477f9c6e5cff req-1f76a04a-a8eb-401f-838a-b661194f5e80 tempest-ServerRescueNegativeTestJSON-1030826908 tempest-ServerRescueNegativeTestJSON-1030826908-project] 10.222.0.57 "GET /networking/v2.0/ports?device_id=96c7907f-c261-4d1d-9534-6a678c790b89 HTTP/1.1" status: 200 len: 945 time: 0.1248484
Aug 02 08:24:16.975571 dv-cinder-850318-5-iscsi neutron-server[103973]: DEBUG neutron.pecan_wsgi.hooks.policy_enforcement [req-2f455dbd-0c8a-4e29-8fae-dcc24e6d7d26 req-d427e6f0-909b-4a40-bbe9-93bdee30b2f2 tempest-DeleteServersTestJSON-1468613898 tempest-DeleteServersTestJSON-1468613898-project] Attributes excluded by policy engine: ['standard_attr_id', 'binding:profile', 'binding:host_id', 'binding:vif_type', 'binding:vif_details'] {{(pid=103973) _exclude_attributes_by_policy /opt/stack/neutron/neutron/pecan_wsgi/hooks/policy_enforcement.py:259}}
Aug 02 08:24:16.977043 dv-cinder-850318-5-iscsi neutron-server[103973]: INFO neutron.wsgi [req-2f455dbd-0c8a-4e29-8fae-dcc24e6d7d26 req-d427e6f0-909b-4a40-bbe9-93bdee30b2f2 tempest-DeleteServersTestJSON-1468613898 tempest-DeleteServersTestJSON-1468613898-project] 10.222.0.57 "GET /networking/v2.0/ports?device_id=d18501d3-7720-4305-b1d7-81de56075f50 HTTP/1.1" status: 200 len: 944 time: 0.0948286
Aug 02 08:24:17.058377 dv-cinder-850318-5-iscsi neutron-server[103973]: DEBUG neutron_lib.callbacks.manager [None req-469b852b-40be-4be8-aa6e-920c144b3b65 admin admin] Publish callbacks ['neutron.plugins.ml2.ovo_rpc._ObjectChangeHandler.handle_event-1009526'] for security_group (a96410f5-5773-4ae7-887e-ccdf9001fe8c), after_delete {{(pid=103973) _notify_loop /usr/local/lib/python3.8/dist-packages/neutron_lib/callbacks/manager.py:176}}
Aug 02 08:24:17.060866 dv-cinder-850318-5-iscsi neutron-server[103973]: DEBUG neutron_lib.callbacks.manager [None req-469b852b-40be-4be8-aa6e-920c144b3b65 admin admin] Publish callbacks [] for security_group (None), before_response {{(pid=103973) _notify_loop /usr/local/lib/python3.8/dist-packages/neutron_lib/callbacks/manager.py:176}}
Aug 02 08:24:17.062022 dv-cinder-850318-5-iscsi neutron-server[103973]: INFO neutron.wsgi [None req-469b852b-40be-4be8-aa6e-920c144b3b65 admin admin] 10.222.0.57 "DELETE /networking/v2.0/security-groups/a96410f5-5773-4ae7-887e-ccdf9001fe8c HTTP/1.1" status: 204 len: 168 time: 0.2887170
Aug 02 08:24:17.078690 dv-cinder-850318-5-iscsi neutron-server[103973]: INFO neutron.wsgi [req-0e1ebc41-c0ca-4246-aab4-477f9c6e5cff req-caa14e5c-cd5f-4dbc-bf29-164b053cce8f tempest-ServerRescueNegativeTestJSON-1030826908 tempest-ServerRescueNegativeTestJSON-1030826908-project] 10.222.0.57 "GET /networking/v2.0/security-groups?id=e34e3355-ba17-44f0-aee9-77f67f32bd25&fields=id&fields=name HTTP/1.1" status: 200 len: 286 time: 0.0979142
Aug 02 08:24:17.094728 dv-cinder-850318-5-iscsi neutron-server[103973]: INFO neutron.wsgi [req-2f455dbd-0c8a-4e29-8fae-dcc24e6d7d26 req-3645bee5-ec1f-4f88-9981-928b4978303f tempest-DeleteServersTestJSON-1468613898 tempest-DeleteServersTestJSON-1468613898-project] 10.222.0.57 "GET /networking/v2.0/security-groups?id=bd86cf1c-5557-4b84-8bc3-98bd975dbef3&fields=id&fields=name HTTP/1.1" status: 200 len: 286 time: 0.1059563
Aug 02 08:24:17.095565 dv-cinder-850318-5-iscsi neutron-server[103973]: DEBUG neutron.api.rpc.handlers.resources_rpc [None req-469b852b-40be-4be8-aa6e-920c144b3b65 admin admin] Pushing event deleted for resources: {'SecurityGroup': ['ID=a96410f5-5773-4ae7-887e-ccdf9001fe8c,revision_number=None']} {{(pid=103973) push /opt/stack/neutron/neutron/api/rpc/handlers/resources_rpc.py:237}}
Aug 02 08:24:17.254105 dv-cinder-850318-5-iscsi neutron-server[103973]: DEBUG neutron.pecan_wsgi.hooks.policy_enforcement [req-c49ac064-4516-4623-865e-877175dca541 req-194db393-291e-48c3-86af-ce0eeab3161a tempest-AttachVolumeTestJSON-47131028 tempest-AttachVolumeTestJSON-47131028-project] Attributes excluded by policy engine: ['standard_attr_id', 'binding:profile', 'binding:host_id', 'binding:vif_type', 'binding:vif_details'] {{(pid=103973) _exclude_attributes_by_policy /opt/stack/neutron/neutron/pecan_wsgi/hooks/policy_enforcement.py:259}}
Aug 02 08:24:17.256419 dv-cinder-850318-5-iscsi neutron-server[103973]: INFO neutron.wsgi [req-c49ac064-4516-4623-865e-877175dca541 req-194db393-291e-48c3-86af-ce0eeab3161a tempest-AttachVolumeTestJSON-47131028 tempest-AttachVolumeTestJSON-47131028-project] 10.222.0.57 "GET /networking/v2.0/ports?device_id=b6ca8d84-d51f-4238-a49e-53e38fc8239d HTTP/1.1" status: 200 len: 943 time: 0.1027448
Aug 02 08:24:17.262412 dv-cinder-850318-5-iscsi neutron-server[103973]: DEBUG neutron.pecan_wsgi.hooks.policy_enforcement [req-9d00d0aa-9233-4529-91d1-45af7845a4ca req-9bd648a0-9819-4637-ab9c-c1a5f5ca21bd tempest-AttachVolumeShelveTestJSON-1116660394 tempest-AttachVolumeShelveTestJSON-1116660394-project] Attributes excluded by policy engine: ['standard_attr_id', 'binding:profile', 'binding:host_id', 'binding:vif_type', 'binding:vif_details'] {{(pid=103973) _exclude_attributes_by_policy /opt/stack/neutron/neutron/pecan_wsgi/hooks/policy_enforcement.py:259}}
Aug 02 08:24:17.263886 dv-cinder-850318-5-iscsi neutron-server[103973]: INFO neutron.wsgi [req-9d00d0aa-9233-4529-91d1-45af7845a4ca req-9bd648a0-9819-4637-ab9c-c1a5f5ca21bd tempest-AttachVolumeShelveTestJSON-1116660394 tempest-AttachVolumeShelveTestJSON-1116660394-project] 10.222.0.57 "GET /networking/v2.0/ports?device_id=38ce3ef7-66df-4189-9182-63ffa4a6cabe HTTP/1.1" status: 200 len: 945 time: 0.0704820
