Jul 21 08:38:47.893053 dv-cinder-850318-4-iscsi devstack@c-api.service[111328]: INFO cinder.api.openstack.wsgi [None req-4659b2dc-4e6c-40c1-9a9a-764205bfc03a tempest-VolumesActionsTest-1641417414 tempest-VolumesActionsTest-1641417414-project] GET http://10.222.0.57/volume/v3/c531e29f56f74ee0b5cc28e029ad6f22/volumes/544e943a-f188-429b-850b-2924e0c6a365
Jul 21 08:38:47.893053 dv-cinder-850318-4-iscsi devstack@c-api.service[111328]: DEBUG cinder.api.openstack.wsgi [None req-4659b2dc-4e6c-40c1-9a9a-764205bfc03a tempest-VolumesActionsTest-1641417414 tempest-VolumesActionsTest-1641417414-project] Empty body provided in request {{(pid=111328) get_body /opt/stack/cinder/cinder/api/openstack/wsgi.py:715}}
Jul 21 08:38:47.893053 dv-cinder-850318-4-iscsi devstack@c-api.service[111328]: DEBUG cinder.api.openstack.wsgi [None req-4659b2dc-4e6c-40c1-9a9a-764205bfc03a tempest-VolumesActionsTest-1641417414 tempest-VolumesActionsTest-1641417414-project] Calling method 'show' {{(pid=111328) _process_stack /opt/stack/cinder/cinder/api/openstack/wsgi.py:868}}
Jul 21 08:38:47.904002 dv-cinder-850318-4-iscsi devstack@c-api.service[111328]: /usr/local/lib/python3.8/dist-packages/oslo_context/context.py:100: DeprecationWarning: Policy enforcement is depending on the value of is_admin. This key is deprecated. Please update your policy file to use the standard policy values.
Jul 21 08:38:47.904002 dv-cinder-850318-4-iscsi devstack@c-api.service[111328]: warnings.warn('Policy enforcement is depending on the value of '
Jul 21 08:38:47.910921 dv-cinder-850318-4-iscsi devstack@c-api.service[111328]: INFO cinder.volume.api [None req-4659b2dc-4e6c-40c1-9a9a-764205bfc03a tempest-VolumesActionsTest-1641417414 tempest-VolumesActionsTest-1641417414-project] Volume info retrieved successfully.
Jul 21 08:38:47.913594 dv-cinder-850318-4-iscsi devstack@c-api.service[111327]: INFO cinder.transfer.api [None req-7e025524-3be3-4523-b71d-97b3f4420f4a tempest-VolumeQuotasAdminTestJSON-1949419701 tempest-VolumeQuotasAdminTestJSON-1949419701-project] Volume 3b08e9c9-558d-4eed-9073-99745406ea6c has been transferred.
Jul 21 08:38:47.922917 dv-cinder-850318-4-iscsi devstack@c-api.service[111328]: INFO cinder.api.openstack.wsgi [None req-4659b2dc-4e6c-40c1-9a9a-764205bfc03a tempest-VolumesActionsTest-1641417414 tempest-VolumesActionsTest-1641417414-project] http://10.222.0.57/volume/v3/c531e29f56f74ee0b5cc28e029ad6f22/volumes/544e943a-f188-429b-850b-2924e0c6a365 returned with HTTP 200
Jul 21 08:38:47.923981 dv-cinder-850318-4-iscsi devstack@c-api.service[111328]: [pid: 111328|app: 0|req: 210/419] 10.222.0.57 () {58 vars in 1324 bytes} [Thu Jul 21 08:38:47 2022] GET /volume/v3/c531e29f56f74ee0b5cc28e029ad6f22/volumes/544e943a-f188-429b-850b-2924e0c6a365 => generated 886 bytes in 40 msecs (HTTP/1.1 200) 7 headers in 285 bytes (1 switches on core 0)
Jul 21 08:38:47.925233 dv-cinder-850318-4-iscsi devstack@c-api.service[111328]: DEBUG cinder.api.middleware.request_id [None req-bf1a532b-56a5-4667-879f-be093ae08ccd None None] RequestId filter calling following filter/app {{(pid=111328) _context_setter /opt/stack/cinder/cinder/api/middleware/request_id.py:62}}
Jul 21 08:38:47.930159 dv-cinder-850318-4-iscsi devstack@c-api.service[111328]: INFO cinder.api.openstack.wsgi [None req-bf1a532b-56a5-4667-879f-be093ae08ccd tempest-DeleteServersTestJSON-1453303311 tempest-DeleteServersTestJSON-1453303311-project] GET http://10.222.0.57/volume/v3/3fe4ce072c504ca283f1168657dbff73/volumes/bb7dca63-ca27-4d4a-b7e2-c03c23ee667d
Jul 21 08:38:47.930159 dv-cinder-850318-4-iscsi devstack@c-api.service[111328]: DEBUG cinder.api.openstack.wsgi [None req-bf1a532b-56a5-4667-879f-be093ae08ccd tempest-DeleteServersTestJSON-1453303311 tempest-DeleteServersTestJSON-1453303311-project] Empty body provided in request {{(pid=111328) get_body /opt/stack/cinder/cinder/api/openstack/wsgi.py:715}}
Jul 21 08:38:47.930159 dv-cinder-850318-4-iscsi devstack@c-api.service[111328]: DEBUG cinder.api.openstack.wsgi [None req-bf1a532b-56a5-4667-879f-be093ae08ccd tempest-DeleteServersTestJSON-1453303311 tempest-DeleteServersTestJSON-1453303311-project] Calling method 'show' {{(pid=111328) _process_stack /opt/stack/cinder/cinder/api/openstack/wsgi.py:868}}
Jul 21 08:38:47.941282 dv-cinder-850318-4-iscsi devstack@c-api.service[111327]: INFO cinder.api.openstack.wsgi [None req-7e025524-3be3-4523-b71d-97b3f4420f4a tempest-VolumeQuotasAdminTestJSON-1949419701 tempest-VolumeQuotasAdminTestJSON-1949419701-project] http://10.222.0.57/volume/v3/7b25a0f88a6c44659b510e594e7e514c/os-volume-transfer/3805a23f-5c96-414a-8217-1f6c6d2d106b/accept returned with HTTP 202
Jul 21 08:38:47.942234 dv-cinder-850318-4-iscsi devstack@c-api.service[111327]: [pid: 111327|app: 0|req: 210/420] 10.222.0.57 () {60 vars in 1399 bytes} [Thu Jul 21 08:38:46 2022] POST /volume/v3/7b25a0f88a6c44659b510e594e7e514c/os-volume-transfer/3805a23f-5c96-414a-8217-1f6c6d2d106b/accept => generated 431 bytes in 1510 msecs (HTTP/1.1 202) 7 headers in 291 bytes (1 switches on core 0)
Jul 21 08:38:47.949203 dv-cinder-850318-4-iscsi devstack@c-api.service[111327]: DEBUG cinder.api.middleware.request_id [None req-d282e1ab-f731-4fdc-b5b5-21b587deb106 None None] RequestId filter calling following filter/app {{(pid=111327) _context_setter /opt/stack/cinder/cinder/api/middleware/request_id.py:62}}
Jul 21 08:38:47.952971 dv-cinder-850318-4-iscsi devstack@c-api.service[111327]: INFO cinder.api.openstack.wsgi [None req-d282e1ab-f731-4fdc-b5b5-21b587deb106 tempest-VolumeQuotasAdminTestJSON-1949419701 tempest-VolumeQuotasAdminTestJSON-1949419701-project] GET http://10.222.0.57/volume/v3/7b25a0f88a6c44659b510e594e7e514c/volumes/3b08e9c9-558d-4eed-9073-99745406ea6c
Jul 21 08:38:47.953417 dv-cinder-850318-4-iscsi devstack@c-api.service[111327]: DEBUG cinder.api.openstack.wsgi [None req-d282e1ab-f731-4fdc-b5b5-21b587deb106 tempest-VolumeQuotasAdminTestJSON-1949419701 tempest-VolumeQuotasAdminTestJSON-1949419701-project] Empty body provided in request {{(pid=111327) get_body /opt/stack/cinder/cinder/api/openstack/wsgi.py:715}}
Jul 21 08:38:47.954712 dv-cinder-850318-4-iscsi devstack@c-api.service[111327]: DEBUG cinder.api.openstack.wsgi [None req-d282e1ab-f731-4fdc-b5b5-21b587deb106 tempest-VolumeQuotasAdminTestJSON-1949419701 tempest-VolumeQuotasAdminTestJSON-1949419701-project] Calling method 'show' {{(pid=111327) _process_stack /opt/stack/cinder/cinder/api/openstack/wsgi.py:868}}
Jul 21 08:38:47.960958 dv-cinder-850318-4-iscsi devstack@c-api.service[111328]: /usr/local/lib/python3.8/dist-packages/oslo_context/context.py:100: DeprecationWarning: Policy enforcement is depending on the value of is_admin. This key is deprecated. Please update your policy file to use the standard policy values.
Jul 21 08:38:47.960958 dv-cinder-850318-4-iscsi devstack@c-api.service[111328]: warnings.warn('Policy enforcement is depending on the value of '
Jul 21 08:38:47.973347 dv-cinder-850318-4-iscsi devstack@c-api.service[111327]: /usr/local/lib/python3.8/dist-packages/oslo_context/context.py:100: DeprecationWarning: Policy enforcement is depending on the value of is_admin. This key is deprecated. Please update your policy file to use the standard policy values.
Jul 21 08:38:47.973347 dv-cinder-850318-4-iscsi devstack@c-api.service[111327]: warnings.warn('Policy enforcement is depending on the value of '
Jul 21 08:38:47.981556 dv-cinder-850318-4-iscsi devstack@c-api.service[111327]: INFO cinder.volume.api [None req-d282e1ab-f731-4fdc-b5b5-21b587deb106 tempest-VolumeQuotasAdminTestJSON-1949419701 tempest-VolumeQuotasAdminTestJSON-1949419701-project] Volume info retrieved successfully.
Jul 21 08:38:47.988340 dv-cinder-850318-4-iscsi devstack@c-api.service[111328]: INFO cinder.volume.api [None req-bf1a532b-56a5-4667-879f-be093ae08ccd tempest-DeleteServersTestJSON-1453303311 tempest-DeleteServersTestJSON-1453303311-project] Volume info retrieved successfully.
Jul 21 08:38:47.998925 dv-cinder-850318-4-iscsi devstack@c-api.service[111328]: INFO cinder.api.openstack.wsgi [None req-bf1a532b-56a5-4667-879f-be093ae08ccd tempest-DeleteServersTestJSON-1453303311 tempest-DeleteServersTestJSON-1453303311-project] http://10.222.0.57/volume/v3/3fe4ce072c504ca283f1168657dbff73/volumes/bb7dca63-ca27-4d4a-b7e2-c03c23ee667d returned with HTTP 200
Jul 21 08:38:47.999664 dv-cinder-850318-4-iscsi devstack@c-api.service[111328]: [pid: 111328|app: 0|req: 211/421] 10.222.0.57 () {58 vars in 1324 bytes} [Thu Jul 21 08:38:47 2022] GET /volume/v3/3fe4ce072c504ca283f1168657dbff73/volumes/bb7dca63-ca27-4d4a-b7e2-c03c23ee667d => generated 1205 bytes in 75 msecs (HTTP/1.1 200) 7 headers in 286 bytes (1 switches on core 0)
Jul 21 08:38:48.000663 dv-cinder-850318-4-iscsi devstack@c-api.service[111327]: INFO cinder.api.openstack.wsgi [None req-d282e1ab-f731-4fdc-b5b5-21b587deb106 tempest-VolumeQuotasAdminTestJSON-1949419701 tempest-VolumeQuotasAdminTestJSON-1949419701-project] http://10.222.0.57/volume/v3/7b25a0f88a6c44659b510e594e7e514c/volumes/3b08e9c9-558d-4eed-9073-99745406ea6c returned with HTTP 200
Jul 21 08:38:48.001759 dv-cinder-850318-4-iscsi devstack@c-api.service[111327]: [pid: 111327|app: 0|req: 211/422] 10.222.0.57 () {58 vars in 1324 bytes} [Thu Jul 21 08:38:47 2022] GET /volume/v3/7b25a0f88a6c44659b510e594e7e514c/volumes/3b08e9c9-558d-4eed-9073-99745406ea6c => generated 918 bytes in 54 msecs (HTTP/1.1 200) 7 headers in 285 bytes (2 switches on core 0)
Jul 21 08:38:48.021233 dv-cinder-850318-4-iscsi devstack@c-api.service[111328]: DEBUG cinder.api.middleware.request_id [None req-852b90b5-8d9b-4d80-b5ea-3c5b2f9b2962 None None] RequestId filter calling following filter/app {{(pid=111328) _context_setter /opt/stack/cinder/cinder/api/middleware/request_id.py:62}}
Jul 21 08:38:48.025800 dv-cinder-850318-4-iscsi devstack@c-api.service[111328]: INFO cinder.api.openstack.wsgi [None req-852b90b5-8d9b-4d80-b5ea-3c5b2f9b2962 tempest-VolumeQuotasAdminTestJSON-484076851 tempest-VolumeQuotasAdminTestJSON-484076851-project-admin] GET http://10.222.0.57/volume/v3/18a1c2d3c9854885a82982bd2971913f/os-quota-sets/c42e7dd3dfe14165958f8ddc82e1bdf9?usage=True
Jul 21 08:38:48.026242 dv-cinder-850318-4-iscsi devstack@c-api.service[111328]: DEBUG cinder.api.openstack.wsgi [None req-852b90b5-8d9b-4d80-b5ea-3c5b2f9b2962 tempest-VolumeQuotasAdminTestJSON-484076851 tempest-VolumeQuotasAdminTestJSON-484076851-project-admin] Empty body provided in request {{(pid=111328) get_body /opt/stack/cinder/cinder/api/openstack/wsgi.py:715}}
Jul 21 08:38:48.026695 dv-cinder-850318-4-iscsi devstack@c-api.service[111328]: DEBUG cinder.api.openstack.wsgi [None req-852b90b5-8d9b-4d80-b5ea-3c5b2f9b2962 tempest-VolumeQuotasAdminTestJSON-484076851 tempest-VolumeQuotasAdminTestJSON-484076851-project-admin] Calling method 'show' {{(pid=111328) _process_stack /opt/stack/cinder/cinder/api/openstack/wsgi.py:868}}
Jul 21 08:38:48.061838 dv-cinder-850318-4-iscsi devstack@c-api.service[111328]: DEBUG dbcounter [-] [111328] Writing DB stats cinder:SELECT=82,cinder:INSERT=6,cinder:UPDATE=12 {{(pid=111328) stat_writer /usr/local/lib/python3.8/dist-packages/dbcounter.py:114}}
Jul 21 08:38:48.064852 dv-cinder-850318-4-iscsi devstack@c-api.service[111328]: INFO cinder.api.openstack.wsgi [None req-852b90b5-8d9b-4d80-b5ea-3c5b2f9b2962 tempest-VolumeQuotasAdminTestJSON-484076851 tempest-VolumeQuotasAdminTestJSON-484076851-project-admin] http://10.222.0.57/volume/v3/18a1c2d3c9854885a82982bd2971913f/os-quota-sets/c42e7dd3dfe14165958f8ddc82e1bdf9?usage=True returned with HTTP 200
Jul 21 08:38:48.069697 dv-cinder-850318-4-iscsi devstack@c-api.service[111328]: [pid: 111328|app: 0|req: 212/423] 10.222.0.57 () {58 vars in 1351 bytes} [Thu Jul 21 08:38:48 2022] GET /volume/v3/18a1c2d3c9854885a82982bd2971913f/os-quota-sets/c42e7dd3dfe14165958f8ddc82e1bdf9?usage=True => generated 868 bytes in 49 msecs (HTTP/1.1 200) 7 headers in 285 bytes (1 switches on core 0)
Jul 21 08:38:48.075259 dv-cinder-850318-4-iscsi devstack@c-api.service[111327]: DEBUG cinder.api.middleware.request_id [None req-495ba8dc-0136-47e6-b0f9-d02894855e66 None None] RequestId filter calling following filter/app {{(pid=111327) _context_setter /opt/stack/cinder/cinder/api/middleware/request_id.py:62}}
Jul 21 08:38:48.081650 dv-cinder-850318-4-iscsi devstack@c-api.service[111327]: INFO cinder.api.openstack.wsgi [None req-495ba8dc-0136-47e6-b0f9-d02894855e66 tempest-VolumeQuotasAdminTestJSON-484076851 tempest-VolumeQuotasAdminTestJSON-484076851-project-admin] GET http://10.222.0.57/volume/v3/18a1c2d3c9854885a82982bd2971913f/os-quota-sets/7b25a0f88a6c44659b510e594e7e514c?usage=True
Jul 21 08:38:48.082101 dv-cinder-850318-4-iscsi devstack@c-api.service[111327]: DEBUG cinder.api.openstack.wsgi [None req-495ba8dc-0136-47e6-b0f9-d02894855e66 tempest-VolumeQuotasAdminTestJSON-484076851 tempest-VolumeQuotasAdminTestJSON-484076851-project-admin] Empty body provided in request {{(pid=111327) get_body /opt/stack/cinder/cinder/api/openstack/wsgi.py:715}}
Jul 21 08:38:48.082542 dv-cinder-850318-4-iscsi devstack@c-api.service[111327]: DEBUG cinder.api.openstack.wsgi [None req-495ba8dc-0136-47e6-b0f9-d02894855e66 tempest-VolumeQuotasAdminTestJSON-484076851 tempest-VolumeQuotasAdminTestJSON-484076851-project-admin] Calling method 'show' {{(pid=111327) _process_stack /opt/stack/cinder/cinder/api/openstack/wsgi.py:868}}
Jul 21 08:38:48.122178 dv-cinder-850318-4-iscsi devstack@c-api.service[111327]: INFO cinder.api.openstack.wsgi [None req-495ba8dc-0136-47e6-b0f9-d02894855e66 tempest-VolumeQuotasAdminTestJSON-484076851 tempest-VolumeQuotasAdminTestJSON-484076851-project-admin] http://10.222.0.57/volume/v3/18a1c2d3c9854885a82982bd2971913f/os-quota-sets/7b25a0f88a6c44659b510e594e7e514c?usage=True returned with HTTP 200
Jul 21 08:38:48.122986 dv-cinder-850318-4-iscsi devstack@c-api.service[111327]: [pid: 111327|app: 0|req: 212/424] 10.222.0.57 () {58 vars in 1351 bytes} [Thu Jul 21 08:38:48 2022] GET /volume/v3/18a1c2d3c9854885a82982bd2971913f/os-quota-sets/7b25a0f88a6c44659b510e594e7e514c?usage=True => generated 868 bytes in 49 msecs (HTTP/1.1 200) 7 headers in 285 bytes (1 switches on core 0)
Jul 21 08:38:48.133800 dv-cinder-850318-4-iscsi devstack@c-api.service[111328]: DEBUG cinder.api.middleware.request_id [None req-e25cff27-e2c4-459b-8329-597919d68939 None None] RequestId filter calling following filter/app {{(pid=111328) _context_setter /opt/stack/cinder/cinder/api/middleware/request_id.py:62}}
Jul 21 08:38:48.138845 dv-cinder-850318-4-iscsi devstack@c-api.service[111328]: INFO cinder.api.openstack.wsgi [None req-e25cff27-e2c4-459b-8329-597919d68939 tempest-VolumeQuotasAdminTestJSON-484076851 tempest-VolumeQuotasAdminTestJSON-484076851-project-admin] DELETE http://10.222.0.57/volume/v3/18a1c2d3c9854885a82982bd2971913f/volumes/3b08e9c9-558d-4eed-9073-99745406ea6c
Jul 21 08:38:48.139301 dv-cinder-850318-4-iscsi devstack@c-api.service[111328]: DEBUG cinder.api.openstack.wsgi [None req-e25cff27-e2c4-459b-8329-597919d68939 tempest-VolumeQuotasAdminTestJSON-484076851 tempest-VolumeQuotasAdminTestJSON-484076851-project-admin] Empty body provided in request {{(pid=111328) get_body /opt/stack/cinder/cinder/api/openstack/wsgi.py:715}}
Jul 21 08:38:48.139751 dv-cinder-850318-4-iscsi devstack@c-api.service[111328]: DEBUG cinder.api.openstack.wsgi [None req-e25cff27-e2c4-459b-8329-597919d68939 tempest-VolumeQuotasAdminTestJSON-484076851 tempest-VolumeQuotasAdminTestJSON-484076851-project-admin] Calling method 'delete' {{(pid=111328) _process_stack /opt/stack/cinder/cinder/api/openstack/wsgi.py:868}}
Jul 21 08:38:48.140147 dv-cinder-850318-4-iscsi devstack@c-api.service[111328]: INFO cinder.api.v3.volumes [None req-e25cff27-e2c4-459b-8329-597919d68939 tempest-VolumeQuotasAdminTestJSON-484076851 tempest-VolumeQuotasAdminTestJSON-484076851-project-admin] Delete volume with id: 3b08e9c9-558d-4eed-9073-99745406ea6c
Jul 21 08:38:48.155460 dv-cinder-850318-4-iscsi devstack@c-api.service[111328]: /usr/local/lib/python3.8/dist-packages/oslo_context/context.py:100: DeprecationWarning: Policy enforcement is depending on the value of is_admin. This key is deprecated. Please update your policy file to use the standard policy values.
Jul 21 08:38:48.155460 dv-cinder-850318-4-iscsi devstack@c-api.service[111328]: warnings.warn('Policy enforcement is depending on the value of '
Jul 21 08:38:48.155662 dv-cinder-850318-4-iscsi devstack@c-api.service[111328]: INFO cinder.volume.api [None req-e25cff27-e2c4-459b-8329-597919d68939 tempest-VolumeQuotasAdminTestJSON-484076851 tempest-VolumeQuotasAdminTestJSON-484076851-project-admin] Volume info retrieved successfully.
Jul 21 08:38:48.167769 dv-cinder-850318-4-iscsi devstack@c-api.service[111327]: DEBUG cinder.api.middleware.request_id [None req-fdae6c39-9d71-49ca-9667-97d3ecd9fdec None None] RequestId filter calling following filter/app {{(pid=111327) _context_setter /opt/stack/cinder/cinder/api/middleware/request_id.py:62}}
Jul 21 08:38:48.171452 dv-cinder-850318-4-iscsi devstack@c-api.service[111327]: INFO cinder.api.openstack.wsgi [None req-fdae6c39-9d71-49ca-9667-97d3ecd9fdec tempest-VolumesActionsTest-402901139 tempest-VolumesActionsTest-402901139-project] POST http://10.222.0.57/volume/v3/1cddd6e65016460f86475362da73a2ae/volumes/6bc81ec2-1c15-429f-ac2b-3ac684bef6c5/action
Jul 21 08:38:48.172166 dv-cinder-850318-4-iscsi devstack@c-api.service[111327]: DEBUG cinder.api.openstack.wsgi [None req-fdae6c39-9d71-49ca-9667-97d3ecd9fdec tempest-VolumesActionsTest-402901139 tempest-VolumesActionsTest-402901139-project] Action body: b'{"os-attach": {"instance_uuid": "4371d63a-7420-40cd-9ab2-8ebad59c374d", "mountpoint": "/dev/sdb"}}' {{(pid=111327) get_method /opt/stack/cinder/cinder/api/openstack/wsgi.py:983}}
Jul 21 08:38:48.172495 dv-cinder-850318-4-iscsi devstack@c-api.service[111327]: DEBUG cinder.api.openstack.wsgi [None req-fdae6c39-9d71-49ca-9667-97d3ecd9fdec tempest-VolumesActionsTest-402901139 tempest-VolumesActionsTest-402901139-project] Action: 'action', calling method: _attach, body: {"os-attach": {"instance_uuid": "4371d63a-7420-40cd-9ab2-8ebad59c374d", "mountpoint": "/dev/sdb"}} {{(pid=111327) _process_stack /opt/stack/cinder/cinder/api/openstack/wsgi.py:866}}
Jul 21 08:38:48.195337 dv-cinder-850318-4-iscsi devstack@c-api.service[111327]: /usr/local/lib/python3.8/dist-packages/oslo_context/context.py:100: DeprecationWarning: Policy enforcement is depending on the value of is_admin. This key is deprecated. Please update your policy file to use the standard policy values.
Jul 21 08:38:48.195337 dv-cinder-850318-4-iscsi devstack@c-api.service[111327]: warnings.warn('Policy enforcement is depending on the value of '
Jul 21 08:38:48.196479 dv-cinder-850318-4-iscsi devstack@c-api.service[111327]: INFO cinder.volume.api [None req-fdae6c39-9d71-49ca-9667-97d3ecd9fdec tempest-VolumesActionsTest-402901139 tempest-VolumesActionsTest-402901139-project] Volume info retrieved successfully.
Jul 21 08:38:48.204940 dv-cinder-850318-4-iscsi devstack@c-api.service[111327]: DEBUG dbcounter [-] [111327] Writing DB stats cinder:INSERT=11,cinder:SELECT=63,cinder:UPDATE=26 {{(pid=111327) stat_writer /usr/local/lib/python3.8/dist-packages/dbcounter.py:114}}
Jul 21 08:38:48.273470 dv-cinder-850318-4-iscsi devstack@c-api.service[111327]: INFO cinder.volume.api [None req-fdae6c39-9d71-49ca-9667-97d3ecd9fdec tempest-VolumesActionsTest-402901139 tempest-VolumesActionsTest-402901139-project] Update volume admin metadata completed successfully.
Jul 21 08:38:48.334061 dv-cinder-850318-4-iscsi devstack@c-api.service[111328]: INFO cinder.volume.api [None req-e25cff27-e2c4-459b-8329-597919d68939 tempest-VolumeQuotasAdminTestJSON-484076851 tempest-VolumeQuotasAdminTestJSON-484076851-project-admin] Delete volume request issued successfully.
Jul 21 08:38:48.334501 dv-cinder-850318-4-iscsi devstack@c-api.service[111328]: INFO cinder.api.openstack.wsgi [None req-e25cff27-e2c4-459b-8329-597919d68939 tempest-VolumeQuotasAdminTestJSON-484076851 tempest-VolumeQuotasAdminTestJSON-484076851-project-admin] http://10.222.0.57/volume/v3/18a1c2d3c9854885a82982bd2971913f/volumes/3b08e9c9-558d-4eed-9073-99745406ea6c returned with HTTP 202
Jul 21 08:38:48.335275 dv-cinder-850318-4-iscsi devstack@c-api.service[111328]: [pid: 111328|app: 0|req: 213/425] 10.222.0.57 () {58 vars in 1327 bytes} [Thu Jul 21 08:38:48 2022] DELETE /volume/v3/18a1c2d3c9854885a82982bd2971913f/volumes/3b08e9c9-558d-4eed-9073-99745406ea6c => generated 0 bytes in 203 msecs (HTTP/1.1 202) 6 headers in 233 bytes (1 switches on core 0)
Jul 21 08:38:48.339973 dv-cinder-850318-4-iscsi devstack@c-api.service[111328]: DEBUG cinder.api.middleware.request_id [None req-9ad9946f-86fd-40b6-8a97-5b7b490cec0e None None] RequestId filter calling following filter/app {{(pid=111328) _context_setter /opt/stack/cinder/cinder/api/middleware/request_id.py:62}}
Jul 21 08:38:48.343454 dv-cinder-850318-4-iscsi devstack@c-api.service[111328]: INFO cinder.api.openstack.wsgi [None req-9ad9946f-86fd-40b6-8a97-5b7b490cec0e tempest-VolumeQuotasAdminTestJSON-484076851 tempest-VolumeQuotasAdminTestJSON-484076851-project-admin] GET http://10.222.0.57/volume/v3/18a1c2d3c9854885a82982bd2971913f/volumes/3b08e9c9-558d-4eed-9073-99745406ea6c
Jul 21 08:38:48.343895 dv-cinder-850318-4-iscsi devstack@c-api.service[111328]: DEBUG cinder.api.openstack.wsgi [None req-9ad9946f-86fd-40b6-8a97-5b7b490cec0e tempest-VolumeQuotasAdminTestJSON-484076851 tempest-VolumeQuotasAdminTestJSON-484076851-project-admin] Empty body provided in request {{(pid=111328) get_body /opt/stack/cinder/cinder/api/openstack/wsgi.py:715}}
Jul 21 08:38:48.344347 dv-cinder-850318-4-iscsi devstack@c-api.service[111328]: DEBUG cinder.api.openstack.wsgi [None req-9ad9946f-86fd-40b6-8a97-5b7b490cec0e tempest-VolumeQuotasAdminTestJSON-484076851 tempest-VolumeQuotasAdminTestJSON-484076851-project-admin] Calling method 'show' {{(pid=111328) _process_stack /opt/stack/cinder/cinder/api/openstack/wsgi.py:868}}
Jul 21 08:38:48.363370 dv-cinder-850318-4-iscsi devstack@c-api.service[111328]: /usr/local/lib/python3.8/dist-packages/oslo_context/context.py:100: DeprecationWarning: Policy enforcement is depending on the value of is_admin. This key is deprecated. Please update your policy file to use the standard policy values.
Jul 21 08:38:48.363370 dv-cinder-850318-4-iscsi devstack@c-api.service[111328]: warnings.warn('Policy enforcement is depending on the value of '
Jul 21 08:38:48.371493 dv-cinder-850318-4-iscsi devstack@c-api.service[111328]: INFO cinder.volume.api [None req-9ad9946f-86fd-40b6-8a97-5b7b490cec0e tempest-VolumeQuotasAdminTestJSON-484076851 tempest-VolumeQuotasAdminTestJSON-484076851-project-admin] Volume info retrieved successfully.
Jul 21 08:38:48.380225 dv-cinder-850318-4-iscsi devstack@c-api.service[111328]: INFO cinder.api.openstack.wsgi [None req-9ad9946f-86fd-40b6-8a97-5b7b490cec0e tempest-VolumeQuotasAdminTestJSON-484076851 tempest-VolumeQuotasAdminTestJSON-484076851-project-admin] http://10.222.0.57/volume/v3/18a1c2d3c9854885a82982bd2971913f/volumes/3b08e9c9-558d-4eed-9073-99745406ea6c returned with HTTP 200
Jul 21 08:38:48.385965 dv-cinder-850318-4-iscsi devstack@c-api.service[111328]: [pid: 111328|app: 0|req: 214/426] 10.222.0.57 () {58 vars in 1324 bytes} [Thu Jul 21 08:38:48 2022] GET /volume/v3/18a1c2d3c9854885a82982bd2971913f/volumes/3b08e9c9-558d-4eed-9073-99745406ea6c => generated 1093 bytes in 42 msecs (HTTP/1.1 200) 7 headers in 286 bytes (2 switches on core 0)
Jul 21 08:38:48.897276 dv-cinder-850318-4-iscsi devstack@c-api.service[111328]: DEBUG cinder.api.middleware.request_id [None req-b8c531d8-ebcb-44df-b091-254f948f519c None None] RequestId filter calling following filter/app {{(pid=111328) _context_setter /opt/stack/cinder/cinder/api/middleware/request_id.py:62}}
Jul 21 08:38:48.900842 dv-cinder-850318-4-iscsi devstack@c-api.service[111328]: INFO cinder.api.openstack.wsgi [None req-b8c531d8-ebcb-44df-b091-254f948f519c tempest-VolumesImageMetadata-838138916 tempest-VolumesImageMetadata-838138916-project] GET http://10.222.0.57/volume/v3/f42f282d5d9148dc8ff115a54349d1e5/volumes/881e1146-d28c-475f-ac02-fafdbc267fcd
Jul 21 08:38:48.901270 dv-cinder-850318-4-iscsi devstack@c-api.service[111328]: DEBUG cinder.api.openstack.wsgi [None req-b8c531d8-ebcb-44df-b091-254f948f519c tempest-VolumesImageMetadata-838138916 tempest-VolumesImageMetadata-838138916-project] Empty body provided in request {{(pid=111328) get_body /opt/stack/cinder/cinder/api/openstack/wsgi.py:715}}
Jul 21 08:38:48.901748 dv-cinder-850318-4-iscsi devstack@c-api.service[111328]: DEBUG cinder.api.openstack.wsgi [None req-b8c531d8-ebcb-44df-b091-254f948f519c tempest-VolumesImageMetadata-838138916 tempest-VolumesImageMetadata-838138916-project] Calling method 'show' {{(pid=111328) _process_stack /opt/stack/cinder/cinder/api/openstack/wsgi.py:868}}
Jul 21 08:38:48.916935 dv-cinder-850318-4-iscsi devstack@c-api.service[111328]: /usr/local/lib/python3.8/dist-packages/oslo_context/context.py:100: DeprecationWarning: Policy enforcement is depending on the value of is_admin. This key is deprecated. Please update your policy file to use the standard policy values.
Jul 21 08:38:48.916935 dv-cinder-850318-4-iscsi devstack@c-api.service[111328]: warnings.warn('Policy enforcement is depending on the value of '
Jul 21 08:38:48.923274 dv-cinder-850318-4-iscsi devstack@c-api.service[111328]: INFO cinder.volume.api [None req-b8c531d8-ebcb-44df-b091-254f948f519c tempest-VolumesImageMetadata-838138916 tempest-VolumesImageMetadata-838138916-project] Volume info retrieved successfully.
Jul 21 08:38:48.932348 dv-cinder-850318-4-iscsi devstack@c-api.service[111328]: INFO cinder.api.openstack.wsgi [None req-b8c531d8-ebcb-44df-b091-254f948f519c tempest-VolumesImageMetadata-838138916 tempest-VolumesImageMetadata-838138916-project] http://10.222.0.57/volume/v3/f42f282d5d9148dc8ff115a54349d1e5/volumes/881e1146-d28c-475f-ac02-fafdbc267fcd returned with HTTP 200
Jul 21 08:38:48.933025 dv-cinder-850318-4-iscsi devstack@c-api.service[111328]: [pid: 111328|app: 0|req: 215/427] 10.222.0.57 () {58 vars in 1324 bytes} [Thu Jul 21 08:38:48 2022] GET /volume/v3/f42f282d5d9148dc8ff115a54349d1e5/volumes/881e1146-d28c-475f-ac02-fafdbc267fcd => generated 911 bytes in 37 msecs (HTTP/1.1 200) 7 headers in 285 bytes (2 switches on core 0)
Jul 21 08:38:48.938862 dv-cinder-850318-4-iscsi devstack@c-api.service[111328]: DEBUG cinder.api.middleware.request_id [None req-b389bcc7-c253-4370-b178-bb1ca0e58ff9 None None] RequestId filter calling following filter/app {{(pid=111328) _context_setter /opt/stack/cinder/cinder/api/middleware/request_id.py:62}}
Jul 21 08:38:48.942317 dv-cinder-850318-4-iscsi devstack@c-api.service[111328]: INFO cinder.api.openstack.wsgi [None req-b389bcc7-c253-4370-b178-bb1ca0e58ff9 tempest-VolumesActionsTest-1641417414 tempest-VolumesActionsTest-1641417414-project] GET http://10.222.0.57/volume/v3/c531e29f56f74ee0b5cc28e029ad6f22/volumes/544e943a-f188-429b-850b-2924e0c6a365
Jul 21 08:38:48.942746 dv-cinder-850318-4-iscsi devstack@c-api.service[111328]: DEBUG cinder.api.openstack.wsgi [None req-b389bcc7-c253-4370-b178-bb1ca0e58ff9 tempest-VolumesActionsTest-1641417414 tempest-VolumesActionsTest-1641417414-project] Empty body provided in request {{(pid=111328) get_body /opt/stack/cinder/cinder/api/openstack/wsgi.py:715}}
Jul 21 08:38:48.943202 dv-cinder-850318-4-iscsi devstack@c-api.service[111328]: DEBUG cinder.api.openstack.wsgi [None req-b389bcc7-c253-4370-b178-bb1ca0e58ff9 tempest-VolumesActionsTest-1641417414 tempest-VolumesActionsTest-1641417414-project] Calling method 'show' {{(pid=111328) _process_stack /opt/stack/cinder/cinder/api/openstack/wsgi.py:868}}
Jul 21 08:38:48.957905 dv-cinder-850318-4-iscsi devstack@c-api.service[111328]: /usr/local/lib/python3.8/dist-packages/oslo_context/context.py:100: DeprecationWarning: Policy enforcement is depending on the value of is_admin. This key is deprecated. Please update your policy file to use the standard policy values.
Jul 21 08:38:48.957905 dv-cinder-850318-4-iscsi devstack@c-api.service[111328]: warnings.warn('Policy enforcement is depending on the value of '
Jul 21 08:38:48.964073 dv-cinder-850318-4-iscsi devstack@c-api.service[111328]: INFO cinder.volume.api [None req-b389bcc7-c253-4370-b178-bb1ca0e58ff9 tempest-VolumesActionsTest-1641417414 tempest-VolumesActionsTest-1641417414-project] Volume info retrieved successfully.
Jul 21 08:38:48.973878 dv-cinder-850318-4-iscsi devstack@c-api.service[111328]: INFO cinder.api.openstack.wsgi [None req-b389bcc7-c253-4370-b178-bb1ca0e58ff9 tempest-VolumesActionsTest-1641417414 tempest-VolumesActionsTest-1641417414-project] http://10.222.0.57/volume/v3/c531e29f56f74ee0b5cc28e029ad6f22/volumes/544e943a-f188-429b-850b-2924e0c6a365 returned with HTTP 200
Jul 21 08:38:48.974565 dv-cinder-850318-4-iscsi devstack@c-api.service[111328]: [pid: 111328|app: 0|req: 216/428] 10.222.0.57 () {58 vars in 1324 bytes} [Thu Jul 21 08:38:48 2022] GET /volume/v3/c531e29f56f74ee0b5cc28e029ad6f22/volumes/544e943a-f188-429b-850b-2924e0c6a365 => generated 911 bytes in 36 msecs (HTTP/1.1 200) 7 headers in 285 bytes (2 switches on core 0)
Jul 21 08:38:48.985900 dv-cinder-850318-4-iscsi devstack@c-api.service[111328]: DEBUG cinder.api.middleware.request_id [None req-d2ba5495-075b-4778-900f-4066869dc387 None None] RequestId filter calling following filter/app {{(pid=111328) _context_setter /opt/stack/cinder/cinder/api/middleware/request_id.py:62}}
Jul 21 08:38:48.989267 dv-cinder-850318-4-iscsi devstack@c-api.service[111328]: INFO cinder.api.openstack.wsgi [None req-d2ba5495-075b-4778-900f-4066869dc387 tempest-VolumesActionsTest-1747893330 tempest-VolumesActionsTest-1747893330-project-admin] POST http://10.222.0.57/volume/v3/5a187fa30e2f4bdf9f92f8399d143836/volumes/544e943a-f188-429b-850b-2924e0c6a365/action
Jul 21 08:38:48.990007 dv-cinder-850318-4-iscsi devstack@c-api.service[111328]: DEBUG cinder.api.openstack.wsgi [None req-d2ba5495-075b-4778-900f-4066869dc387 tempest-VolumesActionsTest-1747893330 tempest-VolumesActionsTest-1747893330-project-admin] Action body: b'{"os-reset_status": {"status": "creating"}}' {{(pid=111328) get_method /opt/stack/cinder/cinder/api/openstack/wsgi.py:983}}
Jul 21 08:38:48.990326 dv-cinder-850318-4-iscsi devstack@c-api.service[111328]: DEBUG cinder.api.openstack.wsgi [None req-d2ba5495-075b-4778-900f-4066869dc387 tempest-VolumesActionsTest-1747893330 tempest-VolumesActionsTest-1747893330-project-admin] Action: 'action', calling method: _reset_status, body: {"os-reset_status": {"status": "creating"}} {{(pid=111328) _process_stack /opt/stack/cinder/cinder/api/openstack/wsgi.py:866}}
Jul 21 08:38:49.005461 dv-cinder-850318-4-iscsi devstack@c-api.service[111328]: /usr/local/lib/python3.8/dist-packages/oslo_context/context.py:100: DeprecationWarning: Policy enforcement is depending on the value of is_admin. This key is deprecated. Please update your policy file to use the standard policy values.
Jul 21 08:38:49.005461 dv-cinder-850318-4-iscsi devstack@c-api.service[111328]: warnings.warn('Policy enforcement is depending on the value of '
Jul 21 08:38:49.006183 dv-cinder-850318-4-iscsi devstack@c-api.service[111328]: DEBUG cinder.api.contrib.admin_actions [None req-d2ba5495-075b-4778-900f-4066869dc387 tempest-VolumesActionsTest-1747893330 tempest-VolumesActionsTest-1747893330-project-admin] Updating volume '544e943a-f188-429b-850b-2924e0c6a365' with '{'status': 'creating'}' {{(pid=111328) _reset_status /opt/stack/cinder/cinder/api/contrib/admin_actions.py:200}}
Jul 21 08:38:49.113152 dv-cinder-850318-4-iscsi devstack@c-api.service[111327]: INFO cinder.volume.api [None req-fdae6c39-9d71-49ca-9667-97d3ecd9fdec tempest-VolumesActionsTest-402901139 tempest-VolumesActionsTest-402901139-project] Attach volume completed successfully.
Jul 21 08:38:49.114103 dv-cinder-850318-4-iscsi devstack@c-api.service[111327]: INFO cinder.api.openstack.wsgi [None req-fdae6c39-9d71-49ca-9667-97d3ecd9fdec tempest-VolumesActionsTest-402901139 tempest-VolumesActionsTest-402901139-project] http://10.222.0.57/volume/v3/1cddd6e65016460f86475362da73a2ae/volumes/6bc81ec2-1c15-429f-ac2b-3ac684bef6c5/action returned with HTTP 202
Jul 21 08:38:49.114964 dv-cinder-850318-4-iscsi devstack@c-api.service[111327]: [pid: 111327|app: 0|req: 213/429] 10.222.0.57 () {60 vars in 1366 bytes} [Thu Jul 21 08:38:48 2022] POST /volume/v3/1cddd6e65016460f86475362da73a2ae/volumes/6bc81ec2-1c15-429f-ac2b-3ac684bef6c5/action => generated 0 bytes in 948 msecs (HTTP/1.1 202) 7 headers in 289 bytes (2 switches on core 0)
Jul 21 08:38:49.115271 dv-cinder-850318-4-iscsi devstack@c-api.service[111328]: INFO cinder.api.openstack.wsgi [None req-d2ba5495-075b-4778-900f-4066869dc387 tempest-VolumesActionsTest-1747893330 tempest-VolumesActionsTest-1747893330-project-admin] http://10.222.0.57/volume/v3/5a187fa30e2f4bdf9f92f8399d143836/volumes/544e943a-f188-429b-850b-2924e0c6a365/action returned with HTTP 202
Jul 21 08:38:49.116283 dv-cinder-850318-4-iscsi devstack@c-api.service[111328]: [pid: 111328|app: 0|req: 217/430] 10.222.0.57 () {60 vars in 1366 bytes} [Thu Jul 21 08:38:48 2022] POST /volume/v3/5a187fa30e2f4bdf9f92f8399d143836/volumes/544e943a-f188-429b-850b-2924e0c6a365/action => generated 0 bytes in 131 msecs (HTTP/1.1 202) 7 headers in 289 bytes (2 switches on core 0)
Jul 21 08:38:49.119570 dv-cinder-850318-4-iscsi devstack@c-api.service[111327]: DEBUG cinder.api.middleware.request_id [None req-ddb82dfa-3ac8-42fd-ba0e-1e051175fdd3 None None] RequestId filter calling following filter/app {{(pid=111327) _context_setter /opt/stack/cinder/cinder/api/middleware/request_id.py:62}}
Jul 21 08:38:49.120344 dv-cinder-850318-4-iscsi devstack@c-api.service[111328]: DEBUG cinder.api.middleware.request_id [None req-c72c1c5c-a75a-4226-8968-c95dbb29a844 None None] RequestId filter calling following filter/app {{(pid=111328) _context_setter /opt/stack/cinder/cinder/api/middleware/request_id.py:62}}
Jul 21 08:38:49.123458 dv-cinder-850318-4-iscsi devstack@c-api.service[111327]: INFO cinder.api.openstack.wsgi [None req-ddb82dfa-3ac8-42fd-ba0e-1e051175fdd3 tempest-VolumesActionsTest-402901139 tempest-VolumesActionsTest-402901139-project] GET http://10.222.0.57/volume/v3/1cddd6e65016460f86475362da73a2ae/volumes/6bc81ec2-1c15-429f-ac2b-3ac684bef6c5
Jul 21 08:38:49.123830 dv-cinder-850318-4-iscsi devstack@c-api.service[111328]: INFO cinder.api.openstack.wsgi [None req-c72c1c5c-a75a-4226-8968-c95dbb29a844 tempest-VolumesActionsTest-1641417414 tempest-VolumesActionsTest-1641417414-project] GET http://10.222.0.57/volume/v3/c531e29f56f74ee0b5cc28e029ad6f22/volumes/544e943a-f188-429b-850b-2924e0c6a365
Jul 21 08:38:49.123941 dv-cinder-850318-4-iscsi devstack@c-api.service[111327]: DEBUG cinder.api.openstack.wsgi [None req-ddb82dfa-3ac8-42fd-ba0e-1e051175fdd3 tempest-VolumesActionsTest-402901139 tempest-VolumesActionsTest-402901139-project] Empty body provided in request {{(pid=111327) get_body /opt/stack/cinder/cinder/api/openstack/wsgi.py:715}}
Jul 21 08:38:49.124265 dv-cinder-850318-4-iscsi devstack@c-api.service[111328]: DEBUG cinder.api.openstack.wsgi [None req-c72c1c5c-a75a-4226-8968-c95dbb29a844 tempest-VolumesActionsTest-1641417414 tempest-VolumesActionsTest-1641417414-project] Empty body provided in request {{(pid=111328) get_body /opt/stack/cinder/cinder/api/openstack/wsgi.py:715}}
Jul 21 08:38:49.124427 dv-cinder-850318-4-iscsi devstack@c-api.service[111327]: DEBUG cinder.api.openstack.wsgi [None req-ddb82dfa-3ac8-42fd-ba0e-1e051175fdd3 tempest-VolumesActionsTest-402901139 tempest-VolumesActionsTest-402901139-project] Calling method 'show' {{(pid=111327) _process_stack /opt/stack/cinder/cinder/api/openstack/wsgi.py:868}}
Jul 21 08:38:49.124722 dv-cinder-850318-4-iscsi devstack@c-api.service[111328]: DEBUG cinder.api.openstack.wsgi [None req-c72c1c5c-a75a-4226-8968-c95dbb29a844 tempest-VolumesActionsTest-1641417414 tempest-VolumesActionsTest-1641417414-project] Calling method 'show' {{(pid=111328) _process_stack /opt/stack/cinder/cinder/api/openstack/wsgi.py:868}}
Jul 21 08:38:49.139382 dv-cinder-850318-4-iscsi devstack@c-api.service[111328]: /usr/local/lib/python3.8/dist-packages/oslo_context/context.py:100: DeprecationWarning: Policy enforcement is depending on the value of is_admin. This key is deprecated. Please update your policy file to use the standard policy values.
Jul 21 08:38:49.139382 dv-cinder-850318-4-iscsi devstack@c-api.service[111328]: warnings.warn('Policy enforcement is depending on the value of '
Jul 21 08:38:49.146916 dv-cinder-850318-4-iscsi devstack@c-api.service[111328]: INFO cinder.volume.api [None req-c72c1c5c-a75a-4226-8968-c95dbb29a844 tempest-VolumesActionsTest-1641417414 tempest-VolumesActionsTest-1641417414-project] Volume info retrieved successfully.
Jul 21 08:38:49.147658 dv-cinder-850318-4-iscsi devstack@c-api.service[111327]: /usr/local/lib/python3.8/dist-packages/oslo_context/context.py:100: DeprecationWarning: Policy enforcement is depending on the value of is_admin. This key is deprecated. Please update your policy file to use the standard policy values.
Jul 21 08:38:49.147658 dv-cinder-850318-4-iscsi devstack@c-api.service[111327]: warnings.warn('Policy enforcement is depending on the value of '
Jul 21 08:38:49.155057 dv-cinder-850318-4-iscsi devstack@c-api.service[111327]: INFO cinder.volume.api [None req-ddb82dfa-3ac8-42fd-ba0e-1e051175fdd3 tempest-VolumesActionsTest-402901139 tempest-VolumesActionsTest-402901139-project] Volume info retrieved successfully.
Jul 21 08:38:49.156152 dv-cinder-850318-4-iscsi devstack@c-api.service[111328]: INFO cinder.api.openstack.wsgi [None req-c72c1c5c-a75a-4226-8968-c95dbb29a844 tempest-VolumesActionsTest-1641417414 tempest-VolumesActionsTest-1641417414-project] http://10.222.0.57/volume/v3/c531e29f56f74ee0b5cc28e029ad6f22/volumes/544e943a-f188-429b-850b-2924e0c6a365 returned with HTTP 200
Jul 21 08:38:49.157065 dv-cinder-850318-4-iscsi devstack@c-api.service[111328]: [pid: 111328|app: 0|req: 218/431] 10.222.0.57 () {58 vars in 1324 bytes} [Thu Jul 21 08:38:49 2022] GET /volume/v3/c531e29f56f74ee0b5cc28e029ad6f22/volumes/544e943a-f188-429b-850b-2924e0c6a365 => generated 910 bytes in 37 msecs (HTTP/1.1 200) 7 headers in 285 bytes (2 switches on core 0)
Jul 21 08:38:49.164985 dv-cinder-850318-4-iscsi devstack@c-api.service[111327]: INFO cinder.api.openstack.wsgi [None req-ddb82dfa-3ac8-42fd-ba0e-1e051175fdd3 tempest-VolumesActionsTest-402901139 tempest-VolumesActionsTest-402901139-project] http://10.222.0.57/volume/v3/1cddd6e65016460f86475362da73a2ae/volumes/6bc81ec2-1c15-429f-ac2b-3ac684bef6c5 returned with HTTP 200
Jul 21 08:38:49.165774 dv-cinder-850318-4-iscsi devstack@c-api.service[111327]: [pid: 111327|app: 0|req: 214/432] 10.222.0.57 () {58 vars in 1324 bytes} [Thu Jul 21 08:38:49 2022] GET /volume/v3/1cddd6e65016460f86475362da73a2ae/volumes/6bc81ec2-1c15-429f-ac2b-3ac684bef6c5 => generated 1245 bytes in 47 msecs (HTTP/1.1 200) 7 headers in 286 bytes (2 switches on core 0)
Jul 21 08:38:49.168981 dv-cinder-850318-4-iscsi devstack@c-api.service[111328]: DEBUG cinder.api.middleware.request_id [None req-17b896d9-8451-416e-9b91-e713f5e0026c None None] RequestId filter calling following filter/app {{(pid=111328) _context_setter /opt/stack/cinder/cinder/api/middleware/request_id.py:62}}
Jul 21 08:38:49.172380 dv-cinder-850318-4-iscsi devstack@c-api.service[111328]: INFO cinder.api.openstack.wsgi [None req-17b896d9-8451-416e-9b91-e713f5e0026c tempest-VolumesActionsTest-1747893330 tempest-VolumesActionsTest-1747893330-project-admin] POST http://10.222.0.57/volume/v3/5a187fa30e2f4bdf9f92f8399d143836/volumes/544e943a-f188-429b-850b-2924e0c6a365/action
Jul 21 08:38:49.173499 dv-cinder-850318-4-iscsi devstack@c-api.service[111328]: DEBUG cinder.api.openstack.wsgi [None req-17b896d9-8451-416e-9b91-e713f5e0026c tempest-VolumesActionsTest-1747893330 tempest-VolumesActionsTest-1747893330-project-admin] Action body: b'{"os-force_delete": {}}' {{(pid=111328) get_method /opt/stack/cinder/cinder/api/openstack/wsgi.py:983}}
Jul 21 08:38:49.173499 dv-cinder-850318-4-iscsi devstack@c-api.service[111328]: DEBUG cinder.api.openstack.wsgi [None req-17b896d9-8451-416e-9b91-e713f5e0026c tempest-VolumesActionsTest-1747893330 tempest-VolumesActionsTest-1747893330-project-admin] Action: 'action', calling method: _force_delete, body: {"os-force_delete": {}} {{(pid=111328) _process_stack /opt/stack/cinder/cinder/api/openstack/wsgi.py:866}}
Jul 21 08:38:49.177252 dv-cinder-850318-4-iscsi devstack@c-api.service[111327]: DEBUG cinder.api.middleware.request_id [None req-c9dc1e0a-5019-4012-8ef4-772df9b20560 None None] RequestId filter calling following filter/app {{(pid=111327) _context_setter /opt/stack/cinder/cinder/api/middleware/request_id.py:62}}
Jul 21 08:38:49.180692 dv-cinder-850318-4-iscsi devstack@c-api.service[111327]: INFO cinder.api.openstack.wsgi [None req-c9dc1e0a-5019-4012-8ef4-772df9b20560 tempest-VolumesActionsTest-402901139 tempest-VolumesActionsTest-402901139-project] POST http://10.222.0.57/volume/v3/1cddd6e65016460f86475362da73a2ae/volumes/6bc81ec2-1c15-429f-ac2b-3ac684bef6c5/action
Jul 21 08:38:49.181843 dv-cinder-850318-4-iscsi devstack@c-api.service[111327]: DEBUG cinder.api.openstack.wsgi [None req-c9dc1e0a-5019-4012-8ef4-772df9b20560 tempest-VolumesActionsTest-402901139 tempest-VolumesActionsTest-402901139-project] Action body: b'{"os-detach": {}}' {{(pid=111327) get_method /opt/stack/cinder/cinder/api/openstack/wsgi.py:983}}
Jul 21 08:38:49.182160 dv-cinder-850318-4-iscsi devstack@c-api.service[111327]: DEBUG cinder.api.openstack.wsgi [None req-c9dc1e0a-5019-4012-8ef4-772df9b20560 tempest-VolumesActionsTest-402901139 tempest-VolumesActionsTest-402901139-project] Action: 'action', calling method: _detach, body: {"os-detach": {}} {{(pid=111327) _process_stack /opt/stack/cinder/cinder/api/openstack/wsgi.py:866}}
Jul 21 08:38:49.188137 dv-cinder-850318-4-iscsi devstack@c-api.service[111328]: /usr/local/lib/python3.8/dist-packages/oslo_context/context.py:100: DeprecationWarning: Policy enforcement is depending on the value of is_admin. This key is deprecated. Please update your policy file to use the standard policy values.
Jul 21 08:38:49.188137 dv-cinder-850318-4-iscsi devstack@c-api.service[111328]: warnings.warn('Policy enforcement is depending on the value of '
Jul 21 08:38:49.189479 dv-cinder-850318-4-iscsi devstack@c-api.service[111328]: INFO cinder.volume.api [None req-17b896d9-8451-416e-9b91-e713f5e0026c tempest-VolumesActionsTest-1747893330 tempest-VolumesActionsTest-1747893330-project-admin] Volume info retrieved successfully.
Jul 21 08:38:49.201748 dv-cinder-850318-4-iscsi devstack@c-api.service[111327]: /usr/local/lib/python3.8/dist-packages/oslo_context/context.py:100: DeprecationWarning: Policy enforcement is depending on the value of is_admin. This key is deprecated. Please update your policy file to use the standard policy values.
Jul 21 08:38:49.201748 dv-cinder-850318-4-iscsi devstack@c-api.service[111327]: warnings.warn('Policy enforcement is depending on the value of '
Jul 21 08:38:49.202758 dv-cinder-850318-4-iscsi devstack@c-api.service[111327]: INFO cinder.volume.api [None req-c9dc1e0a-5019-4012-8ef4-772df9b20560 tempest-VolumesActionsTest-402901139 tempest-VolumesActionsTest-402901139-project] Volume info retrieved successfully.
Jul 21 08:38:49.337073 dv-cinder-850318-4-iscsi devstack@c-api.service[111328]: INFO cinder.volume.api [None req-17b896d9-8451-416e-9b91-e713f5e0026c tempest-VolumesActionsTest-1747893330 tempest-VolumesActionsTest-1747893330-project-admin] Delete volume request issued successfully.
Jul 21 08:38:49.337539 dv-cinder-850318-4-iscsi devstack@c-api.service[111328]: INFO cinder.api.openstack.wsgi [None req-17b896d9-8451-416e-9b91-e713f5e0026c tempest-VolumesActionsTest-1747893330 tempest-VolumesActionsTest-1747893330-project-admin] http://10.222.0.57/volume/v3/5a187fa30e2f4bdf9f92f8399d143836/volumes/544e943a-f188-429b-850b-2924e0c6a365/action returned with HTTP 202
Jul 21 08:38:49.338385 dv-cinder-850318-4-iscsi devstack@c-api.service[111328]: [pid: 111328|app: 0|req: 219/433] 10.222.0.57 () {60 vars in 1366 bytes} [Thu Jul 21 08:38:49 2022] POST /volume/v3/5a187fa30e2f4bdf9f92f8399d143836/volumes/544e943a-f188-429b-850b-2924e0c6a365/action => generated 0 bytes in 171 msecs (HTTP/1.1 202) 7 headers in 289 bytes (1 switches on core 0)
Jul 21 08:38:49.343026 dv-cinder-850318-4-iscsi devstack@c-api.service[111328]: DEBUG cinder.api.middleware.request_id [None req-8f478139-13bf-4e70-a0af-068f3e179c70 None None] RequestId filter calling following filter/app {{(pid=111328) _context_setter /opt/stack/cinder/cinder/api/middleware/request_id.py:62}}
Jul 21 08:38:49.347416 dv-cinder-850318-4-iscsi devstack@c-api.service[111328]: INFO cinder.api.openstack.wsgi [None req-8f478139-13bf-4e70-a0af-068f3e179c70 tempest-VolumesActionsTest-1641417414 tempest-VolumesActionsTest-1641417414-project] GET http://10.222.0.57/volume/v3/c531e29f56f74ee0b5cc28e029ad6f22/volumes/544e943a-f188-429b-850b-2924e0c6a365
Jul 21 08:38:49.348570 dv-cinder-850318-4-iscsi devstack@c-api.service[111328]: DEBUG cinder.api.openstack.wsgi [None req-8f478139-13bf-4e70-a0af-068f3e179c70 tempest-VolumesActionsTest-1641417414 tempest-VolumesActionsTest-1641417414-project] Empty body provided in request {{(pid=111328) get_body /opt/stack/cinder/cinder/api/openstack/wsgi.py:715}}
Jul 21 08:38:49.348570 dv-cinder-850318-4-iscsi devstack@c-api.service[111328]: DEBUG cinder.api.openstack.wsgi [None req-8f478139-13bf-4e70-a0af-068f3e179c70 tempest-VolumesActionsTest-1641417414 tempest-VolumesActionsTest-1641417414-project] Calling method 'show' {{(pid=111328) _process_stack /opt/stack/cinder/cinder/api/openstack/wsgi.py:868}}
Jul 21 08:38:49.364738 dv-cinder-850318-4-iscsi devstack@c-api.service[111328]: /usr/local/lib/python3.8/dist-packages/oslo_context/context.py:100: DeprecationWarning: Policy enforcement is depending on the value of is_admin. This key is deprecated. Please update your policy file to use the standard policy values.
Jul 21 08:38:49.364738 dv-cinder-850318-4-iscsi devstack@c-api.service[111328]: warnings.warn('Policy enforcement is depending on the value of '
Jul 21 08:38:49.371411 dv-cinder-850318-4-iscsi devstack@c-api.service[111328]: INFO cinder.volume.api [None req-8f478139-13bf-4e70-a0af-068f3e179c70 tempest-VolumesActionsTest-1641417414 tempest-VolumesActionsTest-1641417414-project] Volume info retrieved successfully.
Jul 21 08:38:49.380539 dv-cinder-850318-4-iscsi devstack@c-api.service[111328]: INFO cinder.api.openstack.wsgi [None req-8f478139-13bf-4e70-a0af-068f3e179c70 tempest-VolumesActionsTest-1641417414 tempest-VolumesActionsTest-1641417414-project] http://10.222.0.57/volume/v3/c531e29f56f74ee0b5cc28e029ad6f22/volumes/544e943a-f188-429b-850b-2924e0c6a365 returned with HTTP 200
Jul 21 08:38:49.381317 dv-cinder-850318-4-iscsi devstack@c-api.service[111328]: [pid: 111328|app: 0|req: 220/434] 10.222.0.57 () {58 vars in 1324 bytes} [Thu Jul 21 08:38:49 2022] GET /volume/v3/c531e29f56f74ee0b5cc28e029ad6f22/volumes/544e943a-f188-429b-850b-2924e0c6a365 => generated 910 bytes in 39 msecs (HTTP/1.1 200) 7 headers in 285 bytes (2 switches on core 0)
Jul 21 08:38:49.393353 dv-cinder-850318-4-iscsi devstack@c-api.service[111328]: DEBUG cinder.api.middleware.request_id [None req-b77cad20-1f40-483e-ad9c-8974b815f0c8 None None] RequestId filter calling following filter/app {{(pid=111328) _context_setter /opt/stack/cinder/cinder/api/middleware/request_id.py:62}}
Jul 21 08:38:49.396857 dv-cinder-850318-4-iscsi devstack@c-api.service[111328]: INFO cinder.api.openstack.wsgi [None req-b77cad20-1f40-483e-ad9c-8974b815f0c8 tempest-VolumeQuotasAdminTestJSON-484076851 tempest-VolumeQuotasAdminTestJSON-484076851-project-admin] GET http://10.222.0.57/volume/v3/18a1c2d3c9854885a82982bd2971913f/volumes/3b08e9c9-558d-4eed-9073-99745406ea6c
Jul 21 08:38:49.397293 dv-cinder-850318-4-iscsi devstack@c-api.service[111328]: DEBUG cinder.api.openstack.wsgi [None req-b77cad20-1f40-483e-ad9c-8974b815f0c8 tempest-VolumeQuotasAdminTestJSON-484076851 tempest-VolumeQuotasAdminTestJSON-484076851-project-admin] Empty body provided in request {{(pid=111328) get_body /opt/stack/cinder/cinder/api/openstack/wsgi.py:715}}
Jul 21 08:38:49.397919 dv-cinder-850318-4-iscsi devstack@c-api.service[111328]: DEBUG cinder.api.openstack.wsgi [None req-b77cad20-1f40-483e-ad9c-8974b815f0c8 tempest-VolumeQuotasAdminTestJSON-484076851 tempest-VolumeQuotasAdminTestJSON-484076851-project-admin] Calling method 'show' {{(pid=111328) _process_stack /opt/stack/cinder/cinder/api/openstack/wsgi.py:868}}
Jul 21 08:38:49.410796 dv-cinder-850318-4-iscsi devstack@c-api.service[111328]: INFO cinder.api.openstack.wsgi [None req-b77cad20-1f40-483e-ad9c-8974b815f0c8 tempest-VolumeQuotasAdminTestJSON-484076851 tempest-VolumeQuotasAdminTestJSON-484076851-project-admin] http://10.222.0.57/volume/v3/18a1c2d3c9854885a82982bd2971913f/volumes/3b08e9c9-558d-4eed-9073-99745406ea6c returned with HTTP 404
Jul 21 08:38:49.411705 dv-cinder-850318-4-iscsi devstack@c-api.service[111328]: [pid: 111328|app: 0|req: 221/435] 10.222.0.57 () {58 vars in 1324 bytes} [Thu Jul 21 08:38:49 2022] GET /volume/v3/18a1c2d3c9854885a82982bd2971913f/volumes/3b08e9c9-558d-4eed-9073-99745406ea6c => generated 109 bytes in 19 msecs (HTTP/1.1 404) 7 headers in 292 bytes (2 switches on core 0)
Jul 21 08:38:49.418783 dv-cinder-850318-4-iscsi devstack@c-api.service[111328]: DEBUG cinder.api.middleware.request_id [None req-5b12aa53-efc8-46f0-bd68-684784ebdcd3 None None] RequestId filter calling following filter/app {{(pid=111328) _context_setter /opt/stack/cinder/cinder/api/middleware/request_id.py:62}}
