Jul 18 02:37:16.220471 dv-cinder-850015-3-smb devstack@c-api.service[111504]: INFO cinder.api.openstack.wsgi [None req-c13a52ae-9912-4e14-8b7c-0bb8a0fde613 tempest-GroupsV320Test-230043092 tempest-GroupsV320Test-230043092-project] GET http://10.222.0.64/volume/v3/3fed927895c44e2db1b405d4f212b29d/groups/f327dfc8-535f-4bf6-b044-f48af9c9f58a
Jul 18 02:37:16.229216 dv-cinder-850015-3-smb devstack@c-api.service[111504]: DEBUG cinder.api.openstack.wsgi [None req-c13a52ae-9912-4e14-8b7c-0bb8a0fde613 tempest-GroupsV320Test-230043092 tempest-GroupsV320Test-230043092-project] Empty body provided in request {{(pid=111504) get_body /opt/stack/cinder/cinder/api/openstack/wsgi.py:715}}
Jul 18 02:37:16.229216 dv-cinder-850015-3-smb devstack@c-api.service[111504]: DEBUG cinder.api.openstack.wsgi [None req-c13a52ae-9912-4e14-8b7c-0bb8a0fde613 tempest-GroupsV320Test-230043092 tempest-GroupsV320Test-230043092-project] Calling method 'version_select' {{(pid=111504) _process_stack /opt/stack/cinder/cinder/api/openstack/wsgi.py:868}}
Jul 18 02:37:16.230634 dv-cinder-850015-3-smb devstack@c-api.service[111503]: INFO cinder.volume.api [None req-00e37b7e-9b34-4e4a-aaed-ef3fe86f1b80 tempest-GroupsTest-1230086260 tempest-GroupsTest-1230086260-project] Volume info retrieved successfully.
Jul 18 02:37:16.230723 dv-cinder-850015-3-smb devstack@c-api.service[111504]: DEBUG cinder.api.v3.groups [None req-c13a52ae-9912-4e14-8b7c-0bb8a0fde613 tempest-GroupsV320Test-230043092 tempest-GroupsV320Test-230043092-project] show called for member f327dfc8-535f-4bf6-b044-f48af9c9f58a {{(pid=111504) show /opt/stack/cinder/cinder/api/v3/groups.py:58}}
Jul 18 02:37:16.233399 dv-cinder-850015-3-smb devstack@c-api.service[111503]: WARNING stevedore.named [None req-00e37b7e-9b34-4e4a-aaed-ef3fe86f1b80 tempest-GroupsTest-1230086260 tempest-GroupsTest-1230086260-project] Could not load cinder.keymgr.conf_key_mgr.ConfKeyManager
Jul 18 02:37:16.233524 dv-cinder-850015-3-smb devstack@c-api.service[111504]: /usr/local/lib/python3.8/dist-packages/oslo_context/context.py:100: DeprecationWarning: Policy enforcement is depending on the value of is_admin. This key is deprecated. Please update your policy file to use the standard policy values.
Jul 18 02:37:16.233524 dv-cinder-850015-3-smb devstack@c-api.service[111504]: warnings.warn('Policy enforcement is depending on the value of '
Jul 18 02:37:16.233807 dv-cinder-850015-3-smb devstack@c-api.service[111503]: WARNING castellan.key_manager [None req-00e37b7e-9b34-4e4a-aaed-ef3fe86f1b80 tempest-GroupsTest-1230086260 tempest-GroupsTest-1230086260-project] Deprecation Warning : cinder.keymgr.conf_key_mgr.ConfKeyManager is not a stevedore based driver, trying to load it as a class: stevedore.exception.NoMatches: No 'castellan.drivers' driver found, looking for 'cinder.keymgr.conf_key_mgr.ConfKeyManager'
Jul 18 02:37:16.259966 dv-cinder-850015-3-smb devstack@c-api.service[111503]: DEBUG oslo_db.sqlalchemy.engines [None req-00e37b7e-9b34-4e4a-aaed-ef3fe86f1b80 tempest-GroupsTest-1230086260 tempest-GroupsTest-1230086260-project] MySQL server mode set to STRICT_TRANS_TABLES,STRICT_ALL_TABLES,NO_ZERO_IN_DATE,NO_ZERO_DATE,ERROR_FOR_DIVISION_BY_ZERO,TRADITIONAL,NO_ENGINE_SUBSTITUTION {{(pid=111503) _check_effective_sql_mode /usr/local/lib/python3.8/dist-packages/oslo_db/sqlalchemy/engines.py:314}}
Jul 18 02:37:16.267980 dv-cinder-850015-3-smb devstack@c-api.service[111503]: /usr/local/lib/python3.8/dist-packages/oslo_context/context.py:100: DeprecationWarning: Policy enforcement is depending on the value of is_admin. This key is deprecated. Please update your policy file to use the standard policy values.
Jul 18 02:37:16.267980 dv-cinder-850015-3-smb devstack@c-api.service[111503]: warnings.warn('Policy enforcement is depending on the value of '
Jul 18 02:37:16.268920 dv-cinder-850015-3-smb devstack@c-api.service[111504]: INFO cinder.api.openstack.wsgi [None req-c13a52ae-9912-4e14-8b7c-0bb8a0fde613 tempest-GroupsV320Test-230043092 tempest-GroupsV320Test-230043092-project] http://10.222.0.64/volume/v3/3fed927895c44e2db1b405d4f212b29d/groups/f327dfc8-535f-4bf6-b044-f48af9c9f58a returned with HTTP 200
Jul 18 02:37:16.277568 dv-cinder-850015-3-smb devstack@c-api.service[111504]: [pid: 111504|app: 0|req: 82/153] 10.222.0.64 () {60 vars in 1362 bytes} [Mon Jul 18 02:37:16 2022] GET /volume/v3/3fed927895c44e2db1b405d4f212b29d/groups/f327dfc8-535f-4bf6-b044-f48af9c9f58a => generated 388 bytes in 58 msecs (HTTP/1.1 200) 7 headers in 286 bytes (1 switches on core 0)
Jul 18 02:37:16.277568 dv-cinder-850015-3-smb devstack@c-api.service[111504]: DEBUG cinder.api.middleware.request_id [None req-c6a4887e-bcfa-483b-902e-c0a675a82878 None None] RequestId filter calling following filter/app {{(pid=111504) _context_setter /opt/stack/cinder/cinder/api/middleware/request_id.py:62}}
Jul 18 02:37:16.315669 dv-cinder-850015-3-smb devstack@c-api.service[111503]: INFO cinder.api.openstack.wsgi [None req-00e37b7e-9b34-4e4a-aaed-ef3fe86f1b80 tempest-GroupsTest-1230086260 tempest-GroupsTest-1230086260-project] http://10.222.0.64/volume/v3/acd3cba2ea0449678ccce172afacfc83/volumes/01f304d8-585e-412d-80f8-e1c1b3571b77 returned with HTTP 200
Jul 18 02:37:16.315669 dv-cinder-850015-3-smb devstack@c-api.service[111503]: [pid: 111503|app: 0|req: 72/154] 10.222.0.64 () {60 vars in 1365 bytes} [Mon Jul 18 02:37:16 2022] GET /volume/v3/acd3cba2ea0449678ccce172afacfc83/volumes/01f304d8-585e-412d-80f8-e1c1b3571b77 => generated 972 bytes in 179 msecs (HTTP/1.1 200) 7 headers in 286 bytes (1 switches on core 0)
Jul 18 02:37:16.323782 dv-cinder-850015-3-smb devstack@c-api.service[111503]: DEBUG cinder.api.middleware.request_id [None req-ba841f46-5b53-48e4-bf3e-bf5a3cf45a1a None None] RequestId filter calling following filter/app {{(pid=111503) _context_setter /opt/stack/cinder/cinder/api/middleware/request_id.py:62}}
Jul 18 02:37:16.339564 dv-cinder-850015-3-smb devstack@c-api.service[111503]: INFO cinder.api.openstack.wsgi [None req-ba841f46-5b53-48e4-bf3e-bf5a3cf45a1a tempest-GroupsV314Test-559014633 tempest-GroupsV314Test-559014633-project] GET http://10.222.0.64/volume/v3/286238a6a014405b9277acc79bf06c48/groups/4372f0ff-15f6-44f9-8854-e84f03b7234e
Jul 18 02:37:16.343368 dv-cinder-850015-3-smb devstack@c-api.service[111503]: DEBUG cinder.api.openstack.wsgi [None req-ba841f46-5b53-48e4-bf3e-bf5a3cf45a1a tempest-GroupsV314Test-559014633 tempest-GroupsV314Test-559014633-project] Empty body provided in request {{(pid=111503) get_body /opt/stack/cinder/cinder/api/openstack/wsgi.py:715}}
Jul 18 02:37:16.347649 dv-cinder-850015-3-smb devstack@c-api.service[111503]: DEBUG cinder.api.openstack.wsgi [None req-ba841f46-5b53-48e4-bf3e-bf5a3cf45a1a tempest-GroupsV314Test-559014633 tempest-GroupsV314Test-559014633-project] Calling method 'version_select' {{(pid=111503) _process_stack /opt/stack/cinder/cinder/api/openstack/wsgi.py:868}}
Jul 18 02:37:16.348273 dv-cinder-850015-3-smb devstack@c-api.service[111503]: DEBUG cinder.api.v3.groups [None req-ba841f46-5b53-48e4-bf3e-bf5a3cf45a1a tempest-GroupsV314Test-559014633 tempest-GroupsV314Test-559014633-project] show called for member 4372f0ff-15f6-44f9-8854-e84f03b7234e {{(pid=111503) show /opt/stack/cinder/cinder/api/v3/groups.py:58}}
Jul 18 02:37:16.359908 dv-cinder-850015-3-smb devstack@c-api.service[111503]: /usr/local/lib/python3.8/dist-packages/oslo_context/context.py:100: DeprecationWarning: Policy enforcement is depending on the value of is_admin. This key is deprecated. Please update your policy file to use the standard policy values.
Jul 18 02:37:16.359908 dv-cinder-850015-3-smb devstack@c-api.service[111503]: warnings.warn('Policy enforcement is depending on the value of '
Jul 18 02:37:16.379689 dv-cinder-850015-3-smb devstack@c-api.service[111503]: INFO cinder.api.openstack.wsgi [None req-ba841f46-5b53-48e4-bf3e-bf5a3cf45a1a tempest-GroupsV314Test-559014633 tempest-GroupsV314Test-559014633-project] http://10.222.0.64/volume/v3/286238a6a014405b9277acc79bf06c48/groups/4372f0ff-15f6-44f9-8854-e84f03b7234e returned with HTTP 200
Jul 18 02:37:16.381050 dv-cinder-850015-3-smb devstack@c-api.service[111503]: [pid: 111503|app: 0|req: 73/155] 10.222.0.64 () {60 vars in 1362 bytes} [Mon Jul 18 02:37:16 2022] GET /volume/v3/286238a6a014405b9277acc79bf06c48/groups/4372f0ff-15f6-44f9-8854-e84f03b7234e => generated 387 bytes in 73 msecs (HTTP/1.1 200) 7 headers in 286 bytes (1 switches on core 0)
Jul 18 02:37:16.382743 dv-cinder-850015-3-smb devstack@c-api.service[111503]: DEBUG cinder.api.middleware.request_id [None req-f568d55d-287a-44ae-9c77-41fca2baa491 None None] RequestId filter calling following filter/app {{(pid=111503) _context_setter /opt/stack/cinder/cinder/api/middleware/request_id.py:62}}
Jul 18 02:37:16.388583 dv-cinder-850015-3-smb devstack@c-api.service[111503]: INFO cinder.api.openstack.wsgi [None req-f568d55d-287a-44ae-9c77-41fca2baa491 tempest-QosSpecsTestJSON-1494560419 tempest-QosSpecsTestJSON-1494560419-project-admin] GET http://10.222.0.64/volume/v3/c656a6971d02441f809141e78602595c/qos-specs/75325dee-4602-4e40-8332-d0913f22b688
Jul 18 02:37:16.389043 dv-cinder-850015-3-smb devstack@c-api.service[111503]: DEBUG cinder.api.openstack.wsgi [None req-f568d55d-287a-44ae-9c77-41fca2baa491 tempest-QosSpecsTestJSON-1494560419 tempest-QosSpecsTestJSON-1494560419-project-admin] Empty body provided in request {{(pid=111503) get_body /opt/stack/cinder/cinder/api/openstack/wsgi.py:715}}
Jul 18 02:37:16.389503 dv-cinder-850015-3-smb devstack@c-api.service[111503]: DEBUG cinder.api.openstack.wsgi [None req-f568d55d-287a-44ae-9c77-41fca2baa491 tempest-QosSpecsTestJSON-1494560419 tempest-QosSpecsTestJSON-1494560419-project-admin] Calling method 'show' {{(pid=111503) _process_stack /opt/stack/cinder/cinder/api/openstack/wsgi.py:868}}
Jul 18 02:37:16.390203 dv-cinder-850015-3-smb devstack@c-api.service[111503]: /usr/local/lib/python3.8/dist-packages/oslo_context/context.py:100: DeprecationWarning: Policy enforcement is depending on the value of is_admin. This key is deprecated. Please update your policy file to use the standard policy values.
Jul 18 02:37:16.390203 dv-cinder-850015-3-smb devstack@c-api.service[111503]: warnings.warn('Policy enforcement is depending on the value of '
Jul 18 02:37:16.435112 dv-cinder-850015-3-smb devstack@c-api.service[111503]: INFO cinder.api.openstack.wsgi [None req-f568d55d-287a-44ae-9c77-41fca2baa491 tempest-QosSpecsTestJSON-1494560419 tempest-QosSpecsTestJSON-1494560419-project-admin] http://10.222.0.64/volume/v3/c656a6971d02441f809141e78602595c/qos-specs/75325dee-4602-4e40-8332-d0913f22b688 returned with HTTP 404
Jul 18 02:37:16.442194 dv-cinder-850015-3-smb devstack@c-api.service[111503]: [pid: 111503|app: 0|req: 74/156] 10.222.0.64 () {58 vars in 1330 bytes} [Mon Jul 18 02:37:16 2022] GET /volume/v3/c656a6971d02441f809141e78602595c/qos-specs/75325dee-4602-4e40-8332-d0913f22b688 => generated 100 bytes in 57 msecs (HTTP/1.1 404) 7 headers in 292 bytes (1 switches on core 0)
Jul 18 02:37:16.442194 dv-cinder-850015-3-smb devstack@c-api.service[111503]: DEBUG cinder.api.middleware.request_id [None req-a63d3aa7-0b81-4d4f-93e2-24f4dc271ae6 None None] RequestId filter calling following filter/app {{(pid=111503) _context_setter /opt/stack/cinder/cinder/api/middleware/request_id.py:62}}
Jul 18 02:37:16.445253 dv-cinder-850015-3-smb devstack@c-api.service[111503]: INFO cinder.api.openstack.wsgi [None req-a63d3aa7-0b81-4d4f-93e2-24f4dc271ae6 tempest-GroupsV320Test-547430032 tempest-GroupsV320Test-547430032-project-admin] POST http://10.222.0.64/volume/v3/263e7d75fc8048db99bb8606756acb3e/groups/f327dfc8-535f-4bf6-b044-f48af9c9f58a/action
Jul 18 02:37:16.447165 dv-cinder-850015-3-smb devstack@c-api.service[111503]: DEBUG cinder.api.openstack.wsgi [None req-a63d3aa7-0b81-4d4f-93e2-24f4dc271ae6 tempest-GroupsV320Test-547430032 tempest-GroupsV320Test-547430032-project-admin] Action body: b'{"reset_status": {"status": "error"}}' {{(pid=111503) get_method /opt/stack/cinder/cinder/api/openstack/wsgi.py:983}}
Jul 18 02:37:16.447165 dv-cinder-850015-3-smb devstack@c-api.service[111503]: DEBUG cinder.api.openstack.wsgi [None req-a63d3aa7-0b81-4d4f-93e2-24f4dc271ae6 tempest-GroupsV320Test-547430032 tempest-GroupsV320Test-547430032-project-admin] Action: 'action', calling method: version_select, body: {"reset_status": {"status": "error"}} {{(pid=111503) _process_stack /opt/stack/cinder/cinder/api/openstack/wsgi.py:866}}
Jul 18 02:37:16.447849 dv-cinder-850015-3-smb devstack@c-api.service[111503]: DEBUG cinder.api.v3.groups [None req-a63d3aa7-0b81-4d4f-93e2-24f4dc271ae6 tempest-GroupsV320Test-547430032 tempest-GroupsV320Test-547430032-project-admin] Updating group 'f327dfc8-535f-4bf6-b044-f48af9c9f58a' with 'error' {{(pid=111503) _reset_status /opt/stack/cinder/cinder/api/v3/groups.py:82}}
Jul 18 02:37:16.465010 dv-cinder-850015-3-smb devstack@c-api.service[111503]: /usr/local/lib/python3.8/dist-packages/oslo_context/context.py:100: DeprecationWarning: Policy enforcement is depending on the value of is_admin. This key is deprecated. Please update your policy file to use the standard policy values.
Jul 18 02:37:16.465010 dv-cinder-850015-3-smb devstack@c-api.service[111503]: warnings.warn('Policy enforcement is depending on the value of '
Jul 18 02:37:16.471952 dv-cinder-850015-3-smb devstack@c-api.service[111504]: INFO cinder.api.openstack.wsgi [None req-c6a4887e-bcfa-483b-902e-c0a675a82878 tempest-VolumeManageAdminTest-1068031893 tempest-VolumeManageAdminTest-1068031893-project-admin] GET http://10.222.0.64/volume/v3/12cccea47e4f4f6cb4a87577a1cc4cdc/volumes/86d4857f-d0a2-4b53-a7ca-b781a1a98eaf
Jul 18 02:37:16.472498 dv-cinder-850015-3-smb devstack@c-api.service[111504]: DEBUG cinder.api.openstack.wsgi [None req-c6a4887e-bcfa-483b-902e-c0a675a82878 tempest-VolumeManageAdminTest-1068031893 tempest-VolumeManageAdminTest-1068031893-project-admin] Empty body provided in request {{(pid=111504) get_body /opt/stack/cinder/cinder/api/openstack/wsgi.py:715}}
Jul 18 02:37:16.473413 dv-cinder-850015-3-smb devstack@c-api.service[111504]: DEBUG cinder.api.openstack.wsgi [None req-c6a4887e-bcfa-483b-902e-c0a675a82878 tempest-VolumeManageAdminTest-1068031893 tempest-VolumeManageAdminTest-1068031893-project-admin] Calling method 'show' {{(pid=111504) _process_stack /opt/stack/cinder/cinder/api/openstack/wsgi.py:868}}
Jul 18 02:37:16.533988 dv-cinder-850015-3-smb devstack@c-api.service[111503]: INFO cinder.api.openstack.wsgi [None req-a63d3aa7-0b81-4d4f-93e2-24f4dc271ae6 tempest-GroupsV320Test-547430032 tempest-GroupsV320Test-547430032-project-admin] http://10.222.0.64/volume/v3/263e7d75fc8048db99bb8606756acb3e/groups/f327dfc8-535f-4bf6-b044-f48af9c9f58a/action returned with HTTP 202
Jul 18 02:37:16.535381 dv-cinder-850015-3-smb devstack@c-api.service[111503]: [pid: 111503|app: 0|req: 75/157] 10.222.0.64 () {62 vars in 1404 bytes} [Mon Jul 18 02:37:16 2022] POST /volume/v3/263e7d75fc8048db99bb8606756acb3e/groups/f327dfc8-535f-4bf6-b044-f48af9c9f58a/action => generated 0 bytes in 95 msecs (HTTP/1.1 202) 6 headers in 234 bytes (1 switches on core 0)
Jul 18 02:37:16.536956 dv-cinder-850015-3-smb devstack@c-api.service[111504]: /usr/local/lib/python3.8/dist-packages/oslo_context/context.py:100: DeprecationWarning: Policy enforcement is depending on the value of is_admin. This key is deprecated. Please update your policy file to use the standard policy values.
Jul 18 02:37:16.536956 dv-cinder-850015-3-smb devstack@c-api.service[111504]: warnings.warn('Policy enforcement is depending on the value of '
Jul 18 02:37:16.540014 dv-cinder-850015-3-smb devstack@c-api.service[111503]: DEBUG cinder.api.middleware.request_id [None req-96af09f5-2c7b-49bd-aaff-c8855ccf47a6 None None] RequestId filter calling following filter/app {{(pid=111503) _context_setter /opt/stack/cinder/cinder/api/middleware/request_id.py:62}}
Jul 18 02:37:16.544807 dv-cinder-850015-3-smb devstack@c-api.service[111504]: INFO cinder.volume.api [None req-c6a4887e-bcfa-483b-902e-c0a675a82878 tempest-VolumeManageAdminTest-1068031893 tempest-VolumeManageAdminTest-1068031893-project-admin] Volume info retrieved successfully.
Jul 18 02:37:16.545192 dv-cinder-850015-3-smb devstack@c-api.service[111503]: INFO cinder.api.openstack.wsgi [None req-96af09f5-2c7b-49bd-aaff-c8855ccf47a6 tempest-GroupsV320Test-230043092 tempest-GroupsV320Test-230043092-project] GET http://10.222.0.64/volume/v3/3fed927895c44e2db1b405d4f212b29d/groups/f327dfc8-535f-4bf6-b044-f48af9c9f58a
Jul 18 02:37:16.545906 dv-cinder-850015-3-smb devstack@c-api.service[111503]: DEBUG cinder.api.openstack.wsgi [None req-96af09f5-2c7b-49bd-aaff-c8855ccf47a6 tempest-GroupsV320Test-230043092 tempest-GroupsV320Test-230043092-project] Empty body provided in request {{(pid=111503) get_body /opt/stack/cinder/cinder/api/openstack/wsgi.py:715}}
Jul 18 02:37:16.546704 dv-cinder-850015-3-smb devstack@c-api.service[111503]: DEBUG cinder.api.openstack.wsgi [None req-96af09f5-2c7b-49bd-aaff-c8855ccf47a6 tempest-GroupsV320Test-230043092 tempest-GroupsV320Test-230043092-project] Calling method 'version_select' {{(pid=111503) _process_stack /opt/stack/cinder/cinder/api/openstack/wsgi.py:868}}
Jul 18 02:37:16.547259 dv-cinder-850015-3-smb devstack@c-api.service[111503]: DEBUG cinder.api.v3.groups [None req-96af09f5-2c7b-49bd-aaff-c8855ccf47a6 tempest-GroupsV320Test-230043092 tempest-GroupsV320Test-230043092-project] show called for member f327dfc8-535f-4bf6-b044-f48af9c9f58a {{(pid=111503) show /opt/stack/cinder/cinder/api/v3/groups.py:58}}
Jul 18 02:37:16.551706 dv-cinder-850015-3-smb devstack@c-api.service[111503]: DEBUG dbcounter [-] [111503] Writing DB stats cinder:SELECT=73,cinder:INSERT=11,cinder:UPDATE=16 {{(pid=111503) stat_writer /usr/local/lib/python3.8/dist-packages/dbcounter.py:114}}
Jul 18 02:37:16.556264 dv-cinder-850015-3-smb devstack@c-api.service[111504]: INFO cinder.api.openstack.wsgi [None req-c6a4887e-bcfa-483b-902e-c0a675a82878 tempest-VolumeManageAdminTest-1068031893 tempest-VolumeManageAdminTest-1068031893-project-admin] http://10.222.0.64/volume/v3/12cccea47e4f4f6cb4a87577a1cc4cdc/volumes/86d4857f-d0a2-4b53-a7ca-b781a1a98eaf returned with HTTP 200
Jul 18 02:37:16.557076 dv-cinder-850015-3-smb devstack@c-api.service[111504]: [pid: 111504|app: 0|req: 83/158] 10.222.0.64 () {58 vars in 1324 bytes} [Mon Jul 18 02:37:16 2022] GET /volume/v3/12cccea47e4f4f6cb4a87577a1cc4cdc/volumes/86d4857f-d0a2-4b53-a7ca-b781a1a98eaf => generated 1079 bytes in 285 msecs (HTTP/1.1 200) 7 headers in 286 bytes (1 switches on core 0)
Jul 18 02:37:16.564241 dv-cinder-850015-3-smb devstack@c-api.service[111503]: /usr/local/lib/python3.8/dist-packages/oslo_context/context.py:100: DeprecationWarning: Policy enforcement is depending on the value of is_admin. This key is deprecated. Please update your policy file to use the standard policy values.
Jul 18 02:37:16.564241 dv-cinder-850015-3-smb devstack@c-api.service[111503]: warnings.warn('Policy enforcement is depending on the value of '
Jul 18 02:37:16.569070 dv-cinder-850015-3-smb devstack@c-api.service[111504]: DEBUG cinder.api.middleware.request_id [None req-51162d4a-8fa2-4bfe-ab3b-24b37dd13b57 None None] RequestId filter calling following filter/app {{(pid=111504) _context_setter /opt/stack/cinder/cinder/api/middleware/request_id.py:62}}
Jul 18 02:37:16.572786 dv-cinder-850015-3-smb devstack@c-api.service[111504]: INFO cinder.api.openstack.wsgi [None req-51162d4a-8fa2-4bfe-ab3b-24b37dd13b57 tempest-VolumeManageAdminTest-1068031893 tempest-VolumeManageAdminTest-1068031893-project-admin] POST http://10.222.0.64/volume/v3/12cccea47e4f4f6cb4a87577a1cc4cdc/volumes/86d4857f-d0a2-4b53-a7ca-b781a1a98eaf/action
Jul 18 02:37:16.574112 dv-cinder-850015-3-smb devstack@c-api.service[111504]: DEBUG cinder.api.openstack.wsgi [None req-51162d4a-8fa2-4bfe-ab3b-24b37dd13b57 tempest-VolumeManageAdminTest-1068031893 tempest-VolumeManageAdminTest-1068031893-project-admin] Action body: b'{"os-unmanage": {}}' {{(pid=111504) get_method /opt/stack/cinder/cinder/api/openstack/wsgi.py:983}}
Jul 18 02:37:16.574443 dv-cinder-850015-3-smb devstack@c-api.service[111504]: DEBUG cinder.api.openstack.wsgi [None req-51162d4a-8fa2-4bfe-ab3b-24b37dd13b57 tempest-VolumeManageAdminTest-1068031893 tempest-VolumeManageAdminTest-1068031893-project-admin] Action: 'action', calling method: unmanage, body: {"os-unmanage": {}} {{(pid=111504) _process_stack /opt/stack/cinder/cinder/api/openstack/wsgi.py:866}}
Jul 18 02:37:16.574799 dv-cinder-850015-3-smb devstack@c-api.service[111504]: INFO cinder.api.contrib.volume_unmanage [None req-51162d4a-8fa2-4bfe-ab3b-24b37dd13b57 tempest-VolumeManageAdminTest-1068031893 tempest-VolumeManageAdminTest-1068031893-project-admin] Unmanage volume with id: 86d4857f-d0a2-4b53-a7ca-b781a1a98eaf
Jul 18 02:37:16.590987 dv-cinder-850015-3-smb devstack@c-api.service[111504]: /usr/local/lib/python3.8/dist-packages/oslo_context/context.py:100: DeprecationWarning: Policy enforcement is depending on the value of is_admin. This key is deprecated. Please update your policy file to use the standard policy values.
Jul 18 02:37:16.590987 dv-cinder-850015-3-smb devstack@c-api.service[111504]: warnings.warn('Policy enforcement is depending on the value of '
Jul 18 02:37:16.591750 dv-cinder-850015-3-smb devstack@c-api.service[111504]: INFO cinder.volume.api [None req-51162d4a-8fa2-4bfe-ab3b-24b37dd13b57 tempest-VolumeManageAdminTest-1068031893 tempest-VolumeManageAdminTest-1068031893-project-admin] Volume info retrieved successfully.
Jul 18 02:37:16.597862 dv-cinder-850015-3-smb devstack@c-api.service[111503]: INFO cinder.api.openstack.wsgi [None req-96af09f5-2c7b-49bd-aaff-c8855ccf47a6 tempest-GroupsV320Test-230043092 tempest-GroupsV320Test-230043092-project] http://10.222.0.64/volume/v3/3fed927895c44e2db1b405d4f212b29d/groups/f327dfc8-535f-4bf6-b044-f48af9c9f58a returned with HTTP 200
Jul 18 02:37:16.605927 dv-cinder-850015-3-smb devstack@c-api.service[111503]: [pid: 111503|app: 0|req: 76/159] 10.222.0.64 () {60 vars in 1362 bytes} [Mon Jul 18 02:37:16 2022] GET /volume/v3/3fed927895c44e2db1b405d4f212b29d/groups/f327dfc8-535f-4bf6-b044-f48af9c9f58a => generated 384 bytes in 63 msecs (HTTP/1.1 200) 7 headers in 286 bytes (2 switches on core 0)
Jul 18 02:37:16.611303 dv-cinder-850015-3-smb devstack@c-api.service[111503]: DEBUG cinder.api.middleware.request_id [None req-6ca7e80d-5968-44ba-a0ed-4da591fdfa54 None None] RequestId filter calling following filter/app {{(pid=111503) _context_setter /opt/stack/cinder/cinder/api/middleware/request_id.py:62}}
Jul 18 02:37:16.615343 dv-cinder-850015-3-smb devstack@c-api.service[111503]: INFO cinder.api.openstack.wsgi [None req-6ca7e80d-5968-44ba-a0ed-4da591fdfa54 tempest-GroupsV320Test-547430032 tempest-GroupsV320Test-547430032-project-admin] POST http://10.222.0.64/volume/v3/263e7d75fc8048db99bb8606756acb3e/groups/f327dfc8-535f-4bf6-b044-f48af9c9f58a/action
Jul 18 02:37:16.616108 dv-cinder-850015-3-smb devstack@c-api.service[111503]: DEBUG cinder.api.openstack.wsgi [None req-6ca7e80d-5968-44ba-a0ed-4da591fdfa54 tempest-GroupsV320Test-547430032 tempest-GroupsV320Test-547430032-project-admin] Action body: b'{"reset_status": {"status": "available"}}' {{(pid=111503) get_method /opt/stack/cinder/cinder/api/openstack/wsgi.py:983}}
Jul 18 02:37:16.616434 dv-cinder-850015-3-smb devstack@c-api.service[111503]: DEBUG cinder.api.openstack.wsgi [None req-6ca7e80d-5968-44ba-a0ed-4da591fdfa54 tempest-GroupsV320Test-547430032 tempest-GroupsV320Test-547430032-project-admin] Action: 'action', calling method: reset_status, body: {"reset_status": {"status": "available"}} {{(pid=111503) _process_stack /opt/stack/cinder/cinder/api/openstack/wsgi.py:866}}
Jul 18 02:37:16.617271 dv-cinder-850015-3-smb devstack@c-api.service[111503]: DEBUG cinder.api.v3.groups [None req-6ca7e80d-5968-44ba-a0ed-4da591fdfa54 tempest-GroupsV320Test-547430032 tempest-GroupsV320Test-547430032-project-admin] Updating group 'f327dfc8-535f-4bf6-b044-f48af9c9f58a' with 'available' {{(pid=111503) _reset_status /opt/stack/cinder/cinder/api/v3/groups.py:82}}
Jul 18 02:37:16.623780 dv-cinder-850015-3-smb devstack@c-api.service[111503]: /usr/local/lib/python3.8/dist-packages/oslo_context/context.py:100: DeprecationWarning: Policy enforcement is depending on the value of is_admin. This key is deprecated. Please update your policy file to use the standard policy values.
Jul 18 02:37:16.623780 dv-cinder-850015-3-smb devstack@c-api.service[111503]: warnings.warn('Policy enforcement is depending on the value of '
Jul 18 02:37:16.685407 dv-cinder-850015-3-smb devstack@c-api.service[111504]: INFO cinder.volume.api [None req-51162d4a-8fa2-4bfe-ab3b-24b37dd13b57 tempest-VolumeManageAdminTest-1068031893 tempest-VolumeManageAdminTest-1068031893-project-admin] Delete volume request issued successfully.
Jul 18 02:37:16.685866 dv-cinder-850015-3-smb devstack@c-api.service[111504]: INFO cinder.api.openstack.wsgi [None req-51162d4a-8fa2-4bfe-ab3b-24b37dd13b57 tempest-VolumeManageAdminTest-1068031893 tempest-VolumeManageAdminTest-1068031893-project-admin] http://10.222.0.64/volume/v3/12cccea47e4f4f6cb4a87577a1cc4cdc/volumes/86d4857f-d0a2-4b53-a7ca-b781a1a98eaf/action returned with HTTP 202
Jul 18 02:37:16.689948 dv-cinder-850015-3-smb devstack@c-api.service[111504]: [pid: 111504|app: 0|req: 84/160] 10.222.0.64 () {60 vars in 1366 bytes} [Mon Jul 18 02:37:16 2022] POST /volume/v3/12cccea47e4f4f6cb4a87577a1cc4cdc/volumes/86d4857f-d0a2-4b53-a7ca-b781a1a98eaf/action => generated 0 bytes in 122 msecs (HTTP/1.1 202) 6 headers in 233 bytes (1 switches on core 0)
Jul 18 02:37:16.692073 dv-cinder-850015-3-smb devstack@c-api.service[111504]: DEBUG cinder.api.middleware.request_id [None req-b43b4436-be56-48a2-98e3-544b084cc079 None None] RequestId filter calling following filter/app {{(pid=111504) _context_setter /opt/stack/cinder/cinder/api/middleware/request_id.py:62}}
Jul 18 02:37:16.696108 dv-cinder-850015-3-smb devstack@c-api.service[111504]: INFO cinder.api.openstack.wsgi [None req-b43b4436-be56-48a2-98e3-544b084cc079 tempest-VolumeManageAdminTest-1068031893 tempest-VolumeManageAdminTest-1068031893-project-admin] GET http://10.222.0.64/volume/v3/12cccea47e4f4f6cb4a87577a1cc4cdc/volumes/86d4857f-d0a2-4b53-a7ca-b781a1a98eaf
Jul 18 02:37:16.696554 dv-cinder-850015-3-smb devstack@c-api.service[111504]: DEBUG cinder.api.openstack.wsgi [None req-b43b4436-be56-48a2-98e3-544b084cc079 tempest-VolumeManageAdminTest-1068031893 tempest-VolumeManageAdminTest-1068031893-project-admin] Empty body provided in request {{(pid=111504) get_body /opt/stack/cinder/cinder/api/openstack/wsgi.py:715}}
Jul 18 02:37:16.697011 dv-cinder-850015-3-smb devstack@c-api.service[111504]: DEBUG cinder.api.openstack.wsgi [None req-b43b4436-be56-48a2-98e3-544b084cc079 tempest-VolumeManageAdminTest-1068031893 tempest-VolumeManageAdminTest-1068031893-project-admin] Calling method 'show' {{(pid=111504) _process_stack /opt/stack/cinder/cinder/api/openstack/wsgi.py:868}}
Jul 18 02:37:16.713454 dv-cinder-850015-3-smb devstack@c-api.service[111504]: /usr/local/lib/python3.8/dist-packages/oslo_context/context.py:100: DeprecationWarning: Policy enforcement is depending on the value of is_admin. This key is deprecated. Please update your policy file to use the standard policy values.
Jul 18 02:37:16.713454 dv-cinder-850015-3-smb devstack@c-api.service[111504]: warnings.warn('Policy enforcement is depending on the value of '
Jul 18 02:37:16.722189 dv-cinder-850015-3-smb devstack@c-api.service[111504]: INFO cinder.volume.api [None req-b43b4436-be56-48a2-98e3-544b084cc079 tempest-VolumeManageAdminTest-1068031893 tempest-VolumeManageAdminTest-1068031893-project-admin] Volume info retrieved successfully.
Jul 18 02:37:16.722410 dv-cinder-850015-3-smb devstack@c-api.service[111503]: INFO cinder.api.openstack.wsgi [None req-6ca7e80d-5968-44ba-a0ed-4da591fdfa54 tempest-GroupsV320Test-547430032 tempest-GroupsV320Test-547430032-project-admin] http://10.222.0.64/volume/v3/263e7d75fc8048db99bb8606756acb3e/groups/f327dfc8-535f-4bf6-b044-f48af9c9f58a/action returned with HTTP 202
Jul 18 02:37:16.723002 dv-cinder-850015-3-smb devstack@c-api.service[111503]: [pid: 111503|app: 0|req: 77/161] 10.222.0.64 () {62 vars in 1404 bytes} [Mon Jul 18 02:37:16 2022] POST /volume/v3/263e7d75fc8048db99bb8606756acb3e/groups/f327dfc8-535f-4bf6-b044-f48af9c9f58a/action => generated 0 bytes in 113 msecs (HTTP/1.1 202) 6 headers in 234 bytes (1 switches on core 0)
Jul 18 02:37:16.727914 dv-cinder-850015-3-smb devstack@c-api.service[111503]: DEBUG cinder.api.middleware.request_id [None req-e3371b77-14f8-4d7e-a72a-fde92e5fd2a0 None None] RequestId filter calling following filter/app {{(pid=111503) _context_setter /opt/stack/cinder/cinder/api/middleware/request_id.py:62}}
Jul 18 02:37:16.732294 dv-cinder-850015-3-smb devstack@c-api.service[111504]: INFO cinder.api.openstack.wsgi [None req-b43b4436-be56-48a2-98e3-544b084cc079 tempest-VolumeManageAdminTest-1068031893 tempest-VolumeManageAdminTest-1068031893-project-admin] http://10.222.0.64/volume/v3/12cccea47e4f4f6cb4a87577a1cc4cdc/volumes/86d4857f-d0a2-4b53-a7ca-b781a1a98eaf returned with HTTP 200
Jul 18 02:37:16.733430 dv-cinder-850015-3-smb devstack@c-api.service[111503]: INFO cinder.api.openstack.wsgi [None req-e3371b77-14f8-4d7e-a72a-fde92e5fd2a0 tempest-GroupsV320Test-230043092 tempest-GroupsV320Test-230043092-project] GET http://10.222.0.64/volume/v3/3fed927895c44e2db1b405d4f212b29d/groups/f327dfc8-535f-4bf6-b044-f48af9c9f58a
Jul 18 02:37:16.734187 dv-cinder-850015-3-smb devstack@c-api.service[111503]: DEBUG cinder.api.openstack.wsgi [None req-e3371b77-14f8-4d7e-a72a-fde92e5fd2a0 tempest-GroupsV320Test-230043092 tempest-GroupsV320Test-230043092-project] Empty body provided in request {{(pid=111503) get_body /opt/stack/cinder/cinder/api/openstack/wsgi.py:715}}
Jul 18 02:37:16.734797 dv-cinder-850015-3-smb devstack@c-api.service[111503]: DEBUG cinder.api.openstack.wsgi [None req-e3371b77-14f8-4d7e-a72a-fde92e5fd2a0 tempest-GroupsV320Test-230043092 tempest-GroupsV320Test-230043092-project] Calling method 'version_select' {{(pid=111503) _process_stack /opt/stack/cinder/cinder/api/openstack/wsgi.py:868}}
Jul 18 02:37:16.735440 dv-cinder-850015-3-smb devstack@c-api.service[111503]: DEBUG cinder.api.v3.groups [None req-e3371b77-14f8-4d7e-a72a-fde92e5fd2a0 tempest-GroupsV320Test-230043092 tempest-GroupsV320Test-230043092-project] show called for member f327dfc8-535f-4bf6-b044-f48af9c9f58a {{(pid=111503) show /opt/stack/cinder/cinder/api/v3/groups.py:58}}
Jul 18 02:37:16.742996 dv-cinder-850015-3-smb devstack@c-api.service[111504]: [pid: 111504|app: 0|req: 85/162] 10.222.0.64 () {58 vars in 1324 bytes} [Mon Jul 18 02:37:16 2022] GET /volume/v3/12cccea47e4f4f6cb4a87577a1cc4cdc/volumes/86d4857f-d0a2-4b53-a7ca-b781a1a98eaf => generated 1080 bytes in 52 msecs (HTTP/1.1 200) 7 headers in 286 bytes (1 switches on core 0)
Jul 18 02:37:16.748169 dv-cinder-850015-3-smb devstack@c-api.service[111503]: /usr/local/lib/python3.8/dist-packages/oslo_context/context.py:100: DeprecationWarning: Policy enforcement is depending on the value of is_admin. This key is deprecated. Please update your policy file to use the standard policy values.
Jul 18 02:37:16.748169 dv-cinder-850015-3-smb devstack@c-api.service[111503]: warnings.warn('Policy enforcement is depending on the value of '
Jul 18 02:37:16.767473 dv-cinder-850015-3-smb devstack@c-api.service[111503]: INFO cinder.api.openstack.wsgi [None req-e3371b77-14f8-4d7e-a72a-fde92e5fd2a0 tempest-GroupsV320Test-230043092 tempest-GroupsV320Test-230043092-project] http://10.222.0.64/volume/v3/3fed927895c44e2db1b405d4f212b29d/groups/f327dfc8-535f-4bf6-b044-f48af9c9f58a returned with HTTP 200
Jul 18 02:37:16.773764 dv-cinder-850015-3-smb devstack@c-api.service[111503]: [pid: 111503|app: 0|req: 78/163] 10.222.0.64 () {60 vars in 1362 bytes} [Mon Jul 18 02:37:16 2022] GET /volume/v3/3fed927895c44e2db1b405d4f212b29d/groups/f327dfc8-535f-4bf6-b044-f48af9c9f58a => generated 388 bytes in 41 msecs (HTTP/1.1 200) 7 headers in 286 bytes (2 switches on core 0)
Jul 18 02:37:16.779743 dv-cinder-850015-3-smb devstack@c-api.service[111504]: DEBUG cinder.api.middleware.request_id [None req-8306cd2c-5b07-49aa-ac7d-7b5c5495cc72 None None] RequestId filter calling following filter/app {{(pid=111504) _context_setter /opt/stack/cinder/cinder/api/middleware/request_id.py:62}}
Jul 18 02:37:16.789595 dv-cinder-850015-3-smb devstack@c-api.service[111504]: INFO cinder.api.openstack.wsgi [None req-8306cd2c-5b07-49aa-ac7d-7b5c5495cc72 tempest-GroupsV320Test-230043092 tempest-GroupsV320Test-230043092-project] GET http://10.222.0.64/volume/v3/3fed927895c44e2db1b405d4f212b29d/volumes/detail
Jul 18 02:37:16.789595 dv-cinder-850015-3-smb devstack@c-api.service[111504]: DEBUG cinder.api.openstack.wsgi [None req-8306cd2c-5b07-49aa-ac7d-7b5c5495cc72 tempest-GroupsV320Test-230043092 tempest-GroupsV320Test-230043092-project] Empty body provided in request {{(pid=111504) get_body /opt/stack/cinder/cinder/api/openstack/wsgi.py:715}}
Jul 18 02:37:16.789595 dv-cinder-850015-3-smb devstack@c-api.service[111504]: DEBUG cinder.api.openstack.wsgi [None req-8306cd2c-5b07-49aa-ac7d-7b5c5495cc72 tempest-GroupsV320Test-230043092 tempest-GroupsV320Test-230043092-project] Calling method 'detail' {{(pid=111504) _process_stack /opt/stack/cinder/cinder/api/openstack/wsgi.py:868}}
Jul 18 02:37:16.789595 dv-cinder-850015-3-smb devstack@c-api.service[111504]: DEBUG cinder.api.api_utils [None req-8306cd2c-5b07-49aa-ac7d-7b5c5495cc72 tempest-GroupsV320Test-230043092 tempest-GroupsV320Test-230043092-project] Removing options '' from query. {{(pid=111504) remove_invalid_filter_options /opt/stack/cinder/cinder/api/api_utils.py:83}}
Jul 18 02:37:16.789595 dv-cinder-850015-3-smb devstack@c-api.service[111504]: DEBUG cinder.volume.api [None req-8306cd2c-5b07-49aa-ac7d-7b5c5495cc72 tempest-GroupsV320Test-230043092 tempest-GroupsV320Test-230043092-project] Searching by: MultiDict([('no_migration_targets', True)]). {{(pid=111504) get_all /opt/stack/cinder/cinder/volume/api.py:664}}
Jul 18 02:37:16.845240 dv-cinder-850015-3-smb devstack@c-api.service[111504]: INFO cinder.volume.api [None req-8306cd2c-5b07-49aa-ac7d-7b5c5495cc72 tempest-GroupsV320Test-230043092 tempest-GroupsV320Test-230043092-project] Get all volumes completed successfully.
Jul 18 02:37:16.849603 dv-cinder-850015-3-smb devstack@c-api.service[111504]: INFO cinder.api.openstack.wsgi [None req-8306cd2c-5b07-49aa-ac7d-7b5c5495cc72 tempest-GroupsV320Test-230043092 tempest-GroupsV320Test-230043092-project] http://10.222.0.64/volume/v3/3fed927895c44e2db1b405d4f212b29d/volumes/detail returned with HTTP 200
Jul 18 02:37:16.857413 dv-cinder-850015-3-smb devstack@c-api.service[111504]: [pid: 111504|app: 0|req: 86/164] 10.222.0.64 () {60 vars in 1275 bytes} [Mon Jul 18 02:37:16 2022] GET /volume/v3/3fed927895c44e2db1b405d4f212b29d/volumes/detail => generated 15 bytes in 74 msecs (HTTP/1.1 200) 7 headers in 285 bytes (1 switches on core 0)
Jul 18 02:37:16.863725 dv-cinder-850015-3-smb devstack@c-api.service[111503]: DEBUG cinder.api.middleware.request_id [None req-d2a449bb-8d65-41a8-b5e2-0c173f91cff3 None None] RequestId filter calling following filter/app {{(pid=111503) _context_setter /opt/stack/cinder/cinder/api/middleware/request_id.py:62}}
Jul 18 02:37:16.867903 dv-cinder-850015-3-smb devstack@c-api.service[111503]: INFO cinder.api.openstack.wsgi [None req-d2a449bb-8d65-41a8-b5e2-0c173f91cff3 tempest-GroupsV320Test-230043092 tempest-GroupsV320Test-230043092-project] POST http://10.222.0.64/volume/v3/3fed927895c44e2db1b405d4f212b29d/groups/f327dfc8-535f-4bf6-b044-f48af9c9f58a/action
Jul 18 02:37:16.868854 dv-cinder-850015-3-smb devstack@c-api.service[111503]: DEBUG cinder.api.openstack.wsgi [None req-d2a449bb-8d65-41a8-b5e2-0c173f91cff3 tempest-GroupsV320Test-230043092 tempest-GroupsV320Test-230043092-project] Action body: b'{"delete": {"delete-volumes": true}}' {{(pid=111503) get_method /opt/stack/cinder/cinder/api/openstack/wsgi.py:983}}
Jul 18 02:37:16.871153 dv-cinder-850015-3-smb devstack@c-api.service[111503]: DEBUG cinder.api.openstack.wsgi [None req-d2a449bb-8d65-41a8-b5e2-0c173f91cff3 tempest-GroupsV320Test-230043092 tempest-GroupsV320Test-230043092-project] Action: 'action', calling method: version_select, body: {"delete": {"delete-volumes": true}} {{(pid=111503) _process_stack /opt/stack/cinder/cinder/api/openstack/wsgi.py:866}}
Jul 18 02:37:16.882043 dv-cinder-850015-3-smb devstack@c-api.service[111503]: DEBUG cinder.api.v3.groups [None req-d2a449bb-8d65-41a8-b5e2-0c173f91cff3 tempest-GroupsV320Test-230043092 tempest-GroupsV320Test-230043092-project] delete called for group f327dfc8-535f-4bf6-b044-f48af9c9f58a {{(pid=111503) _delete /opt/stack/cinder/cinder/api/v3/groups.py:117}}
Jul 18 02:37:16.882043 dv-cinder-850015-3-smb devstack@c-api.service[111503]: INFO cinder.api.v3.groups [None req-d2a449bb-8d65-41a8-b5e2-0c173f91cff3 tempest-GroupsV320Test-230043092 tempest-GroupsV320Test-230043092-project] Delete group with id: f327dfc8-535f-4bf6-b044-f48af9c9f58a
Jul 18 02:37:16.882043 dv-cinder-850015-3-smb devstack@c-api.service[111503]: /usr/local/lib/python3.8/dist-packages/oslo_context/context.py:100: DeprecationWarning: Policy enforcement is depending on the value of is_admin. This key is deprecated. Please update your policy file to use the standard policy values.
Jul 18 02:37:16.882043 dv-cinder-850015-3-smb devstack@c-api.service[111503]: warnings.warn('Policy enforcement is depending on the value of '
Jul 18 02:37:17.082934 dv-cinder-850015-3-smb devstack@c-api.service[111503]: INFO cinder.api.openstack.wsgi [None req-d2a449bb-8d65-41a8-b5e2-0c173f91cff3 tempest-GroupsV320Test-230043092 tempest-GroupsV320Test-230043092-project] http://10.222.0.64/volume/v3/3fed927895c44e2db1b405d4f212b29d/groups/f327dfc8-535f-4bf6-b044-f48af9c9f58a/action returned with HTTP 202
Jul 18 02:37:17.084803 dv-cinder-850015-3-smb devstack@c-api.service[111503]: [pid: 111503|app: 0|req: 79/165] 10.222.0.64 () {62 vars in 1404 bytes} [Mon Jul 18 02:37:16 2022] POST /volume/v3/3fed927895c44e2db1b405d4f212b29d/groups/f327dfc8-535f-4bf6-b044-f48af9c9f58a/action => generated 0 bytes in 222 msecs (HTTP/1.1 202) 6 headers in 234 bytes (2 switches on core 0)
Jul 18 02:37:17.089776 dv-cinder-850015-3-smb devstack@c-api.service[111504]: DEBUG cinder.api.middleware.request_id [None req-ba252139-0704-4994-9d59-4718fb3a89f9 None None] RequestId filter calling following filter/app {{(pid=111504) _context_setter /opt/stack/cinder/cinder/api/middleware/request_id.py:62}}
Jul 18 02:37:17.095873 dv-cinder-850015-3-smb devstack@c-api.service[111504]: INFO cinder.api.openstack.wsgi [None req-ba252139-0704-4994-9d59-4718fb3a89f9 tempest-GroupsV320Test-230043092 tempest-GroupsV320Test-230043092-project] GET http://10.222.0.64/volume/v3/3fed927895c44e2db1b405d4f212b29d/groups/f327dfc8-535f-4bf6-b044-f48af9c9f58a
Jul 18 02:37:17.096444 dv-cinder-850015-3-smb devstack@c-api.service[111504]: DEBUG cinder.api.openstack.wsgi [None req-ba252139-0704-4994-9d59-4718fb3a89f9 tempest-GroupsV320Test-230043092 tempest-GroupsV320Test-230043092-project] Empty body provided in request {{(pid=111504) get_body /opt/stack/cinder/cinder/api/openstack/wsgi.py:715}}
Jul 18 02:37:17.097121 dv-cinder-850015-3-smb devstack@c-api.service[111504]: DEBUG cinder.api.openstack.wsgi [None req-ba252139-0704-4994-9d59-4718fb3a89f9 tempest-GroupsV320Test-230043092 tempest-GroupsV320Test-230043092-project] Calling method 'version_select' {{(pid=111504) _process_stack /opt/stack/cinder/cinder/api/openstack/wsgi.py:868}}
Jul 18 02:37:17.097584 dv-cinder-850015-3-smb devstack@c-api.service[111504]: DEBUG cinder.api.v3.groups [None req-ba252139-0704-4994-9d59-4718fb3a89f9 tempest-GroupsV320Test-230043092 tempest-GroupsV320Test-230043092-project] show called for member f327dfc8-535f-4bf6-b044-f48af9c9f58a {{(pid=111504) show /opt/stack/cinder/cinder/api/v3/groups.py:58}}
Jul 18 02:37:17.114937 dv-cinder-850015-3-smb devstack@c-api.service[111504]: /usr/local/lib/python3.8/dist-packages/oslo_context/context.py:100: DeprecationWarning: Policy enforcement is depending on the value of is_admin. This key is deprecated. Please update your policy file to use the standard policy values.
Jul 18 02:37:17.114937 dv-cinder-850015-3-smb devstack@c-api.service[111504]: warnings.warn('Policy enforcement is depending on the value of '
Jul 18 02:37:17.136220 dv-cinder-850015-3-smb devstack@c-api.service[111504]: INFO cinder.api.openstack.wsgi [None req-ba252139-0704-4994-9d59-4718fb3a89f9 tempest-GroupsV320Test-230043092 tempest-GroupsV320Test-230043092-project] http://10.222.0.64/volume/v3/3fed927895c44e2db1b405d4f212b29d/groups/f327dfc8-535f-4bf6-b044-f48af9c9f58a returned with HTTP 200
Jul 18 02:37:17.137868 dv-cinder-850015-3-smb devstack@c-api.service[111504]: [pid: 111504|app: 0|req: 87/166] 10.222.0.64 () {60 vars in 1362 bytes} [Mon Jul 18 02:37:17 2022] GET /volume/v3/3fed927895c44e2db1b405d4f212b29d/groups/f327dfc8-535f-4bf6-b044-f48af9c9f58a => generated 387 bytes in 50 msecs (HTTP/1.1 200) 7 headers in 286 bytes (2 switches on core 0)
Jul 18 02:37:17.319889 dv-cinder-850015-3-smb devstack@c-api.service[111503]: DEBUG cinder.api.middleware.request_id [None req-3d1c1069-69b3-40d1-b95f-b9f59aaf8347 None None] RequestId filter calling following filter/app {{(pid=111503) _context_setter /opt/stack/cinder/cinder/api/middleware/request_id.py:62}}
Jul 18 02:37:17.324452 dv-cinder-850015-3-smb devstack@c-api.service[111503]: INFO cinder.api.openstack.wsgi [None req-3d1c1069-69b3-40d1-b95f-b9f59aaf8347 tempest-GroupsTest-1230086260 tempest-GroupsTest-1230086260-project] GET http://10.222.0.64/volume/v3/acd3cba2ea0449678ccce172afacfc83/volumes/01f304d8-585e-412d-80f8-e1c1b3571b77
Jul 18 02:37:17.324980 dv-cinder-850015-3-smb devstack@c-api.service[111503]: DEBUG cinder.api.openstack.wsgi [None req-3d1c1069-69b3-40d1-b95f-b9f59aaf8347 tempest-GroupsTest-1230086260 tempest-GroupsTest-1230086260-project] Empty body provided in request {{(pid=111503) get_body /opt/stack/cinder/cinder/api/openstack/wsgi.py:715}}
Jul 18 02:37:17.325436 dv-cinder-850015-3-smb devstack@c-api.service[111503]: DEBUG cinder.api.openstack.wsgi [None req-3d1c1069-69b3-40d1-b95f-b9f59aaf8347 tempest-GroupsTest-1230086260 tempest-GroupsTest-1230086260-project] Calling method 'show' {{(pid=111503) _process_stack /opt/stack/cinder/cinder/api/openstack/wsgi.py:868}}
Jul 18 02:37:17.340776 dv-cinder-850015-3-smb devstack@c-api.service[111503]: /usr/local/lib/python3.8/dist-packages/oslo_context/context.py:100: DeprecationWarning: Policy enforcement is depending on the value of is_admin. This key is deprecated. Please update your policy file to use the standard policy values.
Jul 18 02:37:17.340776 dv-cinder-850015-3-smb devstack@c-api.service[111503]: warnings.warn('Policy enforcement is depending on the value of '
Jul 18 02:37:17.350473 dv-cinder-850015-3-smb devstack@c-api.service[111503]: INFO cinder.volume.api [None req-3d1c1069-69b3-40d1-b95f-b9f59aaf8347 tempest-GroupsTest-1230086260 tempest-GroupsTest-1230086260-project] Volume info retrieved successfully.
Jul 18 02:37:17.350473 dv-cinder-850015-3-smb devstack@c-api.service[111503]: WARNING stevedore.named [None req-3d1c1069-69b3-40d1-b95f-b9f59aaf8347 tempest-GroupsTest-1230086260 tempest-GroupsTest-1230086260-project] Could not load cinder.keymgr.conf_key_mgr.ConfKeyManager
Jul 18 02:37:17.350473 dv-cinder-850015-3-smb devstack@c-api.service[111503]: WARNING castellan.key_manager [None req-3d1c1069-69b3-40d1-b95f-b9f59aaf8347 tempest-GroupsTest-1230086260 tempest-GroupsTest-1230086260-project] Deprecation Warning : cinder.keymgr.conf_key_mgr.ConfKeyManager is not a stevedore based driver, trying to load it as a class: stevedore.exception.NoMatches: No 'castellan.drivers' driver found, looking for 'cinder.keymgr.conf_key_mgr.ConfKeyManager'
Jul 18 02:37:17.357859 dv-cinder-850015-3-smb devstack@c-api.service[111503]: DEBUG oslo_db.sqlalchemy.engines [None req-3d1c1069-69b3-40d1-b95f-b9f59aaf8347 tempest-GroupsTest-1230086260 tempest-GroupsTest-1230086260-project] MySQL server mode set to STRICT_TRANS_TABLES,STRICT_ALL_TABLES,NO_ZERO_IN_DATE,NO_ZERO_DATE,ERROR_FOR_DIVISION_BY_ZERO,TRADITIONAL,NO_ENGINE_SUBSTITUTION {{(pid=111503) _check_effective_sql_mode /usr/local/lib/python3.8/dist-packages/oslo_db/sqlalchemy/engines.py:314}}
Jul 18 02:37:17.364449 dv-cinder-850015-3-smb devstack@c-api.service[111503]: /usr/local/lib/python3.8/dist-packages/oslo_context/context.py:100: DeprecationWarning: Policy enforcement is depending on the value of is_admin. This key is deprecated. Please update your policy file to use the standard policy values.
Jul 18 02:37:17.364449 dv-cinder-850015-3-smb devstack@c-api.service[111503]: warnings.warn('Policy enforcement is depending on the value of '
Jul 18 02:37:17.384409 dv-cinder-850015-3-smb devstack@c-api.service[111503]: INFO cinder.api.openstack.wsgi [None req-3d1c1069-69b3-40d1-b95f-b9f59aaf8347 tempest-GroupsTest-1230086260 tempest-GroupsTest-1230086260-project] http://10.222.0.64/volume/v3/acd3cba2ea0449678ccce172afacfc83/volumes/01f304d8-585e-412d-80f8-e1c1b3571b77 returned with HTTP 200
Jul 18 02:37:17.394085 dv-cinder-850015-3-smb devstack@c-api.service[111503]: [pid: 111503|app: 0|req: 80/167] 10.222.0.64 () {60 vars in 1365 bytes} [Mon Jul 18 02:37:17 2022] GET /volume/v3/acd3cba2ea0449678ccce172afacfc83/volumes/01f304d8-585e-412d-80f8-e1c1b3571b77 => generated 973 bytes in 66 msecs (HTTP/1.1 200) 7 headers in 286 bytes (2 switches on core 0)
Jul 18 02:37:17.395516 dv-cinder-850015-3-smb devstack@c-api.service[111504]: DEBUG cinder.api.middleware.request_id [None req-533c7287-ce42-46dd-8794-1e46fd25d520 None None] RequestId filter calling following filter/app {{(pid=111504) _context_setter /opt/stack/cinder/cinder/api/middleware/request_id.py:62}}
Jul 18 02:37:17.395516 dv-cinder-850015-3-smb devstack@c-api.service[111504]: INFO cinder.api.openstack.wsgi [None req-533c7287-ce42-46dd-8794-1e46fd25d520 tempest-GroupsV314Test-559014633 tempest-GroupsV314Test-559014633-project] GET http://10.222.0.64/volume/v3/286238a6a014405b9277acc79bf06c48/groups/4372f0ff-15f6-44f9-8854-e84f03b7234e
Jul 18 02:37:17.395516 dv-cinder-850015-3-smb devstack@c-api.service[111504]: DEBUG cinder.api.openstack.wsgi [None req-533c7287-ce42-46dd-8794-1e46fd25d520 tempest-GroupsV314Test-559014633 tempest-GroupsV314Test-559014633-project] Empty body provided in request {{(pid=111504) get_body /opt/stack/cinder/cinder/api/openstack/wsgi.py:715}}
Jul 18 02:37:17.395516 dv-cinder-850015-3-smb devstack@c-api.service[111504]: DEBUG cinder.api.openstack.wsgi [None req-533c7287-ce42-46dd-8794-1e46fd25d520 tempest-GroupsV314Test-559014633 tempest-GroupsV314Test-559014633-project] Calling method 'version_select' {{(pid=111504) _process_stack /opt/stack/cinder/cinder/api/openstack/wsgi.py:868}}
Jul 18 02:37:17.395516 dv-cinder-850015-3-smb devstack@c-api.service[111504]: DEBUG cinder.api.v3.groups [None req-533c7287-ce42-46dd-8794-1e46fd25d520 tempest-GroupsV314Test-559014633 tempest-GroupsV314Test-559014633-project] show called for member 4372f0ff-15f6-44f9-8854-e84f03b7234e {{(pid=111504) show /opt/stack/cinder/cinder/api/v3/groups.py:58}}
Jul 18 02:37:17.401747 dv-cinder-850015-3-smb devstack@c-api.service[111503]: DEBUG cinder.api.middleware.request_id [None req-d5ae9e0d-be8e-47ae-9a43-b45f8317bc41 None None] RequestId filter calling following filter/app {{(pid=111503) _context_setter /opt/stack/cinder/cinder/api/middleware/request_id.py:62}}
Jul 18 02:37:17.403303 dv-cinder-850015-3-smb devstack@c-api.service[111504]: /usr/local/lib/python3.8/dist-packages/oslo_context/context.py:100: DeprecationWarning: Policy enforcement is depending on the value of is_admin. This key is deprecated. Please update your policy file to use the standard policy values.
Jul 18 02:37:17.403303 dv-cinder-850015-3-smb devstack@c-api.service[111504]: warnings.warn('Policy enforcement is depending on the value of '
Jul 18 02:37:17.410496 dv-cinder-850015-3-smb devstack@c-api.service[111503]: INFO cinder.api.openstack.wsgi [None req-d5ae9e0d-be8e-47ae-9a43-b45f8317bc41 tempest-GroupsTest-1230086260 tempest-GroupsTest-1230086260-project] GET http://10.222.0.64/volume/v3/acd3cba2ea0449678ccce172afacfc83/groups/6f65d747-ce83-45bf-8dde-ce6560113a41
Jul 18 02:37:17.411201 dv-cinder-850015-3-smb devstack@c-api.service[111503]: DEBUG cinder.api.openstack.wsgi [None req-d5ae9e0d-be8e-47ae-9a43-b45f8317bc41 tempest-GroupsTest-1230086260 tempest-GroupsTest-1230086260-project] Empty body provided in request {{(pid=111503) get_body /opt/stack/cinder/cinder/api/openstack/wsgi.py:715}}
Jul 18 02:37:17.411831 dv-cinder-850015-3-smb devstack@c-api.service[111503]: DEBUG cinder.api.openstack.wsgi [None req-d5ae9e0d-be8e-47ae-9a43-b45f8317bc41 tempest-GroupsTest-1230086260 tempest-GroupsTest-1230086260-project] Calling method 'version_select' {{(pid=111503) _process_stack /opt/stack/cinder/cinder/api/openstack/wsgi.py:868}}
Jul 18 02:37:17.412179 dv-cinder-850015-3-smb devstack@c-api.service[111503]: DEBUG cinder.api.v3.groups [None req-d5ae9e0d-be8e-47ae-9a43-b45f8317bc41 tempest-GroupsTest-1230086260 tempest-GroupsTest-1230086260-project] show called for member 6f65d747-ce83-45bf-8dde-ce6560113a41 {{(pid=111503) show /opt/stack/cinder/cinder/api/v3/groups.py:58}}
Jul 18 02:37:17.419390 dv-cinder-850015-3-smb devstack@c-api.service[111503]: /usr/local/lib/python3.8/dist-packages/oslo_context/context.py:100: DeprecationWarning: Policy enforcement is depending on the value of is_admin. This key is deprecated. Please update your policy file to use the standard policy values.
Jul 18 02:37:17.419390 dv-cinder-850015-3-smb devstack@c-api.service[111503]: warnings.warn('Policy enforcement is depending on the value of '
