Jul 14 17:55:11.642945 dv-cinder-849890-1-smb devstack@c-api.service[117439]: [pid: 117439|app: 0|req: 6/10] 10.222.0.67 () {60 vars in 1578 bytes} [Thu Jul 14 17:55:11 2022] GET /volume/v3/5dbcbe1f42664e898abc29a32ce8b8d6/volumes/609a305a-dd2b-4c12-be2f-c7aedade49e2 => generated 899 bytes in 117 msecs (HTTP/1.1 200) 7 headers in 285 bytes (1 switches on core 0)
Jul 14 17:55:11.646324 dv-cinder-849890-1-smb devstack@c-api.service[117439]: DEBUG cinder.api.middleware.request_id [req-f8f21856-9cf8-4d8b-b9c1-3beebae27e4f req-5f5f5e1e-eb86-4805-a6a6-29150228ccf6 None None] RequestId filter calling following filter/app {{(pid=117439) _context_setter /opt/stack/cinder/cinder/api/middleware/request_id.py:62}}
Jul 14 17:55:11.655885 dv-cinder-849890-1-smb devstack@c-api.service[117439]: INFO cinder.api.openstack.wsgi [req-f8f21856-9cf8-4d8b-b9c1-3beebae27e4f req-5f5f5e1e-eb86-4805-a6a6-29150228ccf6 tempest-VolumesSnapshotsTestJSON-700633440 tempest-VolumesSnapshotsTestJSON-700633440-project] GET http://10.222.0.67/volume/v3/9f95d535e3a34fe78406efd7512b87ef/volumes/2a432289-b7e8-4140-86d3-8340cc84b75f
Jul 14 17:55:11.656342 dv-cinder-849890-1-smb devstack@c-api.service[117439]: DEBUG cinder.api.openstack.wsgi [req-f8f21856-9cf8-4d8b-b9c1-3beebae27e4f req-5f5f5e1e-eb86-4805-a6a6-29150228ccf6 tempest-VolumesSnapshotsTestJSON-700633440 tempest-VolumesSnapshotsTestJSON-700633440-project] Empty body provided in request {{(pid=117439) get_body /opt/stack/cinder/cinder/api/openstack/wsgi.py:715}}
Jul 14 17:55:11.656792 dv-cinder-849890-1-smb devstack@c-api.service[117439]: DEBUG cinder.api.openstack.wsgi [req-f8f21856-9cf8-4d8b-b9c1-3beebae27e4f req-5f5f5e1e-eb86-4805-a6a6-29150228ccf6 tempest-VolumesSnapshotsTestJSON-700633440 tempest-VolumesSnapshotsTestJSON-700633440-project] Calling method 'show' {{(pid=117439) _process_stack /opt/stack/cinder/cinder/api/openstack/wsgi.py:868}}
Jul 14 17:55:11.691501 dv-cinder-849890-1-smb devstack@c-api.service[117438]: INFO cinder.api.openstack.wsgi [None req-60b87cfc-cffd-4e4e-a7f1-db68b8c4d48d tempest-GroupsV314Test-709571145 tempest-GroupsV314Test-709571145-project-admin] POST http://10.222.0.67/volume/v3/3bd5c5a94c2145f0837c686c4d9626c0/types
Jul 14 17:55:11.692701 dv-cinder-849890-1-smb devstack@c-api.service[117438]: DEBUG cinder.api.openstack.wsgi [None req-60b87cfc-cffd-4e4e-a7f1-db68b8c4d48d tempest-GroupsV314Test-709571145 tempest-GroupsV314Test-709571145-project-admin] Action: 'create', calling method: _create, body: {"volume_type": {"name": "tempest-GroupsV314Test-volume-type-2067430625"}} {{(pid=117438) _process_stack /opt/stack/cinder/cinder/api/openstack/wsgi.py:866}}
Jul 14 17:55:11.694038 dv-cinder-849890-1-smb devstack@c-api.service[117438]: /usr/local/lib/python3.8/dist-packages/oslo_context/context.py:100: DeprecationWarning: Policy enforcement is depending on the value of is_admin. This key is deprecated. Please update your policy file to use the standard policy values.
Jul 14 17:55:11.694038 dv-cinder-849890-1-smb devstack@c-api.service[117438]: warnings.warn('Policy enforcement is depending on the value of '
Jul 14 17:55:11.710274 dv-cinder-849890-1-smb devstack@c-api.service[117439]: /usr/local/lib/python3.8/dist-packages/oslo_context/context.py:100: DeprecationWarning: Policy enforcement is depending on the value of is_admin. This key is deprecated. Please update your policy file to use the standard policy values.
Jul 14 17:55:11.710274 dv-cinder-849890-1-smb devstack@c-api.service[117439]: warnings.warn('Policy enforcement is depending on the value of '
Jul 14 17:55:11.728237 dv-cinder-849890-1-smb devstack@c-api.service[117439]: INFO cinder.volume.api [req-f8f21856-9cf8-4d8b-b9c1-3beebae27e4f req-5f5f5e1e-eb86-4805-a6a6-29150228ccf6 tempest-VolumesSnapshotsTestJSON-700633440 tempest-VolumesSnapshotsTestJSON-700633440-project] Volume info retrieved successfully.
Jul 14 17:55:11.755972 dv-cinder-849890-1-smb devstack@c-api.service[117438]: INFO cinder.api.openstack.wsgi [None req-60b87cfc-cffd-4e4e-a7f1-db68b8c4d48d tempest-GroupsV314Test-709571145 tempest-GroupsV314Test-709571145-project-admin] http://10.222.0.67/volume/v3/3bd5c5a94c2145f0837c686c4d9626c0/types returned with HTTP 200
Jul 14 17:55:11.756339 dv-cinder-849890-1-smb devstack@c-api.service[117439]: INFO cinder.api.openstack.wsgi [req-f8f21856-9cf8-4d8b-b9c1-3beebae27e4f req-5f5f5e1e-eb86-4805-a6a6-29150228ccf6 tempest-VolumesSnapshotsTestJSON-700633440 tempest-VolumesSnapshotsTestJSON-700633440-project] http://10.222.0.67/volume/v3/9f95d535e3a34fe78406efd7512b87ef/volumes/2a432289-b7e8-4140-86d3-8340cc84b75f returned with HTTP 200
Jul 14 17:55:11.756899 dv-cinder-849890-1-smb devstack@c-api.service[117438]: [pid: 117438|app: 0|req: 5/11] 10.222.0.67 () {60 vars in 1228 bytes} [Thu Jul 14 17:55:11 2022] POST /volume/v3/3bd5c5a94c2145f0837c686c4d9626c0/types => generated 220 bytes in 334 msecs (HTTP/1.1 200) 7 headers in 285 bytes (1 switches on core 0)
Jul 14 17:55:11.765920 dv-cinder-849890-1-smb devstack@c-api.service[117439]: [pid: 117439|app: 0|req: 7/12] 10.222.0.67 () {60 vars in 1578 bytes} [Thu Jul 14 17:55:11 2022] GET /volume/v3/9f95d535e3a34fe78406efd7512b87ef/volumes/2a432289-b7e8-4140-86d3-8340cc84b75f => generated 892 bytes in 122 msecs (HTTP/1.1 200) 7 headers in 285 bytes (1 switches on core 0)
Jul 14 17:55:11.768828 dv-cinder-849890-1-smb devstack@c-api.service[117438]: DEBUG cinder.api.middleware.request_id [None req-ae6ad6ac-e362-44b9-9ac7-8c22b185b734 None None] RequestId filter calling following filter/app {{(pid=117438) _context_setter /opt/stack/cinder/cinder/api/middleware/request_id.py:62}}
Jul 14 17:55:11.784584 dv-cinder-849890-1-smb devstack@c-api.service[117438]: INFO cinder.api.openstack.wsgi [None req-ae6ad6ac-e362-44b9-9ac7-8c22b185b734 tempest-GroupsV314Test-709571145 tempest-GroupsV314Test-709571145-project-admin] POST http://10.222.0.67/volume/v3/3bd5c5a94c2145f0837c686c4d9626c0/group_types
Jul 14 17:55:11.788150 dv-cinder-849890-1-smb devstack@c-api.service[117438]: DEBUG cinder.api.openstack.wsgi [None req-ae6ad6ac-e362-44b9-9ac7-8c22b185b734 tempest-GroupsV314Test-709571145 tempest-GroupsV314Test-709571145-project-admin] Action: 'create', calling method: version_select, body: {"group_type": {"name": "tempest-GroupsV314Test-group-type-1787313210"}} {{(pid=117438) _process_stack /opt/stack/cinder/cinder/api/openstack/wsgi.py:866}}
Jul 14 17:55:11.803660 dv-cinder-849890-1-smb devstack@c-api.service[117439]: DEBUG cinder.api.middleware.request_id [req-a3447a01-36c6-440a-aebd-b95466745398 req-f74787d6-3d06-4e79-a6e3-eb808ae25a50 None None] RequestId filter calling following filter/app {{(pid=117439) _context_setter /opt/stack/cinder/cinder/api/middleware/request_id.py:62}}
Jul 14 17:55:11.810231 dv-cinder-849890-1-smb devstack@c-api.service[117439]: INFO cinder.api.openstack.wsgi [req-a3447a01-36c6-440a-aebd-b95466745398 req-f74787d6-3d06-4e79-a6e3-eb808ae25a50 tempest-VolumesGetTestJSON-702574921 tempest-VolumesGetTestJSON-702574921-project] GET http://10.222.0.67/volume/v3/5dbcbe1f42664e898abc29a32ce8b8d6/volumes/609a305a-dd2b-4c12-be2f-c7aedade49e2
Jul 14 17:55:11.810784 dv-cinder-849890-1-smb devstack@c-api.service[117439]: DEBUG cinder.api.openstack.wsgi [req-a3447a01-36c6-440a-aebd-b95466745398 req-f74787d6-3d06-4e79-a6e3-eb808ae25a50 tempest-VolumesGetTestJSON-702574921 tempest-VolumesGetTestJSON-702574921-project] Empty body provided in request {{(pid=117439) get_body /opt/stack/cinder/cinder/api/openstack/wsgi.py:715}}
Jul 14 17:55:11.811240 dv-cinder-849890-1-smb devstack@c-api.service[117439]: DEBUG cinder.api.openstack.wsgi [req-a3447a01-36c6-440a-aebd-b95466745398 req-f74787d6-3d06-4e79-a6e3-eb808ae25a50 tempest-VolumesGetTestJSON-702574921 tempest-VolumesGetTestJSON-702574921-project] Calling method 'show' {{(pid=117439) _process_stack /opt/stack/cinder/cinder/api/openstack/wsgi.py:868}}
Jul 14 17:55:11.830937 dv-cinder-849890-1-smb devstack@c-api.service[117439]: /usr/local/lib/python3.8/dist-packages/oslo_context/context.py:100: DeprecationWarning: Policy enforcement is depending on the value of is_admin. This key is deprecated. Please update your policy file to use the standard policy values.
Jul 14 17:55:11.830937 dv-cinder-849890-1-smb devstack@c-api.service[117439]: warnings.warn('Policy enforcement is depending on the value of '
Jul 14 17:55:11.841270 dv-cinder-849890-1-smb devstack@c-api.service[117439]: INFO cinder.volume.api [req-a3447a01-36c6-440a-aebd-b95466745398 req-f74787d6-3d06-4e79-a6e3-eb808ae25a50 tempest-VolumesGetTestJSON-702574921 tempest-VolumesGetTestJSON-702574921-project] Volume info retrieved successfully.
Jul 14 17:55:11.854637 dv-cinder-849890-1-smb devstack@c-api.service[117439]: INFO cinder.api.openstack.wsgi [req-a3447a01-36c6-440a-aebd-b95466745398 req-f74787d6-3d06-4e79-a6e3-eb808ae25a50 tempest-VolumesGetTestJSON-702574921 tempest-VolumesGetTestJSON-702574921-project] http://10.222.0.67/volume/v3/5dbcbe1f42664e898abc29a32ce8b8d6/volumes/609a305a-dd2b-4c12-be2f-c7aedade49e2 returned with HTTP 200
Jul 14 17:55:11.855809 dv-cinder-849890-1-smb devstack@c-api.service[117439]: [pid: 117439|app: 0|req: 8/13] 10.222.0.67 () {60 vars in 1578 bytes} [Thu Jul 14 17:55:11 2022] GET /volume/v3/5dbcbe1f42664e898abc29a32ce8b8d6/volumes/609a305a-dd2b-4c12-be2f-c7aedade49e2 => generated 899 bytes in 53 msecs (HTTP/1.1 200) 7 headers in 285 bytes (1 switches on core 0)
Jul 14 17:55:11.887056 dv-cinder-849890-1-smb devstack@c-api.service[117439]: DEBUG cinder.api.middleware.request_id [req-f193b6cc-9c11-442a-bc44-7453c33ced17 req-78513a15-5c15-4990-b925-a71d5c7d467a None None] RequestId filter calling following filter/app {{(pid=117439) _context_setter /opt/stack/cinder/cinder/api/middleware/request_id.py:62}}
Jul 14 17:55:11.897997 dv-cinder-849890-1-smb devstack@c-api.service[117439]: INFO cinder.api.openstack.wsgi [req-f193b6cc-9c11-442a-bc44-7453c33ced17 req-78513a15-5c15-4990-b925-a71d5c7d467a tempest-VolumesSnapshotsTestJSON-700633440 tempest-VolumesSnapshotsTestJSON-700633440-project] GET http://10.222.0.67/volume/v3/9f95d535e3a34fe78406efd7512b87ef/volumes/2a432289-b7e8-4140-86d3-8340cc84b75f
Jul 14 17:55:11.900260 dv-cinder-849890-1-smb devstack@c-api.service[117439]: DEBUG cinder.api.openstack.wsgi [req-f193b6cc-9c11-442a-bc44-7453c33ced17 req-78513a15-5c15-4990-b925-a71d5c7d467a tempest-VolumesSnapshotsTestJSON-700633440 tempest-VolumesSnapshotsTestJSON-700633440-project] Empty body provided in request {{(pid=117439) get_body /opt/stack/cinder/cinder/api/openstack/wsgi.py:715}}
Jul 14 17:55:11.903562 dv-cinder-849890-1-smb devstack@c-api.service[117439]: DEBUG cinder.api.openstack.wsgi [req-f193b6cc-9c11-442a-bc44-7453c33ced17 req-78513a15-5c15-4990-b925-a71d5c7d467a tempest-VolumesSnapshotsTestJSON-700633440 tempest-VolumesSnapshotsTestJSON-700633440-project] Calling method 'show' {{(pid=117439) _process_stack /opt/stack/cinder/cinder/api/openstack/wsgi.py:868}}
Jul 14 17:55:11.943486 dv-cinder-849890-1-smb devstack@c-api.service[117438]: INFO cinder.api.openstack.wsgi [None req-ae6ad6ac-e362-44b9-9ac7-8c22b185b734 tempest-GroupsV314Test-709571145 tempest-GroupsV314Test-709571145-project-admin] http://10.222.0.67/volume/v3/3bd5c5a94c2145f0837c686c4d9626c0/group_types returned with HTTP 202
Jul 14 17:55:12.003849 dv-cinder-849890-1-smb devstack@c-api.service[117439]: /usr/local/lib/python3.8/dist-packages/oslo_context/context.py:100: DeprecationWarning: Policy enforcement is depending on the value of is_admin. This key is deprecated. Please update your policy file to use the standard policy values.
Jul 14 17:55:12.003849 dv-cinder-849890-1-smb devstack@c-api.service[117439]: warnings.warn('Policy enforcement is depending on the value of '
Jul 14 17:55:12.004593 dv-cinder-849890-1-smb devstack@c-api.service[117438]: [pid: 117438|app: 0|req: 6/14] 10.222.0.67 () {62 vars in 1287 bytes} [Thu Jul 14 17:55:11 2022] POST /volume/v3/3bd5c5a94c2145f0837c686c4d9626c0/group_types => generated 177 bytes in 202 msecs (HTTP/1.1 202) 7 headers in 292 bytes (1 switches on core 0)
Jul 14 17:55:12.004593 dv-cinder-849890-1-smb devstack@c-api.service[117438]: DEBUG cinder.api.middleware.request_id [None req-ac151fdc-dabb-4929-af56-796ab8fa7cfe None None] RequestId filter calling following filter/app {{(pid=117438) _context_setter /opt/stack/cinder/cinder/api/middleware/request_id.py:62}}
Jul 14 17:55:12.005028 dv-cinder-849890-1-smb devstack@c-api.service[117439]: INFO cinder.volume.api [req-f193b6cc-9c11-442a-bc44-7453c33ced17 req-78513a15-5c15-4990-b925-a71d5c7d467a tempest-VolumesSnapshotsTestJSON-700633440 tempest-VolumesSnapshotsTestJSON-700633440-project] Volume info retrieved successfully.
Jul 14 17:55:12.037415 dv-cinder-849890-1-smb devstack@c-api.service[117439]: INFO cinder.api.openstack.wsgi [req-f193b6cc-9c11-442a-bc44-7453c33ced17 req-78513a15-5c15-4990-b925-a71d5c7d467a tempest-VolumesSnapshotsTestJSON-700633440 tempest-VolumesSnapshotsTestJSON-700633440-project] http://10.222.0.67/volume/v3/9f95d535e3a34fe78406efd7512b87ef/volumes/2a432289-b7e8-4140-86d3-8340cc84b75f returned with HTTP 200
Jul 14 17:55:12.044941 dv-cinder-849890-1-smb devstack@c-api.service[117439]: [pid: 117439|app: 0|req: 9/15] 10.222.0.67 () {60 vars in 1578 bytes} [Thu Jul 14 17:55:11 2022] GET /volume/v3/9f95d535e3a34fe78406efd7512b87ef/volumes/2a432289-b7e8-4140-86d3-8340cc84b75f => generated 892 bytes in 159 msecs (HTTP/1.1 200) 7 headers in 285 bytes (2 switches on core 0)
Jul 14 17:55:12.235038 dv-cinder-849890-1-smb devstack@c-api.service[117438]: INFO cinder.api.openstack.wsgi [None req-ac151fdc-dabb-4929-af56-796ab8fa7cfe tempest-GroupsV314Test-1241226036 tempest-GroupsV314Test-1241226036-project] POST http://10.222.0.67/volume/v3/3b40a3330d8445dc89f4c2054bc2c91e/groups
Jul 14 17:55:12.236015 dv-cinder-849890-1-smb devstack@c-api.service[117438]: DEBUG cinder.api.openstack.wsgi [None req-ac151fdc-dabb-4929-af56-796ab8fa7cfe tempest-GroupsV314Test-1241226036 tempest-GroupsV314Test-1241226036-project] Action: 'create', calling method: version_select, body: {"group": {"group_type": "2205041c-6dda-4232-9b94-da50db35f3cc", "volume_types": ["cad5147d-3c39-4d77-8b20-502c59ef3d2f"], "name": "tempest-GroupsV314Test-Group-442300464"}} {{(pid=117438) _process_stack /opt/stack/cinder/cinder/api/openstack/wsgi.py:866}}
Jul 14 17:55:12.236915 dv-cinder-849890-1-smb devstack@c-api.service[117438]: DEBUG cinder.api.v3.groups [None req-ac151fdc-dabb-4929-af56-796ab8fa7cfe tempest-GroupsV314Test-1241226036 tempest-GroupsV314Test-1241226036-project] Creating new group {'group': {'group_type': '2205041c-6dda-4232-9b94-da50db35f3cc', 'volume_types': ['cad5147d-3c39-4d77-8b20-502c59ef3d2f'], 'name': 'tempest-GroupsV314Test-Group-442300464'}} {{(pid=117438) create /opt/stack/cinder/cinder/api/v3/groups.py:190}}
Jul 14 17:55:12.255431 dv-cinder-849890-1-smb devstack@c-api.service[117438]: INFO cinder.api.v3.groups [None req-ac151fdc-dabb-4929-af56-796ab8fa7cfe tempest-GroupsV314Test-1241226036 tempest-GroupsV314Test-1241226036-project] Creating group tempest-GroupsV314Test-Group-442300464.
Jul 14 17:55:12.257776 dv-cinder-849890-1-smb devstack@c-api.service[117439]: DEBUG cinder.api.middleware.request_id [req-c0d726f6-da25-41f7-b6aa-5a9b280fb48a req-e28b35e6-4b0b-4e14-a6b4-838df846b12a None None] RequestId filter calling following filter/app {{(pid=117439) _context_setter /opt/stack/cinder/cinder/api/middleware/request_id.py:62}}
Jul 14 17:55:12.262018 dv-cinder-849890-1-smb devstack@c-api.service[117439]: INFO cinder.api.openstack.wsgi [req-c0d726f6-da25-41f7-b6aa-5a9b280fb48a req-e28b35e6-4b0b-4e14-a6b4-838df846b12a tempest-VolumesNegativeTest-1156083076 tempest-VolumesNegativeTest-1156083076-project] DELETE http://10.222.0.67/volume/v3/713638d1d7e14911bff5a08a9f8c39a2/volumes/tempest-invalid-1811843284
Jul 14 17:55:12.262419 dv-cinder-849890-1-smb devstack@c-api.service[117439]: DEBUG cinder.api.openstack.wsgi [req-c0d726f6-da25-41f7-b6aa-5a9b280fb48a req-e28b35e6-4b0b-4e14-a6b4-838df846b12a tempest-VolumesNegativeTest-1156083076 tempest-VolumesNegativeTest-1156083076-project] Empty body provided in request {{(pid=117439) get_body /opt/stack/cinder/cinder/api/openstack/wsgi.py:715}}
Jul 14 17:55:12.262869 dv-cinder-849890-1-smb devstack@c-api.service[117439]: DEBUG cinder.api.openstack.wsgi [req-c0d726f6-da25-41f7-b6aa-5a9b280fb48a req-e28b35e6-4b0b-4e14-a6b4-838df846b12a tempest-VolumesNegativeTest-1156083076 tempest-VolumesNegativeTest-1156083076-project] Calling method 'delete' {{(pid=117439) _process_stack /opt/stack/cinder/cinder/api/openstack/wsgi.py:868}}
Jul 14 17:55:12.263276 dv-cinder-849890-1-smb devstack@c-api.service[117439]: INFO cinder.api.v3.volumes [req-c0d726f6-da25-41f7-b6aa-5a9b280fb48a req-e28b35e6-4b0b-4e14-a6b4-838df846b12a tempest-VolumesNegativeTest-1156083076 tempest-VolumesNegativeTest-1156083076-project] Delete volume with id: tempest-invalid-1811843284
Jul 14 17:55:12.266871 dv-cinder-849890-1-smb devstack@c-api.service[117439]: DEBUG dbcounter [-] [117439] Writing DB stats cinder:SELECT=78,cinder:INSERT=10,cinder:UPDATE=12 {{(pid=117439) stat_writer /usr/local/lib/python3.8/dist-packages/dbcounter.py:114}}
Jul 14 17:55:12.277915 dv-cinder-849890-1-smb devstack@c-api.service[117439]: INFO cinder.api.openstack.wsgi [req-c0d726f6-da25-41f7-b6aa-5a9b280fb48a req-e28b35e6-4b0b-4e14-a6b4-838df846b12a tempest-VolumesNegativeTest-1156083076 tempest-VolumesNegativeTest-1156083076-project] http://10.222.0.67/volume/v3/713638d1d7e14911bff5a08a9f8c39a2/volumes/tempest-invalid-1811843284 returned with HTTP 404
Jul 14 17:55:12.280926 dv-cinder-849890-1-smb devstack@c-api.service[117439]: [pid: 117439|app: 0|req: 10/16] 10.222.0.67 () {62 vars in 1570 bytes} [Thu Jul 14 17:55:12 2022] DELETE /volume/v3/713638d1d7e14911bff5a08a9f8c39a2/volumes/tempest-invalid-1811843284 => generated 99 bytes in 23 msecs (HTTP/1.1 404) 7 headers in 291 bytes (2 switches on core 0)
Jul 14 17:55:12.324324 dv-cinder-849890-1-smb devstack@c-api.service[117438]: DEBUG cinder.volume.api [None req-ac151fdc-dabb-4929-af56-796ab8fa7cfe tempest-GroupsV314Test-1241226036 tempest-GroupsV314Test-1241226036-project] Availability zone cache updated, next update will occur around 2022-07-14 18:55:12.323550. {{(pid=117438) list_availability_zones /opt/stack/cinder/cinder/volume/api.py:153}}
Jul 14 17:55:12.324972 dv-cinder-849890-1-smb devstack@c-api.service[117438]: INFO cinder.volume.api [None req-ac151fdc-dabb-4929-af56-796ab8fa7cfe tempest-GroupsV314Test-1241226036 tempest-GroupsV314Test-1241226036-project] Availability Zones retrieved successfully.
Jul 14 17:55:12.350391 dv-cinder-849890-1-smb devstack@c-api.service[117439]: DEBUG cinder.api.middleware.request_id [req-ec7715bf-4823-41e3-928b-6c74c06a9fce req-b5209902-a7aa-4ea2-af8a-f5f70de1d0b7 None None] RequestId filter calling following filter/app {{(pid=117439) _context_setter /opt/stack/cinder/cinder/api/middleware/request_id.py:62}}
Jul 14 17:55:12.356108 dv-cinder-849890-1-smb devstack@c-api.service[117439]: INFO cinder.api.openstack.wsgi [req-ec7715bf-4823-41e3-928b-6c74c06a9fce req-b5209902-a7aa-4ea2-af8a-f5f70de1d0b7 tempest-VolumesNegativeTest-1156083076 tempest-VolumesNegativeTest-1156083076-project] DELETE http://10.222.0.67/volume/v3/713638d1d7e14911bff5a08a9f8c39a2/volumes/61e312d4-5d83-4734-a741-a594863edb88
Jul 14 17:55:12.356903 dv-cinder-849890-1-smb devstack@c-api.service[117439]: DEBUG cinder.api.openstack.wsgi [req-ec7715bf-4823-41e3-928b-6c74c06a9fce req-b5209902-a7aa-4ea2-af8a-f5f70de1d0b7 tempest-VolumesNegativeTest-1156083076 tempest-VolumesNegativeTest-1156083076-project] Empty body provided in request {{(pid=117439) get_body /opt/stack/cinder/cinder/api/openstack/wsgi.py:715}}
Jul 14 17:55:12.357755 dv-cinder-849890-1-smb devstack@c-api.service[117439]: DEBUG cinder.api.openstack.wsgi [req-ec7715bf-4823-41e3-928b-6c74c06a9fce req-b5209902-a7aa-4ea2-af8a-f5f70de1d0b7 tempest-VolumesNegativeTest-1156083076 tempest-VolumesNegativeTest-1156083076-project] Calling method 'delete' {{(pid=117439) _process_stack /opt/stack/cinder/cinder/api/openstack/wsgi.py:868}}
Jul 14 17:55:12.358592 dv-cinder-849890-1-smb devstack@c-api.service[117439]: INFO cinder.api.v3.volumes [req-ec7715bf-4823-41e3-928b-6c74c06a9fce req-b5209902-a7aa-4ea2-af8a-f5f70de1d0b7 tempest-VolumesNegativeTest-1156083076 tempest-VolumesNegativeTest-1156083076-project] Delete volume with id: 61e312d4-5d83-4734-a741-a594863edb88
Jul 14 17:55:12.366562 dv-cinder-849890-1-smb devstack@c-api.service[117438]: DEBUG dbcounter [-] [117438] Writing DB stats cinder:SELECT=74,cinder:INSERT=14,cinder:UPDATE=12 {{(pid=117438) stat_writer /usr/local/lib/python3.8/dist-packages/dbcounter.py:114}}
Jul 14 17:55:12.401231 dv-cinder-849890-1-smb devstack@c-api.service[117438]: DEBUG cinder.quota [None req-ac151fdc-dabb-4929-af56-796ab8fa7cfe tempest-GroupsV314Test-1241226036 tempest-GroupsV314Test-1241226036-project] Created reservations ['030e053e-6175-4eba-9068-6bcec8f7450b'] {{(pid=117438) reserve /opt/stack/cinder/cinder/quota.py:755}}
Jul 14 17:55:12.414497 dv-cinder-849890-1-smb devstack@c-api.service[117439]: INFO cinder.api.openstack.wsgi [req-ec7715bf-4823-41e3-928b-6c74c06a9fce req-b5209902-a7aa-4ea2-af8a-f5f70de1d0b7 tempest-VolumesNegativeTest-1156083076 tempest-VolumesNegativeTest-1156083076-project] http://10.222.0.67/volume/v3/713638d1d7e14911bff5a08a9f8c39a2/volumes/61e312d4-5d83-4734-a741-a594863edb88 returned with HTTP 404
Jul 14 17:55:12.418737 dv-cinder-849890-1-smb devstack@c-api.service[117439]: [pid: 117439|app: 0|req: 11/17] 10.222.0.67 () {62 vars in 1600 bytes} [Thu Jul 14 17:55:12 2022] DELETE /volume/v3/713638d1d7e14911bff5a08a9f8c39a2/volumes/61e312d4-5d83-4734-a741-a594863edb88 => generated 109 bytes in 69 msecs (HTTP/1.1 404) 7 headers in 292 bytes (2 switches on core 0)
Jul 14 17:55:12.451816 dv-cinder-849890-1-smb devstack@c-api.service[117439]: DEBUG cinder.api.middleware.request_id [req-1c9f92da-86a9-4cf5-bf94-0220e68223c6 req-3d73321b-b746-48c8-ad9c-2cd3c6a90c74 None None] RequestId filter calling following filter/app {{(pid=117439) _context_setter /opt/stack/cinder/cinder/api/middleware/request_id.py:62}}
Jul 14 17:55:12.462397 dv-cinder-849890-1-smb devstack@c-api.service[117439]: INFO cinder.api.openstack.wsgi [req-1c9f92da-86a9-4cf5-bf94-0220e68223c6 req-3d73321b-b746-48c8-ad9c-2cd3c6a90c74 tempest-VolumesNegativeTest-1156083076 tempest-VolumesNegativeTest-1156083076-project] GET http://10.222.0.67/volume/v3/713638d1d7e14911bff5a08a9f8c39a2/volumes/565ad68f-f271-490f-9228-2375c814d7b3
Jul 14 17:55:12.463167 dv-cinder-849890-1-smb devstack@c-api.service[117439]: DEBUG cinder.api.openstack.wsgi [req-1c9f92da-86a9-4cf5-bf94-0220e68223c6 req-3d73321b-b746-48c8-ad9c-2cd3c6a90c74 tempest-VolumesNegativeTest-1156083076 tempest-VolumesNegativeTest-1156083076-project] Empty body provided in request {{(pid=117439) get_body /opt/stack/cinder/cinder/api/openstack/wsgi.py:715}}
Jul 14 17:55:12.468145 dv-cinder-849890-1-smb devstack@c-api.service[117439]: DEBUG cinder.api.openstack.wsgi [req-1c9f92da-86a9-4cf5-bf94-0220e68223c6 req-3d73321b-b746-48c8-ad9c-2cd3c6a90c74 tempest-VolumesNegativeTest-1156083076 tempest-VolumesNegativeTest-1156083076-project] Calling method 'show' {{(pid=117439) _process_stack /opt/stack/cinder/cinder/api/openstack/wsgi.py:868}}
Jul 14 17:55:12.494710 dv-cinder-849890-1-smb devstack@c-api.service[117438]: INFO cinder.api.openstack.wsgi [None req-ac151fdc-dabb-4929-af56-796ab8fa7cfe tempest-GroupsV314Test-1241226036 tempest-GroupsV314Test-1241226036-project] http://10.222.0.67/volume/v3/3b40a3330d8445dc89f4c2054bc2c91e/groups returned with HTTP 202
Jul 14 17:55:12.500673 dv-cinder-849890-1-smb devstack@c-api.service[117438]: [pid: 117438|app: 0|req: 7/18] 10.222.0.67 () {62 vars in 1273 bytes} [Thu Jul 14 17:55:11 2022] POST /volume/v3/3b40a3330d8445dc89f4c2054bc2c91e/groups => generated 107 bytes in 529 msecs (HTTP/1.1 202) 7 headers in 292 bytes (1 switches on core 0)
Jul 14 17:55:12.502505 dv-cinder-849890-1-smb devstack@c-api.service[117438]: DEBUG cinder.api.middleware.request_id [None req-3f8aab69-272b-4ca1-a9b8-e75d975ec021 None None] RequestId filter calling following filter/app {{(pid=117438) _context_setter /opt/stack/cinder/cinder/api/middleware/request_id.py:62}}
Jul 14 17:55:12.506632 dv-cinder-849890-1-smb devstack@c-api.service[117438]: INFO cinder.api.openstack.wsgi [None req-3f8aab69-272b-4ca1-a9b8-e75d975ec021 tempest-GroupsV314Test-1241226036 tempest-GroupsV314Test-1241226036-project] GET http://10.222.0.67/volume/v3/3b40a3330d8445dc89f4c2054bc2c91e/groups/16d5829d-b375-4642-9ded-62b6580d18d2
Jul 14 17:55:12.507141 dv-cinder-849890-1-smb devstack@c-api.service[117438]: DEBUG cinder.api.openstack.wsgi [None req-3f8aab69-272b-4ca1-a9b8-e75d975ec021 tempest-GroupsV314Test-1241226036 tempest-GroupsV314Test-1241226036-project] Empty body provided in request {{(pid=117438) get_body /opt/stack/cinder/cinder/api/openstack/wsgi.py:715}}
Jul 14 17:55:12.507601 dv-cinder-849890-1-smb devstack@c-api.service[117438]: DEBUG cinder.api.openstack.wsgi [None req-3f8aab69-272b-4ca1-a9b8-e75d975ec021 tempest-GroupsV314Test-1241226036 tempest-GroupsV314Test-1241226036-project] Calling method 'version_select' {{(pid=117438) _process_stack /opt/stack/cinder/cinder/api/openstack/wsgi.py:868}}
Jul 14 17:55:12.507953 dv-cinder-849890-1-smb devstack@c-api.service[117438]: DEBUG cinder.api.v3.groups [None req-3f8aab69-272b-4ca1-a9b8-e75d975ec021 tempest-GroupsV314Test-1241226036 tempest-GroupsV314Test-1241226036-project] show called for member 16d5829d-b375-4642-9ded-62b6580d18d2 {{(pid=117438) show /opt/stack/cinder/cinder/api/v3/groups.py:58}}
Jul 14 17:55:12.517378 dv-cinder-849890-1-smb devstack@c-api.service[117439]: INFO cinder.api.openstack.wsgi [req-1c9f92da-86a9-4cf5-bf94-0220e68223c6 req-3d73321b-b746-48c8-ad9c-2cd3c6a90c74 tempest-VolumesNegativeTest-1156083076 tempest-VolumesNegativeTest-1156083076-project] http://10.222.0.67/volume/v3/713638d1d7e14911bff5a08a9f8c39a2/volumes/565ad68f-f271-490f-9228-2375c814d7b3 returned with HTTP 404
Jul 14 17:55:12.519531 dv-cinder-849890-1-smb devstack@c-api.service[117439]: [pid: 117439|app: 0|req: 12/19] 10.222.0.67 () {60 vars in 1578 bytes} [Thu Jul 14 17:55:12 2022] GET /volume/v3/713638d1d7e14911bff5a08a9f8c39a2/volumes/565ad68f-f271-490f-9228-2375c814d7b3 => generated 109 bytes in 71 msecs (HTTP/1.1 404) 7 headers in 292 bytes (1 switches on core 0)
Jul 14 17:55:12.525210 dv-cinder-849890-1-smb devstack@c-api.service[117438]: /usr/local/lib/python3.8/dist-packages/oslo_context/context.py:100: DeprecationWarning: Policy enforcement is depending on the value of is_admin. This key is deprecated. Please update your policy file to use the standard policy values.
Jul 14 17:55:12.525210 dv-cinder-849890-1-smb devstack@c-api.service[117438]: warnings.warn('Policy enforcement is depending on the value of '
Jul 14 17:55:12.617770 dv-cinder-849890-1-smb devstack@c-api.service[117438]: INFO cinder.api.openstack.wsgi [None req-3f8aab69-272b-4ca1-a9b8-e75d975ec021 tempest-GroupsV314Test-1241226036 tempest-GroupsV314Test-1241226036-project] http://10.222.0.67/volume/v3/3b40a3330d8445dc89f4c2054bc2c91e/groups/16d5829d-b375-4642-9ded-62b6580d18d2 returned with HTTP 200
Jul 14 17:55:12.624748 dv-cinder-849890-1-smb devstack@c-api.service[117438]: [pid: 117438|app: 0|req: 8/20] 10.222.0.67 () {60 vars in 1362 bytes} [Thu Jul 14 17:55:12 2022] GET /volume/v3/3b40a3330d8445dc89f4c2054bc2c91e/groups/16d5829d-b375-4642-9ded-62b6580d18d2 => generated 387 bytes in 123 msecs (HTTP/1.1 200) 7 headers in 286 bytes (2 switches on core 0)
Jul 14 17:55:12.896395 dv-cinder-849890-1-smb devstack@c-api.service[117439]: DEBUG cinder.api.middleware.request_id [req-1071506c-8248-423c-adab-67b952bf82ff req-64177409-8d69-4364-b30e-d369cfae3585 None None] RequestId filter calling following filter/app {{(pid=117439) _context_setter /opt/stack/cinder/cinder/api/middleware/request_id.py:62}}
Jul 14 17:55:12.902354 dv-cinder-849890-1-smb devstack@c-api.service[117439]: INFO cinder.api.openstack.wsgi [req-1071506c-8248-423c-adab-67b952bf82ff req-64177409-8d69-4364-b30e-d369cfae3585 tempest-VolumesGetTestJSON-702574921 tempest-VolumesGetTestJSON-702574921-project] GET http://10.222.0.67/volume/v3/5dbcbe1f42664e898abc29a32ce8b8d6/volumes/609a305a-dd2b-4c12-be2f-c7aedade49e2
Jul 14 17:55:12.903120 dv-cinder-849890-1-smb devstack@c-api.service[117439]: DEBUG cinder.api.openstack.wsgi [req-1071506c-8248-423c-adab-67b952bf82ff req-64177409-8d69-4364-b30e-d369cfae3585 tempest-VolumesGetTestJSON-702574921 tempest-VolumesGetTestJSON-702574921-project] Empty body provided in request {{(pid=117439) get_body /opt/stack/cinder/cinder/api/openstack/wsgi.py:715}}
Jul 14 17:55:12.903774 dv-cinder-849890-1-smb devstack@c-api.service[117439]: DEBUG cinder.api.openstack.wsgi [req-1071506c-8248-423c-adab-67b952bf82ff req-64177409-8d69-4364-b30e-d369cfae3585 tempest-VolumesGetTestJSON-702574921 tempest-VolumesGetTestJSON-702574921-project] Calling method 'show' {{(pid=117439) _process_stack /opt/stack/cinder/cinder/api/openstack/wsgi.py:868}}
Jul 14 17:55:12.939006 dv-cinder-849890-1-smb devstack@c-api.service[117439]: /usr/local/lib/python3.8/dist-packages/oslo_context/context.py:100: DeprecationWarning: Policy enforcement is depending on the value of is_admin. This key is deprecated. Please update your policy file to use the standard policy values.
Jul 14 17:55:12.939006 dv-cinder-849890-1-smb devstack@c-api.service[117439]: warnings.warn('Policy enforcement is depending on the value of '
Jul 14 17:55:12.957080 dv-cinder-849890-1-smb devstack@c-api.service[117439]: INFO cinder.volume.api [req-1071506c-8248-423c-adab-67b952bf82ff req-64177409-8d69-4364-b30e-d369cfae3585 tempest-VolumesGetTestJSON-702574921 tempest-VolumesGetTestJSON-702574921-project] Volume info retrieved successfully.
Jul 14 17:55:13.000855 dv-cinder-849890-1-smb devstack@c-api.service[117439]: INFO cinder.api.openstack.wsgi [req-1071506c-8248-423c-adab-67b952bf82ff req-64177409-8d69-4364-b30e-d369cfae3585 tempest-VolumesGetTestJSON-702574921 tempest-VolumesGetTestJSON-702574921-project] http://10.222.0.67/volume/v3/5dbcbe1f42664e898abc29a32ce8b8d6/volumes/609a305a-dd2b-4c12-be2f-c7aedade49e2 returned with HTTP 200
Jul 14 17:55:13.007305 dv-cinder-849890-1-smb devstack@c-api.service[117439]: [pid: 117439|app: 0|req: 13/21] 10.222.0.67 () {60 vars in 1578 bytes} [Thu Jul 14 17:55:12 2022] GET /volume/v3/5dbcbe1f42664e898abc29a32ce8b8d6/volumes/609a305a-dd2b-4c12-be2f-c7aedade49e2 => generated 923 bytes in 112 msecs (HTTP/1.1 200) 7 headers in 285 bytes (1 switches on core 0)
Jul 14 17:55:13.085151 dv-cinder-849890-1-smb devstack@c-api.service[117438]: DEBUG cinder.api.middleware.request_id [req-bc412a1f-5663-4e76-b54a-51461d6343f9 req-9dcf76e4-bccb-484f-be0e-0bd67d1cfe88 None None] RequestId filter calling following filter/app {{(pid=117438) _context_setter /opt/stack/cinder/cinder/api/middleware/request_id.py:62}}
Jul 14 17:55:13.090011 dv-cinder-849890-1-smb devstack@c-api.service[117438]: INFO cinder.api.openstack.wsgi [req-bc412a1f-5663-4e76-b54a-51461d6343f9 req-9dcf76e4-bccb-484f-be0e-0bd67d1cfe88 tempest-VolumesSnapshotsTestJSON-700633440 tempest-VolumesSnapshotsTestJSON-700633440-project] GET http://10.222.0.67/volume/v3/9f95d535e3a34fe78406efd7512b87ef/volumes/2a432289-b7e8-4140-86d3-8340cc84b75f
Jul 14 17:55:13.090467 dv-cinder-849890-1-smb devstack@c-api.service[117438]: DEBUG cinder.api.openstack.wsgi [req-bc412a1f-5663-4e76-b54a-51461d6343f9 req-9dcf76e4-bccb-484f-be0e-0bd67d1cfe88 tempest-VolumesSnapshotsTestJSON-700633440 tempest-VolumesSnapshotsTestJSON-700633440-project] Empty body provided in request {{(pid=117438) get_body /opt/stack/cinder/cinder/api/openstack/wsgi.py:715}}
Jul 14 17:55:13.091172 dv-cinder-849890-1-smb devstack@c-api.service[117438]: DEBUG cinder.api.openstack.wsgi [req-bc412a1f-5663-4e76-b54a-51461d6343f9 req-9dcf76e4-bccb-484f-be0e-0bd67d1cfe88 tempest-VolumesSnapshotsTestJSON-700633440 tempest-VolumesSnapshotsTestJSON-700633440-project] Calling method 'show' {{(pid=117438) _process_stack /opt/stack/cinder/cinder/api/openstack/wsgi.py:868}}
Jul 14 17:55:13.122235 dv-cinder-849890-1-smb devstack@c-api.service[117438]: /usr/local/lib/python3.8/dist-packages/oslo_context/context.py:100: DeprecationWarning: Policy enforcement is depending on the value of is_admin. This key is deprecated. Please update your policy file to use the standard policy values.
Jul 14 17:55:13.122235 dv-cinder-849890-1-smb devstack@c-api.service[117438]: warnings.warn('Policy enforcement is depending on the value of '
Jul 14 17:55:13.143285 dv-cinder-849890-1-smb devstack@c-api.service[117438]: INFO cinder.volume.api [req-bc412a1f-5663-4e76-b54a-51461d6343f9 req-9dcf76e4-bccb-484f-be0e-0bd67d1cfe88 tempest-VolumesSnapshotsTestJSON-700633440 tempest-VolumesSnapshotsTestJSON-700633440-project] Volume info retrieved successfully.
Jul 14 17:55:13.168092 dv-cinder-849890-1-smb devstack@c-api.service[117438]: INFO cinder.api.openstack.wsgi [req-bc412a1f-5663-4e76-b54a-51461d6343f9 req-9dcf76e4-bccb-484f-be0e-0bd67d1cfe88 tempest-VolumesSnapshotsTestJSON-700633440 tempest-VolumesSnapshotsTestJSON-700633440-project] http://10.222.0.67/volume/v3/9f95d535e3a34fe78406efd7512b87ef/volumes/2a432289-b7e8-4140-86d3-8340cc84b75f returned with HTTP 200
Jul 14 17:55:13.174803 dv-cinder-849890-1-smb devstack@c-api.service[117438]: [pid: 117438|app: 0|req: 9/22] 10.222.0.67 () {60 vars in 1578 bytes} [Thu Jul 14 17:55:13 2022] GET /volume/v3/9f95d535e3a34fe78406efd7512b87ef/volumes/2a432289-b7e8-4140-86d3-8340cc84b75f => generated 917 bytes in 90 msecs (HTTP/1.1 200) 7 headers in 285 bytes (1 switches on core 0)
Jul 14 17:55:13.214180 dv-cinder-849890-1-smb devstack@c-api.service[117439]: DEBUG cinder.api.middleware.request_id [req-67da4e0b-03c5-4d8f-a377-1936dd25ebf8 req-915d1e47-e218-4e8f-a418-d64a1537f3c3 None None] RequestId filter calling following filter/app {{(pid=117439) _context_setter /opt/stack/cinder/cinder/api/middleware/request_id.py:62}}
Jul 14 17:55:13.219038 dv-cinder-849890-1-smb devstack@c-api.service[117439]: INFO cinder.api.openstack.wsgi [req-67da4e0b-03c5-4d8f-a377-1936dd25ebf8 req-915d1e47-e218-4e8f-a418-d64a1537f3c3 tempest-VolumesSnapshotsTestJSON-700633440 tempest-VolumesSnapshotsTestJSON-700633440-project] POST http://10.222.0.67/volume/v3/9f95d535e3a34fe78406efd7512b87ef/snapshots
Jul 14 17:55:13.219897 dv-cinder-849890-1-smb devstack@c-api.service[117439]: DEBUG cinder.api.openstack.wsgi [req-67da4e0b-03c5-4d8f-a377-1936dd25ebf8 req-915d1e47-e218-4e8f-a418-d64a1537f3c3 tempest-VolumesSnapshotsTestJSON-700633440 tempest-VolumesSnapshotsTestJSON-700633440-project] Action: 'create', calling method: create, body: {"snapshot": {"volume_id": "2a432289-b7e8-4140-86d3-8340cc84b75f", "force": false, "name": "tempest-VolumesSnapshotsTestJSON-Snapshot-1215670780", "description": null, "metadata": {}}} {{(pid=117439) _process_stack /opt/stack/cinder/cinder/api/openstack/wsgi.py:866}}
Jul 14 17:55:13.252875 dv-cinder-849890-1-smb devstack@c-api.service[117439]: /usr/local/lib/python3.8/dist-packages/oslo_context/context.py:100: DeprecationWarning: Policy enforcement is depending on the value of is_admin. This key is deprecated. Please update your policy file to use the standard policy values.
Jul 14 17:55:13.252875 dv-cinder-849890-1-smb devstack@c-api.service[117439]: warnings.warn('Policy enforcement is depending on the value of '
Jul 14 17:55:13.253981 dv-cinder-849890-1-smb devstack@c-api.service[117439]: INFO cinder.volume.api [req-67da4e0b-03c5-4d8f-a377-1936dd25ebf8 req-915d1e47-e218-4e8f-a418-d64a1537f3c3 tempest-VolumesSnapshotsTestJSON-700633440 tempest-VolumesSnapshotsTestJSON-700633440-project] Volume info retrieved successfully.
Jul 14 17:55:13.254349 dv-cinder-849890-1-smb devstack@c-api.service[117439]: INFO cinder.api.v3.snapshots [req-67da4e0b-03c5-4d8f-a377-1936dd25ebf8 req-915d1e47-e218-4e8f-a418-d64a1537f3c3 tempest-VolumesSnapshotsTestJSON-700633440 tempest-VolumesSnapshotsTestJSON-700633440-project] Create snapshot from volume 2a432289-b7e8-4140-86d3-8340cc84b75f
Jul 14 17:55:13.314416 dv-cinder-849890-1-smb devstack@c-api.service[117439]: WARNING cinder.quota [req-67da4e0b-03c5-4d8f-a377-1936dd25ebf8 req-915d1e47-e218-4e8f-a418-d64a1537f3c3 tempest-VolumesSnapshotsTestJSON-700633440 tempest-VolumesSnapshotsTestJSON-700633440-project] Deprecated: Default quota for resource: snapshots___DEFAULT__ is set by the default quota flag: quota_snapshots___DEFAULT__, it is now deprecated. Please use the default quota class for default quota.
Jul 14 17:55:13.374086 dv-cinder-849890-1-smb devstack@c-api.service[117439]: DEBUG cinder.quota [req-67da4e0b-03c5-4d8f-a377-1936dd25ebf8 req-915d1e47-e218-4e8f-a418-d64a1537f3c3 tempest-VolumesSnapshotsTestJSON-700633440 tempest-VolumesSnapshotsTestJSON-700633440-project] Created reservations ['7d5919e4-54b6-47d9-a4fa-e9450c9ba8c6', 'ce135277-98ea-4173-bf1e-7c2903388a3f', 'e2deaa45-eb2b-47c6-90ee-c60e8493a613', '2afbe697-80de-4905-b9b0-727b3a129580'] {{(pid=117439) reserve /opt/stack/cinder/cinder/quota.py:755}}
Jul 14 17:55:13.639288 dv-cinder-849890-1-smb devstack@c-api.service[117438]: DEBUG cinder.api.middleware.request_id [None req-c4013365-3f3b-472e-af42-e97809bf4494 None None] RequestId filter calling following filter/app {{(pid=117438) _context_setter /opt/stack/cinder/cinder/api/middleware/request_id.py:62}}
Jul 14 17:55:13.644031 dv-cinder-849890-1-smb devstack@c-api.service[117438]: INFO cinder.api.openstack.wsgi [None req-c4013365-3f3b-472e-af42-e97809bf4494 tempest-GroupsV314Test-1241226036 tempest-GroupsV314Test-1241226036-project] GET http://10.222.0.67/volume/v3/3b40a3330d8445dc89f4c2054bc2c91e/groups/16d5829d-b375-4642-9ded-62b6580d18d2
Jul 14 17:55:13.644805 dv-cinder-849890-1-smb devstack@c-api.service[117438]: DEBUG cinder.api.openstack.wsgi [None req-c4013365-3f3b-472e-af42-e97809bf4494 tempest-GroupsV314Test-1241226036 tempest-GroupsV314Test-1241226036-project] Empty body provided in request {{(pid=117438) get_body /opt/stack/cinder/cinder/api/openstack/wsgi.py:715}}
Jul 14 17:55:13.645472 dv-cinder-849890-1-smb devstack@c-api.service[117438]: DEBUG cinder.api.openstack.wsgi [None req-c4013365-3f3b-472e-af42-e97809bf4494 tempest-GroupsV314Test-1241226036 tempest-GroupsV314Test-1241226036-project] Calling method 'version_select' {{(pid=117438) _process_stack /opt/stack/cinder/cinder/api/openstack/wsgi.py:868}}
Jul 14 17:55:13.646025 dv-cinder-849890-1-smb devstack@c-api.service[117438]: DEBUG cinder.api.v3.groups [None req-c4013365-3f3b-472e-af42-e97809bf4494 tempest-GroupsV314Test-1241226036 tempest-GroupsV314Test-1241226036-project] show called for member 16d5829d-b375-4642-9ded-62b6580d18d2 {{(pid=117438) show /opt/stack/cinder/cinder/api/v3/groups.py:58}}
Jul 14 17:55:13.659423 dv-cinder-849890-1-smb devstack@c-api.service[117438]: /usr/local/lib/python3.8/dist-packages/oslo_context/context.py:100: DeprecationWarning: Policy enforcement is depending on the value of is_admin. This key is deprecated. Please update your policy file to use the standard policy values.
Jul 14 17:55:13.659423 dv-cinder-849890-1-smb devstack@c-api.service[117438]: warnings.warn('Policy enforcement is depending on the value of '
Jul 14 17:55:13.697344 dv-cinder-849890-1-smb devstack@c-api.service[117438]: INFO cinder.api.openstack.wsgi [None req-c4013365-3f3b-472e-af42-e97809bf4494 tempest-GroupsV314Test-1241226036 tempest-GroupsV314Test-1241226036-project] http://10.222.0.67/volume/v3/3b40a3330d8445dc89f4c2054bc2c91e/groups/16d5829d-b375-4642-9ded-62b6580d18d2 returned with HTTP 200
Jul 14 17:55:13.698340 dv-cinder-849890-1-smb devstack@c-api.service[117438]: [pid: 117438|app: 0|req: 10/23] 10.222.0.67 () {60 vars in 1362 bytes} [Thu Jul 14 17:55:13 2022] GET /volume/v3/3b40a3330d8445dc89f4c2054bc2c91e/groups/16d5829d-b375-4642-9ded-62b6580d18d2 => generated 388 bytes in 60 msecs (HTTP/1.1 200) 7 headers in 286 bytes (2 switches on core 0)
Jul 14 17:55:13.706728 dv-cinder-849890-1-smb devstack@c-api.service[117438]: DEBUG cinder.api.middleware.request_id [None req-a072c885-b34c-4449-ad5a-6ca21a228545 None None] RequestId filter calling following filter/app {{(pid=117438) _context_setter /opt/stack/cinder/cinder/api/middleware/request_id.py:62}}
Jul 14 17:55:13.710986 dv-cinder-849890-1-smb devstack@c-api.service[117438]: INFO cinder.api.openstack.wsgi [None req-a072c885-b34c-4449-ad5a-6ca21a228545 tempest-GroupsV314Test-1241226036 tempest-GroupsV314Test-1241226036-project] POST http://10.222.0.67/volume/v3/3b40a3330d8445dc89f4c2054bc2c91e/volumes
Jul 14 17:55:13.712135 dv-cinder-849890-1-smb devstack@c-api.service[117438]: DEBUG cinder.api.openstack.wsgi [None req-a072c885-b34c-4449-ad5a-6ca21a228545 tempest-GroupsV314Test-1241226036 tempest-GroupsV314Test-1241226036-project] Action: 'create', calling method: create, body: {"volume": {"volume_type": "cad5147d-3c39-4d77-8b20-502c59ef3d2f", "group_id": "16d5829d-b375-4642-9ded-62b6580d18d2", "size": 1, "name": "tempest-GroupsV314Test-Volume-1785501766"}} {{(pid=117438) _process_stack /opt/stack/cinder/cinder/api/openstack/wsgi.py:866}}
Jul 14 17:55:13.717218 dv-cinder-849890-1-smb devstack@c-api.service[117438]: DEBUG cinder.api.v3.volumes [None req-a072c885-b34c-4449-ad5a-6ca21a228545 tempest-GroupsV314Test-1241226036 tempest-GroupsV314Test-1241226036-project] Create volume request body: {'volume': {'volume_type': 'cad5147d-3c39-4d77-8b20-502c59ef3d2f', 'group_id': '16d5829d-b375-4642-9ded-62b6580d18d2', 'size': 1, 'name': 'tempest-GroupsV314Test-Volume-1785501766'}} {{(pid=117438) create /opt/stack/cinder/cinder/api/v3/volumes.py:298}}
Jul 14 17:55:13.752122 dv-cinder-849890-1-smb devstack@c-api.service[117438]: /usr/local/lib/python3.8/dist-packages/oslo_context/context.py:100: DeprecationWarning: Policy enforcement is depending on the value of is_admin. This key is deprecated. Please update your policy file to use the standard policy values.
Jul 14 17:55:13.752122 dv-cinder-849890-1-smb devstack@c-api.service[117438]: warnings.warn('Policy enforcement is depending on the value of '
Jul 14 17:55:13.752603 dv-cinder-849890-1-smb devstack@c-api.service[117438]: INFO cinder.api.v3.volumes [None req-a072c885-b34c-4449-ad5a-6ca21a228545 tempest-GroupsV314Test-1241226036 tempest-GroupsV314Test-1241226036-project] Create volume of 1 GB
Jul 14 17:55:13.775916 dv-cinder-849890-1-smb devstack@c-api.service[117439]: INFO cinder.volume.api [req-67da4e0b-03c5-4d8f-a377-1936dd25ebf8 req-915d1e47-e218-4e8f-a418-d64a1537f3c3 tempest-VolumesSnapshotsTestJSON-700633440 tempest-VolumesSnapshotsTestJSON-700633440-project] Snapshot create request issued successfully.
Jul 14 17:55:13.776649 dv-cinder-849890-1-smb devstack@c-api.service[117439]: INFO cinder.api.openstack.wsgi [req-67da4e0b-03c5-4d8f-a377-1936dd25ebf8 req-915d1e47-e218-4e8f-a418-d64a1537f3c3 tempest-VolumesSnapshotsTestJSON-700633440 tempest-VolumesSnapshotsTestJSON-700633440-project] http://10.222.0.67/volume/v3/9f95d535e3a34fe78406efd7512b87ef/snapshots returned with HTTP 202
Jul 14 17:55:13.778149 dv-cinder-849890-1-smb devstack@c-api.service[117439]: [pid: 117439|app: 0|req: 14/24] 10.222.0.67 () {64 vars in 1527 bytes} [Thu Jul 14 17:55:13 2022] POST /volume/v3/9f95d535e3a34fe78406efd7512b87ef/snapshots => generated 311 bytes in 565 msecs (HTTP/1.1 202) 7 headers in 291 bytes (1 switches on core 0)
Jul 14 17:55:13.788881 dv-cinder-849890-1-smb devstack@c-api.service[117438]: INFO cinder.volume.api [None req-a072c885-b34c-4449-ad5a-6ca21a228545 tempest-GroupsV314Test-1241226036 tempest-GroupsV314Test-1241226036-project] Availability Zones retrieved successfully.
Jul 14 17:55:13.809591 dv-cinder-849890-1-smb devstack@c-api.service[117439]: DEBUG cinder.api.middleware.request_id [req-257ec831-733c-482b-ac0e-09a70e3c6181 req-2dc27250-ab36-4f3c-b089-406bacf2c7f6 None None] RequestId filter calling following filter/app {{(pid=117439) _context_setter /opt/stack/cinder/cinder/api/middleware/request_id.py:62}}
Jul 14 17:55:13.813069 dv-cinder-849890-1-smb devstack@c-api.service[117438]: DEBUG cinder.volume.api [None req-a072c885-b34c-4449-ad5a-6ca21a228545 tempest-GroupsV314Test-1241226036 tempest-GroupsV314Test-1241226036-project] Flow 'volume_create_api' (9aa5af62-ddce-414e-a4c3-a17cbf762d4b) transitioned into state 'RUNNING' from state 'PENDING' {{(pid=117438) _flow_receiver /usr/local/lib/python3.8/dist-packages/taskflow/listeners/logging.py:141}}
Jul 14 17:55:13.815893 dv-cinder-849890-1-smb devstack@c-api.service[117439]: INFO cinder.api.openstack.wsgi [req-257ec831-733c-482b-ac0e-09a70e3c6181 req-2dc27250-ab36-4f3c-b089-406bacf2c7f6 tempest-VolumesSnapshotsTestJSON-700633440 tempest-VolumesSnapshotsTestJSON-700633440-project] GET http://10.222.0.67/volume/v3/9f95d535e3a34fe78406efd7512b87ef/snapshots/975a6fa2-d74c-404a-adb6-728867379165
Jul 14 17:55:13.816814 dv-cinder-849890-1-smb devstack@c-api.service[117439]: DEBUG cinder.api.openstack.wsgi [req-257ec831-733c-482b-ac0e-09a70e3c6181 req-2dc27250-ab36-4f3c-b089-406bacf2c7f6 tempest-VolumesSnapshotsTestJSON-700633440 tempest-VolumesSnapshotsTestJSON-700633440-project] Empty body provided in request {{(pid=117439) get_body /opt/stack/cinder/cinder/api/openstack/wsgi.py:715}}
Jul 14 17:55:13.817504 dv-cinder-849890-1-smb devstack@c-api.service[117439]: DEBUG cinder.api.openstack.wsgi [req-257ec831-733c-482b-ac0e-09a70e3c6181 req-2dc27250-ab36-4f3c-b089-406bacf2c7f6 tempest-VolumesSnapshotsTestJSON-700633440 tempest-VolumesSnapshotsTestJSON-700633440-project] Calling method 'show' {{(pid=117439) _process_stack /opt/stack/cinder/cinder/api/openstack/wsgi.py:868}}
Jul 14 17:55:13.834654 dv-cinder-849890-1-smb devstack@c-api.service[117438]: DEBUG cinder.volume.api [None req-a072c885-b34c-4449-ad5a-6ca21a228545 tempest-GroupsV314Test-1241226036 tempest-GroupsV314Test-1241226036-project] Task 'cinder.volume.flows.api.create_volume.ExtractVolumeRequestTask;volume:create' (3dd0b4bb-9e42-4c20-800a-04bab67bc8da) transitioned into state 'RUNNING' from state 'PENDING' {{(pid=117438) _task_receiver /usr/local/lib/python3.8/dist-packages/taskflow/listeners/logging.py:190}}
Jul 14 17:55:13.836505 dv-cinder-849890-1-smb devstack@c-api.service[117438]: /usr/local/lib/python3.8/dist-packages/oslo_context/context.py:100: DeprecationWarning: Policy enforcement is depending on the value of is_admin. This key is deprecated. Please update your policy file to use the standard policy values.
Jul 14 17:55:13.836505 dv-cinder-849890-1-smb devstack@c-api.service[117438]: warnings.warn('Policy enforcement is depending on the value of '
Jul 14 17:55:13.838419 dv-cinder-849890-1-smb devstack@c-api.service[117438]: DEBUG cinder.volume.flows.api.create_volume [None req-a072c885-b34c-4449-ad5a-6ca21a228545 tempest-GroupsV314Test-1241226036 tempest-GroupsV314Test-1241226036-project] Validating volume size '1' using validate_int {{(pid=117438) _extract_size /opt/stack/cinder/cinder/volume/flows/api/create_volume.py:228}}
Jul 14 17:55:13.848427 dv-cinder-849890-1-smb devstack@c-api.service[117439]: /usr/local/lib/python3.8/dist-packages/oslo_context/context.py:100: DeprecationWarning: Policy enforcement is depending on the value of is_admin. This key is deprecated. Please update your policy file to use the standard policy values.
Jul 14 17:55:13.848427 dv-cinder-849890-1-smb devstack@c-api.service[117439]: warnings.warn('Policy enforcement is depending on the value of '
Jul 14 17:55:13.850665 dv-cinder-849890-1-smb devstack@c-api.service[117439]: INFO cinder.volume.api [req-257ec831-733c-482b-ac0e-09a70e3c6181 req-2dc27250-ab36-4f3c-b089-406bacf2c7f6 tempest-VolumesSnapshotsTestJSON-700633440 tempest-VolumesSnapshotsTestJSON-700633440-project] Snapshot retrieved successfully.
Jul 14 17:55:13.853946 dv-cinder-849890-1-smb devstack@c-api.service[117439]: INFO cinder.api.openstack.wsgi [req-257ec831-733c-482b-ac0e-09a70e3c6181 req-2dc27250-ab36-4f3c-b089-406bacf2c7f6 tempest-VolumesSnapshotsTestJSON-700633440 tempest-VolumesSnapshotsTestJSON-700633440-project] http://10.222.0.67/volume/v3/9f95d535e3a34fe78406efd7512b87ef/snapshots/975a6fa2-d74c-404a-adb6-728867379165 returned with HTTP 200
Jul 14 17:55:13.854922 dv-cinder-849890-1-smb devstack@c-api.service[117439]: [pid: 117439|app: 0|req: 15/25] 10.222.0.67 () {60 vars in 1584 bytes} [Thu Jul 14 17:55:13 2022] GET /volume/v3/9f95d535e3a34fe78406efd7512b87ef/snapshots/975a6fa2-d74c-404a-adb6-728867379165 => generated 443 bytes in 47 msecs (HTTP/1.1 200) 7 headers in 285 bytes (1 switches on core 0)
Jul 14 17:55:13.882877 dv-cinder-849890-1-smb devstack@c-api.service[117438]: DEBUG cinder.volume.api [None req-a072c885-b34c-4449-ad5a-6ca21a228545 tempest-GroupsV314Test-1241226036 tempest-GroupsV314Test-1241226036-project] Task 'cinder.volume.flows.api.create_volume.ExtractVolumeRequestTask;volume:create' (3dd0b4bb-9e42-4c20-800a-04bab67bc8da) transitioned into state 'SUCCESS' from state 'RUNNING' with result '{'size': 1, 'snapshot_id': None, 'source_volid': None, 'volume_type': VolumeType(created_at=2022-07-14T17:55:12Z,deleted=False,deleted_at=None,description=None,extra_specs={},id=cad5147d-3c39-4d77-8b20-502c59ef3d2f,is_public=True,name='tempest-GroupsV314Test-volume-type-2067430625',projects=[],qos_specs=,qos_specs_id=None,updated_at=None), 'volume_type_id': 'cad5147d-3c39-4d77-8b20-502c59ef3d2f', 'encryption_key_id': None, 'qos_specs': None, 'consistencygroup_id': None, 'cgsnapshot_id': None, 'group_id': '16d5829d-b375-4642-9ded-62b6580d18d2', 'replication_status': 'disabled', 'refresh_az': False, 'backup_id': None, 'multiattach': False, 'availability_zones': ['nova']}' {{(pid=117438) _task_receiver /usr/local/lib/python3.8/dist-packages/taskflow/listeners/logging.py:178}}
