Jul 14 17:56:15.354586 dv-cinder-849890-1-smb devstack@c-api.service[117439]: /usr/local/lib/python3.8/dist-packages/oslo_context/context.py:100: DeprecationWarning: Policy enforcement is depending on the value of is_admin. This key is deprecated. Please update your policy file to use the standard policy values.
Jul 14 17:56:15.354586 dv-cinder-849890-1-smb devstack@c-api.service[117439]: warnings.warn('Policy enforcement is depending on the value of '
Jul 14 17:56:15.396950 dv-cinder-849890-1-smb devstack@c-api.service[117439]: INFO cinder.api.openstack.wsgi [None req-986dbb07-e0a3-48f7-b176-1462cde96723 tempest-GroupSnapshotsTest-2114079842 tempest-GroupSnapshotsTest-2114079842-project] http://10.222.0.67/volume/v3/0f3b885a2cbf45368c7f64d611ad9f00/volumes/85513c73-a3a2-4c5f-b31e-64589d802ae6 returned with HTTP 200
Jul 14 17:56:15.398749 dv-cinder-849890-1-smb devstack@c-api.service[117439]: [pid: 117439|app: 0|req: 173/344] 10.222.0.67 () {60 vars in 1365 bytes} [Thu Jul 14 17:56:15 2022] GET /volume/v3/0f3b885a2cbf45368c7f64d611ad9f00/volumes/85513c73-a3a2-4c5f-b31e-64589d802ae6 => generated 1001 bytes in 154 msecs (HTTP/1.1 200) 7 headers in 287 bytes (1 switches on core 0)
Jul 14 17:56:15.421642 dv-cinder-849890-1-smb devstack@c-api.service[117438]: DEBUG cinder.api.middleware.request_id [None req-2e4bc8e3-5b95-45cb-80bf-070df44f3e8a None None] RequestId filter calling following filter/app {{(pid=117438) _context_setter /opt/stack/cinder/cinder/api/middleware/request_id.py:62}}
Jul 14 17:56:15.434944 dv-cinder-849890-1-smb devstack@c-api.service[117438]: INFO cinder.api.openstack.wsgi [None req-2e4bc8e3-5b95-45cb-80bf-070df44f3e8a tempest-GroupSnapshotsTest-2114079842 tempest-GroupSnapshotsTest-2114079842-project] POST http://10.222.0.67/volume/v3/0f3b885a2cbf45368c7f64d611ad9f00/volumes
Jul 14 17:56:15.437521 dv-cinder-849890-1-smb devstack@c-api.service[117438]: DEBUG cinder.api.openstack.wsgi [None req-2e4bc8e3-5b95-45cb-80bf-070df44f3e8a tempest-GroupSnapshotsTest-2114079842 tempest-GroupSnapshotsTest-2114079842-project] Action: 'create', calling method: create, body: {"volume": {"volume_type": "9a74deb6-163c-45d3-9a81-dd28fa96d56e", "group_id": "dfff1259-d510-4dae-9d6e-645b7623932d", "size": 1, "name": "tempest-GroupSnapshotsTest-Volume-886720712"}} {{(pid=117438) _process_stack /opt/stack/cinder/cinder/api/openstack/wsgi.py:866}}
Jul 14 17:56:15.443825 dv-cinder-849890-1-smb devstack@c-api.service[117438]: DEBUG cinder.api.v3.volumes [None req-2e4bc8e3-5b95-45cb-80bf-070df44f3e8a tempest-GroupSnapshotsTest-2114079842 tempest-GroupSnapshotsTest-2114079842-project] Create volume request body: {'volume': {'volume_type': '9a74deb6-163c-45d3-9a81-dd28fa96d56e', 'group_id': 'dfff1259-d510-4dae-9d6e-645b7623932d', 'size': 1, 'name': 'tempest-GroupSnapshotsTest-Volume-886720712'}} {{(pid=117438) create /opt/stack/cinder/cinder/api/v3/volumes.py:298}}
Jul 14 17:56:15.508947 dv-cinder-849890-1-smb devstack@c-api.service[117438]: /usr/local/lib/python3.8/dist-packages/oslo_context/context.py:100: DeprecationWarning: Policy enforcement is depending on the value of is_admin. This key is deprecated. Please update your policy file to use the standard policy values.
Jul 14 17:56:15.508947 dv-cinder-849890-1-smb devstack@c-api.service[117438]: warnings.warn('Policy enforcement is depending on the value of '
Jul 14 17:56:15.514333 dv-cinder-849890-1-smb devstack@c-api.service[117438]: INFO cinder.api.v3.volumes [None req-2e4bc8e3-5b95-45cb-80bf-070df44f3e8a tempest-GroupSnapshotsTest-2114079842 tempest-GroupSnapshotsTest-2114079842-project] Create volume of 1 GB
Jul 14 17:56:15.546492 dv-cinder-849890-1-smb devstack@c-api.service[117438]: INFO cinder.volume.api [None req-2e4bc8e3-5b95-45cb-80bf-070df44f3e8a tempest-GroupSnapshotsTest-2114079842 tempest-GroupSnapshotsTest-2114079842-project] Availability Zones retrieved successfully.
Jul 14 17:56:15.583623 dv-cinder-849890-1-smb devstack@c-api.service[117438]: DEBUG cinder.volume.api [None req-2e4bc8e3-5b95-45cb-80bf-070df44f3e8a tempest-GroupSnapshotsTest-2114079842 tempest-GroupSnapshotsTest-2114079842-project] Flow 'volume_create_api' (c2b5ccbf-14ac-442e-ac68-e4cb53aeb082) transitioned into state 'RUNNING' from state 'PENDING' {{(pid=117438) _flow_receiver /usr/local/lib/python3.8/dist-packages/taskflow/listeners/logging.py:141}}
Jul 14 17:56:15.600891 dv-cinder-849890-1-smb devstack@c-api.service[117438]: DEBUG cinder.volume.api [None req-2e4bc8e3-5b95-45cb-80bf-070df44f3e8a tempest-GroupSnapshotsTest-2114079842 tempest-GroupSnapshotsTest-2114079842-project] Task 'cinder.volume.flows.api.create_volume.ExtractVolumeRequestTask;volume:create' (e31aa72d-9d92-4748-8de1-7657bb4a5e28) transitioned into state 'RUNNING' from state 'PENDING' {{(pid=117438) _task_receiver /usr/local/lib/python3.8/dist-packages/taskflow/listeners/logging.py:190}}
Jul 14 17:56:15.604188 dv-cinder-849890-1-smb devstack@c-api.service[117438]: /usr/local/lib/python3.8/dist-packages/oslo_context/context.py:100: DeprecationWarning: Policy enforcement is depending on the value of is_admin. This key is deprecated. Please update your policy file to use the standard policy values.
Jul 14 17:56:15.604188 dv-cinder-849890-1-smb devstack@c-api.service[117438]: warnings.warn('Policy enforcement is depending on the value of '
Jul 14 17:56:15.607039 dv-cinder-849890-1-smb devstack@c-api.service[117438]: DEBUG cinder.volume.flows.api.create_volume [None req-2e4bc8e3-5b95-45cb-80bf-070df44f3e8a tempest-GroupSnapshotsTest-2114079842 tempest-GroupSnapshotsTest-2114079842-project] Validating volume size '1' using validate_int {{(pid=117438) _extract_size /opt/stack/cinder/cinder/volume/flows/api/create_volume.py:228}}
Jul 14 17:56:15.623384 dv-cinder-849890-1-smb devstack@c-api.service[117438]: DEBUG dbcounter [-] [117438] Writing DB stats cinder:SELECT=91,cinder:UPDATE=5,cinder:INSERT=4 {{(pid=117438) stat_writer /usr/local/lib/python3.8/dist-packages/dbcounter.py:114}}
Jul 14 17:56:15.664894 dv-cinder-849890-1-smb devstack@c-api.service[117438]: DEBUG cinder.volume.api [None req-2e4bc8e3-5b95-45cb-80bf-070df44f3e8a tempest-GroupSnapshotsTest-2114079842 tempest-GroupSnapshotsTest-2114079842-project] Task 'cinder.volume.flows.api.create_volume.ExtractVolumeRequestTask;volume:create' (e31aa72d-9d92-4748-8de1-7657bb4a5e28) transitioned into state 'SUCCESS' from state 'RUNNING' with result '{'size': 1, 'snapshot_id': None, 'source_volid': None, 'volume_type': VolumeType(created_at=2022-07-14T17:56:12Z,deleted=False,deleted_at=None,description=None,extra_specs={},id=9a74deb6-163c-45d3-9a81-dd28fa96d56e,is_public=True,name='tempest-GroupSnapshotsTest-volume-type-1936560136',projects=[],qos_specs=,qos_specs_id=None,updated_at=None), 'volume_type_id': '9a74deb6-163c-45d3-9a81-dd28fa96d56e', 'encryption_key_id': None, 'qos_specs': None, 'consistencygroup_id': None, 'cgsnapshot_id': None, 'group_id': 'dfff1259-d510-4dae-9d6e-645b7623932d', 'replication_status': 'disabled', 'refresh_az': False, 'backup_id': None, 'multiattach': False, 'availability_zones': ['nova']}' {{(pid=117438) _task_receiver /usr/local/lib/python3.8/dist-packages/taskflow/listeners/logging.py:178}}
Jul 14 17:56:15.669464 dv-cinder-849890-1-smb devstack@c-api.service[117438]: DEBUG cinder.volume.api [None req-2e4bc8e3-5b95-45cb-80bf-070df44f3e8a tempest-GroupSnapshotsTest-2114079842 tempest-GroupSnapshotsTest-2114079842-project] Task 'cinder.volume.flows.api.create_volume.QuotaReserveTask;volume:create' (1d7e3a1c-6608-4c5c-8796-b3374e624f37) transitioned into state 'RUNNING' from state 'PENDING' {{(pid=117438) _task_receiver /usr/local/lib/python3.8/dist-packages/taskflow/listeners/logging.py:190}}
Jul 14 17:56:15.745734 dv-cinder-849890-1-smb devstack@c-api.service[117438]: WARNING cinder.quota [None req-2e4bc8e3-5b95-45cb-80bf-070df44f3e8a tempest-GroupSnapshotsTest-2114079842 tempest-GroupSnapshotsTest-2114079842-project] Deprecated: Default quota for resource: volumes_tempest-GroupSnapshotsTest-volume-type-1936560136 is set by the default quota flag: quota_volumes_tempest-GroupSnapshotsTest-volume-type-1936560136, it is now deprecated. Please use the default quota class for default quota.
Jul 14 17:56:15.747853 dv-cinder-849890-1-smb devstack@c-api.service[117438]: WARNING cinder.quota [None req-2e4bc8e3-5b95-45cb-80bf-070df44f3e8a tempest-GroupSnapshotsTest-2114079842 tempest-GroupSnapshotsTest-2114079842-project] Deprecated: Default quota for resource: gigabytes_tempest-GroupSnapshotsTest-volume-type-1936560136 is set by the default quota flag: quota_gigabytes_tempest-GroupSnapshotsTest-volume-type-1936560136, it is now deprecated. Please use the default quota class for default quota.
Jul 14 17:56:15.785288 dv-cinder-849890-1-smb devstack@c-api.service[117438]: DEBUG cinder.quota [None req-2e4bc8e3-5b95-45cb-80bf-070df44f3e8a tempest-GroupSnapshotsTest-2114079842 tempest-GroupSnapshotsTest-2114079842-project] Created reservations ['d62aa97b-6c73-402b-9062-6eda991e528c', '2a1603e9-88b4-4180-885f-2b57df9f91a4', 'f3b08d8b-cf58-4649-93ca-ee339a502bc4', '88135c5f-4618-48b2-b5c9-f236938305b0'] {{(pid=117438) reserve /opt/stack/cinder/cinder/quota.py:755}}
Jul 14 17:56:15.790978 dv-cinder-849890-1-smb devstack@c-api.service[117438]: DEBUG cinder.volume.api [None req-2e4bc8e3-5b95-45cb-80bf-070df44f3e8a tempest-GroupSnapshotsTest-2114079842 tempest-GroupSnapshotsTest-2114079842-project] Task 'cinder.volume.flows.api.create_volume.QuotaReserveTask;volume:create' (1d7e3a1c-6608-4c5c-8796-b3374e624f37) transitioned into state 'SUCCESS' from state 'RUNNING' with result '{'reservations': ['d62aa97b-6c73-402b-9062-6eda991e528c', '2a1603e9-88b4-4180-885f-2b57df9f91a4', 'f3b08d8b-cf58-4649-93ca-ee339a502bc4', '88135c5f-4618-48b2-b5c9-f236938305b0']}' {{(pid=117438) _task_receiver /usr/local/lib/python3.8/dist-packages/taskflow/listeners/logging.py:178}}
Jul 14 17:56:15.795239 dv-cinder-849890-1-smb devstack@c-api.service[117438]: DEBUG cinder.volume.api [None req-2e4bc8e3-5b95-45cb-80bf-070df44f3e8a tempest-GroupSnapshotsTest-2114079842 tempest-GroupSnapshotsTest-2114079842-project] Task 'cinder.volume.flows.api.create_volume.EntryCreateTask;volume:create' (231e000d-3ac2-4f99-b058-32a5cf5dfb6c) transitioned into state 'RUNNING' from state 'PENDING' {{(pid=117438) _task_receiver /usr/local/lib/python3.8/dist-packages/taskflow/listeners/logging.py:190}}
Jul 14 17:56:15.866628 dv-cinder-849890-1-smb devstack@c-api.service[117438]: DEBUG cinder.volume.api [None req-2e4bc8e3-5b95-45cb-80bf-070df44f3e8a tempest-GroupSnapshotsTest-2114079842 tempest-GroupSnapshotsTest-2114079842-project] Task 'cinder.volume.flows.api.create_volume.EntryCreateTask;volume:create' (231e000d-3ac2-4f99-b058-32a5cf5dfb6c) transitioned into state 'SUCCESS' from state 'RUNNING' with result '{'volume_id': '4a577aee-3d4e-47e4-9db0-3d34baad3098', 'volume_properties': VolumeProperties(attach_status='detached',availability_zone='nova',cgsnapshot_id=None,consistencygroup_id=None,display_description=None,display_name='tempest-GroupSnapshotsTest-Volume-886720712',encryption_key_id=None,group_id=dfff1259-d510-4dae-9d6e-645b7623932d,group_type_id=,metadata={},multiattach=False,project_id='0f3b885a2cbf45368c7f64d611ad9f00',qos_specs=None,replication_status=,reservations=['d62aa97b-6c73-402b-9062-6eda991e528c','2a1603e9-88b4-4180-885f-2b57df9f91a4','f3b08d8b-cf58-4649-93ca-ee339a502bc4','88135c5f-4618-48b2-b5c9-f236938305b0'],size=1,snapshot_id=None,source_replicaid=,source_volid=None,status='creating',user_id='453add2ad3ab403392ab849bbdbd93f0',volume_type_id=9a74deb6-163c-45d3-9a81-dd28fa96d56e), 'volume': Volume(_name_id=None,admin_metadata=,attach_status='detached',availability_zone='nova',bootable=False,cluster=,cluster_name=None,consistencygroup=,consistencygroup_id=None,created_at=2022-07-14T17:56:15Z,deleted=False,deleted_at=None,display_description=None,display_name='tempest-GroupSnapshotsTest-Volume-886720712',ec2_id=None,encryption_key_id=None,glance_metadata=,group=,group_id=dfff1259-d510-4dae-9d6e-645b7623932d,host=None,id=4a577aee-3d4e-47e4-9db0-3d34baad3098,launched_at=None,metadata={},migration_status=None,multiattach=False,previous_status=None,project_id='0f3b885a2cbf45368c7f64d611ad9f00',provider_auth=None,provider_geometry=None,provider_id=None,provider_location=None,replication_driver_data=None,replication_extended_status=None,replication_status=None,scheduled_at=None,service_uuid=None,shared_targets=True,size=1,snapshot_id=None,snapshots=,source_volid=None,status='creating',terminated_at=None,updated_at=None,use_quota=True,user_id='453add2ad3ab403392ab849bbdbd93f0',volume_attachment=VolumeAttachmentList,volume_type=VolumeType(9a74deb6-163c-45d3-9a81-dd28fa96d56e),volume_type_id=9a74deb6-163c-45d3-9a81-dd28fa96d56e)}' {{(pid=117438) _task_receiver /usr/local/lib/python3.8/dist-packages/taskflow/listeners/logging.py:178}}
Jul 14 17:56:15.886428 dv-cinder-849890-1-smb devstack@c-api.service[117438]: DEBUG cinder.volume.api [None req-2e4bc8e3-5b95-45cb-80bf-070df44f3e8a tempest-GroupSnapshotsTest-2114079842 tempest-GroupSnapshotsTest-2114079842-project] Task 'cinder.volume.flows.api.create_volume.QuotaCommitTask;volume:create' (c14f97a7-ee9b-4b80-80ea-d4145bfa2dbb) transitioned into state 'RUNNING' from state 'PENDING' {{(pid=117438) _task_receiver /usr/local/lib/python3.8/dist-packages/taskflow/listeners/logging.py:190}}
Jul 14 17:56:15.960307 dv-cinder-849890-1-smb devstack@c-api.service[117438]: DEBUG cinder.volume.api [None req-2e4bc8e3-5b95-45cb-80bf-070df44f3e8a tempest-GroupSnapshotsTest-2114079842 tempest-GroupSnapshotsTest-2114079842-project] Task 'cinder.volume.flows.api.create_volume.QuotaCommitTask;volume:create' (c14f97a7-ee9b-4b80-80ea-d4145bfa2dbb) transitioned into state 'SUCCESS' from state 'RUNNING' with result '{'volume_properties': VolumeProperties(attach_status='detached',availability_zone='nova',cgsnapshot_id=None,consistencygroup_id=None,display_description=None,display_name='tempest-GroupSnapshotsTest-Volume-886720712',encryption_key_id=None,group_id=dfff1259-d510-4dae-9d6e-645b7623932d,group_type_id=,metadata={},multiattach=False,project_id='0f3b885a2cbf45368c7f64d611ad9f00',qos_specs=None,replication_status=,reservations=['d62aa97b-6c73-402b-9062-6eda991e528c','2a1603e9-88b4-4180-885f-2b57df9f91a4','f3b08d8b-cf58-4649-93ca-ee339a502bc4','88135c5f-4618-48b2-b5c9-f236938305b0'],size=1,snapshot_id=None,source_replicaid=,source_volid=None,status='creating',user_id='453add2ad3ab403392ab849bbdbd93f0',volume_type_id=9a74deb6-163c-45d3-9a81-dd28fa96d56e)}' {{(pid=117438) _task_receiver /usr/local/lib/python3.8/dist-packages/taskflow/listeners/logging.py:178}}
Jul 14 17:56:15.962912 dv-cinder-849890-1-smb devstack@c-api.service[117438]: DEBUG cinder.volume.api [None req-2e4bc8e3-5b95-45cb-80bf-070df44f3e8a tempest-GroupSnapshotsTest-2114079842 tempest-GroupSnapshotsTest-2114079842-project] Task 'cinder.volume.flows.api.create_volume.VolumeCastTask;volume:create' (47a80a9d-25c9-48ed-806a-3910f23de06c) transitioned into state 'RUNNING' from state 'PENDING' {{(pid=117438) _task_receiver /usr/local/lib/python3.8/dist-packages/taskflow/listeners/logging.py:190}}
Jul 14 17:56:16.013800 dv-cinder-849890-1-smb devstack@c-api.service[117438]: DEBUG cinder.volume.api [None req-2e4bc8e3-5b95-45cb-80bf-070df44f3e8a tempest-GroupSnapshotsTest-2114079842 tempest-GroupSnapshotsTest-2114079842-project] Task 'cinder.volume.flows.api.create_volume.VolumeCastTask;volume:create' (47a80a9d-25c9-48ed-806a-3910f23de06c) transitioned into state 'SUCCESS' from state 'RUNNING' with result 'None' {{(pid=117438) _task_receiver /usr/local/lib/python3.8/dist-packages/taskflow/listeners/logging.py:178}}
Jul 14 17:56:16.021481 dv-cinder-849890-1-smb devstack@c-api.service[117438]: DEBUG cinder.volume.api [None req-2e4bc8e3-5b95-45cb-80bf-070df44f3e8a tempest-GroupSnapshotsTest-2114079842 tempest-GroupSnapshotsTest-2114079842-project] Flow 'volume_create_api' (c2b5ccbf-14ac-442e-ac68-e4cb53aeb082) transitioned into state 'SUCCESS' from state 'RUNNING' {{(pid=117438) _flow_receiver /usr/local/lib/python3.8/dist-packages/taskflow/listeners/logging.py:141}}
Jul 14 17:56:16.023298 dv-cinder-849890-1-smb devstack@c-api.service[117438]: INFO cinder.volume.api [None req-2e4bc8e3-5b95-45cb-80bf-070df44f3e8a tempest-GroupSnapshotsTest-2114079842 tempest-GroupSnapshotsTest-2114079842-project] Create volume request issued successfully.
Jul 14 17:56:16.025279 dv-cinder-849890-1-smb devstack@c-api.service[117438]: WARNING stevedore.named [None req-2e4bc8e3-5b95-45cb-80bf-070df44f3e8a tempest-GroupSnapshotsTest-2114079842 tempest-GroupSnapshotsTest-2114079842-project] Could not load cinder.keymgr.conf_key_mgr.ConfKeyManager
Jul 14 17:56:16.030322 dv-cinder-849890-1-smb devstack@c-api.service[117438]: WARNING castellan.key_manager [None req-2e4bc8e3-5b95-45cb-80bf-070df44f3e8a tempest-GroupSnapshotsTest-2114079842 tempest-GroupSnapshotsTest-2114079842-project] Deprecation Warning : cinder.keymgr.conf_key_mgr.ConfKeyManager is not a stevedore based driver, trying to load it as a class: stevedore.exception.NoMatches: No 'castellan.drivers' driver found, looking for 'cinder.keymgr.conf_key_mgr.ConfKeyManager'
Jul 14 17:56:16.048864 dv-cinder-849890-1-smb devstack@c-api.service[117438]: DEBUG oslo_db.sqlalchemy.engines [None req-2e4bc8e3-5b95-45cb-80bf-070df44f3e8a tempest-GroupSnapshotsTest-2114079842 tempest-GroupSnapshotsTest-2114079842-project] MySQL server mode set to STRICT_TRANS_TABLES,STRICT_ALL_TABLES,NO_ZERO_IN_DATE,NO_ZERO_DATE,ERROR_FOR_DIVISION_BY_ZERO,TRADITIONAL,NO_ENGINE_SUBSTITUTION {{(pid=117438) _check_effective_sql_mode /usr/local/lib/python3.8/dist-packages/oslo_db/sqlalchemy/engines.py:314}}
Jul 14 17:56:16.059512 dv-cinder-849890-1-smb devstack@c-api.service[117438]: /usr/local/lib/python3.8/dist-packages/oslo_context/context.py:100: DeprecationWarning: Policy enforcement is depending on the value of is_admin. This key is deprecated. Please update your policy file to use the standard policy values.
Jul 14 17:56:16.059512 dv-cinder-849890-1-smb devstack@c-api.service[117438]: warnings.warn('Policy enforcement is depending on the value of '
Jul 14 17:56:16.077059 dv-cinder-849890-1-smb devstack@c-api.service[117438]: INFO cinder.api.openstack.wsgi [None req-2e4bc8e3-5b95-45cb-80bf-070df44f3e8a tempest-GroupSnapshotsTest-2114079842 tempest-GroupSnapshotsTest-2114079842-project] http://10.222.0.67/volume/v3/0f3b885a2cbf45368c7f64d611ad9f00/volumes returned with HTTP 202
Jul 14 17:56:16.078125 dv-cinder-849890-1-smb devstack@c-api.service[117438]: [pid: 117438|app: 0|req: 172/345] 10.222.0.67 () {62 vars in 1276 bytes} [Thu Jul 14 17:56:15 2022] POST /volume/v3/0f3b885a2cbf45368c7f64d611ad9f00/volumes => generated 907 bytes in 658 msecs (HTTP/1.1 202) 7 headers in 292 bytes (1 switches on core 0)
Jul 14 17:56:16.105938 dv-cinder-849890-1-smb devstack@c-api.service[117439]: DEBUG cinder.api.middleware.request_id [None req-460e8718-b502-45b3-b3da-4da755ac089a None None] RequestId filter calling following filter/app {{(pid=117439) _context_setter /opt/stack/cinder/cinder/api/middleware/request_id.py:62}}
Jul 14 17:56:16.115643 dv-cinder-849890-1-smb devstack@c-api.service[117439]: INFO cinder.api.openstack.wsgi [None req-460e8718-b502-45b3-b3da-4da755ac089a tempest-GroupSnapshotsTest-2114079842 tempest-GroupSnapshotsTest-2114079842-project] GET http://10.222.0.67/volume/v3/0f3b885a2cbf45368c7f64d611ad9f00/volumes/4a577aee-3d4e-47e4-9db0-3d34baad3098
Jul 14 17:56:16.116869 dv-cinder-849890-1-smb devstack@c-api.service[117439]: DEBUG cinder.api.openstack.wsgi [None req-460e8718-b502-45b3-b3da-4da755ac089a tempest-GroupSnapshotsTest-2114079842 tempest-GroupSnapshotsTest-2114079842-project] Empty body provided in request {{(pid=117439) get_body /opt/stack/cinder/cinder/api/openstack/wsgi.py:715}}
Jul 14 17:56:16.119259 dv-cinder-849890-1-smb devstack@c-api.service[117439]: DEBUG cinder.api.openstack.wsgi [None req-460e8718-b502-45b3-b3da-4da755ac089a tempest-GroupSnapshotsTest-2114079842 tempest-GroupSnapshotsTest-2114079842-project] Calling method 'show' {{(pid=117439) _process_stack /opt/stack/cinder/cinder/api/openstack/wsgi.py:868}}
Jul 14 17:56:16.155154 dv-cinder-849890-1-smb devstack@c-api.service[117439]: /usr/local/lib/python3.8/dist-packages/oslo_context/context.py:100: DeprecationWarning: Policy enforcement is depending on the value of is_admin. This key is deprecated. Please update your policy file to use the standard policy values.
Jul 14 17:56:16.155154 dv-cinder-849890-1-smb devstack@c-api.service[117439]: warnings.warn('Policy enforcement is depending on the value of '
Jul 14 17:56:16.170258 dv-cinder-849890-1-smb devstack@c-api.service[117439]: INFO cinder.volume.api [None req-460e8718-b502-45b3-b3da-4da755ac089a tempest-GroupSnapshotsTest-2114079842 tempest-GroupSnapshotsTest-2114079842-project] Volume info retrieved successfully.
Jul 14 17:56:16.178780 dv-cinder-849890-1-smb devstack@c-api.service[117439]: WARNING stevedore.named [None req-460e8718-b502-45b3-b3da-4da755ac089a tempest-GroupSnapshotsTest-2114079842 tempest-GroupSnapshotsTest-2114079842-project] Could not load cinder.keymgr.conf_key_mgr.ConfKeyManager
Jul 14 17:56:16.179485 dv-cinder-849890-1-smb devstack@c-api.service[117439]: WARNING castellan.key_manager [None req-460e8718-b502-45b3-b3da-4da755ac089a tempest-GroupSnapshotsTest-2114079842 tempest-GroupSnapshotsTest-2114079842-project] Deprecation Warning : cinder.keymgr.conf_key_mgr.ConfKeyManager is not a stevedore based driver, trying to load it as a class: stevedore.exception.NoMatches: No 'castellan.drivers' driver found, looking for 'cinder.keymgr.conf_key_mgr.ConfKeyManager'
Jul 14 17:56:16.193183 dv-cinder-849890-1-smb devstack@c-api.service[117439]: DEBUG oslo_db.sqlalchemy.engines [None req-460e8718-b502-45b3-b3da-4da755ac089a tempest-GroupSnapshotsTest-2114079842 tempest-GroupSnapshotsTest-2114079842-project] MySQL server mode set to STRICT_TRANS_TABLES,STRICT_ALL_TABLES,NO_ZERO_IN_DATE,NO_ZERO_DATE,ERROR_FOR_DIVISION_BY_ZERO,TRADITIONAL,NO_ENGINE_SUBSTITUTION {{(pid=117439) _check_effective_sql_mode /usr/local/lib/python3.8/dist-packages/oslo_db/sqlalchemy/engines.py:314}}
Jul 14 17:56:16.204585 dv-cinder-849890-1-smb devstack@c-api.service[117439]: /usr/local/lib/python3.8/dist-packages/oslo_context/context.py:100: DeprecationWarning: Policy enforcement is depending on the value of is_admin. This key is deprecated. Please update your policy file to use the standard policy values.
Jul 14 17:56:16.204585 dv-cinder-849890-1-smb devstack@c-api.service[117439]: warnings.warn('Policy enforcement is depending on the value of '
Jul 14 17:56:16.245485 dv-cinder-849890-1-smb devstack@c-api.service[117439]: INFO cinder.api.openstack.wsgi [None req-460e8718-b502-45b3-b3da-4da755ac089a tempest-GroupSnapshotsTest-2114079842 tempest-GroupSnapshotsTest-2114079842-project] http://10.222.0.67/volume/v3/0f3b885a2cbf45368c7f64d611ad9f00/volumes/4a577aee-3d4e-47e4-9db0-3d34baad3098 returned with HTTP 200
Jul 14 17:56:16.247548 dv-cinder-849890-1-smb devstack@c-api.service[117439]: [pid: 117439|app: 0|req: 174/346] 10.222.0.67 () {60 vars in 1365 bytes} [Thu Jul 14 17:56:16 2022] GET /volume/v3/0f3b885a2cbf45368c7f64d611ad9f00/volumes/4a577aee-3d4e-47e4-9db0-3d34baad3098 => generated 975 bytes in 144 msecs (HTTP/1.1 200) 7 headers in 286 bytes (1 switches on core 0)
Jul 14 17:56:16.799425 dv-cinder-849890-1-smb devstack@c-api.service[117438]: DEBUG cinder.api.middleware.request_id [None req-117c2dd6-cf3f-4984-b235-79173b614088 None None] RequestId filter calling following filter/app {{(pid=117438) _context_setter /opt/stack/cinder/cinder/api/middleware/request_id.py:62}}
Jul 14 17:56:16.805192 dv-cinder-849890-1-smb devstack@c-api.service[117438]: INFO cinder.api.openstack.wsgi [None req-117c2dd6-cf3f-4984-b235-79173b614088 tempest-DeleteServersTestJSON-1689820940 tempest-DeleteServersTestJSON-1689820940-project] POST http://10.222.0.67/volume/v3/9383d769d3b5441ca8a91161c6f36a93/volumes
Jul 14 17:56:16.807678 dv-cinder-849890-1-smb devstack@c-api.service[117438]: DEBUG cinder.api.openstack.wsgi [None req-117c2dd6-cf3f-4984-b235-79173b614088 tempest-DeleteServersTestJSON-1689820940 tempest-DeleteServersTestJSON-1689820940-project] Action: 'create', calling method: create, body: {"volume": {"size": 1, "display_name": "tempest-DeleteServersTestJSON-volume-582821404"}} {{(pid=117438) _process_stack /opt/stack/cinder/cinder/api/openstack/wsgi.py:866}}
Jul 14 17:56:16.809590 dv-cinder-849890-1-smb devstack@c-api.service[117438]: DEBUG cinder.api.v3.volumes [None req-117c2dd6-cf3f-4984-b235-79173b614088 tempest-DeleteServersTestJSON-1689820940 tempest-DeleteServersTestJSON-1689820940-project] Create volume request body: {'volume': {'size': 1, 'display_name': 'tempest-DeleteServersTestJSON-volume-582821404'}} {{(pid=117438) create /opt/stack/cinder/cinder/api/v3/volumes.py:298}}
Jul 14 17:56:16.809977 dv-cinder-849890-1-smb devstack@c-api.service[117438]: INFO cinder.api.v3.volumes [None req-117c2dd6-cf3f-4984-b235-79173b614088 tempest-DeleteServersTestJSON-1689820940 tempest-DeleteServersTestJSON-1689820940-project] Create volume of 1 GB
Jul 14 17:56:16.819430 dv-cinder-849890-1-smb devstack@c-api.service[117438]: INFO cinder.volume.api [None req-117c2dd6-cf3f-4984-b235-79173b614088 tempest-DeleteServersTestJSON-1689820940 tempest-DeleteServersTestJSON-1689820940-project] Availability Zones retrieved successfully.
Jul 14 17:56:16.854360 dv-cinder-849890-1-smb devstack@c-api.service[117438]: DEBUG cinder.volume.api [None req-117c2dd6-cf3f-4984-b235-79173b614088 tempest-DeleteServersTestJSON-1689820940 tempest-DeleteServersTestJSON-1689820940-project] Flow 'volume_create_api' (9795968b-d5de-4af4-a11a-72246b1f65da) transitioned into state 'RUNNING' from state 'PENDING' {{(pid=117438) _flow_receiver /usr/local/lib/python3.8/dist-packages/taskflow/listeners/logging.py:141}}
Jul 14 17:56:16.859915 dv-cinder-849890-1-smb devstack@c-api.service[117438]: DEBUG cinder.volume.api [None req-117c2dd6-cf3f-4984-b235-79173b614088 tempest-DeleteServersTestJSON-1689820940 tempest-DeleteServersTestJSON-1689820940-project] Task 'cinder.volume.flows.api.create_volume.ExtractVolumeRequestTask;volume:create' (0e1302d0-85f0-474e-92db-d21eb6ebf88d) transitioned into state 'RUNNING' from state 'PENDING' {{(pid=117438) _task_receiver /usr/local/lib/python3.8/dist-packages/taskflow/listeners/logging.py:190}}
Jul 14 17:56:16.864737 dv-cinder-849890-1-smb devstack@c-api.service[117438]: DEBUG cinder.volume.flows.api.create_volume [None req-117c2dd6-cf3f-4984-b235-79173b614088 tempest-DeleteServersTestJSON-1689820940 tempest-DeleteServersTestJSON-1689820940-project] Validating volume size '1' using validate_int {{(pid=117438) _extract_size /opt/stack/cinder/cinder/volume/flows/api/create_volume.py:228}}
Jul 14 17:56:16.934673 dv-cinder-849890-1-smb devstack@c-api.service[117438]: DEBUG cinder.volume.api [None req-117c2dd6-cf3f-4984-b235-79173b614088 tempest-DeleteServersTestJSON-1689820940 tempest-DeleteServersTestJSON-1689820940-project] Task 'cinder.volume.flows.api.create_volume.ExtractVolumeRequestTask;volume:create' (0e1302d0-85f0-474e-92db-d21eb6ebf88d) transitioned into state 'SUCCESS' from state 'RUNNING' with result '{'size': 1, 'snapshot_id': None, 'source_volid': None, 'volume_type': VolumeType(created_at=2022-07-14T17:43:16Z,deleted=False,deleted_at=None,description='Default Volume Type',extra_specs={},id=d0ab9064-ca14-416a-8018-3cf3378536bf,is_public=True,name='__DEFAULT__',projects=[],qos_specs=,qos_specs_id=None,updated_at=2022-07-14T17:43:16Z), 'volume_type_id': 'd0ab9064-ca14-416a-8018-3cf3378536bf', 'encryption_key_id': None, 'qos_specs': None, 'consistencygroup_id': None, 'cgsnapshot_id': None, 'group_id': None, 'replication_status': 'disabled', 'refresh_az': False, 'backup_id': None, 'multiattach': False, 'availability_zones': ['nova']}' {{(pid=117438) _task_receiver /usr/local/lib/python3.8/dist-packages/taskflow/listeners/logging.py:178}}
Jul 14 17:56:16.940784 dv-cinder-849890-1-smb devstack@c-api.service[117438]: DEBUG cinder.volume.api [None req-117c2dd6-cf3f-4984-b235-79173b614088 tempest-DeleteServersTestJSON-1689820940 tempest-DeleteServersTestJSON-1689820940-project] Task 'cinder.volume.flows.api.create_volume.QuotaReserveTask;volume:create' (84967993-a8a2-43d2-8151-07c07f1b2c3a) transitioned into state 'RUNNING' from state 'PENDING' {{(pid=117438) _task_receiver /usr/local/lib/python3.8/dist-packages/taskflow/listeners/logging.py:190}}
Jul 14 17:56:17.189132 dv-cinder-849890-1-smb devstack@c-api.service[117438]: DEBUG dbcounter [-] [117438] Writing DB stats cinder:SELECT=73,cinder:INSERT=13,cinder:UPDATE=14 {{(pid=117438) stat_writer /usr/local/lib/python3.8/dist-packages/dbcounter.py:114}}
Jul 14 17:56:17.221744 dv-cinder-849890-1-smb devstack@c-api.service[117438]: DEBUG cinder.quota [None req-117c2dd6-cf3f-4984-b235-79173b614088 tempest-DeleteServersTestJSON-1689820940 tempest-DeleteServersTestJSON-1689820940-project] Created reservations ['1ea730de-a44e-4ec1-aa7a-041f59b36121', '3d30cad4-748c-468d-93d7-c253608221e8', '14b9db2a-959b-4fc4-b929-f9af8200459f', '16d663b9-5117-4847-8728-477dc4627792'] {{(pid=117438) reserve /opt/stack/cinder/cinder/quota.py:755}}
Jul 14 17:56:17.223910 dv-cinder-849890-1-smb devstack@c-api.service[117438]: DEBUG cinder.volume.api [None req-117c2dd6-cf3f-4984-b235-79173b614088 tempest-DeleteServersTestJSON-1689820940 tempest-DeleteServersTestJSON-1689820940-project] Task 'cinder.volume.flows.api.create_volume.QuotaReserveTask;volume:create' (84967993-a8a2-43d2-8151-07c07f1b2c3a) transitioned into state 'SUCCESS' from state 'RUNNING' with result '{'reservations': ['1ea730de-a44e-4ec1-aa7a-041f59b36121', '3d30cad4-748c-468d-93d7-c253608221e8', '14b9db2a-959b-4fc4-b929-f9af8200459f', '16d663b9-5117-4847-8728-477dc4627792']}' {{(pid=117438) _task_receiver /usr/local/lib/python3.8/dist-packages/taskflow/listeners/logging.py:178}}
Jul 14 17:56:17.233856 dv-cinder-849890-1-smb devstack@c-api.service[117438]: DEBUG cinder.volume.api [None req-117c2dd6-cf3f-4984-b235-79173b614088 tempest-DeleteServersTestJSON-1689820940 tempest-DeleteServersTestJSON-1689820940-project] Task 'cinder.volume.flows.api.create_volume.EntryCreateTask;volume:create' (b18bc7e5-6a1a-4408-865f-592b3217f07f) transitioned into state 'RUNNING' from state 'PENDING' {{(pid=117438) _task_receiver /usr/local/lib/python3.8/dist-packages/taskflow/listeners/logging.py:190}}
Jul 14 17:56:17.269916 dv-cinder-849890-1-smb devstack@c-api.service[117439]: DEBUG cinder.api.middleware.request_id [None req-a24fe9f8-fd39-4e47-922c-4daca4270f9b None None] RequestId filter calling following filter/app {{(pid=117439) _context_setter /opt/stack/cinder/cinder/api/middleware/request_id.py:62}}
Jul 14 17:56:17.276602 dv-cinder-849890-1-smb devstack@c-api.service[117439]: INFO cinder.api.openstack.wsgi [None req-a24fe9f8-fd39-4e47-922c-4daca4270f9b tempest-GroupSnapshotsTest-2114079842 tempest-GroupSnapshotsTest-2114079842-project] GET http://10.222.0.67/volume/v3/0f3b885a2cbf45368c7f64d611ad9f00/volumes/4a577aee-3d4e-47e4-9db0-3d34baad3098
Jul 14 17:56:17.278063 dv-cinder-849890-1-smb devstack@c-api.service[117439]: DEBUG cinder.api.openstack.wsgi [None req-a24fe9f8-fd39-4e47-922c-4daca4270f9b tempest-GroupSnapshotsTest-2114079842 tempest-GroupSnapshotsTest-2114079842-project] Empty body provided in request {{(pid=117439) get_body /opt/stack/cinder/cinder/api/openstack/wsgi.py:715}}
Jul 14 17:56:17.278896 dv-cinder-849890-1-smb devstack@c-api.service[117439]: DEBUG cinder.api.openstack.wsgi [None req-a24fe9f8-fd39-4e47-922c-4daca4270f9b tempest-GroupSnapshotsTest-2114079842 tempest-GroupSnapshotsTest-2114079842-project] Calling method 'show' {{(pid=117439) _process_stack /opt/stack/cinder/cinder/api/openstack/wsgi.py:868}}
Jul 14 17:56:17.285822 dv-cinder-849890-1-smb devstack@c-api.service[117438]: DEBUG cinder.volume.api [None req-117c2dd6-cf3f-4984-b235-79173b614088 tempest-DeleteServersTestJSON-1689820940 tempest-DeleteServersTestJSON-1689820940-project] Task 'cinder.volume.flows.api.create_volume.EntryCreateTask;volume:create' (b18bc7e5-6a1a-4408-865f-592b3217f07f) transitioned into state 'SUCCESS' from state 'RUNNING' with result '{'volume_id': 'f64fd07d-b3ec-4bbd-a093-4bb077809f85', 'volume_properties': VolumeProperties(attach_status='detached',availability_zone='nova',cgsnapshot_id=None,consistencygroup_id=None,display_description=None,display_name='tempest-DeleteServersTestJSON-volume-582821404',encryption_key_id=None,group_id=None,group_type_id=,metadata={},multiattach=False,project_id='9383d769d3b5441ca8a91161c6f36a93',qos_specs=None,replication_status=,reservations=['1ea730de-a44e-4ec1-aa7a-041f59b36121','3d30cad4-748c-468d-93d7-c253608221e8','14b9db2a-959b-4fc4-b929-f9af8200459f','16d663b9-5117-4847-8728-477dc4627792'],size=1,snapshot_id=None,source_replicaid=,source_volid=None,status='creating',user_id='a5a7061dd1154fcf891c2c8af16d7841',volume_type_id=d0ab9064-ca14-416a-8018-3cf3378536bf), 'volume': Volume(_name_id=None,admin_metadata=,attach_status='detached',availability_zone='nova',bootable=False,cluster=,cluster_name=None,consistencygroup=,consistencygroup_id=None,created_at=2022-07-14T17:56:17Z,deleted=False,deleted_at=None,display_description=None,display_name='tempest-DeleteServersTestJSON-volume-582821404',ec2_id=None,encryption_key_id=None,glance_metadata=,group=,group_id=None,host=None,id=f64fd07d-b3ec-4bbd-a093-4bb077809f85,launched_at=None,metadata={},migration_status=None,multiattach=False,previous_status=None,project_id='9383d769d3b5441ca8a91161c6f36a93',provider_auth=None,provider_geometry=None,provider_id=None,provider_location=None,replication_driver_data=None,replication_extended_status=None,replication_status=None,scheduled_at=None,service_uuid=None,shared_targets=True,size=1,snapshot_id=None,snapshots=,source_volid=None,status='creating',terminated_at=None,updated_at=None,use_quota=True,user_id='a5a7061dd1154fcf891c2c8af16d7841',volume_attachment=VolumeAttachmentList,volume_type=VolumeType(d0ab9064-ca14-416a-8018-3cf3378536bf),volume_type_id=d0ab9064-ca14-416a-8018-3cf3378536bf)}' {{(pid=117438) _task_receiver /usr/local/lib/python3.8/dist-packages/taskflow/listeners/logging.py:178}}
Jul 14 17:56:17.292045 dv-cinder-849890-1-smb devstack@c-api.service[117438]: DEBUG cinder.volume.api [None req-117c2dd6-cf3f-4984-b235-79173b614088 tempest-DeleteServersTestJSON-1689820940 tempest-DeleteServersTestJSON-1689820940-project] Task 'cinder.volume.flows.api.create_volume.QuotaCommitTask;volume:create' (33884de3-cc58-43cc-963e-969f820b9cb4) transitioned into state 'RUNNING' from state 'PENDING' {{(pid=117438) _task_receiver /usr/local/lib/python3.8/dist-packages/taskflow/listeners/logging.py:190}}
Jul 14 17:56:17.306029 dv-cinder-849890-1-smb devstack@c-api.service[117439]: /usr/local/lib/python3.8/dist-packages/oslo_context/context.py:100: DeprecationWarning: Policy enforcement is depending on the value of is_admin. This key is deprecated. Please update your policy file to use the standard policy values.
Jul 14 17:56:17.306029 dv-cinder-849890-1-smb devstack@c-api.service[117439]: warnings.warn('Policy enforcement is depending on the value of '
Jul 14 17:56:17.318631 dv-cinder-849890-1-smb devstack@c-api.service[117439]: INFO cinder.volume.api [None req-a24fe9f8-fd39-4e47-922c-4daca4270f9b tempest-GroupSnapshotsTest-2114079842 tempest-GroupSnapshotsTest-2114079842-project] Volume info retrieved successfully.
Jul 14 17:56:17.321389 dv-cinder-849890-1-smb devstack@c-api.service[117439]: WARNING stevedore.named [None req-a24fe9f8-fd39-4e47-922c-4daca4270f9b tempest-GroupSnapshotsTest-2114079842 tempest-GroupSnapshotsTest-2114079842-project] Could not load cinder.keymgr.conf_key_mgr.ConfKeyManager
Jul 14 17:56:17.322414 dv-cinder-849890-1-smb devstack@c-api.service[117439]: WARNING castellan.key_manager [None req-a24fe9f8-fd39-4e47-922c-4daca4270f9b tempest-GroupSnapshotsTest-2114079842 tempest-GroupSnapshotsTest-2114079842-project] Deprecation Warning : cinder.keymgr.conf_key_mgr.ConfKeyManager is not a stevedore based driver, trying to load it as a class: stevedore.exception.NoMatches: No 'castellan.drivers' driver found, looking for 'cinder.keymgr.conf_key_mgr.ConfKeyManager'
Jul 14 17:56:17.338441 dv-cinder-849890-1-smb devstack@c-api.service[117439]: DEBUG oslo_db.sqlalchemy.engines [None req-a24fe9f8-fd39-4e47-922c-4daca4270f9b tempest-GroupSnapshotsTest-2114079842 tempest-GroupSnapshotsTest-2114079842-project] MySQL server mode set to STRICT_TRANS_TABLES,STRICT_ALL_TABLES,NO_ZERO_IN_DATE,NO_ZERO_DATE,ERROR_FOR_DIVISION_BY_ZERO,TRADITIONAL,NO_ENGINE_SUBSTITUTION {{(pid=117439) _check_effective_sql_mode /usr/local/lib/python3.8/dist-packages/oslo_db/sqlalchemy/engines.py:314}}
Jul 14 17:56:17.347777 dv-cinder-849890-1-smb devstack@c-api.service[117438]: DEBUG cinder.volume.api [None req-117c2dd6-cf3f-4984-b235-79173b614088 tempest-DeleteServersTestJSON-1689820940 tempest-DeleteServersTestJSON-1689820940-project] Task 'cinder.volume.flows.api.create_volume.QuotaCommitTask;volume:create' (33884de3-cc58-43cc-963e-969f820b9cb4) transitioned into state 'SUCCESS' from state 'RUNNING' with result '{'volume_properties': VolumeProperties(attach_status='detached',availability_zone='nova',cgsnapshot_id=None,consistencygroup_id=None,display_description=None,display_name='tempest-DeleteServersTestJSON-volume-582821404',encryption_key_id=None,group_id=None,group_type_id=,metadata={},multiattach=False,project_id='9383d769d3b5441ca8a91161c6f36a93',qos_specs=None,replication_status=,reservations=['1ea730de-a44e-4ec1-aa7a-041f59b36121','3d30cad4-748c-468d-93d7-c253608221e8','14b9db2a-959b-4fc4-b929-f9af8200459f','16d663b9-5117-4847-8728-477dc4627792'],size=1,snapshot_id=None,source_replicaid=,source_volid=None,status='creating',user_id='a5a7061dd1154fcf891c2c8af16d7841',volume_type_id=d0ab9064-ca14-416a-8018-3cf3378536bf)}' {{(pid=117438) _task_receiver /usr/local/lib/python3.8/dist-packages/taskflow/listeners/logging.py:178}}
Jul 14 17:56:17.352122 dv-cinder-849890-1-smb devstack@c-api.service[117438]: DEBUG cinder.volume.api [None req-117c2dd6-cf3f-4984-b235-79173b614088 tempest-DeleteServersTestJSON-1689820940 tempest-DeleteServersTestJSON-1689820940-project] Task 'cinder.volume.flows.api.create_volume.VolumeCastTask;volume:create' (1f8d1638-78cb-4255-a133-4cde2264547a) transitioned into state 'RUNNING' from state 'PENDING' {{(pid=117438) _task_receiver /usr/local/lib/python3.8/dist-packages/taskflow/listeners/logging.py:190}}
Jul 14 17:56:17.352399 dv-cinder-849890-1-smb devstack@c-api.service[117439]: /usr/local/lib/python3.8/dist-packages/oslo_context/context.py:100: DeprecationWarning: Policy enforcement is depending on the value of is_admin. This key is deprecated. Please update your policy file to use the standard policy values.
Jul 14 17:56:17.352399 dv-cinder-849890-1-smb devstack@c-api.service[117439]: warnings.warn('Policy enforcement is depending on the value of '
Jul 14 17:56:17.391616 dv-cinder-849890-1-smb devstack@c-api.service[117438]: DEBUG cinder.volume.api [None req-117c2dd6-cf3f-4984-b235-79173b614088 tempest-DeleteServersTestJSON-1689820940 tempest-DeleteServersTestJSON-1689820940-project] Task 'cinder.volume.flows.api.create_volume.VolumeCastTask;volume:create' (1f8d1638-78cb-4255-a133-4cde2264547a) transitioned into state 'SUCCESS' from state 'RUNNING' with result 'None' {{(pid=117438) _task_receiver /usr/local/lib/python3.8/dist-packages/taskflow/listeners/logging.py:178}}
Jul 14 17:56:17.392016 dv-cinder-849890-1-smb devstack@c-api.service[117439]: INFO cinder.api.openstack.wsgi [None req-a24fe9f8-fd39-4e47-922c-4daca4270f9b tempest-GroupSnapshotsTest-2114079842 tempest-GroupSnapshotsTest-2114079842-project] http://10.222.0.67/volume/v3/0f3b885a2cbf45368c7f64d611ad9f00/volumes/4a577aee-3d4e-47e4-9db0-3d34baad3098 returned with HTTP 200
Jul 14 17:56:17.397792 dv-cinder-849890-1-smb devstack@c-api.service[117439]: [pid: 117439|app: 0|req: 175/347] 10.222.0.67 () {60 vars in 1365 bytes} [Thu Jul 14 17:56:17 2022] GET /volume/v3/0f3b885a2cbf45368c7f64d611ad9f00/volumes/4a577aee-3d4e-47e4-9db0-3d34baad3098 => generated 1000 bytes in 130 msecs (HTTP/1.1 200) 7 headers in 287 bytes (1 switches on core 0)
Jul 14 17:56:17.399354 dv-cinder-849890-1-smb devstack@c-api.service[117438]: DEBUG cinder.volume.api [None req-117c2dd6-cf3f-4984-b235-79173b614088 tempest-DeleteServersTestJSON-1689820940 tempest-DeleteServersTestJSON-1689820940-project] Flow 'volume_create_api' (9795968b-d5de-4af4-a11a-72246b1f65da) transitioned into state 'SUCCESS' from state 'RUNNING' {{(pid=117438) _flow_receiver /usr/local/lib/python3.8/dist-packages/taskflow/listeners/logging.py:141}}
Jul 14 17:56:17.400633 dv-cinder-849890-1-smb devstack@c-api.service[117438]: INFO cinder.volume.api [None req-117c2dd6-cf3f-4984-b235-79173b614088 tempest-DeleteServersTestJSON-1689820940 tempest-DeleteServersTestJSON-1689820940-project] Create volume request issued successfully.
Jul 14 17:56:17.402868 dv-cinder-849890-1-smb devstack@c-api.service[117438]: INFO cinder.api.openstack.wsgi [None req-117c2dd6-cf3f-4984-b235-79173b614088 tempest-DeleteServersTestJSON-1689820940 tempest-DeleteServersTestJSON-1689820940-project] http://10.222.0.67/volume/v3/9383d769d3b5441ca8a91161c6f36a93/volumes returned with HTTP 202
Jul 14 17:56:17.406260 dv-cinder-849890-1-smb devstack@c-api.service[117438]: [pid: 117438|app: 0|req: 173/348] 10.222.0.67 () {60 vars in 1234 bytes} [Thu Jul 14 17:56:16 2022] POST /volume/v3/9383d769d3b5441ca8a91161c6f36a93/volumes => generated 820 bytes in 608 msecs (HTTP/1.1 202) 7 headers in 291 bytes (2 switches on core 0)
Jul 14 17:56:17.422098 dv-cinder-849890-1-smb devstack@c-api.service[117439]: DEBUG cinder.api.middleware.request_id [None req-49375fea-e72a-4a7f-83e2-a01cf59921ef None None] RequestId filter calling following filter/app {{(pid=117439) _context_setter /opt/stack/cinder/cinder/api/middleware/request_id.py:62}}
Jul 14 17:56:17.430069 dv-cinder-849890-1-smb devstack@c-api.service[117438]: DEBUG cinder.api.middleware.request_id [None req-2aa0139f-5f68-4ff8-a209-0d07db3653d7 None None] RequestId filter calling following filter/app {{(pid=117438) _context_setter /opt/stack/cinder/cinder/api/middleware/request_id.py:62}}
Jul 14 17:56:17.431239 dv-cinder-849890-1-smb devstack@c-api.service[117439]: INFO cinder.api.openstack.wsgi [None req-49375fea-e72a-4a7f-83e2-a01cf59921ef tempest-GroupSnapshotsTest-2114079842 tempest-GroupSnapshotsTest-2114079842-project] PUT http://10.222.0.67/volume/v3/0f3b885a2cbf45368c7f64d611ad9f00/groups/dfff1259-d510-4dae-9d6e-645b7623932d
Jul 14 17:56:17.433019 dv-cinder-849890-1-smb devstack@c-api.service[117439]: DEBUG cinder.api.openstack.wsgi [None req-49375fea-e72a-4a7f-83e2-a01cf59921ef tempest-GroupSnapshotsTest-2114079842 tempest-GroupSnapshotsTest-2114079842-project] Action: 'update', calling method: version_select, body: {"group": {"remove_volumes": "85513c73-a3a2-4c5f-b31e-64589d802ae6"}} {{(pid=117439) _process_stack /opt/stack/cinder/cinder/api/openstack/wsgi.py:866}}
Jul 14 17:56:17.438111 dv-cinder-849890-1-smb devstack@c-api.service[117438]: INFO cinder.api.openstack.wsgi [None req-2aa0139f-5f68-4ff8-a209-0d07db3653d7 tempest-DeleteServersTestJSON-1689820940 tempest-DeleteServersTestJSON-1689820940-project] GET http://10.222.0.67/volume/v3/9383d769d3b5441ca8a91161c6f36a93/volumes/f64fd07d-b3ec-4bbd-a093-4bb077809f85
Jul 14 17:56:17.438939 dv-cinder-849890-1-smb devstack@c-api.service[117438]: DEBUG cinder.api.openstack.wsgi [None req-2aa0139f-5f68-4ff8-a209-0d07db3653d7 tempest-DeleteServersTestJSON-1689820940 tempest-DeleteServersTestJSON-1689820940-project] Empty body provided in request {{(pid=117438) get_body /opt/stack/cinder/cinder/api/openstack/wsgi.py:715}}
Jul 14 17:56:17.445719 dv-cinder-849890-1-smb devstack@c-api.service[117438]: DEBUG cinder.api.openstack.wsgi [None req-2aa0139f-5f68-4ff8-a209-0d07db3653d7 tempest-DeleteServersTestJSON-1689820940 tempest-DeleteServersTestJSON-1689820940-project] Calling method 'show' {{(pid=117438) _process_stack /opt/stack/cinder/cinder/api/openstack/wsgi.py:868}}
Jul 14 17:56:17.454933 dv-cinder-849890-1-smb devstack@c-api.service[117439]: DEBUG cinder.api.v3.groups [None req-49375fea-e72a-4a7f-83e2-a01cf59921ef tempest-GroupSnapshotsTest-2114079842 tempest-GroupSnapshotsTest-2114079842-project] Update called for group dfff1259-d510-4dae-9d6e-645b7623932d. {{(pid=117439) update /opt/stack/cinder/cinder/api/v3/groups.py:302}}
Jul 14 17:56:17.455679 dv-cinder-849890-1-smb devstack@c-api.service[117439]: INFO cinder.api.v3.groups [None req-49375fea-e72a-4a7f-83e2-a01cf59921ef tempest-GroupSnapshotsTest-2114079842 tempest-GroupSnapshotsTest-2114079842-project] Updating group dfff1259-d510-4dae-9d6e-645b7623932d with name None description: None add_volumes: None remove_volumes: 85513c73-a3a2-4c5f-b31e-64589d802ae6.
Jul 14 17:56:17.466452 dv-cinder-849890-1-smb devstack@c-api.service[117439]: /usr/local/lib/python3.8/dist-packages/oslo_context/context.py:100: DeprecationWarning: Policy enforcement is depending on the value of is_admin. This key is deprecated. Please update your policy file to use the standard policy values.
Jul 14 17:56:17.466452 dv-cinder-849890-1-smb devstack@c-api.service[117439]: warnings.warn('Policy enforcement is depending on the value of '
Jul 14 17:56:17.491883 dv-cinder-849890-1-smb devstack@c-api.service[117438]: /usr/local/lib/python3.8/dist-packages/oslo_context/context.py:100: DeprecationWarning: Policy enforcement is depending on the value of is_admin. This key is deprecated. Please update your policy file to use the standard policy values.
Jul 14 17:56:17.491883 dv-cinder-849890-1-smb devstack@c-api.service[117438]: warnings.warn('Policy enforcement is depending on the value of '
Jul 14 17:56:17.506050 dv-cinder-849890-1-smb devstack@c-api.service[117438]: INFO cinder.volume.api [None req-2aa0139f-5f68-4ff8-a209-0d07db3653d7 tempest-DeleteServersTestJSON-1689820940 tempest-DeleteServersTestJSON-1689820940-project] Volume info retrieved successfully.
Jul 14 17:56:17.530448 dv-cinder-849890-1-smb devstack@c-api.service[117438]: INFO cinder.api.openstack.wsgi [None req-2aa0139f-5f68-4ff8-a209-0d07db3653d7 tempest-DeleteServersTestJSON-1689820940 tempest-DeleteServersTestJSON-1689820940-project] http://10.222.0.67/volume/v3/9383d769d3b5441ca8a91161c6f36a93/volumes/f64fd07d-b3ec-4bbd-a093-4bb077809f85 returned with HTTP 200
Jul 14 17:56:17.557322 dv-cinder-849890-1-smb devstack@c-api.service[117438]: [pid: 117438|app: 0|req: 174/349] 10.222.0.67 () {58 vars in 1324 bytes} [Thu Jul 14 17:56:17 2022] GET /volume/v3/9383d769d3b5441ca8a91161c6f36a93/volumes/f64fd07d-b3ec-4bbd-a093-4bb077809f85 => generated 888 bytes in 129 msecs (HTTP/1.1 200) 7 headers in 285 bytes (2 switches on core 0)
Jul 14 17:56:17.560051 dv-cinder-849890-1-smb devstack@c-api.service[117438]: DEBUG cinder.api.middleware.request_id [None req-d80e21aa-657e-4bb1-a58e-0ba592980e7c None None] RequestId filter calling following filter/app {{(pid=117438) _context_setter /opt/stack/cinder/cinder/api/middleware/request_id.py:62}}
Jul 14 17:56:17.561374 dv-cinder-849890-1-smb devstack@c-api.service[117438]: INFO cinder.api.openstack.wsgi [None req-d80e21aa-657e-4bb1-a58e-0ba592980e7c None None] GET http://10.222.0.67/volume//
Jul 14 17:56:17.569051 dv-cinder-849890-1-smb devstack@c-api.service[117438]: DEBUG cinder.api.openstack.wsgi [None req-d80e21aa-657e-4bb1-a58e-0ba592980e7c None None] Empty body provided in request {{(pid=117438) get_body /opt/stack/cinder/cinder/api/openstack/wsgi.py:715}}
Jul 14 17:56:17.569852 dv-cinder-849890-1-smb devstack@c-api.service[117438]: DEBUG cinder.api.openstack.wsgi [None req-d80e21aa-657e-4bb1-a58e-0ba592980e7c None None] Calling method 'all' {{(pid=117438) _process_stack /opt/stack/cinder/cinder/api/openstack/wsgi.py:868}}
Jul 14 17:56:17.574188 dv-cinder-849890-1-smb devstack@c-api.service[117438]: INFO cinder.api.openstack.wsgi [None req-d80e21aa-657e-4bb1-a58e-0ba592980e7c None None] http://10.222.0.67/volume// returned with HTTP 300
Jul 14 17:56:17.580926 dv-cinder-849890-1-smb devstack@c-api.service[117439]: INFO cinder.api.openstack.wsgi [None req-49375fea-e72a-4a7f-83e2-a01cf59921ef tempest-GroupSnapshotsTest-2114079842 tempest-GroupSnapshotsTest-2114079842-project] http://10.222.0.67/volume/v3/0f3b885a2cbf45368c7f64d611ad9f00/groups/dfff1259-d510-4dae-9d6e-645b7623932d returned with HTTP 202
Jul 14 17:56:17.586013 dv-cinder-849890-1-smb devstack@c-api.service[117439]: [pid: 117439|app: 0|req: 176/350] 10.222.0.67 () {62 vars in 1382 bytes} [Thu Jul 14 17:56:17 2022] PUT /volume/v3/0f3b885a2cbf45368c7f64d611ad9f00/groups/dfff1259-d510-4dae-9d6e-645b7623932d => generated 0 bytes in 165 msecs (HTTP/1.1 202) 6 headers in 234 bytes (1 switches on core 0)
Jul 14 17:56:17.593557 dv-cinder-849890-1-smb devstack@c-api.service[117438]: [pid: 117438|app: 0|req: 175/351] 10.222.0.67 () {56 vars in 881 bytes} [Thu Jul 14 17:56:17 2022] GET /volume/ => generated 386 bytes in 36 msecs (HTTP/1.1 300) 7 headers in 299 bytes (1 switches on core 0)
Jul 14 17:56:17.594661 dv-cinder-849890-1-smb devstack@c-api.service[117439]: DEBUG cinder.api.middleware.request_id [None req-a4a336c3-c0df-43f4-9f63-f6acdae6430f None None] RequestId filter calling following filter/app {{(pid=117439) _context_setter /opt/stack/cinder/cinder/api/middleware/request_id.py:62}}
Jul 14 17:56:17.603007 dv-cinder-849890-1-smb devstack@c-api.service[117439]: INFO cinder.api.openstack.wsgi [None req-a4a336c3-c0df-43f4-9f63-f6acdae6430f None None] GET http://10.222.0.67/volume//
