Jul 31 20:00:12.172633 dv-cinder-849846-6-iscsi devstack@c-api.service[110846]: DEBUG cinder.api.openstack.wsgi [None req-41ba2441-111c-4d6a-b5e5-91fdd66eaa96 tempest-SnapshotsActionsTest-204472715 tempest-SnapshotsActionsTest-204472715-project] Calling method 'delete' {{(pid=110846) _process_stack /opt/stack/cinder/cinder/api/openstack/wsgi.py:868}}
Jul 31 20:00:12.173192 dv-cinder-849846-6-iscsi devstack@c-api.service[110846]: INFO cinder.api.v3.volumes [None req-41ba2441-111c-4d6a-b5e5-91fdd66eaa96 tempest-SnapshotsActionsTest-204472715 tempest-SnapshotsActionsTest-204472715-project] Delete volume with id: b87b4f8b-9123-4f82-ae0c-f52e6704288c
Jul 31 20:00:12.177180 dv-cinder-849846-6-iscsi devstack@c-api.service[110845]: DEBUG cinder.api.middleware.request_id [None req-16bf70d1-eade-4b64-805d-c5858bbd8e0f None None] RequestId filter calling following filter/app {{(pid=110845) _context_setter /opt/stack/cinder/cinder/api/middleware/request_id.py:62}}
Jul 31 20:00:12.191138 dv-cinder-849846-6-iscsi devstack@c-api.service[110845]: INFO cinder.api.openstack.wsgi [None req-16bf70d1-eade-4b64-805d-c5858bbd8e0f tempest-GroupSnapshotsTest-1249587211 tempest-GroupSnapshotsTest-1249587211-project] GET http://10.222.0.48/volume/v3/cca521d532284342a4e379d41d131575/volumes/049f1851-727f-49ef-8248-dfa39abe28b0
Jul 31 20:00:12.191881 dv-cinder-849846-6-iscsi devstack@c-api.service[110845]: DEBUG cinder.api.openstack.wsgi [None req-16bf70d1-eade-4b64-805d-c5858bbd8e0f tempest-GroupSnapshotsTest-1249587211 tempest-GroupSnapshotsTest-1249587211-project] Empty body provided in request {{(pid=110845) get_body /opt/stack/cinder/cinder/api/openstack/wsgi.py:715}}
Jul 31 20:00:12.192498 dv-cinder-849846-6-iscsi devstack@c-api.service[110845]: DEBUG cinder.api.openstack.wsgi [None req-16bf70d1-eade-4b64-805d-c5858bbd8e0f tempest-GroupSnapshotsTest-1249587211 tempest-GroupSnapshotsTest-1249587211-project] Calling method 'show' {{(pid=110845) _process_stack /opt/stack/cinder/cinder/api/openstack/wsgi.py:868}}
Jul 31 20:00:12.200653 dv-cinder-849846-6-iscsi devstack@c-api.service[110846]: /usr/local/lib/python3.8/dist-packages/oslo_context/context.py:100: DeprecationWarning: Policy enforcement is depending on the value of is_admin. This key is deprecated. Please update your policy file to use the standard policy values.
Jul 31 20:00:12.200653 dv-cinder-849846-6-iscsi devstack@c-api.service[110846]: warnings.warn('Policy enforcement is depending on the value of '
Jul 31 20:00:12.202133 dv-cinder-849846-6-iscsi devstack@c-api.service[110846]: INFO cinder.volume.api [None req-41ba2441-111c-4d6a-b5e5-91fdd66eaa96 tempest-SnapshotsActionsTest-204472715 tempest-SnapshotsActionsTest-204472715-project] Volume info retrieved successfully.
Jul 31 20:00:12.214958 dv-cinder-849846-6-iscsi devstack@c-api.service[110845]: INFO cinder.api.openstack.wsgi [None req-16bf70d1-eade-4b64-805d-c5858bbd8e0f tempest-GroupSnapshotsTest-1249587211 tempest-GroupSnapshotsTest-1249587211-project] http://10.222.0.48/volume/v3/cca521d532284342a4e379d41d131575/volumes/049f1851-727f-49ef-8248-dfa39abe28b0 returned with HTTP 404
Jul 31 20:00:12.216619 dv-cinder-849846-6-iscsi devstack@c-api.service[110845]: [pid: 110845|app: 0|req: 112/236] 10.222.0.48 () {60 vars in 1366 bytes} [Sun Jul 31 20:00:12 2022] GET /volume/v3/cca521d532284342a4e379d41d131575/volumes/049f1851-727f-49ef-8248-dfa39abe28b0 => generated 109 bytes in 40 msecs (HTTP/1.1 404) 7 headers in 293 bytes (1 switches on core 0)
Jul 31 20:00:12.222865 dv-cinder-849846-6-iscsi devstack@c-api.service[110845]: DEBUG cinder.api.middleware.request_id [None req-c8b21a7d-fa9b-427e-8406-82825a2ccbf7 None None] RequestId filter calling following filter/app {{(pid=110845) _context_setter /opt/stack/cinder/cinder/api/middleware/request_id.py:62}}
Jul 31 20:00:12.227691 dv-cinder-849846-6-iscsi devstack@c-api.service[110845]: INFO cinder.api.openstack.wsgi [None req-c8b21a7d-fa9b-427e-8406-82825a2ccbf7 tempest-GroupSnapshotsTest-1249587211 tempest-GroupSnapshotsTest-1249587211-project] GET http://10.222.0.48/volume/v3/cca521d532284342a4e379d41d131575/volumes/637de40c-6e5d-41a4-9328-f5f7ec5b42b7
Jul 31 20:00:12.228184 dv-cinder-849846-6-iscsi devstack@c-api.service[110845]: DEBUG cinder.api.openstack.wsgi [None req-c8b21a7d-fa9b-427e-8406-82825a2ccbf7 tempest-GroupSnapshotsTest-1249587211 tempest-GroupSnapshotsTest-1249587211-project] Empty body provided in request {{(pid=110845) get_body /opt/stack/cinder/cinder/api/openstack/wsgi.py:715}}
Jul 31 20:00:12.228764 dv-cinder-849846-6-iscsi devstack@c-api.service[110845]: DEBUG cinder.api.openstack.wsgi [None req-c8b21a7d-fa9b-427e-8406-82825a2ccbf7 tempest-GroupSnapshotsTest-1249587211 tempest-GroupSnapshotsTest-1249587211-project] Calling method 'show' {{(pid=110845) _process_stack /opt/stack/cinder/cinder/api/openstack/wsgi.py:868}}
Jul 31 20:00:12.247390 dv-cinder-849846-6-iscsi devstack@c-api.service[110845]: INFO cinder.api.openstack.wsgi [None req-c8b21a7d-fa9b-427e-8406-82825a2ccbf7 tempest-GroupSnapshotsTest-1249587211 tempest-GroupSnapshotsTest-1249587211-project] http://10.222.0.48/volume/v3/cca521d532284342a4e379d41d131575/volumes/637de40c-6e5d-41a4-9328-f5f7ec5b42b7 returned with HTTP 404
Jul 31 20:00:12.249505 dv-cinder-849846-6-iscsi devstack@c-api.service[110845]: [pid: 110845|app: 0|req: 113/237] 10.222.0.48 () {60 vars in 1366 bytes} [Sun Jul 31 20:00:12 2022] GET /volume/v3/cca521d532284342a4e379d41d131575/volumes/637de40c-6e5d-41a4-9328-f5f7ec5b42b7 => generated 109 bytes in 28 msecs (HTTP/1.1 404) 7 headers in 293 bytes (1 switches on core 0)
Jul 31 20:00:12.254995 dv-cinder-849846-6-iscsi devstack@c-api.service[110845]: DEBUG cinder.api.middleware.request_id [None req-83576de8-0a22-4929-9aba-834235bebbbb None None] RequestId filter calling following filter/app {{(pid=110845) _context_setter /opt/stack/cinder/cinder/api/middleware/request_id.py:62}}
Jul 31 20:00:12.264189 dv-cinder-849846-6-iscsi devstack@c-api.service[110845]: INFO cinder.api.openstack.wsgi [None req-83576de8-0a22-4929-9aba-834235bebbbb tempest-GroupSnapshotsTest-1249587211 tempest-GroupSnapshotsTest-1249587211-project] GET http://10.222.0.48/volume/v3/cca521d532284342a4e379d41d131575/groups/e77d7df0-f6f5-45f9-a41c-0d54cee865fb
Jul 31 20:00:12.265256 dv-cinder-849846-6-iscsi devstack@c-api.service[110846]: INFO cinder.volume.api [None req-41ba2441-111c-4d6a-b5e5-91fdd66eaa96 tempest-SnapshotsActionsTest-204472715 tempest-SnapshotsActionsTest-204472715-project] Delete volume request issued successfully.
Jul 31 20:00:12.265874 dv-cinder-849846-6-iscsi devstack@c-api.service[110846]: INFO cinder.api.openstack.wsgi [None req-41ba2441-111c-4d6a-b5e5-91fdd66eaa96 tempest-SnapshotsActionsTest-204472715 tempest-SnapshotsActionsTest-204472715-project] http://10.222.0.48/volume/v3/fe3e87472a384261a6293c365fcbbf9e/volumes/b87b4f8b-9123-4f82-ae0c-f52e6704288c returned with HTTP 202
Jul 31 20:00:12.267617 dv-cinder-849846-6-iscsi devstack@c-api.service[110845]: DEBUG cinder.api.openstack.wsgi [None req-83576de8-0a22-4929-9aba-834235bebbbb tempest-GroupSnapshotsTest-1249587211 tempest-GroupSnapshotsTest-1249587211-project] Empty body provided in request {{(pid=110845) get_body /opt/stack/cinder/cinder/api/openstack/wsgi.py:715}}
Jul 31 20:00:12.268116 dv-cinder-849846-6-iscsi devstack@c-api.service[110846]: [pid: 110846|app: 0|req: 125/238] 10.222.0.48 () {58 vars in 1328 bytes} [Sun Jul 31 20:00:12 2022] DELETE /volume/v3/fe3e87472a384261a6293c365fcbbf9e/volumes/b87b4f8b-9123-4f82-ae0c-f52e6704288c => generated 0 bytes in 102 msecs (HTTP/1.1 202) 6 headers in 233 bytes (1 switches on core 0)
Jul 31 20:00:12.268790 dv-cinder-849846-6-iscsi devstack@c-api.service[110845]: DEBUG cinder.api.openstack.wsgi [None req-83576de8-0a22-4929-9aba-834235bebbbb tempest-GroupSnapshotsTest-1249587211 tempest-GroupSnapshotsTest-1249587211-project] Calling method 'version_select' {{(pid=110845) _process_stack /opt/stack/cinder/cinder/api/openstack/wsgi.py:868}}
Jul 31 20:00:12.269375 dv-cinder-849846-6-iscsi devstack@c-api.service[110845]: DEBUG cinder.api.v3.groups [None req-83576de8-0a22-4929-9aba-834235bebbbb tempest-GroupSnapshotsTest-1249587211 tempest-GroupSnapshotsTest-1249587211-project] show called for member e77d7df0-f6f5-45f9-a41c-0d54cee865fb {{(pid=110845) show /opt/stack/cinder/cinder/api/v3/groups.py:58}}
Jul 31 20:00:12.271485 dv-cinder-849846-6-iscsi devstack@c-api.service[110846]: DEBUG cinder.api.middleware.request_id [None req-e6d31a34-ec06-423a-aa95-01aade5315eb None None] RequestId filter calling following filter/app {{(pid=110846) _context_setter /opt/stack/cinder/cinder/api/middleware/request_id.py:62}}
Jul 31 20:00:12.277822 dv-cinder-849846-6-iscsi devstack@c-api.service[110846]: INFO cinder.api.openstack.wsgi [None req-e6d31a34-ec06-423a-aa95-01aade5315eb tempest-SnapshotsActionsTest-204472715 tempest-SnapshotsActionsTest-204472715-project] GET http://10.222.0.48/volume/v3/fe3e87472a384261a6293c365fcbbf9e/volumes/b87b4f8b-9123-4f82-ae0c-f52e6704288c
Jul 31 20:00:12.278464 dv-cinder-849846-6-iscsi devstack@c-api.service[110846]: DEBUG cinder.api.openstack.wsgi [None req-e6d31a34-ec06-423a-aa95-01aade5315eb tempest-SnapshotsActionsTest-204472715 tempest-SnapshotsActionsTest-204472715-project] Empty body provided in request {{(pid=110846) get_body /opt/stack/cinder/cinder/api/openstack/wsgi.py:715}}
Jul 31 20:00:12.279182 dv-cinder-849846-6-iscsi devstack@c-api.service[110846]: DEBUG cinder.api.openstack.wsgi [None req-e6d31a34-ec06-423a-aa95-01aade5315eb tempest-SnapshotsActionsTest-204472715 tempest-SnapshotsActionsTest-204472715-project] Calling method 'show' {{(pid=110846) _process_stack /opt/stack/cinder/cinder/api/openstack/wsgi.py:868}}
Jul 31 20:00:12.280333 dv-cinder-849846-6-iscsi devstack@c-api.service[110845]: INFO cinder.api.openstack.wsgi [None req-83576de8-0a22-4929-9aba-834235bebbbb tempest-GroupSnapshotsTest-1249587211 tempest-GroupSnapshotsTest-1249587211-project] http://10.222.0.48/volume/v3/cca521d532284342a4e379d41d131575/groups/e77d7df0-f6f5-45f9-a41c-0d54cee865fb returned with HTTP 404
Jul 31 20:00:12.282405 dv-cinder-849846-6-iscsi devstack@c-api.service[110845]: [pid: 110845|app: 0|req: 114/239] 10.222.0.48 () {60 vars in 1363 bytes} [Sun Jul 31 20:00:12 2022] GET /volume/v3/cca521d532284342a4e379d41d131575/groups/e77d7df0-f6f5-45f9-a41c-0d54cee865fb => generated 108 bytes in 29 msecs (HTTP/1.1 404) 7 headers in 293 bytes (1 switches on core 0)
Jul 31 20:00:12.290162 dv-cinder-849846-6-iscsi devstack@c-api.service[110845]: DEBUG cinder.api.middleware.request_id [None req-b7d57137-110d-4733-92d4-fc11815bf431 None None] RequestId filter calling following filter/app {{(pid=110845) _context_setter /opt/stack/cinder/cinder/api/middleware/request_id.py:62}}
Jul 31 20:00:12.300122 dv-cinder-849846-6-iscsi devstack@c-api.service[110845]: INFO cinder.api.openstack.wsgi [None req-b7d57137-110d-4733-92d4-fc11815bf431 tempest-GroupSnapshotsTest-121893215 tempest-GroupSnapshotsTest-121893215-project-admin] DELETE http://10.222.0.48/volume/v3/c7cdf246af274320aa182925243494a6/group_types/fda03a3d-b9de-45e3-8398-4bee71df3349
Jul 31 20:00:12.300718 dv-cinder-849846-6-iscsi devstack@c-api.service[110845]: DEBUG cinder.api.openstack.wsgi [None req-b7d57137-110d-4733-92d4-fc11815bf431 tempest-GroupSnapshotsTest-121893215 tempest-GroupSnapshotsTest-121893215-project-admin] Empty body provided in request {{(pid=110845) get_body /opt/stack/cinder/cinder/api/openstack/wsgi.py:715}}
Jul 31 20:00:12.301377 dv-cinder-849846-6-iscsi devstack@c-api.service[110845]: DEBUG cinder.api.openstack.wsgi [None req-b7d57137-110d-4733-92d4-fc11815bf431 tempest-GroupSnapshotsTest-121893215 tempest-GroupSnapshotsTest-121893215-project-admin] Calling method 'version_select' {{(pid=110845) _process_stack /opt/stack/cinder/cinder/api/openstack/wsgi.py:868}}
Jul 31 20:00:12.306169 dv-cinder-849846-6-iscsi devstack@c-api.service[110846]: /usr/local/lib/python3.8/dist-packages/oslo_context/context.py:100: DeprecationWarning: Policy enforcement is depending on the value of is_admin. This key is deprecated. Please update your policy file to use the standard policy values.
Jul 31 20:00:12.306169 dv-cinder-849846-6-iscsi devstack@c-api.service[110846]: warnings.warn('Policy enforcement is depending on the value of '
Jul 31 20:00:12.316301 dv-cinder-849846-6-iscsi devstack@c-api.service[110846]: INFO cinder.volume.api [None req-e6d31a34-ec06-423a-aa95-01aade5315eb tempest-SnapshotsActionsTest-204472715 tempest-SnapshotsActionsTest-204472715-project] Volume info retrieved successfully.
Jul 31 20:00:12.330872 dv-cinder-849846-6-iscsi devstack@c-api.service[110846]: INFO cinder.api.openstack.wsgi [None req-e6d31a34-ec06-423a-aa95-01aade5315eb tempest-SnapshotsActionsTest-204472715 tempest-SnapshotsActionsTest-204472715-project] http://10.222.0.48/volume/v3/fe3e87472a384261a6293c365fcbbf9e/volumes/b87b4f8b-9123-4f82-ae0c-f52e6704288c returned with HTTP 200
Jul 31 20:00:12.331076 dv-cinder-849846-6-iscsi devstack@c-api.service[110845]: INFO cinder.api.openstack.wsgi [None req-b7d57137-110d-4733-92d4-fc11815bf431 tempest-GroupSnapshotsTest-121893215 tempest-GroupSnapshotsTest-121893215-project-admin] http://10.222.0.48/volume/v3/c7cdf246af274320aa182925243494a6/group_types/fda03a3d-b9de-45e3-8398-4bee71df3349 returned with HTTP 202
Jul 31 20:00:12.344994 dv-cinder-849846-6-iscsi devstack@c-api.service[110846]: [pid: 110846|app: 0|req: 126/240] 10.222.0.48 () {58 vars in 1325 bytes} [Sun Jul 31 20:00:12 2022] GET /volume/v3/fe3e87472a384261a6293c365fcbbf9e/volumes/b87b4f8b-9123-4f82-ae0c-f52e6704288c => generated 912 bytes in 74 msecs (HTTP/1.1 200) 7 headers in 285 bytes (1 switches on core 0)
Jul 31 20:00:12.349661 dv-cinder-849846-6-iscsi devstack@c-api.service[110845]: [pid: 110845|app: 0|req: 115/241] 10.222.0.48 () {60 vars in 1381 bytes} [Sun Jul 31 20:00:12 2022] DELETE /volume/v3/c7cdf246af274320aa182925243494a6/group_types/fda03a3d-b9de-45e3-8398-4bee71df3349 => generated 0 bytes in 62 msecs (HTTP/1.1 202) 6 headers in 234 bytes (1 switches on core 0)
Jul 31 20:00:12.359220 dv-cinder-849846-6-iscsi devstack@c-api.service[110846]: DEBUG cinder.api.middleware.request_id [None req-34909d12-1044-414d-8bbb-30523b90c98f None None] RequestId filter calling following filter/app {{(pid=110846) _context_setter /opt/stack/cinder/cinder/api/middleware/request_id.py:62}}
Jul 31 20:00:12.364912 dv-cinder-849846-6-iscsi devstack@c-api.service[110846]: INFO cinder.api.openstack.wsgi [None req-34909d12-1044-414d-8bbb-30523b90c98f tempest-GroupSnapshotsTest-121893215 tempest-GroupSnapshotsTest-121893215-project-admin] POST http://10.222.0.48/volume/v3/c7cdf246af274320aa182925243494a6/types
Jul 31 20:00:12.365794 dv-cinder-849846-6-iscsi devstack@c-api.service[110846]: DEBUG cinder.api.openstack.wsgi [None req-34909d12-1044-414d-8bbb-30523b90c98f tempest-GroupSnapshotsTest-121893215 tempest-GroupSnapshotsTest-121893215-project-admin] Action: 'create', calling method: _create, body: {"volume_type": {"name": "tempest-GroupSnapshotsTest-volume-type-105706362"}} {{(pid=110846) _process_stack /opt/stack/cinder/cinder/api/openstack/wsgi.py:866}}
Jul 31 20:00:12.394790 dv-cinder-849846-6-iscsi devstack@c-api.service[110846]: INFO cinder.api.openstack.wsgi [None req-34909d12-1044-414d-8bbb-30523b90c98f tempest-GroupSnapshotsTest-121893215 tempest-GroupSnapshotsTest-121893215-project-admin] http://10.222.0.48/volume/v3/c7cdf246af274320aa182925243494a6/types returned with HTTP 200
Jul 31 20:00:12.396238 dv-cinder-849846-6-iscsi devstack@c-api.service[110846]: [pid: 110846|app: 0|req: 127/242] 10.222.0.48 () {60 vars in 1229 bytes} [Sun Jul 31 20:00:12 2022] POST /volume/v3/c7cdf246af274320aa182925243494a6/types => generated 223 bytes in 39 msecs (HTTP/1.1 200) 7 headers in 285 bytes (1 switches on core 0)
Jul 31 20:00:12.403566 dv-cinder-849846-6-iscsi devstack@c-api.service[110845]: DEBUG cinder.api.middleware.request_id [None req-77ab9650-63aa-4a2a-86c4-45045d0e9af9 None None] RequestId filter calling following filter/app {{(pid=110845) _context_setter /opt/stack/cinder/cinder/api/middleware/request_id.py:62}}
Jul 31 20:00:12.407277 dv-cinder-849846-6-iscsi devstack@c-api.service[110845]: INFO cinder.api.openstack.wsgi [None req-77ab9650-63aa-4a2a-86c4-45045d0e9af9 tempest-GroupSnapshotsTest-121893215 tempest-GroupSnapshotsTest-121893215-project-admin] POST http://10.222.0.48/volume/v3/c7cdf246af274320aa182925243494a6/group_types
Jul 31 20:00:12.408240 dv-cinder-849846-6-iscsi devstack@c-api.service[110845]: DEBUG cinder.api.openstack.wsgi [None req-77ab9650-63aa-4a2a-86c4-45045d0e9af9 tempest-GroupSnapshotsTest-121893215 tempest-GroupSnapshotsTest-121893215-project-admin] Action: 'create', calling method: version_select, body: {"group_type": {"name": "tempest-GroupSnapshotsTest-group-type-1857772378"}} {{(pid=110845) _process_stack /opt/stack/cinder/cinder/api/openstack/wsgi.py:866}}
Jul 31 20:00:12.409532 dv-cinder-849846-6-iscsi devstack@c-api.service[110846]: DEBUG cinder.api.middleware.request_id [None req-c0c60990-081e-4f4c-8331-d891340664bc None None] RequestId filter calling following filter/app {{(pid=110846) _context_setter /opt/stack/cinder/cinder/api/middleware/request_id.py:62}}
Jul 31 20:00:12.413497 dv-cinder-849846-6-iscsi devstack@c-api.service[110846]: INFO cinder.api.openstack.wsgi [None req-c0c60990-081e-4f4c-8331-d891340664bc tempest-VolumesExtendTest-1106677152 tempest-VolumesExtendTest-1106677152-project] GET http://10.222.0.48/volume/v3/5b20436bf5284463a3bd14ee931dfa2b/volumes/5560223f-d104-48c2-b15a-23e648239682
Jul 31 20:00:12.413914 dv-cinder-849846-6-iscsi devstack@c-api.service[110846]: DEBUG cinder.api.openstack.wsgi [None req-c0c60990-081e-4f4c-8331-d891340664bc tempest-VolumesExtendTest-1106677152 tempest-VolumesExtendTest-1106677152-project] Empty body provided in request {{(pid=110846) get_body /opt/stack/cinder/cinder/api/openstack/wsgi.py:715}}
Jul 31 20:00:12.414461 dv-cinder-849846-6-iscsi devstack@c-api.service[110846]: DEBUG cinder.api.openstack.wsgi [None req-c0c60990-081e-4f4c-8331-d891340664bc tempest-VolumesExtendTest-1106677152 tempest-VolumesExtendTest-1106677152-project] Calling method 'show' {{(pid=110846) _process_stack /opt/stack/cinder/cinder/api/openstack/wsgi.py:868}}
Jul 31 20:00:12.434970 dv-cinder-849846-6-iscsi devstack@c-api.service[110846]: /usr/local/lib/python3.8/dist-packages/oslo_context/context.py:100: DeprecationWarning: Policy enforcement is depending on the value of is_admin. This key is deprecated. Please update your policy file to use the standard policy values.
Jul 31 20:00:12.434970 dv-cinder-849846-6-iscsi devstack@c-api.service[110846]: warnings.warn('Policy enforcement is depending on the value of '
Jul 31 20:00:12.443614 dv-cinder-849846-6-iscsi devstack@c-api.service[110845]: INFO cinder.api.openstack.wsgi [None req-77ab9650-63aa-4a2a-86c4-45045d0e9af9 tempest-GroupSnapshotsTest-121893215 tempest-GroupSnapshotsTest-121893215-project-admin] http://10.222.0.48/volume/v3/c7cdf246af274320aa182925243494a6/group_types returned with HTTP 202
Jul 31 20:00:12.445200 dv-cinder-849846-6-iscsi devstack@c-api.service[110845]: [pid: 110845|app: 0|req: 116/243] 10.222.0.48 () {62 vars in 1288 bytes} [Sun Jul 31 20:00:12 2022] POST /volume/v3/c7cdf246af274320aa182925243494a6/group_types => generated 181 bytes in 43 msecs (HTTP/1.1 202) 7 headers in 292 bytes (1 switches on core 0)
Jul 31 20:00:12.447014 dv-cinder-849846-6-iscsi devstack@c-api.service[110846]: INFO cinder.volume.api [None req-c0c60990-081e-4f4c-8331-d891340664bc tempest-VolumesExtendTest-1106677152 tempest-VolumesExtendTest-1106677152-project] Volume info retrieved successfully.
Jul 31 20:00:12.453821 dv-cinder-849846-6-iscsi devstack@c-api.service[110845]: DEBUG cinder.api.middleware.request_id [None req-5724b0a0-5042-48e7-8ba7-06732015366c None None] RequestId filter calling following filter/app {{(pid=110845) _context_setter /opt/stack/cinder/cinder/api/middleware/request_id.py:62}}
Jul 31 20:00:12.457902 dv-cinder-849846-6-iscsi devstack@c-api.service[110846]: INFO cinder.api.openstack.wsgi [None req-c0c60990-081e-4f4c-8331-d891340664bc tempest-VolumesExtendTest-1106677152 tempest-VolumesExtendTest-1106677152-project] http://10.222.0.48/volume/v3/5b20436bf5284463a3bd14ee931dfa2b/volumes/5560223f-d104-48c2-b15a-23e648239682 returned with HTTP 200
Jul 31 20:00:12.469171 dv-cinder-849846-6-iscsi devstack@c-api.service[110846]: [pid: 110846|app: 0|req: 128/244] 10.222.0.48 () {58 vars in 1325 bytes} [Sun Jul 31 20:00:12 2022] GET /volume/v3/5b20436bf5284463a3bd14ee931dfa2b/volumes/5560223f-d104-48c2-b15a-23e648239682 => generated 908 bytes in 50 msecs (HTTP/1.1 200) 7 headers in 285 bytes (1 switches on core 0)
Jul 31 20:00:12.469429 dv-cinder-849846-6-iscsi devstack@c-api.service[110845]: INFO cinder.api.openstack.wsgi [None req-5724b0a0-5042-48e7-8ba7-06732015366c tempest-GroupSnapshotsTest-1249587211 tempest-GroupSnapshotsTest-1249587211-project] POST http://10.222.0.48/volume/v3/cca521d532284342a4e379d41d131575/groups
Jul 31 20:00:12.469429 dv-cinder-849846-6-iscsi devstack@c-api.service[110845]: DEBUG cinder.api.openstack.wsgi [None req-5724b0a0-5042-48e7-8ba7-06732015366c tempest-GroupSnapshotsTest-1249587211 tempest-GroupSnapshotsTest-1249587211-project] Action: 'create', calling method: version_select, body: {"group": {"group_type": "b80a7c97-c0dc-44bb-b989-7abc1e6b4def", "volume_types": ["b5e95f87-0484-45fa-9291-8518e28b14ea"], "name": "tempest-GroupSnapshotsTest-Group-15548732"}} {{(pid=110845) _process_stack /opt/stack/cinder/cinder/api/openstack/wsgi.py:866}}
Jul 31 20:00:12.469429 dv-cinder-849846-6-iscsi devstack@c-api.service[110845]: DEBUG cinder.api.v3.groups [None req-5724b0a0-5042-48e7-8ba7-06732015366c tempest-GroupSnapshotsTest-1249587211 tempest-GroupSnapshotsTest-1249587211-project] Creating new group {'group': {'group_type': 'b80a7c97-c0dc-44bb-b989-7abc1e6b4def', 'volume_types': ['b5e95f87-0484-45fa-9291-8518e28b14ea'], 'name': 'tempest-GroupSnapshotsTest-Group-15548732'}} {{(pid=110845) create /opt/stack/cinder/cinder/api/v3/groups.py:190}}
Jul 31 20:00:12.470728 dv-cinder-849846-6-iscsi devstack@c-api.service[110845]: INFO cinder.api.v3.groups [None req-5724b0a0-5042-48e7-8ba7-06732015366c tempest-GroupSnapshotsTest-1249587211 tempest-GroupSnapshotsTest-1249587211-project] Creating group tempest-GroupSnapshotsTest-Group-15548732.
Jul 31 20:00:12.495987 dv-cinder-849846-6-iscsi devstack@c-api.service[110845]: DEBUG cinder.volume.api [None req-5724b0a0-5042-48e7-8ba7-06732015366c tempest-GroupSnapshotsTest-1249587211 tempest-GroupSnapshotsTest-1249587211-project] Availability zone cache updated, next update will occur around 2022-07-31 21:00:12.495436. {{(pid=110845) list_availability_zones /opt/stack/cinder/cinder/volume/api.py:153}}
Jul 31 20:00:12.496343 dv-cinder-849846-6-iscsi devstack@c-api.service[110845]: INFO cinder.volume.api [None req-5724b0a0-5042-48e7-8ba7-06732015366c tempest-GroupSnapshotsTest-1249587211 tempest-GroupSnapshotsTest-1249587211-project] Availability Zones retrieved successfully.
Jul 31 20:00:12.519884 dv-cinder-849846-6-iscsi devstack@c-api.service[110845]: DEBUG cinder.quota [None req-5724b0a0-5042-48e7-8ba7-06732015366c tempest-GroupSnapshotsTest-1249587211 tempest-GroupSnapshotsTest-1249587211-project] Created reservations ['e08a96b5-9b4b-474e-85f0-1ef8b1086b96'] {{(pid=110845) reserve /opt/stack/cinder/cinder/quota.py:755}}
Jul 31 20:00:12.537848 dv-cinder-849846-6-iscsi devstack@c-api.service[110845]: DEBUG dbcounter [-] [110845] Writing DB stats cinder:SELECT=90,cinder:UPDATE=6,cinder:INSERT=4 {{(pid=110845) stat_writer /usr/local/lib/python3.8/dist-packages/dbcounter.py:114}}
Jul 31 20:00:12.582315 dv-cinder-849846-6-iscsi devstack@c-api.service[110845]: INFO cinder.api.openstack.wsgi [None req-5724b0a0-5042-48e7-8ba7-06732015366c tempest-GroupSnapshotsTest-1249587211 tempest-GroupSnapshotsTest-1249587211-project] http://10.222.0.48/volume/v3/cca521d532284342a4e379d41d131575/groups returned with HTTP 202
Jul 31 20:00:12.590509 dv-cinder-849846-6-iscsi devstack@c-api.service[110846]: DEBUG cinder.api.middleware.request_id [None req-9118434e-0df1-4238-8665-97b7b9421eec None None] RequestId filter calling following filter/app {{(pid=110846) _context_setter /opt/stack/cinder/cinder/api/middleware/request_id.py:62}}
Jul 31 20:00:12.594934 dv-cinder-849846-6-iscsi devstack@c-api.service[110846]: INFO cinder.api.openstack.wsgi [None req-9118434e-0df1-4238-8665-97b7b9421eec tempest-GroupSnapshotsTest-1249587211 tempest-GroupSnapshotsTest-1249587211-project] GET http://10.222.0.48/volume/v3/cca521d532284342a4e379d41d131575/groups/5ae0559d-41b0-42ec-845f-7c9e2a46f602
Jul 31 20:00:12.595594 dv-cinder-849846-6-iscsi devstack@c-api.service[110846]: DEBUG cinder.api.openstack.wsgi [None req-9118434e-0df1-4238-8665-97b7b9421eec tempest-GroupSnapshotsTest-1249587211 tempest-GroupSnapshotsTest-1249587211-project] Empty body provided in request {{(pid=110846) get_body /opt/stack/cinder/cinder/api/openstack/wsgi.py:715}}
Jul 31 20:00:12.596336 dv-cinder-849846-6-iscsi devstack@c-api.service[110846]: DEBUG cinder.api.openstack.wsgi [None req-9118434e-0df1-4238-8665-97b7b9421eec tempest-GroupSnapshotsTest-1249587211 tempest-GroupSnapshotsTest-1249587211-project] Calling method 'version_select' {{(pid=110846) _process_stack /opt/stack/cinder/cinder/api/openstack/wsgi.py:868}}
Jul 31 20:00:12.596813 dv-cinder-849846-6-iscsi devstack@c-api.service[110846]: DEBUG cinder.api.v3.groups [None req-9118434e-0df1-4238-8665-97b7b9421eec tempest-GroupSnapshotsTest-1249587211 tempest-GroupSnapshotsTest-1249587211-project] show called for member 5ae0559d-41b0-42ec-845f-7c9e2a46f602 {{(pid=110846) show /opt/stack/cinder/cinder/api/v3/groups.py:58}}
Jul 31 20:00:12.600873 dv-cinder-849846-6-iscsi devstack@c-api.service[110845]: [pid: 110845|app: 0|req: 117/245] 10.222.0.48 () {62 vars in 1274 bytes} [Sun Jul 31 20:00:12 2022] POST /volume/v3/cca521d532284342a4e379d41d131575/groups => generated 110 bytes in 148 msecs (HTTP/1.1 202) 7 headers in 292 bytes (1 switches on core 0)
Jul 31 20:00:12.606880 dv-cinder-849846-6-iscsi devstack@c-api.service[110846]: /usr/local/lib/python3.8/dist-packages/oslo_context/context.py:100: DeprecationWarning: Policy enforcement is depending on the value of is_admin. This key is deprecated. Please update your policy file to use the standard policy values.
Jul 31 20:00:12.606880 dv-cinder-849846-6-iscsi devstack@c-api.service[110846]: warnings.warn('Policy enforcement is depending on the value of '
Jul 31 20:00:12.635429 dv-cinder-849846-6-iscsi devstack@c-api.service[110846]: INFO cinder.api.openstack.wsgi [None req-9118434e-0df1-4238-8665-97b7b9421eec tempest-GroupSnapshotsTest-1249587211 tempest-GroupSnapshotsTest-1249587211-project] http://10.222.0.48/volume/v3/cca521d532284342a4e379d41d131575/groups/5ae0559d-41b0-42ec-845f-7c9e2a46f602 returned with HTTP 200
Jul 31 20:00:12.658253 dv-cinder-849846-6-iscsi devstack@c-api.service[110846]: [pid: 110846|app: 0|req: 129/246] 10.222.0.48 () {60 vars in 1363 bytes} [Sun Jul 31 20:00:12 2022] GET /volume/v3/cca521d532284342a4e379d41d131575/groups/5ae0559d-41b0-42ec-845f-7c9e2a46f602 => generated 390 bytes in 68 msecs (HTTP/1.1 200) 7 headers in 286 bytes (1 switches on core 0)
Jul 31 20:00:13.347289 dv-cinder-849846-6-iscsi devstack@c-api.service[110845]: DEBUG cinder.api.middleware.request_id [None req-d0b66599-8f21-4fe7-b2c7-3a5c5b65d0e4 None None] RequestId filter calling following filter/app {{(pid=110845) _context_setter /opt/stack/cinder/cinder/api/middleware/request_id.py:62}}
Jul 31 20:00:13.351325 dv-cinder-849846-6-iscsi devstack@c-api.service[110845]: INFO cinder.api.openstack.wsgi [None req-d0b66599-8f21-4fe7-b2c7-3a5c5b65d0e4 tempest-SnapshotsActionsTest-204472715 tempest-SnapshotsActionsTest-204472715-project] GET http://10.222.0.48/volume/v3/fe3e87472a384261a6293c365fcbbf9e/volumes/b87b4f8b-9123-4f82-ae0c-f52e6704288c
Jul 31 20:00:13.351879 dv-cinder-849846-6-iscsi devstack@c-api.service[110845]: DEBUG cinder.api.openstack.wsgi [None req-d0b66599-8f21-4fe7-b2c7-3a5c5b65d0e4 tempest-SnapshotsActionsTest-204472715 tempest-SnapshotsActionsTest-204472715-project] Empty body provided in request {{(pid=110845) get_body /opt/stack/cinder/cinder/api/openstack/wsgi.py:715}}
Jul 31 20:00:13.352330 dv-cinder-849846-6-iscsi devstack@c-api.service[110845]: DEBUG cinder.api.openstack.wsgi [None req-d0b66599-8f21-4fe7-b2c7-3a5c5b65d0e4 tempest-SnapshotsActionsTest-204472715 tempest-SnapshotsActionsTest-204472715-project] Calling method 'show' {{(pid=110845) _process_stack /opt/stack/cinder/cinder/api/openstack/wsgi.py:868}}
Jul 31 20:00:13.379833 dv-cinder-849846-6-iscsi devstack@c-api.service[110845]: INFO cinder.api.openstack.wsgi [None req-d0b66599-8f21-4fe7-b2c7-3a5c5b65d0e4 tempest-SnapshotsActionsTest-204472715 tempest-SnapshotsActionsTest-204472715-project] http://10.222.0.48/volume/v3/fe3e87472a384261a6293c365fcbbf9e/volumes/b87b4f8b-9123-4f82-ae0c-f52e6704288c returned with HTTP 404
Jul 31 20:00:13.380883 dv-cinder-849846-6-iscsi devstack@c-api.service[110845]: [pid: 110845|app: 0|req: 118/247] 10.222.0.48 () {58 vars in 1325 bytes} [Sun Jul 31 20:00:13 2022] GET /volume/v3/fe3e87472a384261a6293c365fcbbf9e/volumes/b87b4f8b-9123-4f82-ae0c-f52e6704288c => generated 109 bytes in 35 msecs (HTTP/1.1 404) 7 headers in 292 bytes (1 switches on core 0)
Jul 31 20:00:13.476612 dv-cinder-849846-6-iscsi devstack@c-api.service[110846]: DEBUG cinder.api.middleware.request_id [None req-7840188f-d6a3-40ee-b3d1-ba5ad52cb892 None None] RequestId filter calling following filter/app {{(pid=110846) _context_setter /opt/stack/cinder/cinder/api/middleware/request_id.py:62}}
Jul 31 20:00:13.480804 dv-cinder-849846-6-iscsi devstack@c-api.service[110846]: INFO cinder.api.openstack.wsgi [None req-7840188f-d6a3-40ee-b3d1-ba5ad52cb892 tempest-VolumesExtendTest-1106677152 tempest-VolumesExtendTest-1106677152-project] GET http://10.222.0.48/volume/v3/5b20436bf5284463a3bd14ee931dfa2b/volumes/5560223f-d104-48c2-b15a-23e648239682
Jul 31 20:00:13.481666 dv-cinder-849846-6-iscsi devstack@c-api.service[110846]: DEBUG cinder.api.openstack.wsgi [None req-7840188f-d6a3-40ee-b3d1-ba5ad52cb892 tempest-VolumesExtendTest-1106677152 tempest-VolumesExtendTest-1106677152-project] Empty body provided in request {{(pid=110846) get_body /opt/stack/cinder/cinder/api/openstack/wsgi.py:715}}
Jul 31 20:00:13.482292 dv-cinder-849846-6-iscsi devstack@c-api.service[110846]: DEBUG cinder.api.openstack.wsgi [None req-7840188f-d6a3-40ee-b3d1-ba5ad52cb892 tempest-VolumesExtendTest-1106677152 tempest-VolumesExtendTest-1106677152-project] Calling method 'show' {{(pid=110846) _process_stack /opt/stack/cinder/cinder/api/openstack/wsgi.py:868}}
Jul 31 20:00:13.514739 dv-cinder-849846-6-iscsi devstack@c-api.service[110846]: /usr/local/lib/python3.8/dist-packages/oslo_context/context.py:100: DeprecationWarning: Policy enforcement is depending on the value of is_admin. This key is deprecated. Please update your policy file to use the standard policy values.
Jul 31 20:00:13.514739 dv-cinder-849846-6-iscsi devstack@c-api.service[110846]: warnings.warn('Policy enforcement is depending on the value of '
Jul 31 20:00:13.524805 dv-cinder-849846-6-iscsi devstack@c-api.service[110846]: INFO cinder.volume.api [None req-7840188f-d6a3-40ee-b3d1-ba5ad52cb892 tempest-VolumesExtendTest-1106677152 tempest-VolumesExtendTest-1106677152-project] Volume info retrieved successfully.
Jul 31 20:00:13.537433 dv-cinder-849846-6-iscsi devstack@c-api.service[110846]: INFO cinder.api.openstack.wsgi [None req-7840188f-d6a3-40ee-b3d1-ba5ad52cb892 tempest-VolumesExtendTest-1106677152 tempest-VolumesExtendTest-1106677152-project] http://10.222.0.48/volume/v3/5b20436bf5284463a3bd14ee931dfa2b/volumes/5560223f-d104-48c2-b15a-23e648239682 returned with HTTP 200
Jul 31 20:00:13.538503 dv-cinder-849846-6-iscsi devstack@c-api.service[110846]: [pid: 110846|app: 0|req: 130/248] 10.222.0.48 () {58 vars in 1325 bytes} [Sun Jul 31 20:00:13 2022] GET /volume/v3/5b20436bf5284463a3bd14ee931dfa2b/volumes/5560223f-d104-48c2-b15a-23e648239682 => generated 908 bytes in 63 msecs (HTTP/1.1 200) 7 headers in 285 bytes (1 switches on core 0)
Jul 31 20:00:13.664577 dv-cinder-849846-6-iscsi devstack@c-api.service[110845]: DEBUG cinder.api.middleware.request_id [None req-e69f6be6-3426-4f7a-8f5a-364d9291d455 None None] RequestId filter calling following filter/app {{(pid=110845) _context_setter /opt/stack/cinder/cinder/api/middleware/request_id.py:62}}
Jul 31 20:00:13.668590 dv-cinder-849846-6-iscsi devstack@c-api.service[110845]: INFO cinder.api.openstack.wsgi [None req-e69f6be6-3426-4f7a-8f5a-364d9291d455 tempest-GroupSnapshotsTest-1249587211 tempest-GroupSnapshotsTest-1249587211-project] GET http://10.222.0.48/volume/v3/cca521d532284342a4e379d41d131575/groups/5ae0559d-41b0-42ec-845f-7c9e2a46f602
Jul 31 20:00:13.669142 dv-cinder-849846-6-iscsi devstack@c-api.service[110845]: DEBUG cinder.api.openstack.wsgi [None req-e69f6be6-3426-4f7a-8f5a-364d9291d455 tempest-GroupSnapshotsTest-1249587211 tempest-GroupSnapshotsTest-1249587211-project] Empty body provided in request {{(pid=110845) get_body /opt/stack/cinder/cinder/api/openstack/wsgi.py:715}}
Jul 31 20:00:13.669681 dv-cinder-849846-6-iscsi devstack@c-api.service[110845]: DEBUG cinder.api.openstack.wsgi [None req-e69f6be6-3426-4f7a-8f5a-364d9291d455 tempest-GroupSnapshotsTest-1249587211 tempest-GroupSnapshotsTest-1249587211-project] Calling method 'version_select' {{(pid=110845) _process_stack /opt/stack/cinder/cinder/api/openstack/wsgi.py:868}}
Jul 31 20:00:13.670024 dv-cinder-849846-6-iscsi devstack@c-api.service[110845]: DEBUG cinder.api.v3.groups [None req-e69f6be6-3426-4f7a-8f5a-364d9291d455 tempest-GroupSnapshotsTest-1249587211 tempest-GroupSnapshotsTest-1249587211-project] show called for member 5ae0559d-41b0-42ec-845f-7c9e2a46f602 {{(pid=110845) show /opt/stack/cinder/cinder/api/v3/groups.py:58}}
Jul 31 20:00:13.676309 dv-cinder-849846-6-iscsi devstack@c-api.service[110845]: /usr/local/lib/python3.8/dist-packages/oslo_context/context.py:100: DeprecationWarning: Policy enforcement is depending on the value of is_admin. This key is deprecated. Please update your policy file to use the standard policy values.
Jul 31 20:00:13.676309 dv-cinder-849846-6-iscsi devstack@c-api.service[110845]: warnings.warn('Policy enforcement is depending on the value of '
Jul 31 20:00:13.690315 dv-cinder-849846-6-iscsi devstack@c-api.service[110845]: INFO cinder.api.openstack.wsgi [None req-e69f6be6-3426-4f7a-8f5a-364d9291d455 tempest-GroupSnapshotsTest-1249587211 tempest-GroupSnapshotsTest-1249587211-project] http://10.222.0.48/volume/v3/cca521d532284342a4e379d41d131575/groups/5ae0559d-41b0-42ec-845f-7c9e2a46f602 returned with HTTP 200
Jul 31 20:00:13.691112 dv-cinder-849846-6-iscsi devstack@c-api.service[110845]: [pid: 110845|app: 0|req: 119/249] 10.222.0.48 () {60 vars in 1363 bytes} [Sun Jul 31 20:00:13 2022] GET /volume/v3/cca521d532284342a4e379d41d131575/groups/5ae0559d-41b0-42ec-845f-7c9e2a46f602 => generated 391 bytes in 28 msecs (HTTP/1.1 200) 7 headers in 286 bytes (1 switches on core 0)
Jul 31 20:00:13.699756 dv-cinder-849846-6-iscsi devstack@c-api.service[110846]: DEBUG cinder.api.middleware.request_id [None req-67c57834-a836-409b-a465-681d5b9ec301 None None] RequestId filter calling following filter/app {{(pid=110846) _context_setter /opt/stack/cinder/cinder/api/middleware/request_id.py:62}}
Jul 31 20:00:13.703282 dv-cinder-849846-6-iscsi devstack@c-api.service[110846]: INFO cinder.api.openstack.wsgi [None req-67c57834-a836-409b-a465-681d5b9ec301 tempest-GroupSnapshotsTest-1249587211 tempest-GroupSnapshotsTest-1249587211-project] POST http://10.222.0.48/volume/v3/cca521d532284342a4e379d41d131575/volumes
Jul 31 20:00:13.704101 dv-cinder-849846-6-iscsi devstack@c-api.service[110846]: DEBUG cinder.api.openstack.wsgi [None req-67c57834-a836-409b-a465-681d5b9ec301 tempest-GroupSnapshotsTest-1249587211 tempest-GroupSnapshotsTest-1249587211-project] Action: 'create', calling method: create, body: {"volume": {"volume_type": "b5e95f87-0484-45fa-9291-8518e28b14ea", "group_id": "5ae0559d-41b0-42ec-845f-7c9e2a46f602", "size": 1, "name": "tempest-GroupSnapshotsTest-Volume-220106193"}} {{(pid=110846) _process_stack /opt/stack/cinder/cinder/api/openstack/wsgi.py:866}}
Jul 31 20:00:13.706456 dv-cinder-849846-6-iscsi devstack@c-api.service[110846]: DEBUG cinder.api.v3.volumes [None req-67c57834-a836-409b-a465-681d5b9ec301 tempest-GroupSnapshotsTest-1249587211 tempest-GroupSnapshotsTest-1249587211-project] Create volume request body: {'volume': {'volume_type': 'b5e95f87-0484-45fa-9291-8518e28b14ea', 'group_id': '5ae0559d-41b0-42ec-845f-7c9e2a46f602', 'size': 1, 'name': 'tempest-GroupSnapshotsTest-Volume-220106193'}} {{(pid=110846) create /opt/stack/cinder/cinder/api/v3/volumes.py:298}}
Jul 31 20:00:13.719415 dv-cinder-849846-6-iscsi devstack@c-api.service[110846]: /usr/local/lib/python3.8/dist-packages/oslo_context/context.py:100: DeprecationWarning: Policy enforcement is depending on the value of is_admin. This key is deprecated. Please update your policy file to use the standard policy values.
Jul 31 20:00:13.719415 dv-cinder-849846-6-iscsi devstack@c-api.service[110846]: warnings.warn('Policy enforcement is depending on the value of '
Jul 31 20:00:13.720439 dv-cinder-849846-6-iscsi devstack@c-api.service[110846]: INFO cinder.api.v3.volumes [None req-67c57834-a836-409b-a465-681d5b9ec301 tempest-GroupSnapshotsTest-1249587211 tempest-GroupSnapshotsTest-1249587211-project] Create volume of 1 GB
Jul 31 20:00:13.730217 dv-cinder-849846-6-iscsi devstack@c-api.service[110846]: INFO cinder.volume.api [None req-67c57834-a836-409b-a465-681d5b9ec301 tempest-GroupSnapshotsTest-1249587211 tempest-GroupSnapshotsTest-1249587211-project] Availability Zones retrieved successfully.
Jul 31 20:00:13.745055 dv-cinder-849846-6-iscsi devstack@c-api.service[110846]: DEBUG cinder.volume.api [None req-67c57834-a836-409b-a465-681d5b9ec301 tempest-GroupSnapshotsTest-1249587211 tempest-GroupSnapshotsTest-1249587211-project] Flow 'volume_create_api' (55e40bbf-dca8-49ee-84cb-36aa0dbd7499) transitioned into state 'RUNNING' from state 'PENDING' {{(pid=110846) _flow_receiver /usr/local/lib/python3.8/dist-packages/taskflow/listeners/logging.py:141}}
Jul 31 20:00:13.747993 dv-cinder-849846-6-iscsi devstack@c-api.service[110846]: DEBUG cinder.volume.api [None req-67c57834-a836-409b-a465-681d5b9ec301 tempest-GroupSnapshotsTest-1249587211 tempest-GroupSnapshotsTest-1249587211-project] Task 'cinder.volume.flows.api.create_volume.ExtractVolumeRequestTask;volume:create' (838e35ca-6b09-4f44-96c6-32f797390ec7) transitioned into state 'RUNNING' from state 'PENDING' {{(pid=110846) _task_receiver /usr/local/lib/python3.8/dist-packages/taskflow/listeners/logging.py:190}}
Jul 31 20:00:13.749588 dv-cinder-849846-6-iscsi devstack@c-api.service[110846]: /usr/local/lib/python3.8/dist-packages/oslo_context/context.py:100: DeprecationWarning: Policy enforcement is depending on the value of is_admin. This key is deprecated. Please update your policy file to use the standard policy values.
Jul 31 20:00:13.749588 dv-cinder-849846-6-iscsi devstack@c-api.service[110846]: warnings.warn('Policy enforcement is depending on the value of '
Jul 31 20:00:13.750615 dv-cinder-849846-6-iscsi devstack@c-api.service[110846]: DEBUG cinder.volume.flows.api.create_volume [None req-67c57834-a836-409b-a465-681d5b9ec301 tempest-GroupSnapshotsTest-1249587211 tempest-GroupSnapshotsTest-1249587211-project] Validating volume size '1' using validate_int {{(pid=110846) _extract_size /opt/stack/cinder/cinder/volume/flows/api/create_volume.py:228}}
Jul 31 20:00:13.775168 dv-cinder-849846-6-iscsi devstack@c-api.service[110846]: DEBUG cinder.volume.api [None req-67c57834-a836-409b-a465-681d5b9ec301 tempest-GroupSnapshotsTest-1249587211 tempest-GroupSnapshotsTest-1249587211-project] Task 'cinder.volume.flows.api.create_volume.ExtractVolumeRequestTask;volume:create' (838e35ca-6b09-4f44-96c6-32f797390ec7) transitioned into state 'SUCCESS' from state 'RUNNING' with result '{'size': 1, 'snapshot_id': None, 'source_volid': None, 'volume_type': VolumeType(created_at=2022-07-31T20:00:12Z,deleted=False,deleted_at=None,description=None,extra_specs={},id=b5e95f87-0484-45fa-9291-8518e28b14ea,is_public=True,name='tempest-GroupSnapshotsTest-volume-type-105706362',projects=[],qos_specs=,qos_specs_id=None,updated_at=None), 'volume_type_id': 'b5e95f87-0484-45fa-9291-8518e28b14ea', 'encryption_key_id': None, 'qos_specs': None, 'consistencygroup_id': None, 'cgsnapshot_id': None, 'group_id': '5ae0559d-41b0-42ec-845f-7c9e2a46f602', 'replication_status': 'disabled', 'refresh_az': False, 'backup_id': None, 'multiattach': False, 'availability_zones': ['nova']}' {{(pid=110846) _task_receiver /usr/local/lib/python3.8/dist-packages/taskflow/listeners/logging.py:178}}
Jul 31 20:00:13.777247 dv-cinder-849846-6-iscsi devstack@c-api.service[110846]: DEBUG cinder.volume.api [None req-67c57834-a836-409b-a465-681d5b9ec301 tempest-GroupSnapshotsTest-1249587211 tempest-GroupSnapshotsTest-1249587211-project] Task 'cinder.volume.flows.api.create_volume.QuotaReserveTask;volume:create' (36e4d933-db57-43f5-9641-ea4b58dfeb98) transitioned into state 'RUNNING' from state 'PENDING' {{(pid=110846) _task_receiver /usr/local/lib/python3.8/dist-packages/taskflow/listeners/logging.py:190}}
Jul 31 20:00:13.809805 dv-cinder-849846-6-iscsi devstack@c-api.service[110846]: WARNING cinder.quota [None req-67c57834-a836-409b-a465-681d5b9ec301 tempest-GroupSnapshotsTest-1249587211 tempest-GroupSnapshotsTest-1249587211-project] Deprecated: Default quota for resource: volumes_tempest-GroupSnapshotsTest-volume-type-105706362 is set by the default quota flag: quota_volumes_tempest-GroupSnapshotsTest-volume-type-105706362, it is now deprecated. Please use the default quota class for default quota.
Jul 31 20:00:13.810520 dv-cinder-849846-6-iscsi devstack@c-api.service[110846]: WARNING cinder.quota [None req-67c57834-a836-409b-a465-681d5b9ec301 tempest-GroupSnapshotsTest-1249587211 tempest-GroupSnapshotsTest-1249587211-project] Deprecated: Default quota for resource: gigabytes_tempest-GroupSnapshotsTest-volume-type-105706362 is set by the default quota flag: quota_gigabytes_tempest-GroupSnapshotsTest-volume-type-105706362, it is now deprecated. Please use the default quota class for default quota.
Jul 31 20:00:13.833322 dv-cinder-849846-6-iscsi devstack@c-api.service[110846]: DEBUG dbcounter [-] [110846] Writing DB stats cinder:SELECT=94,cinder:UPDATE=2,cinder:INSERT=4 {{(pid=110846) stat_writer /usr/local/lib/python3.8/dist-packages/dbcounter.py:114}}
Jul 31 20:00:13.862606 dv-cinder-849846-6-iscsi devstack@c-api.service[110846]: DEBUG cinder.quota [None req-67c57834-a836-409b-a465-681d5b9ec301 tempest-GroupSnapshotsTest-1249587211 tempest-GroupSnapshotsTest-1249587211-project] Created reservations ['3b648b6e-0b41-461d-a604-c4fb9cc1aa2f', 'e001087b-4d84-43b5-bba2-c52642bfbde1', 'f0511f83-a775-4b16-89db-06c8f1826a24', 'ee018992-4827-45f9-bfe6-ead478ee9753'] {{(pid=110846) reserve /opt/stack/cinder/cinder/quota.py:755}}
Jul 31 20:00:13.865689 dv-cinder-849846-6-iscsi devstack@c-api.service[110846]: DEBUG cinder.volume.api [None req-67c57834-a836-409b-a465-681d5b9ec301 tempest-GroupSnapshotsTest-1249587211 tempest-GroupSnapshotsTest-1249587211-project] Task 'cinder.volume.flows.api.create_volume.QuotaReserveTask;volume:create' (36e4d933-db57-43f5-9641-ea4b58dfeb98) transitioned into state 'SUCCESS' from state 'RUNNING' with result '{'reservations': ['3b648b6e-0b41-461d-a604-c4fb9cc1aa2f', 'e001087b-4d84-43b5-bba2-c52642bfbde1', 'f0511f83-a775-4b16-89db-06c8f1826a24', 'ee018992-4827-45f9-bfe6-ead478ee9753']}' {{(pid=110846) _task_receiver /usr/local/lib/python3.8/dist-packages/taskflow/listeners/logging.py:178}}
Jul 31 20:00:13.868075 dv-cinder-849846-6-iscsi devstack@c-api.service[110846]: DEBUG cinder.volume.api [None req-67c57834-a836-409b-a465-681d5b9ec301 tempest-GroupSnapshotsTest-1249587211 tempest-GroupSnapshotsTest-1249587211-project] Task 'cinder.volume.flows.api.create_volume.EntryCreateTask;volume:create' (d902de2b-e452-429c-ad09-51ad8d57df54) transitioned into state 'RUNNING' from state 'PENDING' {{(pid=110846) _task_receiver /usr/local/lib/python3.8/dist-packages/taskflow/listeners/logging.py:190}}
Jul 31 20:00:13.913754 dv-cinder-849846-6-iscsi devstack@c-api.service[110846]: DEBUG cinder.volume.api [None req-67c57834-a836-409b-a465-681d5b9ec301 tempest-GroupSnapshotsTest-1249587211 tempest-GroupSnapshotsTest-1249587211-project] Task 'cinder.volume.flows.api.create_volume.EntryCreateTask;volume:create' (d902de2b-e452-429c-ad09-51ad8d57df54) transitioned into state 'SUCCESS' from state 'RUNNING' with result '{'volume_id': 'bd11e16e-5a60-4bf7-af36-cc995845a8c2', 'volume_properties': VolumeProperties(attach_status='detached',availability_zone='nova',cgsnapshot_id=None,consistencygroup_id=None,display_description=None,display_name='tempest-GroupSnapshotsTest-Volume-220106193',encryption_key_id=None,group_id=5ae0559d-41b0-42ec-845f-7c9e2a46f602,group_type_id=,metadata={},multiattach=False,project_id='cca521d532284342a4e379d41d131575',qos_specs=None,replication_status=,reservations=['3b648b6e-0b41-461d-a604-c4fb9cc1aa2f','e001087b-4d84-43b5-bba2-c52642bfbde1','f0511f83-a775-4b16-89db-06c8f1826a24','ee018992-4827-45f9-bfe6-ead478ee9753'],size=1,snapshot_id=None,source_replicaid=,source_volid=None,status='creating',user_id='9c64d071b69b4a80b8fc44ec8694e073',volume_type_id=b5e95f87-0484-45fa-9291-8518e28b14ea), 'volume': Volume(_name_id=None,admin_metadata=,attach_status='detached',availability_zone='nova',bootable=False,cluster=,cluster_name=None,consistencygroup=,consistencygroup_id=None,created_at=2022-07-31T20:00:13Z,deleted=False,deleted_at=None,display_description=None,display_name='tempest-GroupSnapshotsTest-Volume-220106193',ec2_id=None,encryption_key_id=None,glance_metadata=,group=,group_id=5ae0559d-41b0-42ec-845f-7c9e2a46f602,host=None,id=bd11e16e-5a60-4bf7-af36-cc995845a8c2,launched_at=None,metadata={},migration_status=None,multiattach=False,previous_status=None,project_id='cca521d532284342a4e379d41d131575',provider_auth=None,provider_geometry=None,provider_id=None,provider_location=None,replication_driver_data=None,replication_extended_status=None,replication_status=None,scheduled_at=None,service_uuid=None,shared_targets=True,size=1,snapshot_id=None,snapshots=,source_volid=None,status='creating',terminated_at=None,updated_at=None,use_quota=True,user_id='9c64d071b69b4a80b8fc44ec8694e073',volume_attachment=VolumeAttachmentList,volume_type=VolumeType(b5e95f87-0484-45fa-9291-8518e28b14ea),volume_type_id=b5e95f87-0484-45fa-9291-8518e28b14ea)}' {{(pid=110846) _task_receiver /usr/local/lib/python3.8/dist-packages/taskflow/listeners/logging.py:178}}
Jul 31 20:00:13.915676 dv-cinder-849846-6-iscsi devstack@c-api.service[110846]: DEBUG cinder.volume.api [None req-67c57834-a836-409b-a465-681d5b9ec301 tempest-GroupSnapshotsTest-1249587211 tempest-GroupSnapshotsTest-1249587211-project] Task 'cinder.volume.flows.api.create_volume.QuotaCommitTask;volume:create' (6e96704c-6e4d-4e69-b014-e85ee321e981) transitioned into state 'RUNNING' from state 'PENDING' {{(pid=110846) _task_receiver /usr/local/lib/python3.8/dist-packages/taskflow/listeners/logging.py:190}}
Jul 31 20:00:13.952013 dv-cinder-849846-6-iscsi devstack@c-api.service[110846]: DEBUG cinder.volume.api [None req-67c57834-a836-409b-a465-681d5b9ec301 tempest-GroupSnapshotsTest-1249587211 tempest-GroupSnapshotsTest-1249587211-project] Task 'cinder.volume.flows.api.create_volume.QuotaCommitTask;volume:create' (6e96704c-6e4d-4e69-b014-e85ee321e981) transitioned into state 'SUCCESS' from state 'RUNNING' with result '{'volume_properties': VolumeProperties(attach_status='detached',availability_zone='nova',cgsnapshot_id=None,consistencygroup_id=None,display_description=None,display_name='tempest-GroupSnapshotsTest-Volume-220106193',encryption_key_id=None,group_id=5ae0559d-41b0-42ec-845f-7c9e2a46f602,group_type_id=,metadata={},multiattach=False,project_id='cca521d532284342a4e379d41d131575',qos_specs=None,replication_status=,reservations=['3b648b6e-0b41-461d-a604-c4fb9cc1aa2f','e001087b-4d84-43b5-bba2-c52642bfbde1','f0511f83-a775-4b16-89db-06c8f1826a24','ee018992-4827-45f9-bfe6-ead478ee9753'],size=1,snapshot_id=None,source_replicaid=,source_volid=None,status='creating',user_id='9c64d071b69b4a80b8fc44ec8694e073',volume_type_id=b5e95f87-0484-45fa-9291-8518e28b14ea)}' {{(pid=110846) _task_receiver /usr/local/lib/python3.8/dist-packages/taskflow/listeners/logging.py:178}}
Jul 31 20:00:13.954159 dv-cinder-849846-6-iscsi devstack@c-api.service[110846]: DEBUG cinder.volume.api [None req-67c57834-a836-409b-a465-681d5b9ec301 tempest-GroupSnapshotsTest-1249587211 tempest-GroupSnapshotsTest-1249587211-project] Task 'cinder.volume.flows.api.create_volume.VolumeCastTask;volume:create' (ab96790c-9219-47d8-b923-2e9440c914b7) transitioned into state 'RUNNING' from state 'PENDING' {{(pid=110846) _task_receiver /usr/local/lib/python3.8/dist-packages/taskflow/listeners/logging.py:190}}
Jul 31 20:00:13.995634 dv-cinder-849846-6-iscsi devstack@c-api.service[110846]: DEBUG cinder.volume.api [None req-67c57834-a836-409b-a465-681d5b9ec301 tempest-GroupSnapshotsTest-1249587211 tempest-GroupSnapshotsTest-1249587211-project] Task 'cinder.volume.flows.api.create_volume.VolumeCastTask;volume:create' (ab96790c-9219-47d8-b923-2e9440c914b7) transitioned into state 'SUCCESS' from state 'RUNNING' with result 'None' {{(pid=110846) _task_receiver /usr/local/lib/python3.8/dist-packages/taskflow/listeners/logging.py:178}}
