Jul 31 18:37:45.077687 dv-cinder-849846-5-smb devstack@c-api.service[110965]: /usr/local/lib/python3.8/dist-packages/oslo_context/context.py:100: DeprecationWarning: Policy enforcement is depending on the value of is_admin. This key is deprecated. Please update your policy file to use the standard policy values.
Jul 31 18:37:45.077687 dv-cinder-849846-5-smb devstack@c-api.service[110965]: warnings.warn('Policy enforcement is depending on the value of '
Jul 31 18:37:45.078764 dv-cinder-849846-5-smb devstack@c-api.service[110965]: INFO cinder.api.contrib.snapshot_actions [None req-75b33249-6582-477c-9350-c77306a9727d tempest-SnapshotsActionsTest-1882604754 tempest-SnapshotsActionsTest-1882604754-project] Updating snapshot 058d955d-26eb-445f-b06f-157b8d010295 with info {'id': '058d955d-26eb-445f-b06f-157b8d010295', 'status': 'error', 'progress': '80%'}
Jul 31 18:37:45.102168 dv-cinder-849846-5-smb devstack@c-api.service[110964]: DEBUG dbcounter [-] [110964] Writing DB stats cinder:SELECT=79,cinder:UPDATE=13,cinder:INSERT=8 {{(pid=110964) stat_writer /usr/local/lib/python3.8/dist-packages/dbcounter.py:114}}
Jul 31 18:37:45.116883 dv-cinder-849846-5-smb devstack@c-api.service[110965]: INFO cinder.api.openstack.wsgi [None req-75b33249-6582-477c-9350-c77306a9727d tempest-SnapshotsActionsTest-1882604754 tempest-SnapshotsActionsTest-1882604754-project] http://10.222.0.20/volume/v3/c9dfb28fe3b94347be6e6a1e567af95c/snapshots/058d955d-26eb-445f-b06f-157b8d010295/action returned with HTTP 202
Jul 31 18:37:45.121459 dv-cinder-849846-5-smb devstack@c-api.service[110965]: [pid: 110965|app: 0|req: 92/189] 10.222.0.20 () {60 vars in 1373 bytes} [Sun Jul 31 18:37:45 2022] POST /volume/v3/c9dfb28fe3b94347be6e6a1e567af95c/snapshots/058d955d-26eb-445f-b06f-157b8d010295/action => generated 0 bytes in 119 msecs (HTTP/1.1 202) 6 headers in 233 bytes (1 switches on core 0)
Jul 31 18:37:45.123696 dv-cinder-849846-5-smb devstack@c-api.service[110965]: DEBUG cinder.api.middleware.request_id [None req-b730ed72-2abb-496e-a322-72381408d580 None None] RequestId filter calling following filter/app {{(pid=110965) _context_setter /opt/stack/cinder/cinder/api/middleware/request_id.py:62}}
Jul 31 18:37:45.132950 dv-cinder-849846-5-smb devstack@c-api.service[110965]: INFO cinder.api.openstack.wsgi [None req-b730ed72-2abb-496e-a322-72381408d580 tempest-SnapshotsActionsTest-1565040726 tempest-SnapshotsActionsTest-1565040726-project-admin] GET http://10.222.0.20/volume/v3/86ff0fa880184e6ebfc651de0abdafe8/snapshots/058d955d-26eb-445f-b06f-157b8d010295
Jul 31 18:37:45.133304 dv-cinder-849846-5-smb devstack@c-api.service[110965]: DEBUG cinder.api.openstack.wsgi [None req-b730ed72-2abb-496e-a322-72381408d580 tempest-SnapshotsActionsTest-1565040726 tempest-SnapshotsActionsTest-1565040726-project-admin] Empty body provided in request {{(pid=110965) get_body /opt/stack/cinder/cinder/api/openstack/wsgi.py:715}}
Jul 31 18:37:45.133760 dv-cinder-849846-5-smb devstack@c-api.service[110965]: DEBUG cinder.api.openstack.wsgi [None req-b730ed72-2abb-496e-a322-72381408d580 tempest-SnapshotsActionsTest-1565040726 tempest-SnapshotsActionsTest-1565040726-project-admin] Calling method 'show' {{(pid=110965) _process_stack /opt/stack/cinder/cinder/api/openstack/wsgi.py:868}}
Jul 31 18:37:45.183410 dv-cinder-849846-5-smb devstack@c-api.service[110965]: /usr/local/lib/python3.8/dist-packages/oslo_context/context.py:100: DeprecationWarning: Policy enforcement is depending on the value of is_admin. This key is deprecated. Please update your policy file to use the standard policy values.
Jul 31 18:37:45.183410 dv-cinder-849846-5-smb devstack@c-api.service[110965]: warnings.warn('Policy enforcement is depending on the value of '
Jul 31 18:37:45.184165 dv-cinder-849846-5-smb devstack@c-api.service[110965]: INFO cinder.volume.api [None req-b730ed72-2abb-496e-a322-72381408d580 tempest-SnapshotsActionsTest-1565040726 tempest-SnapshotsActionsTest-1565040726-project-admin] Snapshot retrieved successfully.
Jul 31 18:37:45.213466 dv-cinder-849846-5-smb devstack@c-api.service[110965]: INFO cinder.api.openstack.wsgi [None req-b730ed72-2abb-496e-a322-72381408d580 tempest-SnapshotsActionsTest-1565040726 tempest-SnapshotsActionsTest-1565040726-project-admin] http://10.222.0.20/volume/v3/86ff0fa880184e6ebfc651de0abdafe8/snapshots/058d955d-26eb-445f-b06f-157b8d010295 returned with HTTP 200
Jul 31 18:37:45.221941 dv-cinder-849846-5-smb devstack@c-api.service[110964]: INFO cinder.api.openstack.wsgi [None req-e950be09-e440-4079-a71a-e0fa7f59056e tempest-GroupSnapshotsTest-412615643 tempest-GroupSnapshotsTest-412615643-project] http://10.222.0.20/volume/v3/f2b26d9e0259447cb0bacf92056fc83d/group_snapshots/de2517c0-f1c0-402b-a4c1-763506dc04bb returned with HTTP 202
Jul 31 18:37:45.226294 dv-cinder-849846-5-smb devstack@c-api.service[110965]: [pid: 110965|app: 0|req: 93/190] 10.222.0.20 () {58 vars in 1331 bytes} [Sun Jul 31 18:37:45 2022] GET /volume/v3/86ff0fa880184e6ebfc651de0abdafe8/snapshots/058d955d-26eb-445f-b06f-157b8d010295 => generated 527 bytes in 104 msecs (HTTP/1.1 200) 7 headers in 285 bytes (1 switches on core 0)
Jul 31 18:37:45.228870 dv-cinder-849846-5-smb devstack@c-api.service[110964]: [pid: 110964|app: 0|req: 98/191] 10.222.0.20 () {60 vars in 1393 bytes} [Sun Jul 31 18:37:45 2022] DELETE /volume/v3/f2b26d9e0259447cb0bacf92056fc83d/group_snapshots/de2517c0-f1c0-402b-a4c1-763506dc04bb => generated 0 bytes in 180 msecs (HTTP/1.1 202) 6 headers in 234 bytes (1 switches on core 0)
Jul 31 18:37:45.233768 dv-cinder-849846-5-smb devstack@c-api.service[110965]: DEBUG cinder.api.middleware.request_id [None req-c1b42257-ce57-4f4c-8c8f-107874bd0e31 None None] RequestId filter calling following filter/app {{(pid=110965) _context_setter /opt/stack/cinder/cinder/api/middleware/request_id.py:62}}
Jul 31 18:37:45.235490 dv-cinder-849846-5-smb devstack@c-api.service[110964]: DEBUG cinder.api.middleware.request_id [None req-4c1ad3dd-0aa7-459a-94eb-c4fb1fe73cd8 None None] RequestId filter calling following filter/app {{(pid=110964) _context_setter /opt/stack/cinder/cinder/api/middleware/request_id.py:62}}
Jul 31 18:37:45.253419 dv-cinder-849846-5-smb devstack@c-api.service[110965]: INFO cinder.api.openstack.wsgi [None req-c1b42257-ce57-4f4c-8c8f-107874bd0e31 tempest-GroupSnapshotsTest-412615643 tempest-GroupSnapshotsTest-412615643-project] GET http://10.222.0.20/volume/v3/f2b26d9e0259447cb0bacf92056fc83d/volumes/detail
Jul 31 18:37:45.259098 dv-cinder-849846-5-smb devstack@c-api.service[110965]: DEBUG cinder.api.openstack.wsgi [None req-c1b42257-ce57-4f4c-8c8f-107874bd0e31 tempest-GroupSnapshotsTest-412615643 tempest-GroupSnapshotsTest-412615643-project] Empty body provided in request {{(pid=110965) get_body /opt/stack/cinder/cinder/api/openstack/wsgi.py:715}}
Jul 31 18:37:45.260785 dv-cinder-849846-5-smb devstack@c-api.service[110965]: DEBUG cinder.api.openstack.wsgi [None req-c1b42257-ce57-4f4c-8c8f-107874bd0e31 tempest-GroupSnapshotsTest-412615643 tempest-GroupSnapshotsTest-412615643-project] Calling method 'detail' {{(pid=110965) _process_stack /opt/stack/cinder/cinder/api/openstack/wsgi.py:868}}
Jul 31 18:37:45.261715 dv-cinder-849846-5-smb devstack@c-api.service[110965]: DEBUG cinder.api.api_utils [None req-c1b42257-ce57-4f4c-8c8f-107874bd0e31 tempest-GroupSnapshotsTest-412615643 tempest-GroupSnapshotsTest-412615643-project] Removing options '' from query. {{(pid=110965) remove_invalid_filter_options /opt/stack/cinder/cinder/api/api_utils.py:83}}
Jul 31 18:37:45.269794 dv-cinder-849846-5-smb devstack@c-api.service[110965]: DEBUG cinder.volume.api [None req-c1b42257-ce57-4f4c-8c8f-107874bd0e31 tempest-GroupSnapshotsTest-412615643 tempest-GroupSnapshotsTest-412615643-project] Searching by: MultiDict([('no_migration_targets', True)]). {{(pid=110965) get_all /opt/stack/cinder/cinder/volume/api.py:664}}
Jul 31 18:37:45.273748 dv-cinder-849846-5-smb devstack@c-api.service[110964]: INFO cinder.api.openstack.wsgi [None req-4c1ad3dd-0aa7-459a-94eb-c4fb1fe73cd8 tempest-SnapshotsActionsTest-1565040726 tempest-SnapshotsActionsTest-1565040726-project-admin] POST http://10.222.0.20/volume/v3/86ff0fa880184e6ebfc651de0abdafe8/snapshots/058d955d-26eb-445f-b06f-157b8d010295/action
Jul 31 18:37:45.283072 dv-cinder-849846-5-smb devstack@c-api.service[110964]: DEBUG cinder.api.openstack.wsgi [None req-4c1ad3dd-0aa7-459a-94eb-c4fb1fe73cd8 tempest-SnapshotsActionsTest-1565040726 tempest-SnapshotsActionsTest-1565040726-project-admin] Action body: b'{"os-reset_status": {"status": "available"}}' {{(pid=110964) get_method /opt/stack/cinder/cinder/api/openstack/wsgi.py:983}}
Jul 31 18:37:45.289571 dv-cinder-849846-5-smb devstack@c-api.service[110964]: DEBUG cinder.api.openstack.wsgi [None req-4c1ad3dd-0aa7-459a-94eb-c4fb1fe73cd8 tempest-SnapshotsActionsTest-1565040726 tempest-SnapshotsActionsTest-1565040726-project-admin] Action: 'action', calling method: _reset_status, body: {"os-reset_status": {"status": "available"}} {{(pid=110964) _process_stack /opt/stack/cinder/cinder/api/openstack/wsgi.py:866}}
Jul 31 18:37:45.312031 dv-cinder-849846-5-smb devstack@c-api.service[110964]: DEBUG cinder.api.contrib.admin_actions [None req-4c1ad3dd-0aa7-459a-94eb-c4fb1fe73cd8 tempest-SnapshotsActionsTest-1565040726 tempest-SnapshotsActionsTest-1565040726-project-admin] Updating snapshot '058d955d-26eb-445f-b06f-157b8d010295' with '{'status': 'available'}' {{(pid=110964) _reset_status /opt/stack/cinder/cinder/api/contrib/admin_actions.py:100}}
Jul 31 18:37:45.409038 dv-cinder-849846-5-smb devstack@c-api.service[110964]: /usr/local/lib/python3.8/dist-packages/oslo_context/context.py:100: DeprecationWarning: Policy enforcement is depending on the value of is_admin. This key is deprecated. Please update your policy file to use the standard policy values.
Jul 31 18:37:45.409038 dv-cinder-849846-5-smb devstack@c-api.service[110964]: warnings.warn('Policy enforcement is depending on the value of '
Jul 31 18:37:45.496672 dv-cinder-849846-5-smb devstack@c-api.service[110965]: INFO cinder.volume.api [None req-c1b42257-ce57-4f4c-8c8f-107874bd0e31 tempest-GroupSnapshotsTest-412615643 tempest-GroupSnapshotsTest-412615643-project] Get all volumes completed successfully.
Jul 31 18:37:45.512552 dv-cinder-849846-5-smb devstack@c-api.service[110965]: WARNING stevedore.named [None req-c1b42257-ce57-4f4c-8c8f-107874bd0e31 tempest-GroupSnapshotsTest-412615643 tempest-GroupSnapshotsTest-412615643-project] Could not load cinder.keymgr.conf_key_mgr.ConfKeyManager
Jul 31 18:37:45.517113 dv-cinder-849846-5-smb devstack@c-api.service[110965]: WARNING castellan.key_manager [None req-c1b42257-ce57-4f4c-8c8f-107874bd0e31 tempest-GroupSnapshotsTest-412615643 tempest-GroupSnapshotsTest-412615643-project] Deprecation Warning : cinder.keymgr.conf_key_mgr.ConfKeyManager is not a stevedore based driver, trying to load it as a class: stevedore.exception.NoMatches: No 'castellan.drivers' driver found, looking for 'cinder.keymgr.conf_key_mgr.ConfKeyManager'
Jul 31 18:37:45.521502 dv-cinder-849846-5-smb devstack@c-api.service[110964]: INFO cinder.api.openstack.wsgi [None req-4c1ad3dd-0aa7-459a-94eb-c4fb1fe73cd8 tempest-SnapshotsActionsTest-1565040726 tempest-SnapshotsActionsTest-1565040726-project-admin] http://10.222.0.20/volume/v3/86ff0fa880184e6ebfc651de0abdafe8/snapshots/058d955d-26eb-445f-b06f-157b8d010295/action returned with HTTP 202
Jul 31 18:37:45.525130 dv-cinder-849846-5-smb devstack@c-api.service[110964]: [pid: 110964|app: 0|req: 99/192] 10.222.0.20 () {60 vars in 1373 bytes} [Sun Jul 31 18:37:45 2022] POST /volume/v3/86ff0fa880184e6ebfc651de0abdafe8/snapshots/058d955d-26eb-445f-b06f-157b8d010295/action => generated 0 bytes in 289 msecs (HTTP/1.1 202) 7 headers in 289 bytes (1 switches on core 0)
Jul 31 18:37:45.533330 dv-cinder-849846-5-smb devstack@c-api.service[110964]: DEBUG cinder.api.middleware.request_id [None req-d623127b-c6d4-4468-897a-aaff44c0ad60 None None] RequestId filter calling following filter/app {{(pid=110964) _context_setter /opt/stack/cinder/cinder/api/middleware/request_id.py:62}}
Jul 31 18:37:45.540375 dv-cinder-849846-5-smb devstack@c-api.service[110965]: DEBUG oslo_db.sqlalchemy.engines [None req-c1b42257-ce57-4f4c-8c8f-107874bd0e31 tempest-GroupSnapshotsTest-412615643 tempest-GroupSnapshotsTest-412615643-project] MySQL server mode set to STRICT_TRANS_TABLES,STRICT_ALL_TABLES,NO_ZERO_IN_DATE,NO_ZERO_DATE,ERROR_FOR_DIVISION_BY_ZERO,TRADITIONAL,NO_ENGINE_SUBSTITUTION {{(pid=110965) _check_effective_sql_mode /usr/local/lib/python3.8/dist-packages/oslo_db/sqlalchemy/engines.py:314}}
Jul 31 18:37:45.555395 dv-cinder-849846-5-smb devstack@c-api.service[110964]: INFO cinder.api.openstack.wsgi [None req-d623127b-c6d4-4468-897a-aaff44c0ad60 tempest-SnapshotsActionsTest-1882604754 tempest-SnapshotsActionsTest-1882604754-project] GET http://10.222.0.20/volume/v3/c9dfb28fe3b94347be6e6a1e567af95c/snapshots/058d955d-26eb-445f-b06f-157b8d010295
Jul 31 18:37:45.557513 dv-cinder-849846-5-smb devstack@c-api.service[110964]: DEBUG cinder.api.openstack.wsgi [None req-d623127b-c6d4-4468-897a-aaff44c0ad60 tempest-SnapshotsActionsTest-1882604754 tempest-SnapshotsActionsTest-1882604754-project] Empty body provided in request {{(pid=110964) get_body /opt/stack/cinder/cinder/api/openstack/wsgi.py:715}}
Jul 31 18:37:45.562560 dv-cinder-849846-5-smb devstack@c-api.service[110965]: /usr/local/lib/python3.8/dist-packages/oslo_context/context.py:100: DeprecationWarning: Policy enforcement is depending on the value of is_admin. This key is deprecated. Please update your policy file to use the standard policy values.
Jul 31 18:37:45.562560 dv-cinder-849846-5-smb devstack@c-api.service[110965]: warnings.warn('Policy enforcement is depending on the value of '
Jul 31 18:37:45.564691 dv-cinder-849846-5-smb devstack@c-api.service[110964]: DEBUG cinder.api.openstack.wsgi [None req-d623127b-c6d4-4468-897a-aaff44c0ad60 tempest-SnapshotsActionsTest-1882604754 tempest-SnapshotsActionsTest-1882604754-project] Calling method 'show' {{(pid=110964) _process_stack /opt/stack/cinder/cinder/api/openstack/wsgi.py:868}}
Jul 31 18:37:45.586282 dv-cinder-849846-5-smb devstack@c-api.service[110965]: WARNING stevedore.named [None req-c1b42257-ce57-4f4c-8c8f-107874bd0e31 tempest-GroupSnapshotsTest-412615643 tempest-GroupSnapshotsTest-412615643-project] Could not load cinder.keymgr.conf_key_mgr.ConfKeyManager
Jul 31 18:37:45.588846 dv-cinder-849846-5-smb devstack@c-api.service[110965]: WARNING castellan.key_manager [None req-c1b42257-ce57-4f4c-8c8f-107874bd0e31 tempest-GroupSnapshotsTest-412615643 tempest-GroupSnapshotsTest-412615643-project] Deprecation Warning : cinder.keymgr.conf_key_mgr.ConfKeyManager is not a stevedore based driver, trying to load it as a class: stevedore.exception.NoMatches: No 'castellan.drivers' driver found, looking for 'cinder.keymgr.conf_key_mgr.ConfKeyManager'
Jul 31 18:37:45.590621 dv-cinder-849846-5-smb devstack@c-api.service[110964]: /usr/local/lib/python3.8/dist-packages/oslo_context/context.py:100: DeprecationWarning: Policy enforcement is depending on the value of is_admin. This key is deprecated. Please update your policy file to use the standard policy values.
Jul 31 18:37:45.590621 dv-cinder-849846-5-smb devstack@c-api.service[110964]: warnings.warn('Policy enforcement is depending on the value of '
Jul 31 18:37:45.593283 dv-cinder-849846-5-smb devstack@c-api.service[110964]: INFO cinder.volume.api [None req-d623127b-c6d4-4468-897a-aaff44c0ad60 tempest-SnapshotsActionsTest-1882604754 tempest-SnapshotsActionsTest-1882604754-project] Snapshot retrieved successfully.
Jul 31 18:37:45.599074 dv-cinder-849846-5-smb devstack@c-api.service[110964]: INFO cinder.api.openstack.wsgi [None req-d623127b-c6d4-4468-897a-aaff44c0ad60 tempest-SnapshotsActionsTest-1882604754 tempest-SnapshotsActionsTest-1882604754-project] http://10.222.0.20/volume/v3/c9dfb28fe3b94347be6e6a1e567af95c/snapshots/058d955d-26eb-445f-b06f-157b8d010295 returned with HTTP 200
Jul 31 18:37:45.601211 dv-cinder-849846-5-smb devstack@c-api.service[110964]: [pid: 110964|app: 0|req: 100/193] 10.222.0.20 () {58 vars in 1331 bytes} [Sun Jul 31 18:37:45 2022] GET /volume/v3/c9dfb28fe3b94347be6e6a1e567af95c/snapshots/058d955d-26eb-445f-b06f-157b8d010295 => generated 531 bytes in 74 msecs (HTTP/1.1 200) 7 headers in 285 bytes (1 switches on core 0)
Jul 31 18:37:45.610218 dv-cinder-849846-5-smb devstack@c-api.service[110964]: DEBUG cinder.api.middleware.request_id [None req-f6f2e1e4-3232-4039-bcc7-d855509ba3f2 None None] RequestId filter calling following filter/app {{(pid=110964) _context_setter /opt/stack/cinder/cinder/api/middleware/request_id.py:62}}
Jul 31 18:37:45.617478 dv-cinder-849846-5-smb devstack@c-api.service[110964]: INFO cinder.api.openstack.wsgi [None req-f6f2e1e4-3232-4039-bcc7-d855509ba3f2 tempest-SnapshotsActionsTest-1882604754 tempest-SnapshotsActionsTest-1882604754-project] DELETE http://10.222.0.20/volume/v3/c9dfb28fe3b94347be6e6a1e567af95c/snapshots/9f7080a6-3bd1-45af-bc15-e8f12ae59238
Jul 31 18:37:45.621445 dv-cinder-849846-5-smb devstack@c-api.service[110964]: DEBUG cinder.api.openstack.wsgi [None req-f6f2e1e4-3232-4039-bcc7-d855509ba3f2 tempest-SnapshotsActionsTest-1882604754 tempest-SnapshotsActionsTest-1882604754-project] Empty body provided in request {{(pid=110964) get_body /opt/stack/cinder/cinder/api/openstack/wsgi.py:715}}
Jul 31 18:37:45.621632 dv-cinder-849846-5-smb devstack@c-api.service[110965]: DEBUG oslo_db.sqlalchemy.engines [None req-c1b42257-ce57-4f4c-8c8f-107874bd0e31 tempest-GroupSnapshotsTest-412615643 tempest-GroupSnapshotsTest-412615643-project] MySQL server mode set to STRICT_TRANS_TABLES,STRICT_ALL_TABLES,NO_ZERO_IN_DATE,NO_ZERO_DATE,ERROR_FOR_DIVISION_BY_ZERO,TRADITIONAL,NO_ENGINE_SUBSTITUTION {{(pid=110965) _check_effective_sql_mode /usr/local/lib/python3.8/dist-packages/oslo_db/sqlalchemy/engines.py:314}}
Jul 31 18:37:45.625713 dv-cinder-849846-5-smb devstack@c-api.service[110964]: DEBUG cinder.api.openstack.wsgi [None req-f6f2e1e4-3232-4039-bcc7-d855509ba3f2 tempest-SnapshotsActionsTest-1882604754 tempest-SnapshotsActionsTest-1882604754-project] Calling method 'delete' {{(pid=110964) _process_stack /opt/stack/cinder/cinder/api/openstack/wsgi.py:868}}
Jul 31 18:37:45.626390 dv-cinder-849846-5-smb devstack@c-api.service[110964]: INFO cinder.api.v2.snapshots [None req-f6f2e1e4-3232-4039-bcc7-d855509ba3f2 tempest-SnapshotsActionsTest-1882604754 tempest-SnapshotsActionsTest-1882604754-project] Delete snapshot with id: 9f7080a6-3bd1-45af-bc15-e8f12ae59238
Jul 31 18:37:45.636517 dv-cinder-849846-5-smb devstack@c-api.service[110965]: /usr/local/lib/python3.8/dist-packages/oslo_context/context.py:100: DeprecationWarning: Policy enforcement is depending on the value of is_admin. This key is deprecated. Please update your policy file to use the standard policy values.
Jul 31 18:37:45.636517 dv-cinder-849846-5-smb devstack@c-api.service[110965]: warnings.warn('Policy enforcement is depending on the value of '
Jul 31 18:37:45.650016 dv-cinder-849846-5-smb devstack@c-api.service[110964]: INFO cinder.api.openstack.wsgi [None req-f6f2e1e4-3232-4039-bcc7-d855509ba3f2 tempest-SnapshotsActionsTest-1882604754 tempest-SnapshotsActionsTest-1882604754-project] http://10.222.0.20/volume/v3/c9dfb28fe3b94347be6e6a1e567af95c/snapshots/9f7080a6-3bd1-45af-bc15-e8f12ae59238 returned with HTTP 404
Jul 31 18:37:45.656488 dv-cinder-849846-5-smb devstack@c-api.service[110964]: [pid: 110964|app: 0|req: 101/194] 10.222.0.20 () {58 vars in 1334 bytes} [Sun Jul 31 18:37:45 2022] DELETE /volume/v3/c9dfb28fe3b94347be6e6a1e567af95c/snapshots/9f7080a6-3bd1-45af-bc15-e8f12ae59238 => generated 111 bytes in 47 msecs (HTTP/1.1 404) 7 headers in 292 bytes (2 switches on core 0)
Jul 31 18:37:45.657424 dv-cinder-849846-5-smb devstack@c-api.service[110965]: DEBUG dbcounter [-] [110965] Writing DB stats cinder:SELECT=75,cinder:INSERT=5,cinder:UPDATE=17,cinder:DELETE=3 {{(pid=110965) stat_writer /usr/local/lib/python3.8/dist-packages/dbcounter.py:114}}
Jul 31 18:37:45.658639 dv-cinder-849846-5-smb devstack@c-api.service[110964]: DEBUG cinder.api.middleware.request_id [None req-cb282d0d-f099-4626-9358-66ca0a82195c None None] RequestId filter calling following filter/app {{(pid=110964) _context_setter /opt/stack/cinder/cinder/api/middleware/request_id.py:62}}
Jul 31 18:37:45.667034 dv-cinder-849846-5-smb devstack@c-api.service[110964]: INFO cinder.api.openstack.wsgi [None req-cb282d0d-f099-4626-9358-66ca0a82195c tempest-SnapshotsActionsTest-1882604754 tempest-SnapshotsActionsTest-1882604754-project] DELETE http://10.222.0.20/volume/v3/c9dfb28fe3b94347be6e6a1e567af95c/snapshots/79bd5127-3999-4ea2-9de9-93f1ceb4bfd5
Jul 31 18:37:45.691736 dv-cinder-849846-5-smb devstack@c-api.service[110964]: DEBUG cinder.api.openstack.wsgi [None req-cb282d0d-f099-4626-9358-66ca0a82195c tempest-SnapshotsActionsTest-1882604754 tempest-SnapshotsActionsTest-1882604754-project] Empty body provided in request {{(pid=110964) get_body /opt/stack/cinder/cinder/api/openstack/wsgi.py:715}}
Jul 31 18:37:45.692615 dv-cinder-849846-5-smb devstack@c-api.service[110964]: DEBUG cinder.api.openstack.wsgi [None req-cb282d0d-f099-4626-9358-66ca0a82195c tempest-SnapshotsActionsTest-1882604754 tempest-SnapshotsActionsTest-1882604754-project] Calling method 'delete' {{(pid=110964) _process_stack /opt/stack/cinder/cinder/api/openstack/wsgi.py:868}}
Jul 31 18:37:45.693298 dv-cinder-849846-5-smb devstack@c-api.service[110964]: INFO cinder.api.v2.snapshots [None req-cb282d0d-f099-4626-9358-66ca0a82195c tempest-SnapshotsActionsTest-1882604754 tempest-SnapshotsActionsTest-1882604754-project] Delete snapshot with id: 79bd5127-3999-4ea2-9de9-93f1ceb4bfd5
Jul 31 18:37:45.697282 dv-cinder-849846-5-smb devstack@c-api.service[110965]: INFO cinder.api.openstack.wsgi [None req-c1b42257-ce57-4f4c-8c8f-107874bd0e31 tempest-GroupSnapshotsTest-412615643 tempest-GroupSnapshotsTest-412615643-project] http://10.222.0.20/volume/v3/f2b26d9e0259447cb0bacf92056fc83d/volumes/detail returned with HTTP 200
Jul 31 18:37:45.711295 dv-cinder-849846-5-smb devstack@c-api.service[110965]: [pid: 110965|app: 0|req: 94/195] 10.222.0.20 () {60 vars in 1276 bytes} [Sun Jul 31 18:37:45 2022] GET /volume/v3/f2b26d9e0259447cb0bacf92056fc83d/volumes/detail => generated 1992 bytes in 470 msecs (HTTP/1.1 200) 7 headers in 287 bytes (1 switches on core 0)
Jul 31 18:37:45.719651 dv-cinder-849846-5-smb devstack@c-api.service[110965]: DEBUG cinder.api.middleware.request_id [None req-b778424a-5d14-47e2-b721-58b50ee95e84 None None] RequestId filter calling following filter/app {{(pid=110965) _context_setter /opt/stack/cinder/cinder/api/middleware/request_id.py:62}}
Jul 31 18:37:45.724500 dv-cinder-849846-5-smb devstack@c-api.service[110965]: INFO cinder.api.openstack.wsgi [None req-b778424a-5d14-47e2-b721-58b50ee95e84 tempest-GroupSnapshotsTest-412615643 tempest-GroupSnapshotsTest-412615643-project] GET http://10.222.0.20/volume/v3/f2b26d9e0259447cb0bacf92056fc83d/snapshots/detail
Jul 31 18:37:45.724948 dv-cinder-849846-5-smb devstack@c-api.service[110965]: DEBUG cinder.api.openstack.wsgi [None req-b778424a-5d14-47e2-b721-58b50ee95e84 tempest-GroupSnapshotsTest-412615643 tempest-GroupSnapshotsTest-412615643-project] Empty body provided in request {{(pid=110965) get_body /opt/stack/cinder/cinder/api/openstack/wsgi.py:715}}
Jul 31 18:37:45.725401 dv-cinder-849846-5-smb devstack@c-api.service[110965]: DEBUG cinder.api.openstack.wsgi [None req-b778424a-5d14-47e2-b721-58b50ee95e84 tempest-GroupSnapshotsTest-412615643 tempest-GroupSnapshotsTest-412615643-project] Calling method 'detail' {{(pid=110965) _process_stack /opt/stack/cinder/cinder/api/openstack/wsgi.py:868}}
Jul 31 18:37:45.726213 dv-cinder-849846-5-smb devstack@c-api.service[110965]: DEBUG cinder.api.api_utils [None req-b778424a-5d14-47e2-b721-58b50ee95e84 tempest-GroupSnapshotsTest-412615643 tempest-GroupSnapshotsTest-412615643-project] Removing options '' from query. {{(pid=110965) remove_invalid_filter_options /opt/stack/cinder/cinder/api/api_utils.py:83}}
Jul 31 18:37:45.728445 dv-cinder-849846-5-smb devstack@c-api.service[110965]: DEBUG cinder.db.sqlalchemy.api [None req-b778424a-5d14-47e2-b721-58b50ee95e84 tempest-GroupSnapshotsTest-412615643 tempest-GroupSnapshotsTest-412615643-project] Building query based on filter {{(pid=110965) _process_snaps_filters /opt/stack/cinder/cinder/db/sqlalchemy/api.py:3885}}
Jul 31 18:37:45.737545 dv-cinder-849846-5-smb devstack@c-api.service[110964]: INFO cinder.api.openstack.wsgi [None req-cb282d0d-f099-4626-9358-66ca0a82195c tempest-SnapshotsActionsTest-1882604754 tempest-SnapshotsActionsTest-1882604754-project] http://10.222.0.20/volume/v3/c9dfb28fe3b94347be6e6a1e567af95c/snapshots/79bd5127-3999-4ea2-9de9-93f1ceb4bfd5 returned with HTTP 404
Jul 31 18:37:45.739158 dv-cinder-849846-5-smb devstack@c-api.service[110964]: [pid: 110964|app: 0|req: 102/196] 10.222.0.20 () {58 vars in 1334 bytes} [Sun Jul 31 18:37:45 2022] DELETE /volume/v3/c9dfb28fe3b94347be6e6a1e567af95c/snapshots/79bd5127-3999-4ea2-9de9-93f1ceb4bfd5 => generated 111 bytes in 82 msecs (HTTP/1.1 404) 7 headers in 292 bytes (1 switches on core 0)
Jul 31 18:37:45.744582 dv-cinder-849846-5-smb devstack@c-api.service[110964]: DEBUG cinder.api.middleware.request_id [None req-62d0278c-5bc6-45b7-92c6-88bd528140aa None None] RequestId filter calling following filter/app {{(pid=110964) _context_setter /opt/stack/cinder/cinder/api/middleware/request_id.py:62}}
Jul 31 18:37:45.750413 dv-cinder-849846-5-smb devstack@c-api.service[110964]: INFO cinder.api.openstack.wsgi [None req-62d0278c-5bc6-45b7-92c6-88bd528140aa tempest-SnapshotsActionsTest-1882604754 tempest-SnapshotsActionsTest-1882604754-project] DELETE http://10.222.0.20/volume/v3/c9dfb28fe3b94347be6e6a1e567af95c/snapshots/91773931-01eb-45bf-899f-9717a685dc26
Jul 31 18:37:45.751419 dv-cinder-849846-5-smb devstack@c-api.service[110964]: DEBUG cinder.api.openstack.wsgi [None req-62d0278c-5bc6-45b7-92c6-88bd528140aa tempest-SnapshotsActionsTest-1882604754 tempest-SnapshotsActionsTest-1882604754-project] Empty body provided in request {{(pid=110964) get_body /opt/stack/cinder/cinder/api/openstack/wsgi.py:715}}
Jul 31 18:37:45.752912 dv-cinder-849846-5-smb devstack@c-api.service[110964]: DEBUG cinder.api.openstack.wsgi [None req-62d0278c-5bc6-45b7-92c6-88bd528140aa tempest-SnapshotsActionsTest-1882604754 tempest-SnapshotsActionsTest-1882604754-project] Calling method 'delete' {{(pid=110964) _process_stack /opt/stack/cinder/cinder/api/openstack/wsgi.py:868}}
Jul 31 18:37:45.753969 dv-cinder-849846-5-smb devstack@c-api.service[110964]: INFO cinder.api.v2.snapshots [None req-62d0278c-5bc6-45b7-92c6-88bd528140aa tempest-SnapshotsActionsTest-1882604754 tempest-SnapshotsActionsTest-1882604754-project] Delete snapshot with id: 91773931-01eb-45bf-899f-9717a685dc26
Jul 31 18:37:45.817045 dv-cinder-849846-5-smb devstack@c-api.service[110964]: INFO cinder.api.openstack.wsgi [None req-62d0278c-5bc6-45b7-92c6-88bd528140aa tempest-SnapshotsActionsTest-1882604754 tempest-SnapshotsActionsTest-1882604754-project] http://10.222.0.20/volume/v3/c9dfb28fe3b94347be6e6a1e567af95c/snapshots/91773931-01eb-45bf-899f-9717a685dc26 returned with HTTP 404
Jul 31 18:37:45.824045 dv-cinder-849846-5-smb devstack@c-api.service[110964]: [pid: 110964|app: 0|req: 103/197] 10.222.0.20 () {58 vars in 1334 bytes} [Sun Jul 31 18:37:45 2022] DELETE /volume/v3/c9dfb28fe3b94347be6e6a1e567af95c/snapshots/91773931-01eb-45bf-899f-9717a685dc26 => generated 111 bytes in 80 msecs (HTTP/1.1 404) 7 headers in 292 bytes (1 switches on core 0)
Jul 31 18:37:45.834705 dv-cinder-849846-5-smb devstack@c-api.service[110964]: DEBUG cinder.api.middleware.request_id [None req-cbf84751-fd69-46bf-ae20-8205412dbf62 None None] RequestId filter calling following filter/app {{(pid=110964) _context_setter /opt/stack/cinder/cinder/api/middleware/request_id.py:62}}
Jul 31 18:37:45.864080 dv-cinder-849846-5-smb devstack@c-api.service[110965]: INFO cinder.volume.api [None req-b778424a-5d14-47e2-b721-58b50ee95e84 tempest-GroupSnapshotsTest-412615643 tempest-GroupSnapshotsTest-412615643-project] Get all snapshots completed successfully.
Jul 31 18:37:45.871622 dv-cinder-849846-5-smb devstack@c-api.service[110965]: INFO cinder.api.openstack.wsgi [None req-b778424a-5d14-47e2-b721-58b50ee95e84 tempest-GroupSnapshotsTest-412615643 tempest-GroupSnapshotsTest-412615643-project] http://10.222.0.20/volume/v3/f2b26d9e0259447cb0bacf92056fc83d/snapshots/detail returned with HTTP 200
Jul 31 18:37:45.878586 dv-cinder-849846-5-smb devstack@c-api.service[110964]: INFO cinder.api.openstack.wsgi [None req-cbf84751-fd69-46bf-ae20-8205412dbf62 tempest-SnapshotsActionsTest-1882604754 tempest-SnapshotsActionsTest-1882604754-project] DELETE http://10.222.0.20/volume/v3/c9dfb28fe3b94347be6e6a1e567af95c/snapshots/c42a7f69-994a-4c39-9a53-2c614f8423bd
Jul 31 18:37:45.883478 dv-cinder-849846-5-smb devstack@c-api.service[110965]: [pid: 110965|app: 0|req: 95/198] 10.222.0.20 () {58 vars in 1241 bytes} [Sun Jul 31 18:37:45 2022] GET /volume/v3/f2b26d9e0259447cb0bacf92056fc83d/snapshots/detail => generated 17 bytes in 165 msecs (HTTP/1.1 200) 7 headers in 284 bytes (1 switches on core 0)
Jul 31 18:37:45.889573 dv-cinder-849846-5-smb devstack@c-api.service[110964]: DEBUG cinder.api.openstack.wsgi [None req-cbf84751-fd69-46bf-ae20-8205412dbf62 tempest-SnapshotsActionsTest-1882604754 tempest-SnapshotsActionsTest-1882604754-project] Empty body provided in request {{(pid=110964) get_body /opt/stack/cinder/cinder/api/openstack/wsgi.py:715}}
Jul 31 18:37:45.891619 dv-cinder-849846-5-smb devstack@c-api.service[110964]: DEBUG cinder.api.openstack.wsgi [None req-cbf84751-fd69-46bf-ae20-8205412dbf62 tempest-SnapshotsActionsTest-1882604754 tempest-SnapshotsActionsTest-1882604754-project] Calling method 'delete' {{(pid=110964) _process_stack /opt/stack/cinder/cinder/api/openstack/wsgi.py:868}}
Jul 31 18:37:45.891884 dv-cinder-849846-5-smb devstack@c-api.service[110965]: DEBUG cinder.api.middleware.request_id [None req-3f1479bd-5b19-409d-ab4d-5ef36f765d56 None None] RequestId filter calling following filter/app {{(pid=110965) _context_setter /opt/stack/cinder/cinder/api/middleware/request_id.py:62}}
Jul 31 18:37:45.892176 dv-cinder-849846-5-smb devstack@c-api.service[110964]: INFO cinder.api.v2.snapshots [None req-cbf84751-fd69-46bf-ae20-8205412dbf62 tempest-SnapshotsActionsTest-1882604754 tempest-SnapshotsActionsTest-1882604754-project] Delete snapshot with id: c42a7f69-994a-4c39-9a53-2c614f8423bd
Jul 31 18:37:45.918141 dv-cinder-849846-5-smb devstack@c-api.service[110965]: INFO cinder.api.openstack.wsgi [None req-3f1479bd-5b19-409d-ab4d-5ef36f765d56 tempest-GroupSnapshotsTest-412615643 tempest-GroupSnapshotsTest-412615643-project] GET http://10.222.0.20/volume/v3/f2b26d9e0259447cb0bacf92056fc83d/group_snapshots/de2517c0-f1c0-402b-a4c1-763506dc04bb
Jul 31 18:37:45.919164 dv-cinder-849846-5-smb devstack@c-api.service[110964]: INFO cinder.api.openstack.wsgi [None req-cbf84751-fd69-46bf-ae20-8205412dbf62 tempest-SnapshotsActionsTest-1882604754 tempest-SnapshotsActionsTest-1882604754-project] http://10.222.0.20/volume/v3/c9dfb28fe3b94347be6e6a1e567af95c/snapshots/c42a7f69-994a-4c39-9a53-2c614f8423bd returned with HTTP 404
Jul 31 18:37:45.924086 dv-cinder-849846-5-smb devstack@c-api.service[110964]: [pid: 110964|app: 0|req: 104/199] 10.222.0.20 () {58 vars in 1334 bytes} [Sun Jul 31 18:37:45 2022] DELETE /volume/v3/c9dfb28fe3b94347be6e6a1e567af95c/snapshots/c42a7f69-994a-4c39-9a53-2c614f8423bd => generated 111 bytes in 99 msecs (HTTP/1.1 404) 7 headers in 292 bytes (1 switches on core 0)
Jul 31 18:37:45.929618 dv-cinder-849846-5-smb devstack@c-api.service[110964]: DEBUG cinder.api.middleware.request_id [None req-be25a384-fdbe-425b-8177-91177a00abdf None None] RequestId filter calling following filter/app {{(pid=110964) _context_setter /opt/stack/cinder/cinder/api/middleware/request_id.py:62}}
Jul 31 18:37:45.930625 dv-cinder-849846-5-smb devstack@c-api.service[110965]: DEBUG cinder.api.openstack.wsgi [None req-3f1479bd-5b19-409d-ab4d-5ef36f765d56 tempest-GroupSnapshotsTest-412615643 tempest-GroupSnapshotsTest-412615643-project] Empty body provided in request {{(pid=110965) get_body /opt/stack/cinder/cinder/api/openstack/wsgi.py:715}}
Jul 31 18:37:45.935648 dv-cinder-849846-5-smb devstack@c-api.service[110965]: DEBUG cinder.api.openstack.wsgi [None req-3f1479bd-5b19-409d-ab4d-5ef36f765d56 tempest-GroupSnapshotsTest-412615643 tempest-GroupSnapshotsTest-412615643-project] Calling method 'version_select' {{(pid=110965) _process_stack /opt/stack/cinder/cinder/api/openstack/wsgi.py:868}}
Jul 31 18:37:45.937627 dv-cinder-849846-5-smb devstack@c-api.service[110965]: DEBUG cinder.api.v3.group_snapshots [None req-3f1479bd-5b19-409d-ab4d-5ef36f765d56 tempest-GroupSnapshotsTest-412615643 tempest-GroupSnapshotsTest-412615643-project] show called for member de2517c0-f1c0-402b-a4c1-763506dc04bb {{(pid=110965) show /opt/stack/cinder/cinder/api/v3/group_snapshots.py:58}}
Jul 31 18:37:45.940326 dv-cinder-849846-5-smb devstack@c-api.service[110964]: INFO cinder.api.openstack.wsgi [None req-be25a384-fdbe-425b-8177-91177a00abdf tempest-SnapshotsActionsTest-1882604754 tempest-SnapshotsActionsTest-1882604754-project] DELETE http://10.222.0.20/volume/v3/c9dfb28fe3b94347be6e6a1e567af95c/snapshots/058d955d-26eb-445f-b06f-157b8d010295
Jul 31 18:37:45.940832 dv-cinder-849846-5-smb devstack@c-api.service[110964]: DEBUG cinder.api.openstack.wsgi [None req-be25a384-fdbe-425b-8177-91177a00abdf tempest-SnapshotsActionsTest-1882604754 tempest-SnapshotsActionsTest-1882604754-project] Empty body provided in request {{(pid=110964) get_body /opt/stack/cinder/cinder/api/openstack/wsgi.py:715}}
Jul 31 18:37:45.941424 dv-cinder-849846-5-smb devstack@c-api.service[110964]: DEBUG cinder.api.openstack.wsgi [None req-be25a384-fdbe-425b-8177-91177a00abdf tempest-SnapshotsActionsTest-1882604754 tempest-SnapshotsActionsTest-1882604754-project] Calling method 'delete' {{(pid=110964) _process_stack /opt/stack/cinder/cinder/api/openstack/wsgi.py:868}}
Jul 31 18:37:45.941822 dv-cinder-849846-5-smb devstack@c-api.service[110964]: INFO cinder.api.v2.snapshots [None req-be25a384-fdbe-425b-8177-91177a00abdf tempest-SnapshotsActionsTest-1882604754 tempest-SnapshotsActionsTest-1882604754-project] Delete snapshot with id: 058d955d-26eb-445f-b06f-157b8d010295
Jul 31 18:37:45.974193 dv-cinder-849846-5-smb devstack@c-api.service[110965]: INFO cinder.api.openstack.wsgi [None req-3f1479bd-5b19-409d-ab4d-5ef36f765d56 tempest-GroupSnapshotsTest-412615643 tempest-GroupSnapshotsTest-412615643-project] http://10.222.0.20/volume/v3/f2b26d9e0259447cb0bacf92056fc83d/group_snapshots/de2517c0-f1c0-402b-a4c1-763506dc04bb returned with HTTP 404
Jul 31 18:37:45.976831 dv-cinder-849846-5-smb devstack@c-api.service[110964]: /usr/local/lib/python3.8/dist-packages/oslo_context/context.py:100: DeprecationWarning: Policy enforcement is depending on the value of is_admin. This key is deprecated. Please update your policy file to use the standard policy values.
Jul 31 18:37:45.976831 dv-cinder-849846-5-smb devstack@c-api.service[110964]: warnings.warn('Policy enforcement is depending on the value of '
Jul 31 18:37:45.978191 dv-cinder-849846-5-smb devstack@c-api.service[110964]: INFO cinder.volume.api [None req-be25a384-fdbe-425b-8177-91177a00abdf tempest-SnapshotsActionsTest-1882604754 tempest-SnapshotsActionsTest-1882604754-project] Snapshot retrieved successfully.
Jul 31 18:37:45.988238 dv-cinder-849846-5-smb devstack@c-api.service[110965]: [pid: 110965|app: 0|req: 96/200] 10.222.0.20 () {60 vars in 1390 bytes} [Sun Jul 31 18:37:45 2022] GET /volume/v3/f2b26d9e0259447cb0bacf92056fc83d/group_snapshots/de2517c0-f1c0-402b-a4c1-763506dc04bb => generated 116 bytes in 100 msecs (HTTP/1.1 404) 7 headers in 293 bytes (1 switches on core 0)
Jul 31 18:37:45.998981 dv-cinder-849846-5-smb devstack@c-api.service[110965]: DEBUG cinder.api.middleware.request_id [None req-068a3966-d2df-48f7-974b-d60c40bcaa3b None None] RequestId filter calling following filter/app {{(pid=110965) _context_setter /opt/stack/cinder/cinder/api/middleware/request_id.py:62}}
Jul 31 18:37:46.016929 dv-cinder-849846-5-smb devstack@c-api.service[110965]: INFO cinder.api.openstack.wsgi [None req-068a3966-d2df-48f7-974b-d60c40bcaa3b tempest-GroupSnapshotsTest-412615643 tempest-GroupSnapshotsTest-412615643-project] DELETE http://10.222.0.20/volume/v3/f2b26d9e0259447cb0bacf92056fc83d/group_snapshots/de2517c0-f1c0-402b-a4c1-763506dc04bb
Jul 31 18:37:46.017437 dv-cinder-849846-5-smb devstack@c-api.service[110965]: DEBUG cinder.api.openstack.wsgi [None req-068a3966-d2df-48f7-974b-d60c40bcaa3b tempest-GroupSnapshotsTest-412615643 tempest-GroupSnapshotsTest-412615643-project] Empty body provided in request {{(pid=110965) get_body /opt/stack/cinder/cinder/api/openstack/wsgi.py:715}}
Jul 31 18:37:46.025634 dv-cinder-849846-5-smb devstack@c-api.service[110965]: DEBUG cinder.api.openstack.wsgi [None req-068a3966-d2df-48f7-974b-d60c40bcaa3b tempest-GroupSnapshotsTest-412615643 tempest-GroupSnapshotsTest-412615643-project] Calling method 'version_select' {{(pid=110965) _process_stack /opt/stack/cinder/cinder/api/openstack/wsgi.py:868}}
Jul 31 18:37:46.026278 dv-cinder-849846-5-smb devstack@c-api.service[110965]: DEBUG cinder.api.v3.group_snapshots [None req-068a3966-d2df-48f7-974b-d60c40bcaa3b tempest-GroupSnapshotsTest-412615643 tempest-GroupSnapshotsTest-412615643-project] delete called for member de2517c0-f1c0-402b-a4c1-763506dc04bb {{(pid=110965) delete /opt/stack/cinder/cinder/api/v3/group_snapshots.py:72}}
Jul 31 18:37:46.026832 dv-cinder-849846-5-smb devstack@c-api.service[110965]: INFO cinder.api.v3.group_snapshots [None req-068a3966-d2df-48f7-974b-d60c40bcaa3b tempest-GroupSnapshotsTest-412615643 tempest-GroupSnapshotsTest-412615643-project] Delete group_snapshot with id: de2517c0-f1c0-402b-a4c1-763506dc04bb
Jul 31 18:37:46.044046 dv-cinder-849846-5-smb devstack@c-api.service[110965]: INFO cinder.api.openstack.wsgi [None req-068a3966-d2df-48f7-974b-d60c40bcaa3b tempest-GroupSnapshotsTest-412615643 tempest-GroupSnapshotsTest-412615643-project] http://10.222.0.20/volume/v3/f2b26d9e0259447cb0bacf92056fc83d/group_snapshots/de2517c0-f1c0-402b-a4c1-763506dc04bb returned with HTTP 404
Jul 31 18:37:46.045807 dv-cinder-849846-5-smb devstack@c-api.service[110965]: [pid: 110965|app: 0|req: 97/201] 10.222.0.20 () {60 vars in 1393 bytes} [Sun Jul 31 18:37:45 2022] DELETE /volume/v3/f2b26d9e0259447cb0bacf92056fc83d/group_snapshots/de2517c0-f1c0-402b-a4c1-763506dc04bb => generated 116 bytes in 51 msecs (HTTP/1.1 404) 7 headers in 293 bytes (1 switches on core 0)
Jul 31 18:37:46.050420 dv-cinder-849846-5-smb devstack@c-api.service[110965]: DEBUG cinder.api.middleware.request_id [None req-8e40b8e6-beb8-4e1d-a062-c854d03248a5 None None] RequestId filter calling following filter/app {{(pid=110965) _context_setter /opt/stack/cinder/cinder/api/middleware/request_id.py:62}}
Jul 31 18:37:46.056142 dv-cinder-849846-5-smb devstack@c-api.service[110965]: INFO cinder.api.openstack.wsgi [None req-8e40b8e6-beb8-4e1d-a062-c854d03248a5 tempest-GroupSnapshotsTest-412615643 tempest-GroupSnapshotsTest-412615643-project] GET http://10.222.0.20/volume/v3/f2b26d9e0259447cb0bacf92056fc83d/volumes/detail
Jul 31 18:37:46.057065 dv-cinder-849846-5-smb devstack@c-api.service[110965]: DEBUG cinder.api.openstack.wsgi [None req-8e40b8e6-beb8-4e1d-a062-c854d03248a5 tempest-GroupSnapshotsTest-412615643 tempest-GroupSnapshotsTest-412615643-project] Empty body provided in request {{(pid=110965) get_body /opt/stack/cinder/cinder/api/openstack/wsgi.py:715}}
Jul 31 18:37:46.057730 dv-cinder-849846-5-smb devstack@c-api.service[110965]: DEBUG cinder.api.openstack.wsgi [None req-8e40b8e6-beb8-4e1d-a062-c854d03248a5 tempest-GroupSnapshotsTest-412615643 tempest-GroupSnapshotsTest-412615643-project] Calling method 'detail' {{(pid=110965) _process_stack /opt/stack/cinder/cinder/api/openstack/wsgi.py:868}}
Jul 31 18:37:46.062187 dv-cinder-849846-5-smb devstack@c-api.service[110965]: DEBUG cinder.api.api_utils [None req-8e40b8e6-beb8-4e1d-a062-c854d03248a5 tempest-GroupSnapshotsTest-412615643 tempest-GroupSnapshotsTest-412615643-project] Removing options '' from query. {{(pid=110965) remove_invalid_filter_options /opt/stack/cinder/cinder/api/api_utils.py:83}}
Jul 31 18:37:46.066547 dv-cinder-849846-5-smb devstack@c-api.service[110965]: DEBUG cinder.volume.api [None req-8e40b8e6-beb8-4e1d-a062-c854d03248a5 tempest-GroupSnapshotsTest-412615643 tempest-GroupSnapshotsTest-412615643-project] Searching by: MultiDict([('no_migration_targets', True)]). {{(pid=110965) get_all /opt/stack/cinder/cinder/volume/api.py:664}}
Jul 31 18:37:46.110122 dv-cinder-849846-5-smb devstack@c-api.service[110964]: INFO cinder.volume.api [None req-be25a384-fdbe-425b-8177-91177a00abdf tempest-SnapshotsActionsTest-1882604754 tempest-SnapshotsActionsTest-1882604754-project] Snapshot delete request issued successfully.
Jul 31 18:37:46.110557 dv-cinder-849846-5-smb devstack@c-api.service[110964]: INFO cinder.api.openstack.wsgi [None req-be25a384-fdbe-425b-8177-91177a00abdf tempest-SnapshotsActionsTest-1882604754 tempest-SnapshotsActionsTest-1882604754-project] http://10.222.0.20/volume/v3/c9dfb28fe3b94347be6e6a1e567af95c/snapshots/058d955d-26eb-445f-b06f-157b8d010295 returned with HTTP 202
Jul 31 18:37:46.118382 dv-cinder-849846-5-smb devstack@c-api.service[110964]: [pid: 110964|app: 0|req: 105/202] 10.222.0.20 () {58 vars in 1334 bytes} [Sun Jul 31 18:37:45 2022] DELETE /volume/v3/c9dfb28fe3b94347be6e6a1e567af95c/snapshots/058d955d-26eb-445f-b06f-157b8d010295 => generated 0 bytes in 190 msecs (HTTP/1.1 202) 6 headers in 233 bytes (2 switches on core 0)
Jul 31 18:37:46.122179 dv-cinder-849846-5-smb devstack@c-api.service[110964]: DEBUG cinder.api.middleware.request_id [None req-c2f461d6-0270-468e-846d-467d26b298ba None None] RequestId filter calling following filter/app {{(pid=110964) _context_setter /opt/stack/cinder/cinder/api/middleware/request_id.py:62}}
Jul 31 18:37:46.140358 dv-cinder-849846-5-smb devstack@c-api.service[110964]: INFO cinder.api.openstack.wsgi [None req-c2f461d6-0270-468e-846d-467d26b298ba tempest-SnapshotsActionsTest-1882604754 tempest-SnapshotsActionsTest-1882604754-project] GET http://10.222.0.20/volume/v3/c9dfb28fe3b94347be6e6a1e567af95c/snapshots/058d955d-26eb-445f-b06f-157b8d010295
Jul 31 18:37:46.142171 dv-cinder-849846-5-smb devstack@c-api.service[110964]: DEBUG cinder.api.openstack.wsgi [None req-c2f461d6-0270-468e-846d-467d26b298ba tempest-SnapshotsActionsTest-1882604754 tempest-SnapshotsActionsTest-1882604754-project] Empty body provided in request {{(pid=110964) get_body /opt/stack/cinder/cinder/api/openstack/wsgi.py:715}}
Jul 31 18:37:46.163296 dv-cinder-849846-5-smb devstack@c-api.service[110964]: DEBUG cinder.api.openstack.wsgi [None req-c2f461d6-0270-468e-846d-467d26b298ba tempest-SnapshotsActionsTest-1882604754 tempest-SnapshotsActionsTest-1882604754-project] Calling method 'show' {{(pid=110964) _process_stack /opt/stack/cinder/cinder/api/openstack/wsgi.py:868}}
Jul 31 18:37:46.193391 dv-cinder-849846-5-smb devstack@c-api.service[110965]: INFO cinder.volume.api [None req-8e40b8e6-beb8-4e1d-a062-c854d03248a5 tempest-GroupSnapshotsTest-412615643 tempest-GroupSnapshotsTest-412615643-project] Get all volumes completed successfully.
Jul 31 18:37:46.200294 dv-cinder-849846-5-smb devstack@c-api.service[110965]: WARNING stevedore.named [None req-8e40b8e6-beb8-4e1d-a062-c854d03248a5 tempest-GroupSnapshotsTest-412615643 tempest-GroupSnapshotsTest-412615643-project] Could not load cinder.keymgr.conf_key_mgr.ConfKeyManager
Jul 31 18:37:46.200729 dv-cinder-849846-5-smb devstack@c-api.service[110965]: WARNING castellan.key_manager [None req-8e40b8e6-beb8-4e1d-a062-c854d03248a5 tempest-GroupSnapshotsTest-412615643 tempest-GroupSnapshotsTest-412615643-project] Deprecation Warning : cinder.keymgr.conf_key_mgr.ConfKeyManager is not a stevedore based driver, trying to load it as a class: stevedore.exception.NoMatches: No 'castellan.drivers' driver found, looking for 'cinder.keymgr.conf_key_mgr.ConfKeyManager'
Jul 31 18:37:46.204490 dv-cinder-849846-5-smb devstack@c-api.service[110964]: /usr/local/lib/python3.8/dist-packages/oslo_context/context.py:100: DeprecationWarning: Policy enforcement is depending on the value of is_admin. This key is deprecated. Please update your policy file to use the standard policy values.
Jul 31 18:37:46.204490 dv-cinder-849846-5-smb devstack@c-api.service[110964]: warnings.warn('Policy enforcement is depending on the value of '
Jul 31 18:37:46.218192 dv-cinder-849846-5-smb devstack@c-api.service[110965]: DEBUG oslo_db.sqlalchemy.engines [None req-8e40b8e6-beb8-4e1d-a062-c854d03248a5 tempest-GroupSnapshotsTest-412615643 tempest-GroupSnapshotsTest-412615643-project] MySQL server mode set to STRICT_TRANS_TABLES,STRICT_ALL_TABLES,NO_ZERO_IN_DATE,NO_ZERO_DATE,ERROR_FOR_DIVISION_BY_ZERO,TRADITIONAL,NO_ENGINE_SUBSTITUTION {{(pid=110965) _check_effective_sql_mode /usr/local/lib/python3.8/dist-packages/oslo_db/sqlalchemy/engines.py:314}}
Jul 31 18:37:46.221303 dv-cinder-849846-5-smb devstack@c-api.service[110964]: INFO cinder.volume.api [None req-c2f461d6-0270-468e-846d-467d26b298ba tempest-SnapshotsActionsTest-1882604754 tempest-SnapshotsActionsTest-1882604754-project] Snapshot retrieved successfully.
Jul 31 18:37:46.229533 dv-cinder-849846-5-smb devstack@c-api.service[110965]: /usr/local/lib/python3.8/dist-packages/oslo_context/context.py:100: DeprecationWarning: Policy enforcement is depending on the value of is_admin. This key is deprecated. Please update your policy file to use the standard policy values.
Jul 31 18:37:46.229533 dv-cinder-849846-5-smb devstack@c-api.service[110965]: warnings.warn('Policy enforcement is depending on the value of '
Jul 31 18:37:46.229831 dv-cinder-849846-5-smb devstack@c-api.service[110964]: INFO cinder.api.openstack.wsgi [None req-c2f461d6-0270-468e-846d-467d26b298ba tempest-SnapshotsActionsTest-1882604754 tempest-SnapshotsActionsTest-1882604754-project] http://10.222.0.20/volume/v3/c9dfb28fe3b94347be6e6a1e567af95c/snapshots/058d955d-26eb-445f-b06f-157b8d010295 returned with HTTP 200
Jul 31 18:37:46.240703 dv-cinder-849846-5-smb devstack@c-api.service[110964]: [pid: 110964|app: 0|req: 106/203] 10.222.0.20 () {58 vars in 1331 bytes} [Sun Jul 31 18:37:46 2022] GET /volume/v3/c9dfb28fe3b94347be6e6a1e567af95c/snapshots/058d955d-26eb-445f-b06f-157b8d010295 => generated 530 bytes in 116 msecs (HTTP/1.1 200) 7 headers in 285 bytes (1 switches on core 0)
Jul 31 18:37:46.249546 dv-cinder-849846-5-smb devstack@c-api.service[110965]: WARNING stevedore.named [None req-8e40b8e6-beb8-4e1d-a062-c854d03248a5 tempest-GroupSnapshotsTest-412615643 tempest-GroupSnapshotsTest-412615643-project] Could not load cinder.keymgr.conf_key_mgr.ConfKeyManager
Jul 31 18:37:46.251878 dv-cinder-849846-5-smb devstack@c-api.service[110965]: WARNING castellan.key_manager [None req-8e40b8e6-beb8-4e1d-a062-c854d03248a5 tempest-GroupSnapshotsTest-412615643 tempest-GroupSnapshotsTest-412615643-project] Deprecation Warning : cinder.keymgr.conf_key_mgr.ConfKeyManager is not a stevedore based driver, trying to load it as a class: stevedore.exception.NoMatches: No 'castellan.drivers' driver found, looking for 'cinder.keymgr.conf_key_mgr.ConfKeyManager'
Jul 31 18:37:46.270206 dv-cinder-849846-5-smb devstack@c-api.service[110965]: DEBUG oslo_db.sqlalchemy.engines [None req-8e40b8e6-beb8-4e1d-a062-c854d03248a5 tempest-GroupSnapshotsTest-412615643 tempest-GroupSnapshotsTest-412615643-project] MySQL server mode set to STRICT_TRANS_TABLES,STRICT_ALL_TABLES,NO_ZERO_IN_DATE,NO_ZERO_DATE,ERROR_FOR_DIVISION_BY_ZERO,TRADITIONAL,NO_ENGINE_SUBSTITUTION {{(pid=110965) _check_effective_sql_mode /usr/local/lib/python3.8/dist-packages/oslo_db/sqlalchemy/engines.py:314}}
Jul 31 18:37:46.281141 dv-cinder-849846-5-smb devstack@c-api.service[110965]: /usr/local/lib/python3.8/dist-packages/oslo_context/context.py:100: DeprecationWarning: Policy enforcement is depending on the value of is_admin. This key is deprecated. Please update your policy file to use the standard policy values.
Jul 31 18:37:46.281141 dv-cinder-849846-5-smb devstack@c-api.service[110965]: warnings.warn('Policy enforcement is depending on the value of '
Jul 31 18:37:46.336203 dv-cinder-849846-5-smb devstack@c-api.service[110965]: INFO cinder.api.openstack.wsgi [None req-8e40b8e6-beb8-4e1d-a062-c854d03248a5 tempest-GroupSnapshotsTest-412615643 tempest-GroupSnapshotsTest-412615643-project] http://10.222.0.20/volume/v3/f2b26d9e0259447cb0bacf92056fc83d/volumes/detail returned with HTTP 200
Jul 31 18:37:46.346454 dv-cinder-849846-5-smb devstack@c-api.service[110965]: [pid: 110965|app: 0|req: 98/204] 10.222.0.20 () {60 vars in 1276 bytes} [Sun Jul 31 18:37:46 2022] GET /volume/v3/f2b26d9e0259447cb0bacf92056fc83d/volumes/detail => generated 1992 bytes in 297 msecs (HTTP/1.1 200) 7 headers in 287 bytes (1 switches on core 0)
Jul 31 18:37:46.367350 dv-cinder-849846-5-smb devstack@c-api.service[110964]: DEBUG cinder.api.middleware.request_id [None req-2f998a90-6c9a-48ac-8218-804f92eda741 None None] RequestId filter calling following filter/app {{(pid=110964) _context_setter /opt/stack/cinder/cinder/api/middleware/request_id.py:62}}
Jul 31 18:37:46.376665 dv-cinder-849846-5-smb devstack@c-api.service[110964]: INFO cinder.api.openstack.wsgi [None req-2f998a90-6c9a-48ac-8218-804f92eda741 tempest-GroupSnapshotsTest-412615643 tempest-GroupSnapshotsTest-412615643-project] POST http://10.222.0.20/volume/v3/f2b26d9e0259447cb0bacf92056fc83d/groups/88ddab27-44ca-44be-9fe4-e8306f5828b8/action
