Aug 04 07:35:06.680741 dv-cinder-849800-3-iscsi devstack@g-api.service[119022]: DEBUG glance_store.location [None req-aaae5ef2-519f-4262-ad1f-2d225ea3ff48 admin admin] Registering scheme swift+https with {'store': , 'location_class': , 'store_entry': 'swift'} {{(pid=119022) register_scheme_map /usr/local/lib/python3.8/dist-packages/glance_store/location.py:146}}
Aug 04 07:35:06.680995 dv-cinder-849800-3-iscsi devstack@g-api.service[119022]: DEBUG glance_store.location [None req-aaae5ef2-519f-4262-ad1f-2d225ea3ff48 admin admin] Registering scheme swift+https with {'store': , 'location_class': , 'store_entry': 'swift'} {{(pid=119022) register_scheme_map /usr/local/lib/python3.8/dist-packages/glance_store/location.py:146}}
Aug 04 07:35:06.681395 dv-cinder-849800-3-iscsi devstack@g-api.service[119022]: DEBUG glance_store.location [None req-aaae5ef2-519f-4262-ad1f-2d225ea3ff48 admin admin] Registering scheme swift with {'store': , 'location_class': , 'store_entry': 'swift'} {{(pid=119022) register_scheme_map /usr/local/lib/python3.8/dist-packages/glance_store/location.py:146}}
Aug 04 07:35:06.681648 dv-cinder-849800-3-iscsi devstack@g-api.service[119022]: DEBUG glance_store.location [None req-aaae5ef2-519f-4262-ad1f-2d225ea3ff48 admin admin] Registering scheme swift+https with {'store': , 'location_class': , 'store_entry': 'swift'} {{(pid=119022) register_scheme_map /usr/local/lib/python3.8/dist-packages/glance_store/location.py:146}}
Aug 04 07:35:06.681893 dv-cinder-849800-3-iscsi devstack@g-api.service[119022]: DEBUG glance_store.location [None req-aaae5ef2-519f-4262-ad1f-2d225ea3ff48 admin admin] Registering scheme swift with {'store': , 'location_class': , 'store_entry': 'swift'} {{(pid=119022) register_scheme_map /usr/local/lib/python3.8/dist-packages/glance_store/location.py:146}}
Aug 04 07:35:06.682256 dv-cinder-849800-3-iscsi devstack@g-api.service[119022]: DEBUG glance_store.location [None req-aaae5ef2-519f-4262-ad1f-2d225ea3ff48 admin admin] Registering scheme swift+http with {'store': , 'location_class': , 'store_entry': 'swift'} {{(pid=119022) register_scheme_map /usr/local/lib/python3.8/dist-packages/glance_store/location.py:146}}
Aug 04 07:35:06.682494 dv-cinder-849800-3-iscsi devstack@g-api.service[119022]: DEBUG glance_store.location [None req-aaae5ef2-519f-4262-ad1f-2d225ea3ff48 admin admin] Registering scheme swift+https with {'store': , 'location_class': , 'store_entry': 'swift'} {{(pid=119022) register_scheme_map /usr/local/lib/python3.8/dist-packages/glance_store/location.py:146}}
Aug 04 07:35:06.682731 dv-cinder-849800-3-iscsi devstack@g-api.service[119022]: DEBUG glance_store.location [None req-aaae5ef2-519f-4262-ad1f-2d225ea3ff48 admin admin] Registering scheme swift with {'store': , 'location_class': , 'store_entry': 'swift'} {{(pid=119022) register_scheme_map /usr/local/lib/python3.8/dist-packages/glance_store/location.py:146}}
Aug 04 07:35:06.682968 dv-cinder-849800-3-iscsi devstack@g-api.service[119022]: DEBUG glance_store.location [None req-aaae5ef2-519f-4262-ad1f-2d225ea3ff48 admin admin] Registering scheme swift+http with {'store': , 'location_class': , 'store_entry': 'swift'} {{(pid=119022) register_scheme_map /usr/local/lib/python3.8/dist-packages/glance_store/location.py:146}}
Aug 04 07:35:06.683203 dv-cinder-849800-3-iscsi devstack@g-api.service[119022]: DEBUG glance_store.location [None req-aaae5ef2-519f-4262-ad1f-2d225ea3ff48 admin admin] Registering scheme swift+config with {'store': , 'location_class': , 'store_entry': 'swift'} {{(pid=119022) register_scheme_map /usr/local/lib/python3.8/dist-packages/glance_store/location.py:146}}
Aug 04 07:35:07.335799 dv-cinder-849800-3-iscsi devstack@g-api.service[119022]: INFO swiftclient [None req-aaae5ef2-519f-4262-ad1f-2d225ea3ff48 admin admin] REQ: curl -i http://10.222.0.64:8080/v1/AUTH_a29ed6718e0b46a69ba512b878ce710a/glance -I -H "X-Auth-Token: gAAAAABi63aq4mZ0..."
Aug 04 07:35:07.336388 dv-cinder-849800-3-iscsi devstack@g-api.service[119022]: INFO swiftclient [None req-aaae5ef2-519f-4262-ad1f-2d225ea3ff48 admin admin] RESP STATUS: 404 Not Found
Aug 04 07:35:07.336388 dv-cinder-849800-3-iscsi devstack@g-api.service[119022]: INFO swiftclient [None req-aaae5ef2-519f-4262-ad1f-2d225ea3ff48 admin admin] RESP HEADERS: {'Content-Type': 'text/html; charset=UTF-8', 'Content-Length': '0', 'X-Trans-Id': 'txb1085e47029642a89bd25-0062eb76aa', 'X-Openstack-Request-Id': 'txb1085e47029642a89bd25-0062eb76aa', 'Date': 'Thu, 04 Aug 2022 07:35:07 GMT'}
Aug 04 07:35:07.336861 dv-cinder-849800-3-iscsi devstack@g-api.service[119022]: INFO glance_store._drivers.swift.store [None req-aaae5ef2-519f-4262-ad1f-2d225ea3ff48 admin admin] Creating swift container glance
Aug 04 07:35:07.719235 dv-cinder-849800-3-iscsi devstack@g-api.service[119022]: DEBUG swiftclient [None req-aaae5ef2-519f-4262-ad1f-2d225ea3ff48 admin admin] REQ: curl -i http://10.222.0.64:8080/v1/AUTH_a29ed6718e0b46a69ba512b878ce710a/glance -X PUT -H "X-Auth-Token: gAAAAABi63aq4mZ0..." -H "Content-Length: 0" {{(pid=119022) http_log /usr/local/lib/python3.8/dist-packages/swiftclient/client.py:157}}
Aug 04 07:35:07.719491 dv-cinder-849800-3-iscsi devstack@g-api.service[119022]: DEBUG swiftclient [None req-aaae5ef2-519f-4262-ad1f-2d225ea3ff48 admin admin] RESP STATUS: 201 Created {{(pid=119022) http_log /usr/local/lib/python3.8/dist-packages/swiftclient/client.py:158}}
Aug 04 07:35:07.719849 dv-cinder-849800-3-iscsi devstack@g-api.service[119022]: DEBUG swiftclient [None req-aaae5ef2-519f-4262-ad1f-2d225ea3ff48 admin admin] RESP HEADERS: {'Content-Type': 'text/html; charset=UTF-8', 'Content-Length': '0', 'X-Trans-Id': 'tx95059d401d8642b2aca07-0062eb76ab', 'X-Openstack-Request-Id': 'tx95059d401d8642b2aca07-0062eb76ab', 'Date': 'Thu, 04 Aug 2022 07:35:07 GMT'} {{(pid=119022) http_log /usr/local/lib/python3.8/dist-packages/swiftclient/client.py:159}}
Aug 04 07:35:07.720187 dv-cinder-849800-3-iscsi devstack@g-api.service[119022]: DEBUG glance_store._drivers.swift.store [None req-aaae5ef2-519f-4262-ad1f-2d225ea3ff48 admin admin] Adding image object 'b6e3074a-cfcd-437b-9979-8f2abec6164c' to Swift {{(pid=119022) add /usr/local/lib/python3.8/dist-packages/glance_store/_drivers/swift/store.py:941}}
Aug 04 07:35:16.228202 dv-cinder-849800-3-iscsi devstack@g-api.service[119023]: DEBUG dbcounter [-] [119023] Writing DB stats glance:SELECT=7,glance:INSERT=5 {{(pid=119023) stat_writer /usr/local/lib/python3.8/dist-packages/dbcounter.py:114}}
Aug 04 07:35:16.651190 dv-cinder-849800-3-iscsi devstack@g-api.service[119022]: DEBUG dbcounter [-] [119022] Writing DB stats glance:SELECT=13,glance:UPDATE=1 {{(pid=119022) stat_writer /usr/local/lib/python3.8/dist-packages/dbcounter.py:114}}
Aug 04 07:35:23.184855 dv-cinder-849800-3-iscsi devstack@g-api.service[119022]: DEBUG swiftclient [None req-aaae5ef2-519f-4262-ad1f-2d225ea3ff48 admin admin] REQ: curl -i http://10.222.0.64:8080/v1/AUTH_a29ed6718e0b46a69ba512b878ce710a/glance/b6e3074a-cfcd-437b-9979-8f2abec6164c -X PUT -H "X-Auth-Token: gAAAAABi63aq4mZ0..." -H "Content-Length: 645922816" {{(pid=119022) http_log /usr/local/lib/python3.8/dist-packages/swiftclient/client.py:157}}
Aug 04 07:35:23.185368 dv-cinder-849800-3-iscsi devstack@g-api.service[119022]: DEBUG swiftclient [None req-aaae5ef2-519f-4262-ad1f-2d225ea3ff48 admin admin] RESP STATUS: 201 Created {{(pid=119022) http_log /usr/local/lib/python3.8/dist-packages/swiftclient/client.py:158}}
Aug 04 07:35:23.185473 dv-cinder-849800-3-iscsi devstack@g-api.service[119022]: DEBUG swiftclient [None req-aaae5ef2-519f-4262-ad1f-2d225ea3ff48 admin admin] RESP HEADERS: {'Content-Type': 'text/html; charset=UTF-8', 'Content-Length': '0', 'Etag': '318f990048c8a194829e52141534610d', 'Last-Modified': 'Thu, 04 Aug 2022 07:35:08 GMT', 'X-Trans-Id': 'tx124c11c73b5840e79f7ef-0062eb76ab', 'X-Openstack-Request-Id': 'tx124c11c73b5840e79f7ef-0062eb76ab', 'Date': 'Thu, 04 Aug 2022 07:35:23 GMT'} {{(pid=119022) http_log /usr/local/lib/python3.8/dist-packages/swiftclient/client.py:159}}
Aug 04 07:35:23.186134 dv-cinder-849800-3-iscsi devstack@g-api.service[119022]: INFO glance.location [None req-aaae5ef2-519f-4262-ad1f-2d225ea3ff48 admin admin] Image format matched and virtual size computed: 734003200
Aug 04 07:35:23.281140 dv-cinder-849800-3-iscsi devstack@g-api.service[119022]: DEBUG glance_store.backend [None req-aaae5ef2-519f-4262-ad1f-2d225ea3ff48 admin admin] Attempting to import store swift {{(pid=119022) _load_store /usr/local/lib/python3.8/dist-packages/glance_store/backend.py:216}}
Aug 04 07:35:23.284019 dv-cinder-849800-3-iscsi devstack@g-api.service[119022]: DEBUG glance_store.capabilities [None req-aaae5ef2-519f-4262-ad1f-2d225ea3ff48 admin admin] Store glance_store._drivers.swift.store.SingleTenantStore doesn't support updating dynamic storage capabilities. Please overwrite 'update_capabilities' method of the store to implement updating logics if needed. {{(pid=119022) update_capabilities /usr/local/lib/python3.8/dist-packages/glance_store/capabilities.py:91}}
Aug 04 07:35:23.284289 dv-cinder-849800-3-iscsi devstack@g-api.service[119022]: DEBUG glance_store.driver [None req-aaae5ef2-519f-4262-ad1f-2d225ea3ff48 admin admin] Late loading location class glance_store._drivers.swift.store.StoreLocation {{(pid=119022) get_store_location_class /usr/local/lib/python3.8/dist-packages/glance_store/driver.py:116}}
Aug 04 07:35:23.284564 dv-cinder-849800-3-iscsi devstack@g-api.service[119022]: DEBUG glance_store.location [None req-aaae5ef2-519f-4262-ad1f-2d225ea3ff48 admin admin] Registering scheme swift+https with {'store': , 'location_class': , 'store_entry': 'swift'} {{(pid=119022) register_scheme_map /usr/local/lib/python3.8/dist-packages/glance_store/location.py:146}}
Aug 04 07:35:23.299273 dv-cinder-849800-3-iscsi devstack@g-api.service[119022]: DEBUG glance_store.location [None req-aaae5ef2-519f-4262-ad1f-2d225ea3ff48 admin admin] Registering scheme swift+https with {'store': , 'location_class': , 'store_entry': 'swift'} {{(pid=119022) register_scheme_map /usr/local/lib/python3.8/dist-packages/glance_store/location.py:146}}
Aug 04 07:35:23.299273 dv-cinder-849800-3-iscsi devstack@g-api.service[119022]: DEBUG glance_store.location [None req-aaae5ef2-519f-4262-ad1f-2d225ea3ff48 admin admin] Registering scheme swift with {'store': , 'location_class': , 'store_entry': 'swift'} {{(pid=119022) register_scheme_map /usr/local/lib/python3.8/dist-packages/glance_store/location.py:146}}
Aug 04 07:35:23.299273 dv-cinder-849800-3-iscsi devstack@g-api.service[119022]: DEBUG glance_store.location [None req-aaae5ef2-519f-4262-ad1f-2d225ea3ff48 admin admin] Registering scheme swift+https with {'store': , 'location_class': , 'store_entry': 'swift'} {{(pid=119022) register_scheme_map /usr/local/lib/python3.8/dist-packages/glance_store/location.py:146}}
Aug 04 07:35:23.299273 dv-cinder-849800-3-iscsi devstack@g-api.service[119022]: DEBUG glance_store.location [None req-aaae5ef2-519f-4262-ad1f-2d225ea3ff48 admin admin] Registering scheme swift with {'store': , 'location_class': , 'store_entry': 'swift'} {{(pid=119022) register_scheme_map /usr/local/lib/python3.8/dist-packages/glance_store/location.py:146}}
Aug 04 07:35:23.299676 dv-cinder-849800-3-iscsi devstack@g-api.service[119022]: DEBUG glance_store.location [None req-aaae5ef2-519f-4262-ad1f-2d225ea3ff48 admin admin] Registering scheme swift+http with {'store': , 'location_class': , 'store_entry': 'swift'} {{(pid=119022) register_scheme_map /usr/local/lib/python3.8/dist-packages/glance_store/location.py:146}}
Aug 04 07:35:23.299676 dv-cinder-849800-3-iscsi devstack@g-api.service[119022]: DEBUG glance_store.location [None req-aaae5ef2-519f-4262-ad1f-2d225ea3ff48 admin admin] Registering scheme swift+https with {'store': , 'location_class': , 'store_entry': 'swift'} {{(pid=119022) register_scheme_map /usr/local/lib/python3.8/dist-packages/glance_store/location.py:146}}
Aug 04 07:35:23.299676 dv-cinder-849800-3-iscsi devstack@g-api.service[119022]: DEBUG glance_store.location [None req-aaae5ef2-519f-4262-ad1f-2d225ea3ff48 admin admin] Registering scheme swift with {'store': , 'location_class': , 'store_entry': 'swift'} {{(pid=119022) register_scheme_map /usr/local/lib/python3.8/dist-packages/glance_store/location.py:146}}
Aug 04 07:35:23.299676 dv-cinder-849800-3-iscsi devstack@g-api.service[119022]: DEBUG glance_store.location [None req-aaae5ef2-519f-4262-ad1f-2d225ea3ff48 admin admin] Registering scheme swift+http with {'store': , 'location_class': , 'store_entry': 'swift'} {{(pid=119022) register_scheme_map /usr/local/lib/python3.8/dist-packages/glance_store/location.py:146}}
Aug 04 07:35:23.300014 dv-cinder-849800-3-iscsi devstack@g-api.service[119022]: DEBUG glance_store.location [None req-aaae5ef2-519f-4262-ad1f-2d225ea3ff48 admin admin] Registering scheme swift+config with {'store': , 'location_class': , 'store_entry': 'swift'} {{(pid=119022) register_scheme_map /usr/local/lib/python3.8/dist-packages/glance_store/location.py:146}}
Aug 04 07:35:23.300014 dv-cinder-849800-3-iscsi devstack@g-api.service[119022]: DEBUG glance_store.backend [None req-aaae5ef2-519f-4262-ad1f-2d225ea3ff48 admin admin] Skipping store.set_acls... not implemented. {{(pid=119022) set_acls /usr/local/lib/python3.8/dist-packages/glance_store/backend.py:508}}
Aug 04 07:35:23.300014 dv-cinder-849800-3-iscsi devstack@g-api.service[119022]: [pid: 119022|app: 0|req: 3/4] 127.0.0.1 () {40 vars in 878 bytes} [Thu Aug 4 07:35:06 2022] PUT /v2/images/b6e3074a-cfcd-437b-9979-8f2abec6164c/file => generated 0 bytes in 17025 msecs (HTTP/1.1 204) 4 headers in 171 bytes (1 switches on core 0)
Aug 04 07:35:33.279023 dv-cinder-849800-3-iscsi devstack@g-api.service[119022]: DEBUG dbcounter [-] [119022] Writing DB stats glance:SELECT=9,glance:UPDATE=1,glance:INSERT=1 {{(pid=119022) stat_writer /usr/local/lib/python3.8/dist-packages/dbcounter.py:114}}
Aug 04 07:36:33.144749 dv-cinder-849800-3-iscsi devstack@g-api.service[119023]: DEBUG glance.api.middleware.version_negotiation [None req-7d53e4ef-4951-4ece-bdbe-6ab6ad7a1b22 admin admin] Determining version of request: GET / Accept: application/json {{(pid=119023) process_request /opt/stack/glance/glance/api/middleware/version_negotiation.py:44}}
Aug 04 07:36:33.145355 dv-cinder-849800-3-iscsi devstack@g-api.service[119023]: DEBUG glance.api.middleware.version_negotiation [None req-7d53e4ef-4951-4ece-bdbe-6ab6ad7a1b22 admin admin] Using url versioning {{(pid=119023) process_request /opt/stack/glance/glance/api/middleware/version_negotiation.py:57}}
Aug 04 07:36:33.145355 dv-cinder-849800-3-iscsi devstack@g-api.service[119023]: DEBUG glance.api.middleware.version_negotiation [None req-7d53e4ef-4951-4ece-bdbe-6ab6ad7a1b22 admin admin] Unknown version. Returning version choices. {{(pid=119023) process_request /opt/stack/glance/glance/api/middleware/version_negotiation.py:64}}
Aug 04 07:36:33.146925 dv-cinder-849800-3-iscsi devstack@g-api.service[119023]: [pid: 119023|app: 0|req: 2/5] 127.0.0.1 () {34 vars in 521 bytes} [Thu Aug 4 07:36:33 2022] GET / => generated 1299 bytes in 3 msecs (HTTP/1.1 300) 3 headers in 106 bytes (1 switches on core 0)
Aug 04 07:36:33.158853 dv-cinder-849800-3-iscsi devstack@g-api.service[119022]: DEBUG glance.api.middleware.version_negotiation [None req-aaae5ef2-519f-4262-ad1f-2d225ea3ff48 admin admin] Determining version of request: GET /v2/images Accept: application/json {{(pid=119022) process_request /opt/stack/glance/glance/api/middleware/version_negotiation.py:44}}
Aug 04 07:36:33.159303 dv-cinder-849800-3-iscsi devstack@g-api.service[119022]: DEBUG glance.api.middleware.version_negotiation [None req-aaae5ef2-519f-4262-ad1f-2d225ea3ff48 admin admin] Using url versioning {{(pid=119022) process_request /opt/stack/glance/glance/api/middleware/version_negotiation.py:57}}
Aug 04 07:36:33.159441 dv-cinder-849800-3-iscsi devstack@g-api.service[119022]: DEBUG glance.api.middleware.version_negotiation [None req-aaae5ef2-519f-4262-ad1f-2d225ea3ff48 admin admin] Matched version: v2 {{(pid=119022) process_request /opt/stack/glance/glance/api/middleware/version_negotiation.py:69}}
Aug 04 07:36:33.159726 dv-cinder-849800-3-iscsi devstack@g-api.service[119022]: DEBUG glance.api.middleware.version_negotiation [None req-aaae5ef2-519f-4262-ad1f-2d225ea3ff48 admin admin] new path /v2/images {{(pid=119022) process_request /opt/stack/glance/glance/api/middleware/version_negotiation.py:70}}
Aug 04 07:36:33.679067 dv-cinder-849800-3-iscsi devstack@g-api.service[119022]: [pid: 119022|app: 0|req: 4/6] 127.0.0.1 () {36 vars in 743 bytes} [Thu Aug 4 07:36:33 2022] GET /v2/images => generated 1015 bytes in 521 msecs (HTTP/1.1 200) 4 headers in 158 bytes (1 switches on core 0)
Aug 04 07:36:43.667307 dv-cinder-849800-3-iscsi devstack@g-api.service[119022]: DEBUG dbcounter [-] [119022] Writing DB stats glance:SELECT=2 {{(pid=119022) stat_writer /usr/local/lib/python3.8/dist-packages/dbcounter.py:114}}
Aug 04 07:38:10.795874 dv-cinder-849800-3-iscsi devstack@g-api.service[119023]: DEBUG glance.api.middleware.version_negotiation [None req-7d53e4ef-4951-4ece-bdbe-6ab6ad7a1b22 admin admin] Determining version of request: GET /v1 Accept: application/json {{(pid=119023) process_request /opt/stack/glance/glance/api/middleware/version_negotiation.py:44}}
Aug 04 07:38:10.796379 dv-cinder-849800-3-iscsi devstack@g-api.service[119023]: DEBUG glance.api.middleware.version_negotiation [None req-7d53e4ef-4951-4ece-bdbe-6ab6ad7a1b22 admin admin] Using url versioning {{(pid=119023) process_request /opt/stack/glance/glance/api/middleware/version_negotiation.py:57}}
Aug 04 07:38:10.796670 dv-cinder-849800-3-iscsi devstack@g-api.service[119023]: DEBUG glance.api.middleware.version_negotiation [None req-7d53e4ef-4951-4ece-bdbe-6ab6ad7a1b22 admin admin] Unknown version. Returning version choices. {{(pid=119023) process_request /opt/stack/glance/glance/api/middleware/version_negotiation.py:64}}
Aug 04 07:38:10.798064 dv-cinder-849800-3-iscsi devstack@g-api.service[119023]: [pid: 119023|app: 0|req: 3/7] 127.0.0.1 () {38 vars in 700 bytes} [Thu Aug 4 07:38:10 2022] GET /v1 => generated 1299 bytes in 3 msecs (HTTP/1.1 300) 3 headers in 106 bytes (1 switches on core 0)
Aug 04 07:41:46.904328 dv-cinder-849800-3-iscsi devstack@g-api.service[119022]: DEBUG glance.api.middleware.version_negotiation [None req-a1e850e0-968a-420d-a1fa-d672c22c7a5f admin admin] Determining version of request: GET / Accept: application/json {{(pid=119022) process_request /opt/stack/glance/glance/api/middleware/version_negotiation.py:44}}
Aug 04 07:41:46.904912 dv-cinder-849800-3-iscsi devstack@g-api.service[119022]: DEBUG glance.api.middleware.version_negotiation [None req-a1e850e0-968a-420d-a1fa-d672c22c7a5f admin admin] Using url versioning {{(pid=119022) process_request /opt/stack/glance/glance/api/middleware/version_negotiation.py:57}}
Aug 04 07:41:46.904999 dv-cinder-849800-3-iscsi devstack@g-api.service[119022]: DEBUG glance.api.middleware.version_negotiation [None req-a1e850e0-968a-420d-a1fa-d672c22c7a5f admin admin] Unknown version. Returning version choices. {{(pid=119022) process_request /opt/stack/glance/glance/api/middleware/version_negotiation.py:64}}
Aug 04 07:41:46.906919 dv-cinder-849800-3-iscsi devstack@g-api.service[119022]: [pid: 119022|app: 0|req: 5/8] 127.0.0.1 () {34 vars in 506 bytes} [Thu Aug 4 07:41:46 2022] GET / => generated 1299 bytes in 4 msecs (HTTP/1.1 300) 3 headers in 106 bytes (1 switches on core 0)
Aug 04 07:41:46.920116 dv-cinder-849800-3-iscsi devstack@g-api.service[119023]: DEBUG glance.api.middleware.version_negotiation [None req-7d53e4ef-4951-4ece-bdbe-6ab6ad7a1b22 admin admin] Determining version of request: GET /v2/images/b6e3074a-cfcd-437b-9979-8f2abec6164c Accept: */* {{(pid=119023) process_request /opt/stack/glance/glance/api/middleware/version_negotiation.py:44}}
Aug 04 07:41:46.922169 dv-cinder-849800-3-iscsi devstack@g-api.service[119023]: DEBUG glance.api.middleware.version_negotiation [None req-7d53e4ef-4951-4ece-bdbe-6ab6ad7a1b22 admin admin] Using url versioning {{(pid=119023) process_request /opt/stack/glance/glance/api/middleware/version_negotiation.py:57}}
Aug 04 07:41:46.922919 dv-cinder-849800-3-iscsi devstack@g-api.service[119023]: DEBUG glance.api.middleware.version_negotiation [None req-7d53e4ef-4951-4ece-bdbe-6ab6ad7a1b22 admin admin] Matched version: v2 {{(pid=119023) process_request /opt/stack/glance/glance/api/middleware/version_negotiation.py:69}}
Aug 04 07:41:46.923566 dv-cinder-849800-3-iscsi devstack@g-api.service[119023]: DEBUG glance.api.middleware.version_negotiation [None req-7d53e4ef-4951-4ece-bdbe-6ab6ad7a1b22 admin admin] new path /v2/images/b6e3074a-cfcd-437b-9979-8f2abec6164c {{(pid=119023) process_request /opt/stack/glance/glance/api/middleware/version_negotiation.py:70}}
Aug 04 07:41:46.927140 dv-cinder-849800-3-iscsi devstack@g-api.service[119023]: WARNING keystonemiddleware.auth_token [None req-7d53e4ef-4951-4ece-bdbe-6ab6ad7a1b22 admin admin] A valid token was submitted as a service token, but it was not a valid service token. This is incorrect but backwards compatible behaviour. This will be removed in future releases.
Aug 04 07:41:46.959605 dv-cinder-849800-3-iscsi devstack@g-api.service[119023]: [pid: 119023|app: 0|req: 4/9] 127.0.0.1 () {42 vars in 1063 bytes} [Thu Aug 4 07:41:46 2022] GET /v2/images/b6e3074a-cfcd-437b-9979-8f2abec6164c => generated 946 bytes in 40 msecs (HTTP/1.1 200) 4 headers in 157 bytes (1 switches on core 0)
Aug 04 07:41:46.964549 dv-cinder-849800-3-iscsi devstack@g-api.service[119022]: DEBUG glance.api.middleware.version_negotiation [None req-a1e850e0-968a-420d-a1fa-d672c22c7a5f admin admin] Determining version of request: GET /v2/schemas/image Accept: */* {{(pid=119022) process_request /opt/stack/glance/glance/api/middleware/version_negotiation.py:44}}
Aug 04 07:41:46.965021 dv-cinder-849800-3-iscsi devstack@g-api.service[119022]: DEBUG glance.api.middleware.version_negotiation [None req-a1e850e0-968a-420d-a1fa-d672c22c7a5f admin admin] Using url versioning {{(pid=119022) process_request /opt/stack/glance/glance/api/middleware/version_negotiation.py:57}}
Aug 04 07:41:46.965492 dv-cinder-849800-3-iscsi devstack@g-api.service[119022]: DEBUG glance.api.middleware.version_negotiation [None req-a1e850e0-968a-420d-a1fa-d672c22c7a5f admin admin] Matched version: v2 {{(pid=119022) process_request /opt/stack/glance/glance/api/middleware/version_negotiation.py:69}}
Aug 04 07:41:46.965939 dv-cinder-849800-3-iscsi devstack@g-api.service[119022]: DEBUG glance.api.middleware.version_negotiation [None req-a1e850e0-968a-420d-a1fa-d672c22c7a5f admin admin] new path /v2/schemas/image {{(pid=119022) process_request /opt/stack/glance/glance/api/middleware/version_negotiation.py:70}}
Aug 04 07:41:46.967836 dv-cinder-849800-3-iscsi devstack@g-api.service[119022]: WARNING keystonemiddleware.auth_token [None req-a1e850e0-968a-420d-a1fa-d672c22c7a5f admin admin] A valid token was submitted as a service token, but it was not a valid service token. This is incorrect but backwards compatible behaviour. This will be removed in future releases.
Aug 04 07:41:46.972375 dv-cinder-849800-3-iscsi devstack@g-api.service[119022]: [pid: 119022|app: 0|req: 6/10] 127.0.0.1 () {42 vars in 1003 bytes} [Thu Aug 4 07:41:46 2022] GET /v2/schemas/image => generated 6083 bytes in 8 msecs (HTTP/1.1 200) 4 headers in 158 bytes (1 switches on core 0)
Aug 04 07:41:54.554633 dv-cinder-849800-3-iscsi devstack@g-api.service[119023]: DEBUG glance.api.middleware.version_negotiation [None req-cdbe5d19-b580-4fe3-85cf-cfb4be2356bc tempest-DeleteServersTestJSON-422868756 tempest-DeleteServersTestJSON-422868756-project] Determining version of request: GET /v2/images/b6e3074a-cfcd-437b-9979-8f2abec6164c Accept: application/json {{(pid=119023) process_request /opt/stack/glance/glance/api/middleware/version_negotiation.py:44}}
Aug 04 07:41:54.555139 dv-cinder-849800-3-iscsi devstack@g-api.service[119023]: DEBUG glance.api.middleware.version_negotiation [None req-cdbe5d19-b580-4fe3-85cf-cfb4be2356bc tempest-DeleteServersTestJSON-422868756 tempest-DeleteServersTestJSON-422868756-project] Using url versioning {{(pid=119023) process_request /opt/stack/glance/glance/api/middleware/version_negotiation.py:57}}
Aug 04 07:41:54.555295 dv-cinder-849800-3-iscsi devstack@g-api.service[119023]: DEBUG glance.api.middleware.version_negotiation [None req-cdbe5d19-b580-4fe3-85cf-cfb4be2356bc tempest-DeleteServersTestJSON-422868756 tempest-DeleteServersTestJSON-422868756-project] Matched version: v2 {{(pid=119023) process_request /opt/stack/glance/glance/api/middleware/version_negotiation.py:69}}
Aug 04 07:41:54.555745 dv-cinder-849800-3-iscsi devstack@g-api.service[119023]: DEBUG glance.api.middleware.version_negotiation [None req-cdbe5d19-b580-4fe3-85cf-cfb4be2356bc tempest-DeleteServersTestJSON-422868756 tempest-DeleteServersTestJSON-422868756-project] new path /v2/images/b6e3074a-cfcd-437b-9979-8f2abec6164c {{(pid=119023) process_request /opt/stack/glance/glance/api/middleware/version_negotiation.py:70}}
Aug 04 07:41:54.837829 dv-cinder-849800-3-iscsi devstack@g-api.service[119023]: [pid: 119023|app: 0|req: 5/11] 127.0.0.1 () {38 vars in 788 bytes} [Thu Aug 4 07:41:54 2022] GET /v2/images/b6e3074a-cfcd-437b-9979-8f2abec6164c => generated 946 bytes in 284 msecs (HTTP/1.1 200) 4 headers in 157 bytes (1 switches on core 0)
Aug 04 07:41:54.878791 dv-cinder-849800-3-iscsi devstack@g-api.service[119022]: DEBUG glance.api.middleware.version_negotiation [None req-cdbe5d19-b580-4fe3-85cf-cfb4be2356bc tempest-DeleteServersTestJSON-422868756 tempest-DeleteServersTestJSON-422868756-project] Determining version of request: GET /v2/images/b6e3074a-cfcd-437b-9979-8f2abec6164c Accept: */* {{(pid=119022) process_request /opt/stack/glance/glance/api/middleware/version_negotiation.py:44}}
Aug 04 07:41:54.879851 dv-cinder-849800-3-iscsi devstack@g-api.service[119022]: DEBUG glance.api.middleware.version_negotiation [None req-cdbe5d19-b580-4fe3-85cf-cfb4be2356bc tempest-DeleteServersTestJSON-422868756 tempest-DeleteServersTestJSON-422868756-project] Using url versioning {{(pid=119022) process_request /opt/stack/glance/glance/api/middleware/version_negotiation.py:57}}
Aug 04 07:41:54.880382 dv-cinder-849800-3-iscsi devstack@g-api.service[119022]: DEBUG glance.api.middleware.version_negotiation [None req-cdbe5d19-b580-4fe3-85cf-cfb4be2356bc tempest-DeleteServersTestJSON-422868756 tempest-DeleteServersTestJSON-422868756-project] Matched version: v2 {{(pid=119022) process_request /opt/stack/glance/glance/api/middleware/version_negotiation.py:69}}
Aug 04 07:41:54.880899 dv-cinder-849800-3-iscsi devstack@g-api.service[119022]: DEBUG glance.api.middleware.version_negotiation [None req-cdbe5d19-b580-4fe3-85cf-cfb4be2356bc tempest-DeleteServersTestJSON-422868756 tempest-DeleteServersTestJSON-422868756-project] new path /v2/images/b6e3074a-cfcd-437b-9979-8f2abec6164c {{(pid=119022) process_request /opt/stack/glance/glance/api/middleware/version_negotiation.py:70}}
Aug 04 07:41:54.913938 dv-cinder-849800-3-iscsi devstack@g-api.service[119023]: DEBUG glance.api.middleware.version_negotiation [None req-1d2ddb66-7ed2-48a2-9fa0-841a47f53bf2 tempest-VolumesImageMetadata-442112685 tempest-VolumesImageMetadata-442112685-project] Determining version of request: GET /v2/schemas/image Accept: */* {{(pid=119023) process_request /opt/stack/glance/glance/api/middleware/version_negotiation.py:44}}
Aug 04 07:41:54.914533 dv-cinder-849800-3-iscsi devstack@g-api.service[119023]: DEBUG glance.api.middleware.version_negotiation [None req-1d2ddb66-7ed2-48a2-9fa0-841a47f53bf2 tempest-VolumesImageMetadata-442112685 tempest-VolumesImageMetadata-442112685-project] Using url versioning {{(pid=119023) process_request /opt/stack/glance/glance/api/middleware/version_negotiation.py:57}}
Aug 04 07:41:54.915693 dv-cinder-849800-3-iscsi devstack@g-api.service[119023]: DEBUG glance.api.middleware.version_negotiation [None req-1d2ddb66-7ed2-48a2-9fa0-841a47f53bf2 tempest-VolumesImageMetadata-442112685 tempest-VolumesImageMetadata-442112685-project] Matched version: v2 {{(pid=119023) process_request /opt/stack/glance/glance/api/middleware/version_negotiation.py:69}}
Aug 04 07:41:54.916437 dv-cinder-849800-3-iscsi devstack@g-api.service[119023]: DEBUG glance.api.middleware.version_negotiation [None req-1d2ddb66-7ed2-48a2-9fa0-841a47f53bf2 tempest-VolumesImageMetadata-442112685 tempest-VolumesImageMetadata-442112685-project] new path /v2/schemas/image {{(pid=119023) process_request /opt/stack/glance/glance/api/middleware/version_negotiation.py:70}}
Aug 04 07:41:54.925295 dv-cinder-849800-3-iscsi devstack@g-api.service[119023]: [pid: 119023|app: 0|req: 6/12] 127.0.0.1 () {40 vars in 796 bytes} [Thu Aug 4 07:41:54 2022] GET /v2/schemas/image => generated 6083 bytes in 12 msecs (HTTP/1.1 200) 4 headers in 158 bytes (1 switches on core 0)
Aug 04 07:41:54.928070 dv-cinder-849800-3-iscsi devstack@g-api.service[119022]: [pid: 119022|app: 0|req: 7/13] 127.0.0.1 () {40 vars in 856 bytes} [Thu Aug 4 07:41:54 2022] GET /v2/images/b6e3074a-cfcd-437b-9979-8f2abec6164c => generated 946 bytes in 50 msecs (HTTP/1.1 200) 4 headers in 157 bytes (1 switches on core 0)
Aug 04 07:41:54.931164 dv-cinder-849800-3-iscsi devstack@g-api.service[119023]: DEBUG glance.api.middleware.version_negotiation [None req-72b0dc57-bdf0-49af-8de3-a45fbfce4eec tempest-VolumesImageMetadata-442112685 tempest-VolumesImageMetadata-442112685-project] Determining version of request: GET /v2/schemas/image Accept: */* {{(pid=119023) process_request /opt/stack/glance/glance/api/middleware/version_negotiation.py:44}}
Aug 04 07:41:54.932182 dv-cinder-849800-3-iscsi devstack@g-api.service[119023]: DEBUG glance.api.middleware.version_negotiation [None req-72b0dc57-bdf0-49af-8de3-a45fbfce4eec tempest-VolumesImageMetadata-442112685 tempest-VolumesImageMetadata-442112685-project] Using url versioning {{(pid=119023) process_request /opt/stack/glance/glance/api/middleware/version_negotiation.py:57}}
Aug 04 07:41:54.932708 dv-cinder-849800-3-iscsi devstack@g-api.service[119023]: DEBUG glance.api.middleware.version_negotiation [None req-72b0dc57-bdf0-49af-8de3-a45fbfce4eec tempest-VolumesImageMetadata-442112685 tempest-VolumesImageMetadata-442112685-project] Matched version: v2 {{(pid=119023) process_request /opt/stack/glance/glance/api/middleware/version_negotiation.py:69}}
Aug 04 07:41:54.933207 dv-cinder-849800-3-iscsi devstack@g-api.service[119023]: DEBUG glance.api.middleware.version_negotiation [None req-72b0dc57-bdf0-49af-8de3-a45fbfce4eec tempest-VolumesImageMetadata-442112685 tempest-VolumesImageMetadata-442112685-project] new path /v2/schemas/image {{(pid=119023) process_request /opt/stack/glance/glance/api/middleware/version_negotiation.py:70}}
Aug 04 07:41:54.940372 dv-cinder-849800-3-iscsi devstack@g-api.service[119023]: [pid: 119023|app: 0|req: 7/14] 127.0.0.1 () {40 vars in 796 bytes} [Thu Aug 4 07:41:54 2022] GET /v2/schemas/image => generated 6083 bytes in 10 msecs (HTTP/1.1 200) 4 headers in 158 bytes (1 switches on core 0)
Aug 04 07:41:54.946158 dv-cinder-849800-3-iscsi devstack@g-api.service[119022]: DEBUG glance.api.middleware.version_negotiation [None req-72b0dc57-bdf0-49af-8de3-a45fbfce4eec tempest-VolumesImageMetadata-442112685 tempest-VolumesImageMetadata-442112685-project] Determining version of request: GET /v2/images/b6e3074a-cfcd-437b-9979-8f2abec6164c Accept: */* {{(pid=119022) process_request /opt/stack/glance/glance/api/middleware/version_negotiation.py:44}}
Aug 04 07:41:54.946999 dv-cinder-849800-3-iscsi devstack@g-api.service[119022]: DEBUG glance.api.middleware.version_negotiation [None req-72b0dc57-bdf0-49af-8de3-a45fbfce4eec tempest-VolumesImageMetadata-442112685 tempest-VolumesImageMetadata-442112685-project] Using url versioning {{(pid=119022) process_request /opt/stack/glance/glance/api/middleware/version_negotiation.py:57}}
Aug 04 07:41:54.947510 dv-cinder-849800-3-iscsi devstack@g-api.service[119022]: DEBUG glance.api.middleware.version_negotiation [None req-72b0dc57-bdf0-49af-8de3-a45fbfce4eec tempest-VolumesImageMetadata-442112685 tempest-VolumesImageMetadata-442112685-project] Matched version: v2 {{(pid=119022) process_request /opt/stack/glance/glance/api/middleware/version_negotiation.py:69}}
Aug 04 07:41:54.948026 dv-cinder-849800-3-iscsi devstack@g-api.service[119022]: DEBUG glance.api.middleware.version_negotiation [None req-72b0dc57-bdf0-49af-8de3-a45fbfce4eec tempest-VolumesImageMetadata-442112685 tempest-VolumesImageMetadata-442112685-project] new path /v2/images/b6e3074a-cfcd-437b-9979-8f2abec6164c {{(pid=119022) process_request /opt/stack/glance/glance/api/middleware/version_negotiation.py:70}}
Aug 04 07:41:54.986535 dv-cinder-849800-3-iscsi devstack@g-api.service[119022]: [pid: 119022|app: 0|req: 8/15] 127.0.0.1 () {40 vars in 856 bytes} [Thu Aug 4 07:41:54 2022] GET /v2/images/b6e3074a-cfcd-437b-9979-8f2abec6164c => generated 946 bytes in 41 msecs (HTTP/1.1 200) 4 headers in 157 bytes (1 switches on core 0)
Aug 04 07:41:54.994765 dv-cinder-849800-3-iscsi devstack@g-api.service[119023]: DEBUG glance.api.middleware.version_negotiation [None req-72b0dc57-bdf0-49af-8de3-a45fbfce4eec tempest-VolumesImageMetadata-442112685 tempest-VolumesImageMetadata-442112685-project] Determining version of request: GET /v2/schemas/image Accept: */* {{(pid=119023) process_request /opt/stack/glance/glance/api/middleware/version_negotiation.py:44}}
Aug 04 07:41:54.996336 dv-cinder-849800-3-iscsi devstack@g-api.service[119023]: DEBUG glance.api.middleware.version_negotiation [None req-72b0dc57-bdf0-49af-8de3-a45fbfce4eec tempest-VolumesImageMetadata-442112685 tempest-VolumesImageMetadata-442112685-project] Using url versioning {{(pid=119023) process_request /opt/stack/glance/glance/api/middleware/version_negotiation.py:57}}
Aug 04 07:41:54.996845 dv-cinder-849800-3-iscsi devstack@g-api.service[119023]: DEBUG glance.api.middleware.version_negotiation [None req-72b0dc57-bdf0-49af-8de3-a45fbfce4eec tempest-VolumesImageMetadata-442112685 tempest-VolumesImageMetadata-442112685-project] Matched version: v2 {{(pid=119023) process_request /opt/stack/glance/glance/api/middleware/version_negotiation.py:69}}
Aug 04 07:41:54.997814 dv-cinder-849800-3-iscsi devstack@g-api.service[119023]: DEBUG glance.api.middleware.version_negotiation [None req-72b0dc57-bdf0-49af-8de3-a45fbfce4eec tempest-VolumesImageMetadata-442112685 tempest-VolumesImageMetadata-442112685-project] new path /v2/schemas/image {{(pid=119023) process_request /opt/stack/glance/glance/api/middleware/version_negotiation.py:70}}
Aug 04 07:41:55.006924 dv-cinder-849800-3-iscsi devstack@g-api.service[119023]: [pid: 119023|app: 0|req: 8/16] 127.0.0.1 () {40 vars in 796 bytes} [Thu Aug 4 07:41:54 2022] GET /v2/schemas/image => generated 6083 bytes in 13 msecs (HTTP/1.1 200) 4 headers in 158 bytes (1 switches on core 0)
Aug 04 07:41:55.017823 dv-cinder-849800-3-iscsi devstack@g-api.service[119022]: DEBUG glance.api.middleware.version_negotiation [None req-72b0dc57-bdf0-49af-8de3-a45fbfce4eec tempest-VolumesImageMetadata-442112685 tempest-VolumesImageMetadata-442112685-project] Determining version of request: GET /v2/schemas/image Accept: */* {{(pid=119022) process_request /opt/stack/glance/glance/api/middleware/version_negotiation.py:44}}
Aug 04 07:41:55.018401 dv-cinder-849800-3-iscsi devstack@g-api.service[119022]: DEBUG glance.api.middleware.version_negotiation [None req-72b0dc57-bdf0-49af-8de3-a45fbfce4eec tempest-VolumesImageMetadata-442112685 tempest-VolumesImageMetadata-442112685-project] Using url versioning {{(pid=119022) process_request /opt/stack/glance/glance/api/middleware/version_negotiation.py:57}}
Aug 04 07:41:55.019952 dv-cinder-849800-3-iscsi devstack@g-api.service[119022]: DEBUG glance.api.middleware.version_negotiation [None req-72b0dc57-bdf0-49af-8de3-a45fbfce4eec tempest-VolumesImageMetadata-442112685 tempest-VolumesImageMetadata-442112685-project] Matched version: v2 {{(pid=119022) process_request /opt/stack/glance/glance/api/middleware/version_negotiation.py:69}}
Aug 04 07:41:55.020397 dv-cinder-849800-3-iscsi devstack@g-api.service[119022]: DEBUG glance.api.middleware.version_negotiation [None req-72b0dc57-bdf0-49af-8de3-a45fbfce4eec tempest-VolumesImageMetadata-442112685 tempest-VolumesImageMetadata-442112685-project] new path /v2/schemas/image {{(pid=119022) process_request /opt/stack/glance/glance/api/middleware/version_negotiation.py:70}}
Aug 04 07:41:55.025271 dv-cinder-849800-3-iscsi devstack@g-api.service[119022]: [pid: 119022|app: 0|req: 9/17] 127.0.0.1 () {40 vars in 796 bytes} [Thu Aug 4 07:41:55 2022] GET /v2/schemas/image => generated 6083 bytes in 8 msecs (HTTP/1.1 200) 4 headers in 158 bytes (1 switches on core 0)
Aug 04 07:41:55.121517 dv-cinder-849800-3-iscsi devstack@g-api.service[119023]: DEBUG glance.api.middleware.version_negotiation [None req-72b0dc57-bdf0-49af-8de3-a45fbfce4eec tempest-VolumesImageMetadata-442112685 tempest-VolumesImageMetadata-442112685-project] Determining version of request: GET /v2/images/b6e3074a-cfcd-437b-9979-8f2abec6164c Accept: */* {{(pid=119023) process_request /opt/stack/glance/glance/api/middleware/version_negotiation.py:44}}
Aug 04 07:41:55.122100 dv-cinder-849800-3-iscsi devstack@g-api.service[119023]: DEBUG glance.api.middleware.version_negotiation [None req-72b0dc57-bdf0-49af-8de3-a45fbfce4eec tempest-VolumesImageMetadata-442112685 tempest-VolumesImageMetadata-442112685-project] Using url versioning {{(pid=119023) process_request /opt/stack/glance/glance/api/middleware/version_negotiation.py:57}}
Aug 04 07:41:55.122602 dv-cinder-849800-3-iscsi devstack@g-api.service[119023]: DEBUG glance.api.middleware.version_negotiation [None req-72b0dc57-bdf0-49af-8de3-a45fbfce4eec tempest-VolumesImageMetadata-442112685 tempest-VolumesImageMetadata-442112685-project] Matched version: v2 {{(pid=119023) process_request /opt/stack/glance/glance/api/middleware/version_negotiation.py:69}}
Aug 04 07:41:55.123077 dv-cinder-849800-3-iscsi devstack@g-api.service[119023]: DEBUG glance.api.middleware.version_negotiation [None req-72b0dc57-bdf0-49af-8de3-a45fbfce4eec tempest-VolumesImageMetadata-442112685 tempest-VolumesImageMetadata-442112685-project] new path /v2/images/b6e3074a-cfcd-437b-9979-8f2abec6164c {{(pid=119023) process_request /opt/stack/glance/glance/api/middleware/version_negotiation.py:70}}
Aug 04 07:41:55.177661 dv-cinder-849800-3-iscsi devstack@g-api.service[119023]: [pid: 119023|app: 0|req: 9/18] 127.0.0.1 () {40 vars in 856 bytes} [Thu Aug 4 07:41:55 2022] GET /v2/images/b6e3074a-cfcd-437b-9979-8f2abec6164c => generated 946 bytes in 56 msecs (HTTP/1.1 200) 4 headers in 157 bytes (1 switches on core 0)
Aug 04 07:41:55.178335 dv-cinder-849800-3-iscsi devstack@g-api.service[119022]: DEBUG glance.api.middleware.version_negotiation [None req-72b0dc57-bdf0-49af-8de3-a45fbfce4eec tempest-VolumesImageMetadata-442112685 tempest-VolumesImageMetadata-442112685-project] Determining version of request: GET /v2/schemas/image Accept: */* {{(pid=119022) process_request /opt/stack/glance/glance/api/middleware/version_negotiation.py:44}}
Aug 04 07:41:55.178878 dv-cinder-849800-3-iscsi devstack@g-api.service[119022]: DEBUG glance.api.middleware.version_negotiation [None req-72b0dc57-bdf0-49af-8de3-a45fbfce4eec tempest-VolumesImageMetadata-442112685 tempest-VolumesImageMetadata-442112685-project] Using url versioning {{(pid=119022) process_request /opt/stack/glance/glance/api/middleware/version_negotiation.py:57}}
Aug 04 07:41:55.179383 dv-cinder-849800-3-iscsi devstack@g-api.service[119022]: DEBUG glance.api.middleware.version_negotiation [None req-72b0dc57-bdf0-49af-8de3-a45fbfce4eec tempest-VolumesImageMetadata-442112685 tempest-VolumesImageMetadata-442112685-project] Matched version: v2 {{(pid=119022) process_request /opt/stack/glance/glance/api/middleware/version_negotiation.py:69}}
Aug 04 07:41:55.179844 dv-cinder-849800-3-iscsi devstack@g-api.service[119022]: DEBUG glance.api.middleware.version_negotiation [None req-72b0dc57-bdf0-49af-8de3-a45fbfce4eec tempest-VolumesImageMetadata-442112685 tempest-VolumesImageMetadata-442112685-project] new path /v2/schemas/image {{(pid=119022) process_request /opt/stack/glance/glance/api/middleware/version_negotiation.py:70}}
Aug 04 07:41:55.184156 dv-cinder-849800-3-iscsi devstack@g-api.service[119022]: [pid: 119022|app: 0|req: 10/19] 127.0.0.1 () {40 vars in 796 bytes} [Thu Aug 4 07:41:55 2022] GET /v2/schemas/image => generated 6083 bytes in 6 msecs (HTTP/1.1 200) 4 headers in 158 bytes (1 switches on core 0)
Aug 04 07:41:55.192612 dv-cinder-849800-3-iscsi devstack@g-api.service[119023]: DEBUG glance.api.middleware.version_negotiation [None req-72b0dc57-bdf0-49af-8de3-a45fbfce4eec tempest-VolumesImageMetadata-442112685 tempest-VolumesImageMetadata-442112685-project] Determining version of request: GET /v2/schemas/image Accept: */* {{(pid=119023) process_request /opt/stack/glance/glance/api/middleware/version_negotiation.py:44}}
Aug 04 07:41:55.193019 dv-cinder-849800-3-iscsi devstack@g-api.service[119023]: DEBUG glance.api.middleware.version_negotiation [None req-72b0dc57-bdf0-49af-8de3-a45fbfce4eec tempest-VolumesImageMetadata-442112685 tempest-VolumesImageMetadata-442112685-project] Using url versioning {{(pid=119023) process_request /opt/stack/glance/glance/api/middleware/version_negotiation.py:57}}
Aug 04 07:41:55.193403 dv-cinder-849800-3-iscsi devstack@g-api.service[119023]: DEBUG glance.api.middleware.version_negotiation [None req-72b0dc57-bdf0-49af-8de3-a45fbfce4eec tempest-VolumesImageMetadata-442112685 tempest-VolumesImageMetadata-442112685-project] Matched version: v2 {{(pid=119023) process_request /opt/stack/glance/glance/api/middleware/version_negotiation.py:69}}
Aug 04 07:41:55.193931 dv-cinder-849800-3-iscsi devstack@g-api.service[119023]: DEBUG glance.api.middleware.version_negotiation [None req-72b0dc57-bdf0-49af-8de3-a45fbfce4eec tempest-VolumesImageMetadata-442112685 tempest-VolumesImageMetadata-442112685-project] new path /v2/schemas/image {{(pid=119023) process_request /opt/stack/glance/glance/api/middleware/version_negotiation.py:70}}
Aug 04 07:41:55.225687 dv-cinder-849800-3-iscsi devstack@g-api.service[119023]: [pid: 119023|app: 0|req: 10/20] 127.0.0.1 () {40 vars in 796 bytes} [Thu Aug 4 07:41:55 2022] GET /v2/schemas/image => generated 6083 bytes in 19 msecs (HTTP/1.1 200) 4 headers in 158 bytes (1 switches on core 0)
Aug 04 07:41:55.835616 dv-cinder-849800-3-iscsi devstack@g-api.service[119022]: DEBUG glance.api.middleware.version_negotiation [None req-72b0dc57-bdf0-49af-8de3-a45fbfce4eec tempest-VolumesImageMetadata-442112685 tempest-VolumesImageMetadata-442112685-project] Determining version of request: GET /v2/images/b6e3074a-cfcd-437b-9979-8f2abec6164c Accept: */* {{(pid=119022) process_request /opt/stack/glance/glance/api/middleware/version_negotiation.py:44}}
Aug 04 07:41:55.836219 dv-cinder-849800-3-iscsi devstack@g-api.service[119022]: DEBUG glance.api.middleware.version_negotiation [None req-72b0dc57-bdf0-49af-8de3-a45fbfce4eec tempest-VolumesImageMetadata-442112685 tempest-VolumesImageMetadata-442112685-project] Using url versioning {{(pid=119022) process_request /opt/stack/glance/glance/api/middleware/version_negotiation.py:57}}
Aug 04 07:41:55.836719 dv-cinder-849800-3-iscsi devstack@g-api.service[119022]: DEBUG glance.api.middleware.version_negotiation [None req-72b0dc57-bdf0-49af-8de3-a45fbfce4eec tempest-VolumesImageMetadata-442112685 tempest-VolumesImageMetadata-442112685-project] Matched version: v2 {{(pid=119022) process_request /opt/stack/glance/glance/api/middleware/version_negotiation.py:69}}
Aug 04 07:41:55.837175 dv-cinder-849800-3-iscsi devstack@g-api.service[119022]: DEBUG glance.api.middleware.version_negotiation [None req-72b0dc57-bdf0-49af-8de3-a45fbfce4eec tempest-VolumesImageMetadata-442112685 tempest-VolumesImageMetadata-442112685-project] new path /v2/images/b6e3074a-cfcd-437b-9979-8f2abec6164c {{(pid=119022) process_request /opt/stack/glance/glance/api/middleware/version_negotiation.py:70}}
Aug 04 07:41:55.886343 dv-cinder-849800-3-iscsi devstack@g-api.service[119022]: [pid: 119022|app: 0|req: 11/21] 127.0.0.1 () {40 vars in 856 bytes} [Thu Aug 4 07:41:55 2022] GET /v2/images/b6e3074a-cfcd-437b-9979-8f2abec6164c => generated 946 bytes in 51 msecs (HTTP/1.1 200) 4 headers in 157 bytes (1 switches on core 0)
Aug 04 07:41:55.890594 dv-cinder-849800-3-iscsi devstack@g-api.service[119023]: DEBUG glance.api.middleware.version_negotiation [None req-72b0dc57-bdf0-49af-8de3-a45fbfce4eec tempest-VolumesImageMetadata-442112685 tempest-VolumesImageMetadata-442112685-project] Determining version of request: GET /v2/schemas/image Accept: */* {{(pid=119023) process_request /opt/stack/glance/glance/api/middleware/version_negotiation.py:44}}
Aug 04 07:41:55.892095 dv-cinder-849800-3-iscsi devstack@g-api.service[119023]: DEBUG glance.api.middleware.version_negotiation [None req-72b0dc57-bdf0-49af-8de3-a45fbfce4eec tempest-VolumesImageMetadata-442112685 tempest-VolumesImageMetadata-442112685-project] Using url versioning {{(pid=119023) process_request /opt/stack/glance/glance/api/middleware/version_negotiation.py:57}}
Aug 04 07:41:55.892606 dv-cinder-849800-3-iscsi devstack@g-api.service[119023]: DEBUG glance.api.middleware.version_negotiation [None req-72b0dc57-bdf0-49af-8de3-a45fbfce4eec tempest-VolumesImageMetadata-442112685 tempest-VolumesImageMetadata-442112685-project] Matched version: v2 {{(pid=119023) process_request /opt/stack/glance/glance/api/middleware/version_negotiation.py:69}}
Aug 04 07:41:55.893139 dv-cinder-849800-3-iscsi devstack@g-api.service[119023]: DEBUG glance.api.middleware.version_negotiation [None req-72b0dc57-bdf0-49af-8de3-a45fbfce4eec tempest-VolumesImageMetadata-442112685 tempest-VolumesImageMetadata-442112685-project] new path /v2/schemas/image {{(pid=119023) process_request /opt/stack/glance/glance/api/middleware/version_negotiation.py:70}}
Aug 04 07:41:55.899519 dv-cinder-849800-3-iscsi devstack@g-api.service[119023]: [pid: 119023|app: 0|req: 11/22] 127.0.0.1 () {40 vars in 796 bytes} [Thu Aug 4 07:41:55 2022] GET /v2/schemas/image => generated 6083 bytes in 9 msecs (HTTP/1.1 200) 4 headers in 158 bytes (1 switches on core 0)
Aug 04 07:41:55.975823 dv-cinder-849800-3-iscsi devstack@g-api.service[119022]: DEBUG glance.api.middleware.version_negotiation [None req-cdbe5d19-b580-4fe3-85cf-cfb4be2356bc tempest-DeleteServersTestJSON-422868756 tempest-DeleteServersTestJSON-422868756-project] Determining version of request: GET /v2/images/b6e3074a-cfcd-437b-9979-8f2abec6164c Accept: */* {{(pid=119022) process_request /opt/stack/glance/glance/api/middleware/version_negotiation.py:44}}
Aug 04 07:41:55.975823 dv-cinder-849800-3-iscsi devstack@g-api.service[119022]: DEBUG glance.api.middleware.version_negotiation [None req-cdbe5d19-b580-4fe3-85cf-cfb4be2356bc tempest-DeleteServersTestJSON-422868756 tempest-DeleteServersTestJSON-422868756-project] Using url versioning {{(pid=119022) process_request /opt/stack/glance/glance/api/middleware/version_negotiation.py:57}}
Aug 04 07:41:55.975823 dv-cinder-849800-3-iscsi devstack@g-api.service[119022]: DEBUG glance.api.middleware.version_negotiation [None req-cdbe5d19-b580-4fe3-85cf-cfb4be2356bc tempest-DeleteServersTestJSON-422868756 tempest-DeleteServersTestJSON-422868756-project] Matched version: v2 {{(pid=119022) process_request /opt/stack/glance/glance/api/middleware/version_negotiation.py:69}}
Aug 04 07:41:55.975823 dv-cinder-849800-3-iscsi devstack@g-api.service[119022]: DEBUG glance.api.middleware.version_negotiation [None req-cdbe5d19-b580-4fe3-85cf-cfb4be2356bc tempest-DeleteServersTestJSON-422868756 tempest-DeleteServersTestJSON-422868756-project] new path /v2/images/b6e3074a-cfcd-437b-9979-8f2abec6164c {{(pid=119022) process_request /opt/stack/glance/glance/api/middleware/version_negotiation.py:70}}
Aug 04 07:41:56.021990 dv-cinder-849800-3-iscsi devstack@g-api.service[119022]: [pid: 119022|app: 0|req: 12/23] 127.0.0.1 () {40 vars in 856 bytes} [Thu Aug 4 07:41:55 2022] GET /v2/images/b6e3074a-cfcd-437b-9979-8f2abec6164c => generated 946 bytes in 48 msecs (HTTP/1.1 200) 4 headers in 157 bytes (1 switches on core 0)
Aug 04 07:41:56.029459 dv-cinder-849800-3-iscsi devstack@g-api.service[119023]: DEBUG glance.api.middleware.version_negotiation [None req-cdbe5d19-b580-4fe3-85cf-cfb4be2356bc tempest-DeleteServersTestJSON-422868756 tempest-DeleteServersTestJSON-422868756-project] Determining version of request: GET /v2/images/b6e3074a-cfcd-437b-9979-8f2abec6164c/file Accept: */* {{(pid=119023) process_request /opt/stack/glance/glance/api/middleware/version_negotiation.py:44}}
Aug 04 07:41:56.029799 dv-cinder-849800-3-iscsi devstack@g-api.service[119023]: DEBUG glance.api.middleware.version_negotiation [None req-cdbe5d19-b580-4fe3-85cf-cfb4be2356bc tempest-DeleteServersTestJSON-422868756 tempest-DeleteServersTestJSON-422868756-project] Using url versioning {{(pid=119023) process_request /opt/stack/glance/glance/api/middleware/version_negotiation.py:57}}
Aug 04 07:41:56.030284 dv-cinder-849800-3-iscsi devstack@g-api.service[119023]: DEBUG glance.api.middleware.version_negotiation [None req-cdbe5d19-b580-4fe3-85cf-cfb4be2356bc tempest-DeleteServersTestJSON-422868756 tempest-DeleteServersTestJSON-422868756-project] Matched version: v2 {{(pid=119023) process_request /opt/stack/glance/glance/api/middleware/version_negotiation.py:69}}
Aug 04 07:41:56.030788 dv-cinder-849800-3-iscsi devstack@g-api.service[119023]: DEBUG glance.api.middleware.version_negotiation [None req-cdbe5d19-b580-4fe3-85cf-cfb4be2356bc tempest-DeleteServersTestJSON-422868756 tempest-DeleteServersTestJSON-422868756-project] new path /v2/images/b6e3074a-cfcd-437b-9979-8f2abec6164c/file {{(pid=119023) process_request /opt/stack/glance/glance/api/middleware/version_negotiation.py:70}}
