Jul 14 10:14:34.857019 dv-cinder-849800-1-iscsi devstack@c-api.service[110928]: DEBUG cinder.api.openstack.wsgi [None req-544ef432-66be-4d0c-b1b2-510c80f0bd0d tempest-GroupSnapshotsTest-148824341 tempest-GroupSnapshotsTest-148824341-project] Empty body provided in request {{(pid=110928) get_body /opt/stack/cinder/cinder/api/openstack/wsgi.py:715}}
Jul 14 10:14:34.857572 dv-cinder-849800-1-iscsi devstack@c-api.service[110928]: DEBUG cinder.api.openstack.wsgi [None req-544ef432-66be-4d0c-b1b2-510c80f0bd0d tempest-GroupSnapshotsTest-148824341 tempest-GroupSnapshotsTest-148824341-project] Calling method 'version_select' {{(pid=110928) _process_stack /opt/stack/cinder/cinder/api/openstack/wsgi.py:868}}
Jul 14 10:14:34.858062 dv-cinder-849800-1-iscsi devstack@c-api.service[110928]: DEBUG cinder.api.v3.groups [None req-544ef432-66be-4d0c-b1b2-510c80f0bd0d tempest-GroupSnapshotsTest-148824341 tempest-GroupSnapshotsTest-148824341-project] show called for member ab8a6fed-0bfd-4750-b4f2-21dd116424c3 {{(pid=110928) show /opt/stack/cinder/cinder/api/v3/groups.py:58}}
Jul 14 10:14:34.862619 dv-cinder-849800-1-iscsi devstack@c-api.service[110929]: DEBUG cinder.volume.flows.api.create_volume [None req-80dca251-8731-4147-82b7-f7f23c81ba58 tempest-SnapshotMetadataTestJSON-1996204823 tempest-SnapshotMetadataTestJSON-1996204823-project] Validating volume size '1' using validate_int {{(pid=110929) _extract_size /opt/stack/cinder/cinder/volume/flows/api/create_volume.py:228}}
Jul 14 10:14:34.872483 dv-cinder-849800-1-iscsi devstack@c-api.service[110928]: /usr/local/lib/python3.8/dist-packages/oslo_context/context.py:100: DeprecationWarning: Policy enforcement is depending on the value of is_admin. This key is deprecated. Please update your policy file to use the standard policy values.
Jul 14 10:14:34.872483 dv-cinder-849800-1-iscsi devstack@c-api.service[110928]: warnings.warn('Policy enforcement is depending on the value of '
Jul 14 10:14:34.902591 dv-cinder-849800-1-iscsi devstack@c-api.service[110928]: INFO cinder.api.openstack.wsgi [None req-544ef432-66be-4d0c-b1b2-510c80f0bd0d tempest-GroupSnapshotsTest-148824341 tempest-GroupSnapshotsTest-148824341-project] http://10.222.0.61/volume/v3/2e6ba76e93d847d78eeacb7888a3fc64/groups/ab8a6fed-0bfd-4750-b4f2-21dd116424c3 returned with HTTP 200
Jul 14 10:14:34.909319 dv-cinder-849800-1-iscsi devstack@c-api.service[110928]: [pid: 110928|app: 0|req: 132/282] 10.222.0.61 () {60 vars in 1362 bytes} [Thu Jul 14 10:14:34 2022] GET /volume/v3/2e6ba76e93d847d78eeacb7888a3fc64/groups/ab8a6fed-0bfd-4750-b4f2-21dd116424c3 => generated 418 bytes in 57 msecs (HTTP/1.1 200) 7 headers in 286 bytes (1 switches on core 0)
Jul 14 10:14:34.916407 dv-cinder-849800-1-iscsi devstack@c-api.service[110928]: DEBUG cinder.api.middleware.request_id [None req-f9941b60-5af8-4517-9da2-8a77e86eee07 None None] RequestId filter calling following filter/app {{(pid=110928) _context_setter /opt/stack/cinder/cinder/api/middleware/request_id.py:62}}
Jul 14 10:14:34.920287 dv-cinder-849800-1-iscsi devstack@c-api.service[110928]: INFO cinder.api.openstack.wsgi [None req-f9941b60-5af8-4517-9da2-8a77e86eee07 tempest-GroupSnapshotsTest-148824341 tempest-GroupSnapshotsTest-148824341-project] GET http://10.222.0.61/volume/v3/2e6ba76e93d847d78eeacb7888a3fc64/volumes/detail
Jul 14 10:14:34.920950 dv-cinder-849800-1-iscsi devstack@c-api.service[110928]: DEBUG cinder.api.openstack.wsgi [None req-f9941b60-5af8-4517-9da2-8a77e86eee07 tempest-GroupSnapshotsTest-148824341 tempest-GroupSnapshotsTest-148824341-project] Empty body provided in request {{(pid=110928) get_body /opt/stack/cinder/cinder/api/openstack/wsgi.py:715}}
Jul 14 10:14:34.921552 dv-cinder-849800-1-iscsi devstack@c-api.service[110928]: DEBUG cinder.api.openstack.wsgi [None req-f9941b60-5af8-4517-9da2-8a77e86eee07 tempest-GroupSnapshotsTest-148824341 tempest-GroupSnapshotsTest-148824341-project] Calling method 'detail' {{(pid=110928) _process_stack /opt/stack/cinder/cinder/api/openstack/wsgi.py:868}}
Jul 14 10:14:34.922318 dv-cinder-849800-1-iscsi devstack@c-api.service[110928]: DEBUG cinder.api.api_utils [None req-f9941b60-5af8-4517-9da2-8a77e86eee07 tempest-GroupSnapshotsTest-148824341 tempest-GroupSnapshotsTest-148824341-project] Removing options '' from query. {{(pid=110928) remove_invalid_filter_options /opt/stack/cinder/cinder/api/api_utils.py:83}}
Jul 14 10:14:34.923233 dv-cinder-849800-1-iscsi devstack@c-api.service[110928]: /usr/local/lib/python3.8/dist-packages/oslo_context/context.py:100: DeprecationWarning: Policy enforcement is depending on the value of is_admin. This key is deprecated. Please update your policy file to use the standard policy values.
Jul 14 10:14:34.923233 dv-cinder-849800-1-iscsi devstack@c-api.service[110928]: warnings.warn('Policy enforcement is depending on the value of '
Jul 14 10:14:34.924388 dv-cinder-849800-1-iscsi devstack@c-api.service[110928]: DEBUG cinder.volume.api [None req-f9941b60-5af8-4517-9da2-8a77e86eee07 tempest-GroupSnapshotsTest-148824341 tempest-GroupSnapshotsTest-148824341-project] Searching by: MultiDict([('no_migration_targets', True)]). {{(pid=110928) get_all /opt/stack/cinder/cinder/volume/api.py:664}}
Jul 14 10:14:34.960995 dv-cinder-849800-1-iscsi devstack@c-api.service[110929]: DEBUG cinder.volume.api [None req-80dca251-8731-4147-82b7-f7f23c81ba58 tempest-SnapshotMetadataTestJSON-1996204823 tempest-SnapshotMetadataTestJSON-1996204823-project] Task 'cinder.volume.flows.api.create_volume.ExtractVolumeRequestTask;volume:create' (457f9c43-8b80-45c5-8485-b06bbb2f66fd) transitioned into state 'SUCCESS' from state 'RUNNING' with result '{'size': 1, 'snapshot_id': None, 'source_volid': None, 'volume_type': VolumeType(created_at=2022-07-14T10:03:56Z,deleted=False,deleted_at=None,description='Default Volume Type',extra_specs={},id=feb5b489-05b6-4161-8e70-90849bd30381,is_public=True,name='__DEFAULT__',projects=[],qos_specs=,qos_specs_id=None,updated_at=2022-07-14T10:03:56Z), 'volume_type_id': 'feb5b489-05b6-4161-8e70-90849bd30381', 'encryption_key_id': None, 'qos_specs': None, 'consistencygroup_id': None, 'cgsnapshot_id': None, 'group_id': None, 'replication_status': 'disabled', 'refresh_az': False, 'backup_id': None, 'multiattach': False, 'availability_zones': ['nova']}' {{(pid=110929) _task_receiver /usr/local/lib/python3.8/dist-packages/taskflow/listeners/logging.py:178}}
Jul 14 10:14:34.966563 dv-cinder-849800-1-iscsi devstack@c-api.service[110929]: DEBUG cinder.volume.api [None req-80dca251-8731-4147-82b7-f7f23c81ba58 tempest-SnapshotMetadataTestJSON-1996204823 tempest-SnapshotMetadataTestJSON-1996204823-project] Task 'cinder.volume.flows.api.create_volume.QuotaReserveTask;volume:create' (cf3f662f-a480-4427-a897-714e8355423b) transitioned into state 'RUNNING' from state 'PENDING' {{(pid=110929) _task_receiver /usr/local/lib/python3.8/dist-packages/taskflow/listeners/logging.py:190}}
Jul 14 10:14:34.972514 dv-cinder-849800-1-iscsi devstack@c-api.service[110929]: DEBUG dbcounter [-] [110929] Writing DB stats cinder:SELECT=86,cinder:UPDATE=13,cinder:INSERT=1 {{(pid=110929) stat_writer /usr/local/lib/python3.8/dist-packages/dbcounter.py:114}}
Jul 14 10:14:34.996287 dv-cinder-849800-1-iscsi devstack@c-api.service[110928]: INFO cinder.volume.api [None req-f9941b60-5af8-4517-9da2-8a77e86eee07 tempest-GroupSnapshotsTest-148824341 tempest-GroupSnapshotsTest-148824341-project] Get all volumes completed successfully.
Jul 14 10:14:35.002054 dv-cinder-849800-1-iscsi devstack@c-api.service[110928]: WARNING stevedore.named [None req-f9941b60-5af8-4517-9da2-8a77e86eee07 tempest-GroupSnapshotsTest-148824341 tempest-GroupSnapshotsTest-148824341-project] Could not load cinder.keymgr.conf_key_mgr.ConfKeyManager
Jul 14 10:14:35.003236 dv-cinder-849800-1-iscsi devstack@c-api.service[110928]: WARNING castellan.key_manager [None req-f9941b60-5af8-4517-9da2-8a77e86eee07 tempest-GroupSnapshotsTest-148824341 tempest-GroupSnapshotsTest-148824341-project] Deprecation Warning : cinder.keymgr.conf_key_mgr.ConfKeyManager is not a stevedore based driver, trying to load it as a class: stevedore.exception.NoMatches: No 'castellan.drivers' driver found, looking for 'cinder.keymgr.conf_key_mgr.ConfKeyManager'
Jul 14 10:14:35.020994 dv-cinder-849800-1-iscsi devstack@c-api.service[110928]: DEBUG oslo_db.sqlalchemy.engines [None req-f9941b60-5af8-4517-9da2-8a77e86eee07 tempest-GroupSnapshotsTest-148824341 tempest-GroupSnapshotsTest-148824341-project] MySQL server mode set to STRICT_TRANS_TABLES,STRICT_ALL_TABLES,NO_ZERO_IN_DATE,NO_ZERO_DATE,ERROR_FOR_DIVISION_BY_ZERO,TRADITIONAL,NO_ENGINE_SUBSTITUTION {{(pid=110928) _check_effective_sql_mode /usr/local/lib/python3.8/dist-packages/oslo_db/sqlalchemy/engines.py:314}}
Jul 14 10:14:35.030673 dv-cinder-849800-1-iscsi devstack@c-api.service[110928]: /usr/local/lib/python3.8/dist-packages/oslo_context/context.py:100: DeprecationWarning: Policy enforcement is depending on the value of is_admin. This key is deprecated. Please update your policy file to use the standard policy values.
Jul 14 10:14:35.030673 dv-cinder-849800-1-iscsi devstack@c-api.service[110928]: warnings.warn('Policy enforcement is depending on the value of '
Jul 14 10:14:35.051271 dv-cinder-849800-1-iscsi devstack@c-api.service[110928]: WARNING stevedore.named [None req-f9941b60-5af8-4517-9da2-8a77e86eee07 tempest-GroupSnapshotsTest-148824341 tempest-GroupSnapshotsTest-148824341-project] Could not load cinder.keymgr.conf_key_mgr.ConfKeyManager
Jul 14 10:14:35.052168 dv-cinder-849800-1-iscsi devstack@c-api.service[110928]: WARNING castellan.key_manager [None req-f9941b60-5af8-4517-9da2-8a77e86eee07 tempest-GroupSnapshotsTest-148824341 tempest-GroupSnapshotsTest-148824341-project] Deprecation Warning : cinder.keymgr.conf_key_mgr.ConfKeyManager is not a stevedore based driver, trying to load it as a class: stevedore.exception.NoMatches: No 'castellan.drivers' driver found, looking for 'cinder.keymgr.conf_key_mgr.ConfKeyManager'
Jul 14 10:14:35.066150 dv-cinder-849800-1-iscsi devstack@c-api.service[110928]: DEBUG oslo_db.sqlalchemy.engines [None req-f9941b60-5af8-4517-9da2-8a77e86eee07 tempest-GroupSnapshotsTest-148824341 tempest-GroupSnapshotsTest-148824341-project] MySQL server mode set to STRICT_TRANS_TABLES,STRICT_ALL_TABLES,NO_ZERO_IN_DATE,NO_ZERO_DATE,ERROR_FOR_DIVISION_BY_ZERO,TRADITIONAL,NO_ENGINE_SUBSTITUTION {{(pid=110928) _check_effective_sql_mode /usr/local/lib/python3.8/dist-packages/oslo_db/sqlalchemy/engines.py:314}}
Jul 14 10:14:35.090851 dv-cinder-849800-1-iscsi devstack@c-api.service[110928]: /usr/local/lib/python3.8/dist-packages/oslo_context/context.py:100: DeprecationWarning: Policy enforcement is depending on the value of is_admin. This key is deprecated. Please update your policy file to use the standard policy values.
Jul 14 10:14:35.090851 dv-cinder-849800-1-iscsi devstack@c-api.service[110928]: warnings.warn('Policy enforcement is depending on the value of '
Jul 14 10:14:35.120657 dv-cinder-849800-1-iscsi devstack@c-api.service[110928]: INFO cinder.api.openstack.wsgi [None req-f9941b60-5af8-4517-9da2-8a77e86eee07 tempest-GroupSnapshotsTest-148824341 tempest-GroupSnapshotsTest-148824341-project] http://10.222.0.61/volume/v3/2e6ba76e93d847d78eeacb7888a3fc64/volumes/detail returned with HTTP 200
Jul 14 10:14:35.121589 dv-cinder-849800-1-iscsi devstack@c-api.service[110928]: [pid: 110928|app: 0|req: 133/283] 10.222.0.61 () {60 vars in 1275 bytes} [Thu Jul 14 10:14:34 2022] GET /volume/v3/2e6ba76e93d847d78eeacb7888a3fc64/volumes/detail => generated 1981 bytes in 206 msecs (HTTP/1.1 200) 7 headers in 287 bytes (1 switches on core 0)
Jul 14 10:14:35.135415 dv-cinder-849800-1-iscsi devstack@c-api.service[110928]: DEBUG cinder.api.middleware.request_id [None req-d2d95aeb-dd9b-4563-9f31-e44058df5a9f None None] RequestId filter calling following filter/app {{(pid=110928) _context_setter /opt/stack/cinder/cinder/api/middleware/request_id.py:62}}
Jul 14 10:14:35.140208 dv-cinder-849800-1-iscsi devstack@c-api.service[110928]: INFO cinder.api.openstack.wsgi [None req-d2d95aeb-dd9b-4563-9f31-e44058df5a9f tempest-GroupSnapshotsTest-148824341 tempest-GroupSnapshotsTest-148824341-project] POST http://10.222.0.61/volume/v3/2e6ba76e93d847d78eeacb7888a3fc64/groups/ab8a6fed-0bfd-4750-b4f2-21dd116424c3/action
Jul 14 10:14:35.141215 dv-cinder-849800-1-iscsi devstack@c-api.service[110928]: DEBUG cinder.api.openstack.wsgi [None req-d2d95aeb-dd9b-4563-9f31-e44058df5a9f tempest-GroupSnapshotsTest-148824341 tempest-GroupSnapshotsTest-148824341-project] Action body: b'{"delete": {"delete-volumes": true}}' {{(pid=110928) get_method /opt/stack/cinder/cinder/api/openstack/wsgi.py:983}}
Jul 14 10:14:35.141641 dv-cinder-849800-1-iscsi devstack@c-api.service[110928]: DEBUG cinder.api.openstack.wsgi [None req-d2d95aeb-dd9b-4563-9f31-e44058df5a9f tempest-GroupSnapshotsTest-148824341 tempest-GroupSnapshotsTest-148824341-project] Action: 'action', calling method: delete_group, body: {"delete": {"delete-volumes": true}} {{(pid=110928) _process_stack /opt/stack/cinder/cinder/api/openstack/wsgi.py:866}}
Jul 14 10:14:35.142537 dv-cinder-849800-1-iscsi devstack@c-api.service[110928]: DEBUG cinder.api.v3.groups [None req-d2d95aeb-dd9b-4563-9f31-e44058df5a9f tempest-GroupSnapshotsTest-148824341 tempest-GroupSnapshotsTest-148824341-project] delete called for group ab8a6fed-0bfd-4750-b4f2-21dd116424c3 {{(pid=110928) _delete /opt/stack/cinder/cinder/api/v3/groups.py:117}}
Jul 14 10:14:35.142925 dv-cinder-849800-1-iscsi devstack@c-api.service[110928]: INFO cinder.api.v3.groups [None req-d2d95aeb-dd9b-4563-9f31-e44058df5a9f tempest-GroupSnapshotsTest-148824341 tempest-GroupSnapshotsTest-148824341-project] Delete group with id: ab8a6fed-0bfd-4750-b4f2-21dd116424c3
Jul 14 10:14:35.155177 dv-cinder-849800-1-iscsi devstack@c-api.service[110929]: DEBUG cinder.quota [None req-80dca251-8731-4147-82b7-f7f23c81ba58 tempest-SnapshotMetadataTestJSON-1996204823 tempest-SnapshotMetadataTestJSON-1996204823-project] Created reservations ['22894e98-e577-4de1-8fb0-b273c236fac2', '1903e442-2d68-479a-b08e-1a11ffdbf772', '4c336997-faac-4f92-8304-e8d7da3b538b', '796e5764-2dd4-4d63-8c2e-a8130cb5a9cf'] {{(pid=110929) reserve /opt/stack/cinder/cinder/quota.py:755}}
Jul 14 10:14:35.157830 dv-cinder-849800-1-iscsi devstack@c-api.service[110929]: DEBUG cinder.volume.api [None req-80dca251-8731-4147-82b7-f7f23c81ba58 tempest-SnapshotMetadataTestJSON-1996204823 tempest-SnapshotMetadataTestJSON-1996204823-project] Task 'cinder.volume.flows.api.create_volume.QuotaReserveTask;volume:create' (cf3f662f-a480-4427-a897-714e8355423b) transitioned into state 'SUCCESS' from state 'RUNNING' with result '{'reservations': ['22894e98-e577-4de1-8fb0-b273c236fac2', '1903e442-2d68-479a-b08e-1a11ffdbf772', '4c336997-faac-4f92-8304-e8d7da3b538b', '796e5764-2dd4-4d63-8c2e-a8130cb5a9cf']}' {{(pid=110929) _task_receiver /usr/local/lib/python3.8/dist-packages/taskflow/listeners/logging.py:178}}
Jul 14 10:14:35.158255 dv-cinder-849800-1-iscsi devstack@c-api.service[110928]: /usr/local/lib/python3.8/dist-packages/oslo_context/context.py:100: DeprecationWarning: Policy enforcement is depending on the value of is_admin. This key is deprecated. Please update your policy file to use the standard policy values.
Jul 14 10:14:35.158255 dv-cinder-849800-1-iscsi devstack@c-api.service[110928]: warnings.warn('Policy enforcement is depending on the value of '
Jul 14 10:14:35.160464 dv-cinder-849800-1-iscsi devstack@c-api.service[110929]: DEBUG cinder.volume.api [None req-80dca251-8731-4147-82b7-f7f23c81ba58 tempest-SnapshotMetadataTestJSON-1996204823 tempest-SnapshotMetadataTestJSON-1996204823-project] Task 'cinder.volume.flows.api.create_volume.EntryCreateTask;volume:create' (5db6539b-6fa1-46e8-9b25-2d91d38ff0a3) transitioned into state 'RUNNING' from state 'PENDING' {{(pid=110929) _task_receiver /usr/local/lib/python3.8/dist-packages/taskflow/listeners/logging.py:190}}
Jul 14 10:14:35.192064 dv-cinder-849800-1-iscsi devstack@c-api.service[110929]: DEBUG cinder.volume.api [None req-80dca251-8731-4147-82b7-f7f23c81ba58 tempest-SnapshotMetadataTestJSON-1996204823 tempest-SnapshotMetadataTestJSON-1996204823-project] Task 'cinder.volume.flows.api.create_volume.EntryCreateTask;volume:create' (5db6539b-6fa1-46e8-9b25-2d91d38ff0a3) transitioned into state 'SUCCESS' from state 'RUNNING' with result '{'volume_id': '849f0538-e213-4435-b758-61334e935ee9', 'volume_properties': VolumeProperties(attach_status='detached',availability_zone='nova',cgsnapshot_id=None,consistencygroup_id=None,display_description=None,display_name='tempest-SnapshotMetadataTestJSON-Volume-1702230110',encryption_key_id=None,group_id=None,group_type_id=,metadata={},multiattach=False,project_id='c1ca205e8be148c8b724b1603111ce65',qos_specs=None,replication_status=,reservations=['22894e98-e577-4de1-8fb0-b273c236fac2','1903e442-2d68-479a-b08e-1a11ffdbf772','4c336997-faac-4f92-8304-e8d7da3b538b','796e5764-2dd4-4d63-8c2e-a8130cb5a9cf'],size=1,snapshot_id=None,source_replicaid=,source_volid=None,status='creating',user_id='1e2e475aa45440faaa336870675cf9e9',volume_type_id=feb5b489-05b6-4161-8e70-90849bd30381), 'volume': Volume(_name_id=None,admin_metadata=,attach_status='detached',availability_zone='nova',bootable=False,cluster=,cluster_name=None,consistencygroup=,consistencygroup_id=None,created_at=2022-07-14T10:14:35Z,deleted=False,deleted_at=None,display_description=None,display_name='tempest-SnapshotMetadataTestJSON-Volume-1702230110',ec2_id=None,encryption_key_id=None,glance_metadata=,group=,group_id=None,host=None,id=849f0538-e213-4435-b758-61334e935ee9,launched_at=None,metadata={},migration_status=None,multiattach=False,previous_status=None,project_id='c1ca205e8be148c8b724b1603111ce65',provider_auth=None,provider_geometry=None,provider_id=None,provider_location=None,replication_driver_data=None,replication_extended_status=None,replication_status=None,scheduled_at=None,service_uuid=None,shared_targets=True,size=1,snapshot_id=None,snapshots=,source_volid=None,status='creating',terminated_at=None,updated_at=None,use_quota=True,user_id='1e2e475aa45440faaa336870675cf9e9',volume_attachment=VolumeAttachmentList,volume_type=VolumeType(feb5b489-05b6-4161-8e70-90849bd30381),volume_type_id=feb5b489-05b6-4161-8e70-90849bd30381)}' {{(pid=110929) _task_receiver /usr/local/lib/python3.8/dist-packages/taskflow/listeners/logging.py:178}}
Jul 14 10:14:35.194408 dv-cinder-849800-1-iscsi devstack@c-api.service[110929]: DEBUG cinder.volume.api [None req-80dca251-8731-4147-82b7-f7f23c81ba58 tempest-SnapshotMetadataTestJSON-1996204823 tempest-SnapshotMetadataTestJSON-1996204823-project] Task 'cinder.volume.flows.api.create_volume.QuotaCommitTask;volume:create' (d40b4eef-a5c9-4905-9fa5-61857c9a2801) transitioned into state 'RUNNING' from state 'PENDING' {{(pid=110929) _task_receiver /usr/local/lib/python3.8/dist-packages/taskflow/listeners/logging.py:190}}
Jul 14 10:14:35.230694 dv-cinder-849800-1-iscsi devstack@c-api.service[110929]: DEBUG cinder.volume.api [None req-80dca251-8731-4147-82b7-f7f23c81ba58 tempest-SnapshotMetadataTestJSON-1996204823 tempest-SnapshotMetadataTestJSON-1996204823-project] Task 'cinder.volume.flows.api.create_volume.QuotaCommitTask;volume:create' (d40b4eef-a5c9-4905-9fa5-61857c9a2801) transitioned into state 'SUCCESS' from state 'RUNNING' with result '{'volume_properties': VolumeProperties(attach_status='detached',availability_zone='nova',cgsnapshot_id=None,consistencygroup_id=None,display_description=None,display_name='tempest-SnapshotMetadataTestJSON-Volume-1702230110',encryption_key_id=None,group_id=None,group_type_id=,metadata={},multiattach=False,project_id='c1ca205e8be148c8b724b1603111ce65',qos_specs=None,replication_status=,reservations=['22894e98-e577-4de1-8fb0-b273c236fac2','1903e442-2d68-479a-b08e-1a11ffdbf772','4c336997-faac-4f92-8304-e8d7da3b538b','796e5764-2dd4-4d63-8c2e-a8130cb5a9cf'],size=1,snapshot_id=None,source_replicaid=,source_volid=None,status='creating',user_id='1e2e475aa45440faaa336870675cf9e9',volume_type_id=feb5b489-05b6-4161-8e70-90849bd30381)}' {{(pid=110929) _task_receiver /usr/local/lib/python3.8/dist-packages/taskflow/listeners/logging.py:178}}
Jul 14 10:14:35.233262 dv-cinder-849800-1-iscsi devstack@c-api.service[110929]: DEBUG cinder.volume.api [None req-80dca251-8731-4147-82b7-f7f23c81ba58 tempest-SnapshotMetadataTestJSON-1996204823 tempest-SnapshotMetadataTestJSON-1996204823-project] Task 'cinder.volume.flows.api.create_volume.VolumeCastTask;volume:create' (02683ed9-3ffe-4ee4-87f8-604eff032447) transitioned into state 'RUNNING' from state 'PENDING' {{(pid=110929) _task_receiver /usr/local/lib/python3.8/dist-packages/taskflow/listeners/logging.py:190}}
Jul 14 10:14:35.276784 dv-cinder-849800-1-iscsi devstack@c-api.service[110929]: DEBUG cinder.volume.api [None req-80dca251-8731-4147-82b7-f7f23c81ba58 tempest-SnapshotMetadataTestJSON-1996204823 tempest-SnapshotMetadataTestJSON-1996204823-project] Task 'cinder.volume.flows.api.create_volume.VolumeCastTask;volume:create' (02683ed9-3ffe-4ee4-87f8-604eff032447) transitioned into state 'SUCCESS' from state 'RUNNING' with result 'None' {{(pid=110929) _task_receiver /usr/local/lib/python3.8/dist-packages/taskflow/listeners/logging.py:178}}
Jul 14 10:14:35.282092 dv-cinder-849800-1-iscsi devstack@c-api.service[110929]: DEBUG cinder.volume.api [None req-80dca251-8731-4147-82b7-f7f23c81ba58 tempest-SnapshotMetadataTestJSON-1996204823 tempest-SnapshotMetadataTestJSON-1996204823-project] Flow 'volume_create_api' (7c60e18d-c479-417e-bbe7-05b4ecbffe1a) transitioned into state 'SUCCESS' from state 'RUNNING' {{(pid=110929) _flow_receiver /usr/local/lib/python3.8/dist-packages/taskflow/listeners/logging.py:141}}
Jul 14 10:14:35.291264 dv-cinder-849800-1-iscsi devstack@c-api.service[110929]: INFO cinder.volume.api [None req-80dca251-8731-4147-82b7-f7f23c81ba58 tempest-SnapshotMetadataTestJSON-1996204823 tempest-SnapshotMetadataTestJSON-1996204823-project] Create volume request issued successfully.
Jul 14 10:14:35.295501 dv-cinder-849800-1-iscsi devstack@c-api.service[110929]: INFO cinder.api.openstack.wsgi [None req-80dca251-8731-4147-82b7-f7f23c81ba58 tempest-SnapshotMetadataTestJSON-1996204823 tempest-SnapshotMetadataTestJSON-1996204823-project] http://10.222.0.61/volume/v3/c1ca205e8be148c8b724b1603111ce65/volumes returned with HTTP 202
Jul 14 10:14:35.296582 dv-cinder-849800-1-iscsi devstack@c-api.service[110929]: [pid: 110929|app: 0|req: 151/284] 10.222.0.61 () {60 vars in 1234 bytes} [Thu Jul 14 10:14:34 2022] POST /volume/v3/c1ca205e8be148c8b724b1603111ce65/volumes => generated 824 bytes in 684 msecs (HTTP/1.1 202) 7 headers in 291 bytes (1 switches on core 0)
Jul 14 10:14:35.308322 dv-cinder-849800-1-iscsi devstack@c-api.service[110929]: DEBUG cinder.api.middleware.request_id [None req-6b629483-55fd-44e2-82d8-4f202ccbbde1 None None] RequestId filter calling following filter/app {{(pid=110929) _context_setter /opt/stack/cinder/cinder/api/middleware/request_id.py:62}}
Jul 14 10:14:35.326979 dv-cinder-849800-1-iscsi devstack@c-api.service[110928]: INFO cinder.api.openstack.wsgi [None req-d2d95aeb-dd9b-4563-9f31-e44058df5a9f tempest-GroupSnapshotsTest-148824341 tempest-GroupSnapshotsTest-148824341-project] http://10.222.0.61/volume/v3/2e6ba76e93d847d78eeacb7888a3fc64/groups/ab8a6fed-0bfd-4750-b4f2-21dd116424c3/action returned with HTTP 202
Jul 14 10:14:35.330868 dv-cinder-849800-1-iscsi devstack@c-api.service[110928]: [pid: 110928|app: 0|req: 134/285] 10.222.0.61 () {62 vars in 1404 bytes} [Thu Jul 14 10:14:35 2022] POST /volume/v3/2e6ba76e93d847d78eeacb7888a3fc64/groups/ab8a6fed-0bfd-4750-b4f2-21dd116424c3/action => generated 0 bytes in 194 msecs (HTTP/1.1 202) 6 headers in 234 bytes (1 switches on core 0)
Jul 14 10:14:35.332448 dv-cinder-849800-1-iscsi devstack@c-api.service[110929]: INFO cinder.api.openstack.wsgi [None req-6b629483-55fd-44e2-82d8-4f202ccbbde1 tempest-SnapshotMetadataTestJSON-1996204823 tempest-SnapshotMetadataTestJSON-1996204823-project] GET http://10.222.0.61/volume/v3/c1ca205e8be148c8b724b1603111ce65/volumes/849f0538-e213-4435-b758-61334e935ee9
Jul 14 10:14:35.332592 dv-cinder-849800-1-iscsi devstack@c-api.service[110928]: DEBUG cinder.api.middleware.request_id [None req-4b31fa1d-41e9-464e-bd09-eba53ff1c120 None None] RequestId filter calling following filter/app {{(pid=110928) _context_setter /opt/stack/cinder/cinder/api/middleware/request_id.py:62}}
Jul 14 10:14:35.333266 dv-cinder-849800-1-iscsi devstack@c-api.service[110929]: DEBUG cinder.api.openstack.wsgi [None req-6b629483-55fd-44e2-82d8-4f202ccbbde1 tempest-SnapshotMetadataTestJSON-1996204823 tempest-SnapshotMetadataTestJSON-1996204823-project] Empty body provided in request {{(pid=110929) get_body /opt/stack/cinder/cinder/api/openstack/wsgi.py:715}}
Jul 14 10:14:35.336798 dv-cinder-849800-1-iscsi devstack@c-api.service[110928]: INFO cinder.api.openstack.wsgi [None req-4b31fa1d-41e9-464e-bd09-eba53ff1c120 tempest-GroupSnapshotsTest-148824341 tempest-GroupSnapshotsTest-148824341-project] GET http://10.222.0.61/volume/v3/2e6ba76e93d847d78eeacb7888a3fc64/volumes/01ccd888-a2c4-4909-9d27-85065ccc2cda
Jul 14 10:14:35.337500 dv-cinder-849800-1-iscsi devstack@c-api.service[110928]: DEBUG cinder.api.openstack.wsgi [None req-4b31fa1d-41e9-464e-bd09-eba53ff1c120 tempest-GroupSnapshotsTest-148824341 tempest-GroupSnapshotsTest-148824341-project] Empty body provided in request {{(pid=110928) get_body /opt/stack/cinder/cinder/api/openstack/wsgi.py:715}}
Jul 14 10:14:35.337714 dv-cinder-849800-1-iscsi devstack@c-api.service[110929]: DEBUG cinder.api.openstack.wsgi [None req-6b629483-55fd-44e2-82d8-4f202ccbbde1 tempest-SnapshotMetadataTestJSON-1996204823 tempest-SnapshotMetadataTestJSON-1996204823-project] Calling method 'show' {{(pid=110929) _process_stack /opt/stack/cinder/cinder/api/openstack/wsgi.py:868}}
Jul 14 10:14:35.338529 dv-cinder-849800-1-iscsi devstack@c-api.service[110928]: DEBUG cinder.api.openstack.wsgi [None req-4b31fa1d-41e9-464e-bd09-eba53ff1c120 tempest-GroupSnapshotsTest-148824341 tempest-GroupSnapshotsTest-148824341-project] Calling method 'show' {{(pid=110928) _process_stack /opt/stack/cinder/cinder/api/openstack/wsgi.py:868}}
Jul 14 10:14:35.376396 dv-cinder-849800-1-iscsi devstack@c-api.service[110929]: /usr/local/lib/python3.8/dist-packages/oslo_context/context.py:100: DeprecationWarning: Policy enforcement is depending on the value of is_admin. This key is deprecated. Please update your policy file to use the standard policy values.
Jul 14 10:14:35.376396 dv-cinder-849800-1-iscsi devstack@c-api.service[110929]: warnings.warn('Policy enforcement is depending on the value of '
Jul 14 10:14:35.376913 dv-cinder-849800-1-iscsi devstack@c-api.service[110928]: /usr/local/lib/python3.8/dist-packages/oslo_context/context.py:100: DeprecationWarning: Policy enforcement is depending on the value of is_admin. This key is deprecated. Please update your policy file to use the standard policy values.
Jul 14 10:14:35.376913 dv-cinder-849800-1-iscsi devstack@c-api.service[110928]: warnings.warn('Policy enforcement is depending on the value of '
Jul 14 10:14:35.390764 dv-cinder-849800-1-iscsi devstack@c-api.service[110929]: INFO cinder.volume.api [None req-6b629483-55fd-44e2-82d8-4f202ccbbde1 tempest-SnapshotMetadataTestJSON-1996204823 tempest-SnapshotMetadataTestJSON-1996204823-project] Volume info retrieved successfully.
Jul 14 10:14:35.407824 dv-cinder-849800-1-iscsi devstack@c-api.service[110928]: INFO cinder.volume.api [None req-4b31fa1d-41e9-464e-bd09-eba53ff1c120 tempest-GroupSnapshotsTest-148824341 tempest-GroupSnapshotsTest-148824341-project] Volume info retrieved successfully.
Jul 14 10:14:35.409291 dv-cinder-849800-1-iscsi devstack@c-api.service[110928]: WARNING stevedore.named [None req-4b31fa1d-41e9-464e-bd09-eba53ff1c120 tempest-GroupSnapshotsTest-148824341 tempest-GroupSnapshotsTest-148824341-project] Could not load cinder.keymgr.conf_key_mgr.ConfKeyManager
Jul 14 10:14:35.409668 dv-cinder-849800-1-iscsi devstack@c-api.service[110928]: WARNING castellan.key_manager [None req-4b31fa1d-41e9-464e-bd09-eba53ff1c120 tempest-GroupSnapshotsTest-148824341 tempest-GroupSnapshotsTest-148824341-project] Deprecation Warning : cinder.keymgr.conf_key_mgr.ConfKeyManager is not a stevedore based driver, trying to load it as a class: stevedore.exception.NoMatches: No 'castellan.drivers' driver found, looking for 'cinder.keymgr.conf_key_mgr.ConfKeyManager'
Jul 14 10:14:35.418052 dv-cinder-849800-1-iscsi devstack@c-api.service[110929]: INFO cinder.api.openstack.wsgi [None req-6b629483-55fd-44e2-82d8-4f202ccbbde1 tempest-SnapshotMetadataTestJSON-1996204823 tempest-SnapshotMetadataTestJSON-1996204823-project] http://10.222.0.61/volume/v3/c1ca205e8be148c8b724b1603111ce65/volumes/849f0538-e213-4435-b758-61334e935ee9 returned with HTTP 200
Jul 14 10:14:35.419279 dv-cinder-849800-1-iscsi devstack@c-api.service[110929]: [pid: 110929|app: 0|req: 152/286] 10.222.0.61 () {58 vars in 1324 bytes} [Thu Jul 14 10:14:35 2022] GET /volume/v3/c1ca205e8be148c8b724b1603111ce65/volumes/849f0538-e213-4435-b758-61334e935ee9 => generated 892 bytes in 112 msecs (HTTP/1.1 200) 7 headers in 285 bytes (2 switches on core 0)
Jul 14 10:14:35.421441 dv-cinder-849800-1-iscsi devstack@c-api.service[110928]: DEBUG oslo_db.sqlalchemy.engines [None req-4b31fa1d-41e9-464e-bd09-eba53ff1c120 tempest-GroupSnapshotsTest-148824341 tempest-GroupSnapshotsTest-148824341-project] MySQL server mode set to STRICT_TRANS_TABLES,STRICT_ALL_TABLES,NO_ZERO_IN_DATE,NO_ZERO_DATE,ERROR_FOR_DIVISION_BY_ZERO,TRADITIONAL,NO_ENGINE_SUBSTITUTION {{(pid=110928) _check_effective_sql_mode /usr/local/lib/python3.8/dist-packages/oslo_db/sqlalchemy/engines.py:314}}
Jul 14 10:14:35.430193 dv-cinder-849800-1-iscsi devstack@c-api.service[110928]: /usr/local/lib/python3.8/dist-packages/oslo_context/context.py:100: DeprecationWarning: Policy enforcement is depending on the value of is_admin. This key is deprecated. Please update your policy file to use the standard policy values.
Jul 14 10:14:35.430193 dv-cinder-849800-1-iscsi devstack@c-api.service[110928]: warnings.warn('Policy enforcement is depending on the value of '
Jul 14 10:14:35.445009 dv-cinder-849800-1-iscsi devstack@c-api.service[110928]: DEBUG dbcounter [-] [110928] Writing DB stats cinder:SELECT=92,cinder:INSERT=1,cinder:UPDATE=7 {{(pid=110928) stat_writer /usr/local/lib/python3.8/dist-packages/dbcounter.py:114}}
Jul 14 10:14:35.461819 dv-cinder-849800-1-iscsi devstack@c-api.service[110928]: INFO cinder.api.openstack.wsgi [None req-4b31fa1d-41e9-464e-bd09-eba53ff1c120 tempest-GroupSnapshotsTest-148824341 tempest-GroupSnapshotsTest-148824341-project] http://10.222.0.61/volume/v3/2e6ba76e93d847d78eeacb7888a3fc64/volumes/01ccd888-a2c4-4909-9d27-85065ccc2cda returned with HTTP 200
Jul 14 10:14:35.464323 dv-cinder-849800-1-iscsi devstack@c-api.service[110928]: [pid: 110928|app: 0|req: 135/287] 10.222.0.61 () {60 vars in 1365 bytes} [Thu Jul 14 10:14:35 2022] GET /volume/v3/2e6ba76e93d847d78eeacb7888a3fc64/volumes/01ccd888-a2c4-4909-9d27-85065ccc2cda => generated 989 bytes in 133 msecs (HTTP/1.1 200) 7 headers in 286 bytes (2 switches on core 0)
Jul 14 10:14:36.425367 dv-cinder-849800-1-iscsi devstack@c-api.service[110929]: DEBUG cinder.api.middleware.request_id [None req-8ac1134d-c0ad-4642-b6c8-2131c3042ea9 None None] RequestId filter calling following filter/app {{(pid=110929) _context_setter /opt/stack/cinder/cinder/api/middleware/request_id.py:62}}
Jul 14 10:14:36.431703 dv-cinder-849800-1-iscsi devstack@c-api.service[110928]: DEBUG cinder.api.middleware.request_id [None req-7730ebbf-1be6-43b4-a735-da6367a11d35 None None] RequestId filter calling following filter/app {{(pid=110928) _context_setter /opt/stack/cinder/cinder/api/middleware/request_id.py:62}}
Jul 14 10:14:36.441561 dv-cinder-849800-1-iscsi devstack@c-api.service[110928]: INFO cinder.api.openstack.wsgi [None req-7730ebbf-1be6-43b4-a735-da6367a11d35 tempest-SnapshotMetadataTestJSON-1996204823 tempest-SnapshotMetadataTestJSON-1996204823-project] GET http://10.222.0.61/volume/v3/c1ca205e8be148c8b724b1603111ce65/volumes/849f0538-e213-4435-b758-61334e935ee9
Jul 14 10:14:36.442022 dv-cinder-849800-1-iscsi devstack@c-api.service[110928]: DEBUG cinder.api.openstack.wsgi [None req-7730ebbf-1be6-43b4-a735-da6367a11d35 tempest-SnapshotMetadataTestJSON-1996204823 tempest-SnapshotMetadataTestJSON-1996204823-project] Empty body provided in request {{(pid=110928) get_body /opt/stack/cinder/cinder/api/openstack/wsgi.py:715}}
Jul 14 10:14:36.442482 dv-cinder-849800-1-iscsi devstack@c-api.service[110928]: DEBUG cinder.api.openstack.wsgi [None req-7730ebbf-1be6-43b4-a735-da6367a11d35 tempest-SnapshotMetadataTestJSON-1996204823 tempest-SnapshotMetadataTestJSON-1996204823-project] Calling method 'show' {{(pid=110928) _process_stack /opt/stack/cinder/cinder/api/openstack/wsgi.py:868}}
Jul 14 10:14:36.474122 dv-cinder-849800-1-iscsi devstack@c-api.service[110928]: /usr/local/lib/python3.8/dist-packages/oslo_context/context.py:100: DeprecationWarning: Policy enforcement is depending on the value of is_admin. This key is deprecated. Please update your policy file to use the standard policy values.
Jul 14 10:14:36.474122 dv-cinder-849800-1-iscsi devstack@c-api.service[110928]: warnings.warn('Policy enforcement is depending on the value of '
Jul 14 10:14:36.482910 dv-cinder-849800-1-iscsi devstack@c-api.service[110928]: INFO cinder.volume.api [None req-7730ebbf-1be6-43b4-a735-da6367a11d35 tempest-SnapshotMetadataTestJSON-1996204823 tempest-SnapshotMetadataTestJSON-1996204823-project] Volume info retrieved successfully.
Jul 14 10:14:36.494160 dv-cinder-849800-1-iscsi devstack@c-api.service[110928]: INFO cinder.api.openstack.wsgi [None req-7730ebbf-1be6-43b4-a735-da6367a11d35 tempest-SnapshotMetadataTestJSON-1996204823 tempest-SnapshotMetadataTestJSON-1996204823-project] http://10.222.0.61/volume/v3/c1ca205e8be148c8b724b1603111ce65/volumes/849f0538-e213-4435-b758-61334e935ee9 returned with HTTP 200
Jul 14 10:14:36.495553 dv-cinder-849800-1-iscsi devstack@c-api.service[110928]: [pid: 110928|app: 0|req: 136/288] 10.222.0.61 () {58 vars in 1324 bytes} [Thu Jul 14 10:14:36 2022] GET /volume/v3/c1ca205e8be148c8b724b1603111ce65/volumes/849f0538-e213-4435-b758-61334e935ee9 => generated 917 bytes in 65 msecs (HTTP/1.1 200) 7 headers in 285 bytes (1 switches on core 0)
Jul 14 10:14:36.497078 dv-cinder-849800-1-iscsi devstack@c-api.service[110928]: DEBUG cinder.api.middleware.request_id [None req-519572c5-5d34-4fec-9f7a-c29af6831e08 None None] RequestId filter calling following filter/app {{(pid=110928) _context_setter /opt/stack/cinder/cinder/api/middleware/request_id.py:62}}
Jul 14 10:14:36.501507 dv-cinder-849800-1-iscsi devstack@c-api.service[110928]: INFO cinder.api.openstack.wsgi [None req-519572c5-5d34-4fec-9f7a-c29af6831e08 tempest-GroupSnapshotsTest-148824341 tempest-GroupSnapshotsTest-148824341-project] GET http://10.222.0.61/volume/v3/2e6ba76e93d847d78eeacb7888a3fc64/volumes/01ccd888-a2c4-4909-9d27-85065ccc2cda
Jul 14 10:14:36.502177 dv-cinder-849800-1-iscsi devstack@c-api.service[110928]: DEBUG cinder.api.openstack.wsgi [None req-519572c5-5d34-4fec-9f7a-c29af6831e08 tempest-GroupSnapshotsTest-148824341 tempest-GroupSnapshotsTest-148824341-project] Empty body provided in request {{(pid=110928) get_body /opt/stack/cinder/cinder/api/openstack/wsgi.py:715}}
Jul 14 10:14:36.503167 dv-cinder-849800-1-iscsi devstack@c-api.service[110928]: DEBUG cinder.api.openstack.wsgi [None req-519572c5-5d34-4fec-9f7a-c29af6831e08 tempest-GroupSnapshotsTest-148824341 tempest-GroupSnapshotsTest-148824341-project] Calling method 'show' {{(pid=110928) _process_stack /opt/stack/cinder/cinder/api/openstack/wsgi.py:868}}
Jul 14 10:14:36.515272 dv-cinder-849800-1-iscsi devstack@c-api.service[110928]: INFO cinder.api.openstack.wsgi [None req-519572c5-5d34-4fec-9f7a-c29af6831e08 tempest-GroupSnapshotsTest-148824341 tempest-GroupSnapshotsTest-148824341-project] http://10.222.0.61/volume/v3/2e6ba76e93d847d78eeacb7888a3fc64/volumes/01ccd888-a2c4-4909-9d27-85065ccc2cda returned with HTTP 404
Jul 14 10:14:36.516945 dv-cinder-849800-1-iscsi devstack@c-api.service[110928]: [pid: 110928|app: 0|req: 137/289] 10.222.0.61 () {60 vars in 1365 bytes} [Thu Jul 14 10:14:36 2022] GET /volume/v3/2e6ba76e93d847d78eeacb7888a3fc64/volumes/01ccd888-a2c4-4909-9d27-85065ccc2cda => generated 109 bytes in 20 msecs (HTTP/1.1 404) 7 headers in 293 bytes (1 switches on core 0)
Jul 14 10:14:36.518473 dv-cinder-849800-1-iscsi devstack@c-api.service[110928]: DEBUG cinder.api.middleware.request_id [None req-ef485300-b68d-43c8-9675-916fb09ce433 None None] RequestId filter calling following filter/app {{(pid=110928) _context_setter /opt/stack/cinder/cinder/api/middleware/request_id.py:62}}
Jul 14 10:14:36.523340 dv-cinder-849800-1-iscsi devstack@c-api.service[110928]: INFO cinder.api.openstack.wsgi [None req-ef485300-b68d-43c8-9675-916fb09ce433 tempest-SnapshotMetadataTestJSON-1996204823 tempest-SnapshotMetadataTestJSON-1996204823-project] POST http://10.222.0.61/volume/v3/c1ca205e8be148c8b724b1603111ce65/snapshots
Jul 14 10:14:36.524237 dv-cinder-849800-1-iscsi devstack@c-api.service[110928]: DEBUG cinder.api.openstack.wsgi [None req-ef485300-b68d-43c8-9675-916fb09ce433 tempest-SnapshotMetadataTestJSON-1996204823 tempest-SnapshotMetadataTestJSON-1996204823-project] Action: 'create', calling method: create, body: {"snapshot": {"volume_id": "849f0538-e213-4435-b758-61334e935ee9", "name": "tempest-SnapshotMetadataTestJSON-Snapshot-399048243"}} {{(pid=110928) _process_stack /opt/stack/cinder/cinder/api/openstack/wsgi.py:866}}
Jul 14 10:14:36.541439 dv-cinder-849800-1-iscsi devstack@c-api.service[110928]: /usr/local/lib/python3.8/dist-packages/oslo_context/context.py:100: DeprecationWarning: Policy enforcement is depending on the value of is_admin. This key is deprecated. Please update your policy file to use the standard policy values.
Jul 14 10:14:36.541439 dv-cinder-849800-1-iscsi devstack@c-api.service[110928]: warnings.warn('Policy enforcement is depending on the value of '
Jul 14 10:14:36.542527 dv-cinder-849800-1-iscsi devstack@c-api.service[110928]: INFO cinder.volume.api [None req-ef485300-b68d-43c8-9675-916fb09ce433 tempest-SnapshotMetadataTestJSON-1996204823 tempest-SnapshotMetadataTestJSON-1996204823-project] Volume info retrieved successfully.
Jul 14 10:14:36.543002 dv-cinder-849800-1-iscsi devstack@c-api.service[110928]: INFO cinder.api.v3.snapshots [None req-ef485300-b68d-43c8-9675-916fb09ce433 tempest-SnapshotMetadataTestJSON-1996204823 tempest-SnapshotMetadataTestJSON-1996204823-project] Create snapshot from volume 849f0538-e213-4435-b758-61334e935ee9
Jul 14 10:14:36.606434 dv-cinder-849800-1-iscsi devstack@c-api.service[110929]: INFO cinder.api.openstack.wsgi [None req-8ac1134d-c0ad-4642-b6c8-2131c3042ea9 tempest-VolumesDeleteCascade-1393963559 tempest-VolumesDeleteCascade-1393963559-project] POST http://10.222.0.61/volume/v3/49d652469bad4f92ad11f2fb3b50a00c/volumes
Jul 14 10:14:36.608805 dv-cinder-849800-1-iscsi devstack@c-api.service[110929]: DEBUG cinder.api.openstack.wsgi [None req-8ac1134d-c0ad-4642-b6c8-2131c3042ea9 tempest-VolumesDeleteCascade-1393963559 tempest-VolumesDeleteCascade-1393963559-project] Action: 'create', calling method: create, body: {"volume": {"size": 1, "name": "tempest-VolumesDeleteCascade-Volume-19572448"}} {{(pid=110929) _process_stack /opt/stack/cinder/cinder/api/openstack/wsgi.py:866}}
Jul 14 10:14:36.612154 dv-cinder-849800-1-iscsi devstack@c-api.service[110929]: DEBUG cinder.api.v3.volumes [None req-8ac1134d-c0ad-4642-b6c8-2131c3042ea9 tempest-VolumesDeleteCascade-1393963559 tempest-VolumesDeleteCascade-1393963559-project] Create volume request body: {'volume': {'size': 1, 'name': 'tempest-VolumesDeleteCascade-Volume-19572448'}} {{(pid=110929) create /opt/stack/cinder/cinder/api/v3/volumes.py:298}}
Jul 14 10:14:36.612513 dv-cinder-849800-1-iscsi devstack@c-api.service[110929]: INFO cinder.api.v3.volumes [None req-8ac1134d-c0ad-4642-b6c8-2131c3042ea9 tempest-VolumesDeleteCascade-1393963559 tempest-VolumesDeleteCascade-1393963559-project] Create volume of 1 GB
Jul 14 10:14:36.631557 dv-cinder-849800-1-iscsi devstack@c-api.service[110929]: INFO cinder.volume.api [None req-8ac1134d-c0ad-4642-b6c8-2131c3042ea9 tempest-VolumesDeleteCascade-1393963559 tempest-VolumesDeleteCascade-1393963559-project] Availability Zones retrieved successfully.
Jul 14 10:14:36.651265 dv-cinder-849800-1-iscsi devstack@c-api.service[110928]: DEBUG cinder.quota [None req-ef485300-b68d-43c8-9675-916fb09ce433 tempest-SnapshotMetadataTestJSON-1996204823 tempest-SnapshotMetadataTestJSON-1996204823-project] Created reservations ['55081a20-d5a5-4bf9-8367-218d49998776', '7ed175d0-e0e0-4615-ac61-1d127b0e2204', '13aa9b3b-e622-48ce-bd47-c5fbe625bda2', 'abdf2e83-5400-4c41-93d2-05f3760d586f'] {{(pid=110928) reserve /opt/stack/cinder/cinder/quota.py:755}}
Jul 14 10:14:36.674782 dv-cinder-849800-1-iscsi devstack@c-api.service[110929]: DEBUG cinder.volume.api [None req-8ac1134d-c0ad-4642-b6c8-2131c3042ea9 tempest-VolumesDeleteCascade-1393963559 tempest-VolumesDeleteCascade-1393963559-project] Flow 'volume_create_api' (ee1d02ba-bb5d-44d9-91a5-f190a7efc7f7) transitioned into state 'RUNNING' from state 'PENDING' {{(pid=110929) _flow_receiver /usr/local/lib/python3.8/dist-packages/taskflow/listeners/logging.py:141}}
Jul 14 10:14:36.679786 dv-cinder-849800-1-iscsi devstack@c-api.service[110929]: DEBUG cinder.volume.api [None req-8ac1134d-c0ad-4642-b6c8-2131c3042ea9 tempest-VolumesDeleteCascade-1393963559 tempest-VolumesDeleteCascade-1393963559-project] Task 'cinder.volume.flows.api.create_volume.ExtractVolumeRequestTask;volume:create' (5051850d-cc9c-4c4a-bf83-8b90795ebd80) transitioned into state 'RUNNING' from state 'PENDING' {{(pid=110929) _task_receiver /usr/local/lib/python3.8/dist-packages/taskflow/listeners/logging.py:190}}
Jul 14 10:14:36.683140 dv-cinder-849800-1-iscsi devstack@c-api.service[110929]: DEBUG cinder.volume.flows.api.create_volume [None req-8ac1134d-c0ad-4642-b6c8-2131c3042ea9 tempest-VolumesDeleteCascade-1393963559 tempest-VolumesDeleteCascade-1393963559-project] Validating volume size '1' using validate_int {{(pid=110929) _extract_size /opt/stack/cinder/cinder/volume/flows/api/create_volume.py:228}}
Jul 14 10:14:36.731189 dv-cinder-849800-1-iscsi devstack@c-api.service[110929]: DEBUG cinder.volume.api [None req-8ac1134d-c0ad-4642-b6c8-2131c3042ea9 tempest-VolumesDeleteCascade-1393963559 tempest-VolumesDeleteCascade-1393963559-project] Task 'cinder.volume.flows.api.create_volume.ExtractVolumeRequestTask;volume:create' (5051850d-cc9c-4c4a-bf83-8b90795ebd80) transitioned into state 'SUCCESS' from state 'RUNNING' with result '{'size': 1, 'snapshot_id': None, 'source_volid': None, 'volume_type': VolumeType(created_at=2022-07-14T10:03:56Z,deleted=False,deleted_at=None,description='Default Volume Type',extra_specs={},id=feb5b489-05b6-4161-8e70-90849bd30381,is_public=True,name='__DEFAULT__',projects=[],qos_specs=,qos_specs_id=None,updated_at=2022-07-14T10:03:56Z), 'volume_type_id': 'feb5b489-05b6-4161-8e70-90849bd30381', 'encryption_key_id': None, 'qos_specs': None, 'consistencygroup_id': None, 'cgsnapshot_id': None, 'group_id': None, 'replication_status': 'disabled', 'refresh_az': False, 'backup_id': None, 'multiattach': False, 'availability_zones': ['nova']}' {{(pid=110929) _task_receiver /usr/local/lib/python3.8/dist-packages/taskflow/listeners/logging.py:178}}
Jul 14 10:14:36.745150 dv-cinder-849800-1-iscsi devstack@c-api.service[110929]: DEBUG cinder.volume.api [None req-8ac1134d-c0ad-4642-b6c8-2131c3042ea9 tempest-VolumesDeleteCascade-1393963559 tempest-VolumesDeleteCascade-1393963559-project] Task 'cinder.volume.flows.api.create_volume.QuotaReserveTask;volume:create' (7e0b9c23-14e6-4617-9250-a877b42e3b7d) transitioned into state 'RUNNING' from state 'PENDING' {{(pid=110929) _task_receiver /usr/local/lib/python3.8/dist-packages/taskflow/listeners/logging.py:190}}
Jul 14 10:14:36.745432 dv-cinder-849800-1-iscsi devstack@c-api.service[110928]: INFO cinder.volume.api [None req-ef485300-b68d-43c8-9675-916fb09ce433 tempest-SnapshotMetadataTestJSON-1996204823 tempest-SnapshotMetadataTestJSON-1996204823-project] Snapshot create request issued successfully.
Jul 14 10:14:36.750077 dv-cinder-849800-1-iscsi devstack@c-api.service[110928]: INFO cinder.api.openstack.wsgi [None req-ef485300-b68d-43c8-9675-916fb09ce433 tempest-SnapshotMetadataTestJSON-1996204823 tempest-SnapshotMetadataTestJSON-1996204823-project] http://10.222.0.61/volume/v3/c1ca205e8be148c8b724b1603111ce65/snapshots returned with HTTP 202
Jul 14 10:14:36.757647 dv-cinder-849800-1-iscsi devstack@c-api.service[110928]: [pid: 110928|app: 0|req: 138/290] 10.222.0.61 () {60 vars in 1241 bytes} [Thu Jul 14 10:14:36 2022] POST /volume/v3/c1ca205e8be148c8b724b1603111ce65/snapshots => generated 310 bytes in 233 msecs (HTTP/1.1 202) 7 headers in 291 bytes (1 switches on core 0)
Jul 14 10:14:36.757647 dv-cinder-849800-1-iscsi devstack@c-api.service[110928]: DEBUG cinder.api.middleware.request_id [None req-32d2f730-c5d9-48da-982c-5e4998df74e8 None None] RequestId filter calling following filter/app {{(pid=110928) _context_setter /opt/stack/cinder/cinder/api/middleware/request_id.py:62}}
Jul 14 10:14:36.766481 dv-cinder-849800-1-iscsi devstack@c-api.service[110928]: INFO cinder.api.openstack.wsgi [None req-32d2f730-c5d9-48da-982c-5e4998df74e8 tempest-GroupSnapshotsTest-148824341 tempest-GroupSnapshotsTest-148824341-project] GET http://10.222.0.61/volume/v3/2e6ba76e93d847d78eeacb7888a3fc64/groups/ab8a6fed-0bfd-4750-b4f2-21dd116424c3
Jul 14 10:14:36.770371 dv-cinder-849800-1-iscsi devstack@c-api.service[110928]: DEBUG cinder.api.openstack.wsgi [None req-32d2f730-c5d9-48da-982c-5e4998df74e8 tempest-GroupSnapshotsTest-148824341 tempest-GroupSnapshotsTest-148824341-project] Empty body provided in request {{(pid=110928) get_body /opt/stack/cinder/cinder/api/openstack/wsgi.py:715}}
Jul 14 10:14:36.770827 dv-cinder-849800-1-iscsi devstack@c-api.service[110928]: DEBUG cinder.api.openstack.wsgi [None req-32d2f730-c5d9-48da-982c-5e4998df74e8 tempest-GroupSnapshotsTest-148824341 tempest-GroupSnapshotsTest-148824341-project] Calling method 'version_select' {{(pid=110928) _process_stack /opt/stack/cinder/cinder/api/openstack/wsgi.py:868}}
Jul 14 10:14:36.771188 dv-cinder-849800-1-iscsi devstack@c-api.service[110928]: DEBUG cinder.api.v3.groups [None req-32d2f730-c5d9-48da-982c-5e4998df74e8 tempest-GroupSnapshotsTest-148824341 tempest-GroupSnapshotsTest-148824341-project] show called for member ab8a6fed-0bfd-4750-b4f2-21dd116424c3 {{(pid=110928) show /opt/stack/cinder/cinder/api/v3/groups.py:58}}
Jul 14 10:14:36.788422 dv-cinder-849800-1-iscsi devstack@c-api.service[110928]: INFO cinder.api.openstack.wsgi [None req-32d2f730-c5d9-48da-982c-5e4998df74e8 tempest-GroupSnapshotsTest-148824341 tempest-GroupSnapshotsTest-148824341-project] http://10.222.0.61/volume/v3/2e6ba76e93d847d78eeacb7888a3fc64/groups/ab8a6fed-0bfd-4750-b4f2-21dd116424c3 returned with HTTP 404
Jul 14 10:14:36.790148 dv-cinder-849800-1-iscsi devstack@c-api.service[110928]: [pid: 110928|app: 0|req: 139/291] 10.222.0.61 () {60 vars in 1362 bytes} [Thu Jul 14 10:14:36 2022] GET /volume/v3/2e6ba76e93d847d78eeacb7888a3fc64/groups/ab8a6fed-0bfd-4750-b4f2-21dd116424c3 => generated 108 bytes in 39 msecs (HTTP/1.1 404) 7 headers in 293 bytes (1 switches on core 0)
Jul 14 10:14:36.794987 dv-cinder-849800-1-iscsi devstack@c-api.service[110928]: DEBUG cinder.api.middleware.request_id [None req-a80cd0ad-7976-4307-bd8f-46163a4fb267 None None] RequestId filter calling following filter/app {{(pid=110928) _context_setter /opt/stack/cinder/cinder/api/middleware/request_id.py:62}}
Jul 14 10:14:36.799277 dv-cinder-849800-1-iscsi devstack@c-api.service[110928]: INFO cinder.api.openstack.wsgi [None req-a80cd0ad-7976-4307-bd8f-46163a4fb267 tempest-DeleteServersTestJSON-251682846 tempest-DeleteServersTestJSON-251682846-project] POST http://10.222.0.61/volume/v3/7a5b4dfcb90d421192be6dbc102ca1bb/volumes
Jul 14 10:14:36.800143 dv-cinder-849800-1-iscsi devstack@c-api.service[110928]: DEBUG cinder.api.openstack.wsgi [None req-a80cd0ad-7976-4307-bd8f-46163a4fb267 tempest-DeleteServersTestJSON-251682846 tempest-DeleteServersTestJSON-251682846-project] Action: 'create', calling method: create, body: {"volume": {"size": 1, "display_name": "tempest-DeleteServersTestJSON-volume-1189804394"}} {{(pid=110928) _process_stack /opt/stack/cinder/cinder/api/openstack/wsgi.py:866}}
Jul 14 10:14:36.801308 dv-cinder-849800-1-iscsi devstack@c-api.service[110928]: DEBUG cinder.api.v3.volumes [None req-a80cd0ad-7976-4307-bd8f-46163a4fb267 tempest-DeleteServersTestJSON-251682846 tempest-DeleteServersTestJSON-251682846-project] Create volume request body: {'volume': {'size': 1, 'display_name': 'tempest-DeleteServersTestJSON-volume-1189804394'}} {{(pid=110928) create /opt/stack/cinder/cinder/api/v3/volumes.py:298}}
Jul 14 10:14:36.801764 dv-cinder-849800-1-iscsi devstack@c-api.service[110928]: INFO cinder.api.v3.volumes [None req-a80cd0ad-7976-4307-bd8f-46163a4fb267 tempest-DeleteServersTestJSON-251682846 tempest-DeleteServersTestJSON-251682846-project] Create volume of 1 GB
Jul 14 10:14:36.802971 dv-cinder-849800-1-iscsi devstack@c-api.service[110928]: /usr/local/lib/python3.8/dist-packages/oslo_context/context.py:100: DeprecationWarning: Policy enforcement is depending on the value of is_admin. This key is deprecated. Please update your policy file to use the standard policy values.
Jul 14 10:14:36.802971 dv-cinder-849800-1-iscsi devstack@c-api.service[110928]: warnings.warn('Policy enforcement is depending on the value of '
