Jul 14 10:14:26.347757 dv-cinder-849800-1-iscsi devstack@c-api.service[110929]: DEBUG cinder.volume.api [None req-ec11f016-26b3-42cd-b767-e0f5aad42c10 tempest-VolumeTypesTest-1390645265 tempest-VolumeTypesTest-1390645265-project] Task 'cinder.volume.flows.api.create_volume.QuotaReserveTask;volume:create' (6fa1ffe6-4382-4c25-b6cd-d7aa5ffaf2b5) transitioned into state 'SUCCESS' from state 'RUNNING' with result '{'reservations': ['62464e84-8308-4353-b483-b6ecedbfc31c', 'e274ffea-5442-4327-921e-b74668253cf0', 'd86b9d0c-b251-4d8a-85aa-405e208386a6', '4097a2f9-72fe-4df9-9a77-a2f98351fb41']}' {{(pid=110929) _task_receiver /usr/local/lib/python3.8/dist-packages/taskflow/listeners/logging.py:178}}
Jul 14 10:14:26.351395 dv-cinder-849800-1-iscsi devstack@c-api.service[110929]: DEBUG cinder.volume.api [None req-ec11f016-26b3-42cd-b767-e0f5aad42c10 tempest-VolumeTypesTest-1390645265 tempest-VolumeTypesTest-1390645265-project] Task 'cinder.volume.flows.api.create_volume.EntryCreateTask;volume:create' (69751db5-4601-466d-bb3b-e86a84241236) transitioned into state 'RUNNING' from state 'PENDING' {{(pid=110929) _task_receiver /usr/local/lib/python3.8/dist-packages/taskflow/listeners/logging.py:190}}
Jul 14 10:14:26.389629 dv-cinder-849800-1-iscsi devstack@c-api.service[110929]: DEBUG cinder.volume.api [None req-ec11f016-26b3-42cd-b767-e0f5aad42c10 tempest-VolumeTypesTest-1390645265 tempest-VolumeTypesTest-1390645265-project] Task 'cinder.volume.flows.api.create_volume.EntryCreateTask;volume:create' (69751db5-4601-466d-bb3b-e86a84241236) transitioned into state 'SUCCESS' from state 'RUNNING' with result '{'volume_id': '4270fddf-c1e3-4638-9e7c-b7594e4e15a0', 'volume_properties': VolumeProperties(attach_status='detached',availability_zone='nova',cgsnapshot_id=None,consistencygroup_id=None,display_description=None,display_name='tempest-VolumeTypesTest-volume-109409854',encryption_key_id=None,group_id=None,group_type_id=,metadata={},multiattach=False,project_id='8c062d01b1054cd498c113d2e3894d56',qos_specs=None,replication_status=,reservations=['62464e84-8308-4353-b483-b6ecedbfc31c','e274ffea-5442-4327-921e-b74668253cf0','d86b9d0c-b251-4d8a-85aa-405e208386a6','4097a2f9-72fe-4df9-9a77-a2f98351fb41'],size=1,snapshot_id=None,source_replicaid=,source_volid=None,status='creating',user_id='57e492f57e304038a184dd6f4dbec3d7',volume_type_id=1d909c33-48bb-4738-b04a-f369fbb0bda4), 'volume': Volume(_name_id=None,admin_metadata=,attach_status='detached',availability_zone='nova',bootable=False,cluster=,cluster_name=None,consistencygroup=,consistencygroup_id=None,created_at=2022-07-14T10:14:26Z,deleted=False,deleted_at=None,display_description=None,display_name='tempest-VolumeTypesTest-volume-109409854',ec2_id=None,encryption_key_id=None,glance_metadata=,group=,group_id=None,host=None,id=4270fddf-c1e3-4638-9e7c-b7594e4e15a0,launched_at=None,metadata={},migration_status=None,multiattach=False,previous_status=None,project_id='8c062d01b1054cd498c113d2e3894d56',provider_auth=None,provider_geometry=None,provider_id=None,provider_location=None,replication_driver_data=None,replication_extended_status=None,replication_status=None,scheduled_at=None,service_uuid=None,shared_targets=True,size=1,snapshot_id=None,snapshots=,source_volid=None,status='creating',terminated_at=None,updated_at=None,use_quota=True,user_id='57e492f57e304038a184dd6f4dbec3d7',volume_attachment=VolumeAttachmentList,volume_type=VolumeType(1d909c33-48bb-4738-b04a-f369fbb0bda4),volume_type_id=1d909c33-48bb-4738-b04a-f369fbb0bda4)}' {{(pid=110929) _task_receiver /usr/local/lib/python3.8/dist-packages/taskflow/listeners/logging.py:178}}
Jul 14 10:14:26.390218 dv-cinder-849800-1-iscsi devstack@c-api.service[110929]: DEBUG cinder.volume.api [None req-ec11f016-26b3-42cd-b767-e0f5aad42c10 tempest-VolumeTypesTest-1390645265 tempest-VolumeTypesTest-1390645265-project] Task 'cinder.volume.flows.api.create_volume.QuotaCommitTask;volume:create' (90e8b2ab-8368-4e39-92fa-42bb6254e88a) transitioned into state 'RUNNING' from state 'PENDING' {{(pid=110929) _task_receiver /usr/local/lib/python3.8/dist-packages/taskflow/listeners/logging.py:190}}
Jul 14 10:14:26.443278 dv-cinder-849800-1-iscsi devstack@c-api.service[110929]: DEBUG dbcounter [-] [110929] Writing DB stats cinder:SELECT=67,cinder:UPDATE=18,cinder:INSERT=15 {{(pid=110929) stat_writer /usr/local/lib/python3.8/dist-packages/dbcounter.py:114}}
Jul 14 10:14:26.468671 dv-cinder-849800-1-iscsi devstack@c-api.service[110929]: DEBUG cinder.volume.api [None req-ec11f016-26b3-42cd-b767-e0f5aad42c10 tempest-VolumeTypesTest-1390645265 tempest-VolumeTypesTest-1390645265-project] Task 'cinder.volume.flows.api.create_volume.QuotaCommitTask;volume:create' (90e8b2ab-8368-4e39-92fa-42bb6254e88a) transitioned into state 'SUCCESS' from state 'RUNNING' with result '{'volume_properties': VolumeProperties(attach_status='detached',availability_zone='nova',cgsnapshot_id=None,consistencygroup_id=None,display_description=None,display_name='tempest-VolumeTypesTest-volume-109409854',encryption_key_id=None,group_id=None,group_type_id=,metadata={},multiattach=False,project_id='8c062d01b1054cd498c113d2e3894d56',qos_specs=None,replication_status=,reservations=['62464e84-8308-4353-b483-b6ecedbfc31c','e274ffea-5442-4327-921e-b74668253cf0','d86b9d0c-b251-4d8a-85aa-405e208386a6','4097a2f9-72fe-4df9-9a77-a2f98351fb41'],size=1,snapshot_id=None,source_replicaid=,source_volid=None,status='creating',user_id='57e492f57e304038a184dd6f4dbec3d7',volume_type_id=1d909c33-48bb-4738-b04a-f369fbb0bda4)}' {{(pid=110929) _task_receiver /usr/local/lib/python3.8/dist-packages/taskflow/listeners/logging.py:178}}
Jul 14 10:14:26.471169 dv-cinder-849800-1-iscsi devstack@c-api.service[110929]: DEBUG cinder.volume.api [None req-ec11f016-26b3-42cd-b767-e0f5aad42c10 tempest-VolumeTypesTest-1390645265 tempest-VolumeTypesTest-1390645265-project] Task 'cinder.volume.flows.api.create_volume.VolumeCastTask;volume:create' (8fc43118-8c6d-424c-816e-c0f94bac9e8f) transitioned into state 'RUNNING' from state 'PENDING' {{(pid=110929) _task_receiver /usr/local/lib/python3.8/dist-packages/taskflow/listeners/logging.py:190}}
Jul 14 10:14:26.503996 dv-cinder-849800-1-iscsi devstack@c-api.service[110929]: DEBUG cinder.volume.api [None req-ec11f016-26b3-42cd-b767-e0f5aad42c10 tempest-VolumeTypesTest-1390645265 tempest-VolumeTypesTest-1390645265-project] Task 'cinder.volume.flows.api.create_volume.VolumeCastTask;volume:create' (8fc43118-8c6d-424c-816e-c0f94bac9e8f) transitioned into state 'SUCCESS' from state 'RUNNING' with result 'None' {{(pid=110929) _task_receiver /usr/local/lib/python3.8/dist-packages/taskflow/listeners/logging.py:178}}
Jul 14 10:14:26.509022 dv-cinder-849800-1-iscsi devstack@c-api.service[110929]: DEBUG cinder.volume.api [None req-ec11f016-26b3-42cd-b767-e0f5aad42c10 tempest-VolumeTypesTest-1390645265 tempest-VolumeTypesTest-1390645265-project] Flow 'volume_create_api' (12c6b29e-fc97-463e-9975-d82b6fe3f34f) transitioned into state 'SUCCESS' from state 'RUNNING' {{(pid=110929) _flow_receiver /usr/local/lib/python3.8/dist-packages/taskflow/listeners/logging.py:141}}
Jul 14 10:14:26.509965 dv-cinder-849800-1-iscsi devstack@c-api.service[110929]: INFO cinder.volume.api [None req-ec11f016-26b3-42cd-b767-e0f5aad42c10 tempest-VolumeTypesTest-1390645265 tempest-VolumeTypesTest-1390645265-project] Create volume request issued successfully.
Jul 14 10:14:26.511980 dv-cinder-849800-1-iscsi devstack@c-api.service[110929]: INFO cinder.api.openstack.wsgi [None req-ec11f016-26b3-42cd-b767-e0f5aad42c10 tempest-VolumeTypesTest-1390645265 tempest-VolumeTypesTest-1390645265-project] http://10.222.0.61/volume/v3/8c062d01b1054cd498c113d2e3894d56/volumes returned with HTTP 202
Jul 14 10:14:26.525176 dv-cinder-849800-1-iscsi devstack@c-api.service[110928]: DEBUG cinder.api.middleware.request_id [None req-e034f8ce-039b-4222-b07d-2cba3eecfbf7 None None] RequestId filter calling following filter/app {{(pid=110928) _context_setter /opt/stack/cinder/cinder/api/middleware/request_id.py:62}}
Jul 14 10:14:26.530976 dv-cinder-849800-1-iscsi devstack@c-api.service[110928]: INFO cinder.api.openstack.wsgi [None req-e034f8ce-039b-4222-b07d-2cba3eecfbf7 tempest-VolumeTypesTest-1390645265 tempest-VolumeTypesTest-1390645265-project] GET http://10.222.0.61/volume/v3/8c062d01b1054cd498c113d2e3894d56/volumes/4270fddf-c1e3-4638-9e7c-b7594e4e15a0
Jul 14 10:14:26.531666 dv-cinder-849800-1-iscsi devstack@c-api.service[110928]: DEBUG cinder.api.openstack.wsgi [None req-e034f8ce-039b-4222-b07d-2cba3eecfbf7 tempest-VolumeTypesTest-1390645265 tempest-VolumeTypesTest-1390645265-project] Empty body provided in request {{(pid=110928) get_body /opt/stack/cinder/cinder/api/openstack/wsgi.py:715}}
Jul 14 10:14:26.532266 dv-cinder-849800-1-iscsi devstack@c-api.service[110928]: DEBUG cinder.api.openstack.wsgi [None req-e034f8ce-039b-4222-b07d-2cba3eecfbf7 tempest-VolumeTypesTest-1390645265 tempest-VolumeTypesTest-1390645265-project] Calling method 'show' {{(pid=110928) _process_stack /opt/stack/cinder/cinder/api/openstack/wsgi.py:868}}
Jul 14 10:14:26.537374 dv-cinder-849800-1-iscsi devstack@c-api.service[110929]: [pid: 110929|app: 0|req: 111/202] 10.222.0.61 () {60 vars in 1235 bytes} [Thu Jul 14 10:14:25 2022] POST /volume/v3/8c062d01b1054cd498c113d2e3894d56/volumes => generated 849 bytes in 859 msecs (HTTP/1.1 202) 7 headers in 291 bytes (1 switches on core 0)
Jul 14 10:14:26.572355 dv-cinder-849800-1-iscsi devstack@c-api.service[110928]: /usr/local/lib/python3.8/dist-packages/oslo_context/context.py:100: DeprecationWarning: Policy enforcement is depending on the value of is_admin. This key is deprecated. Please update your policy file to use the standard policy values.
Jul 14 10:14:26.572355 dv-cinder-849800-1-iscsi devstack@c-api.service[110928]: warnings.warn('Policy enforcement is depending on the value of '
Jul 14 10:14:26.585244 dv-cinder-849800-1-iscsi devstack@c-api.service[110928]: INFO cinder.volume.api [None req-e034f8ce-039b-4222-b07d-2cba3eecfbf7 tempest-VolumeTypesTest-1390645265 tempest-VolumeTypesTest-1390645265-project] Volume info retrieved successfully.
Jul 14 10:14:26.599991 dv-cinder-849800-1-iscsi devstack@c-api.service[110928]: INFO cinder.api.openstack.wsgi [None req-e034f8ce-039b-4222-b07d-2cba3eecfbf7 tempest-VolumeTypesTest-1390645265 tempest-VolumeTypesTest-1390645265-project] http://10.222.0.61/volume/v3/8c062d01b1054cd498c113d2e3894d56/volumes/4270fddf-c1e3-4638-9e7c-b7594e4e15a0 returned with HTTP 200
Jul 14 10:14:26.610116 dv-cinder-849800-1-iscsi devstack@c-api.service[110928]: [pid: 110928|app: 0|req: 92/203] 10.222.0.61 () {58 vars in 1324 bytes} [Thu Jul 14 10:14:26 2022] GET /volume/v3/8c062d01b1054cd498c113d2e3894d56/volumes/4270fddf-c1e3-4638-9e7c-b7594e4e15a0 => generated 917 bytes in 86 msecs (HTTP/1.1 200) 7 headers in 285 bytes (1 switches on core 0)
Jul 14 10:14:27.025921 dv-cinder-849800-1-iscsi devstack@c-api.service[110929]: DEBUG cinder.api.middleware.request_id [None req-1bc500c5-cf42-4c60-b7fd-e1b9e9768914 None None] RequestId filter calling following filter/app {{(pid=110929) _context_setter /opt/stack/cinder/cinder/api/middleware/request_id.py:62}}
Jul 14 10:14:27.037716 dv-cinder-849800-1-iscsi devstack@c-api.service[110929]: INFO cinder.api.openstack.wsgi [None req-1bc500c5-cf42-4c60-b7fd-e1b9e9768914 tempest-GroupSnapshotsTest-148824341 tempest-GroupSnapshotsTest-148824341-project] GET http://10.222.0.61/volume/v3/2e6ba76e93d847d78eeacb7888a3fc64/groups/e1a4e80f-7cb3-49b4-87d0-3c047e8582b5
Jul 14 10:14:27.038758 dv-cinder-849800-1-iscsi devstack@c-api.service[110929]: DEBUG cinder.api.openstack.wsgi [None req-1bc500c5-cf42-4c60-b7fd-e1b9e9768914 tempest-GroupSnapshotsTest-148824341 tempest-GroupSnapshotsTest-148824341-project] Empty body provided in request {{(pid=110929) get_body /opt/stack/cinder/cinder/api/openstack/wsgi.py:715}}
Jul 14 10:14:27.040558 dv-cinder-849800-1-iscsi devstack@c-api.service[110929]: DEBUG cinder.api.openstack.wsgi [None req-1bc500c5-cf42-4c60-b7fd-e1b9e9768914 tempest-GroupSnapshotsTest-148824341 tempest-GroupSnapshotsTest-148824341-project] Calling method 'version_select' {{(pid=110929) _process_stack /opt/stack/cinder/cinder/api/openstack/wsgi.py:868}}
Jul 14 10:14:27.041100 dv-cinder-849800-1-iscsi devstack@c-api.service[110929]: DEBUG cinder.api.v3.groups [None req-1bc500c5-cf42-4c60-b7fd-e1b9e9768914 tempest-GroupSnapshotsTest-148824341 tempest-GroupSnapshotsTest-148824341-project] show called for member e1a4e80f-7cb3-49b4-87d0-3c047e8582b5 {{(pid=110929) show /opt/stack/cinder/cinder/api/v3/groups.py:58}}
Jul 14 10:14:27.057881 dv-cinder-849800-1-iscsi devstack@c-api.service[110929]: /usr/local/lib/python3.8/dist-packages/oslo_context/context.py:100: DeprecationWarning: Policy enforcement is depending on the value of is_admin. This key is deprecated. Please update your policy file to use the standard policy values.
Jul 14 10:14:27.057881 dv-cinder-849800-1-iscsi devstack@c-api.service[110929]: warnings.warn('Policy enforcement is depending on the value of '
Jul 14 10:14:27.096407 dv-cinder-849800-1-iscsi devstack@c-api.service[110929]: INFO cinder.api.openstack.wsgi [None req-1bc500c5-cf42-4c60-b7fd-e1b9e9768914 tempest-GroupSnapshotsTest-148824341 tempest-GroupSnapshotsTest-148824341-project] http://10.222.0.61/volume/v3/2e6ba76e93d847d78eeacb7888a3fc64/groups/e1a4e80f-7cb3-49b4-87d0-3c047e8582b5 returned with HTTP 200
Jul 14 10:14:27.097805 dv-cinder-849800-1-iscsi devstack@c-api.service[110929]: [pid: 110929|app: 0|req: 112/204] 10.222.0.61 () {60 vars in 1362 bytes} [Thu Jul 14 10:14:27 2022] GET /volume/v3/2e6ba76e93d847d78eeacb7888a3fc64/groups/e1a4e80f-7cb3-49b4-87d0-3c047e8582b5 => generated 389 bytes in 74 msecs (HTTP/1.1 200) 7 headers in 286 bytes (1 switches on core 0)
Jul 14 10:14:27.106362 dv-cinder-849800-1-iscsi devstack@c-api.service[110928]: DEBUG cinder.api.middleware.request_id [None req-e9e31d35-5171-45db-8dba-cabd8335728d None None] RequestId filter calling following filter/app {{(pid=110928) _context_setter /opt/stack/cinder/cinder/api/middleware/request_id.py:62}}
Jul 14 10:14:27.112603 dv-cinder-849800-1-iscsi devstack@c-api.service[110928]: INFO cinder.api.openstack.wsgi [None req-e9e31d35-5171-45db-8dba-cabd8335728d tempest-GroupSnapshotsTest-148824341 tempest-GroupSnapshotsTest-148824341-project] POST http://10.222.0.61/volume/v3/2e6ba76e93d847d78eeacb7888a3fc64/volumes
Jul 14 10:14:27.113767 dv-cinder-849800-1-iscsi devstack@c-api.service[110928]: DEBUG cinder.api.openstack.wsgi [None req-e9e31d35-5171-45db-8dba-cabd8335728d tempest-GroupSnapshotsTest-148824341 tempest-GroupSnapshotsTest-148824341-project] Action: 'create', calling method: create, body: {"volume": {"volume_type": "daf95385-978a-4de6-9223-1e5ad6d5b66a", "group_id": "e1a4e80f-7cb3-49b4-87d0-3c047e8582b5", "size": 1, "name": "tempest-GroupSnapshotsTest-Volume-2120804189"}} {{(pid=110928) _process_stack /opt/stack/cinder/cinder/api/openstack/wsgi.py:866}}
Jul 14 10:14:27.115029 dv-cinder-849800-1-iscsi devstack@c-api.service[110928]: DEBUG cinder.api.v3.volumes [None req-e9e31d35-5171-45db-8dba-cabd8335728d tempest-GroupSnapshotsTest-148824341 tempest-GroupSnapshotsTest-148824341-project] Create volume request body: {'volume': {'volume_type': 'daf95385-978a-4de6-9223-1e5ad6d5b66a', 'group_id': 'e1a4e80f-7cb3-49b4-87d0-3c047e8582b5', 'size': 1, 'name': 'tempest-GroupSnapshotsTest-Volume-2120804189'}} {{(pid=110928) create /opt/stack/cinder/cinder/api/v3/volumes.py:298}}
Jul 14 10:14:27.133068 dv-cinder-849800-1-iscsi devstack@c-api.service[110928]: /usr/local/lib/python3.8/dist-packages/oslo_context/context.py:100: DeprecationWarning: Policy enforcement is depending on the value of is_admin. This key is deprecated. Please update your policy file to use the standard policy values.
Jul 14 10:14:27.133068 dv-cinder-849800-1-iscsi devstack@c-api.service[110928]: warnings.warn('Policy enforcement is depending on the value of '
Jul 14 10:14:27.134376 dv-cinder-849800-1-iscsi devstack@c-api.service[110928]: INFO cinder.api.v3.volumes [None req-e9e31d35-5171-45db-8dba-cabd8335728d tempest-GroupSnapshotsTest-148824341 tempest-GroupSnapshotsTest-148824341-project] Create volume of 1 GB
Jul 14 10:14:27.147746 dv-cinder-849800-1-iscsi devstack@c-api.service[110928]: INFO cinder.volume.api [None req-e9e31d35-5171-45db-8dba-cabd8335728d tempest-GroupSnapshotsTest-148824341 tempest-GroupSnapshotsTest-148824341-project] Availability Zones retrieved successfully.
Jul 14 10:14:27.165528 dv-cinder-849800-1-iscsi devstack@c-api.service[110928]: DEBUG cinder.volume.api [None req-e9e31d35-5171-45db-8dba-cabd8335728d tempest-GroupSnapshotsTest-148824341 tempest-GroupSnapshotsTest-148824341-project] Flow 'volume_create_api' (69385e33-3466-429f-8cde-3e367ea7a1ef) transitioned into state 'RUNNING' from state 'PENDING' {{(pid=110928) _flow_receiver /usr/local/lib/python3.8/dist-packages/taskflow/listeners/logging.py:141}}
Jul 14 10:14:27.168325 dv-cinder-849800-1-iscsi devstack@c-api.service[110928]: DEBUG cinder.volume.api [None req-e9e31d35-5171-45db-8dba-cabd8335728d tempest-GroupSnapshotsTest-148824341 tempest-GroupSnapshotsTest-148824341-project] Task 'cinder.volume.flows.api.create_volume.ExtractVolumeRequestTask;volume:create' (4204f213-c63d-4937-b2bd-c5a5b2c43672) transitioned into state 'RUNNING' from state 'PENDING' {{(pid=110928) _task_receiver /usr/local/lib/python3.8/dist-packages/taskflow/listeners/logging.py:190}}
Jul 14 10:14:27.170143 dv-cinder-849800-1-iscsi devstack@c-api.service[110928]: /usr/local/lib/python3.8/dist-packages/oslo_context/context.py:100: DeprecationWarning: Policy enforcement is depending on the value of is_admin. This key is deprecated. Please update your policy file to use the standard policy values.
Jul 14 10:14:27.170143 dv-cinder-849800-1-iscsi devstack@c-api.service[110928]: warnings.warn('Policy enforcement is depending on the value of '
Jul 14 10:14:27.171375 dv-cinder-849800-1-iscsi devstack@c-api.service[110928]: DEBUG cinder.volume.flows.api.create_volume [None req-e9e31d35-5171-45db-8dba-cabd8335728d tempest-GroupSnapshotsTest-148824341 tempest-GroupSnapshotsTest-148824341-project] Validating volume size '1' using validate_int {{(pid=110928) _extract_size /opt/stack/cinder/cinder/volume/flows/api/create_volume.py:228}}
Jul 14 10:14:27.203390 dv-cinder-849800-1-iscsi devstack@c-api.service[110928]: DEBUG cinder.volume.api [None req-e9e31d35-5171-45db-8dba-cabd8335728d tempest-GroupSnapshotsTest-148824341 tempest-GroupSnapshotsTest-148824341-project] Task 'cinder.volume.flows.api.create_volume.ExtractVolumeRequestTask;volume:create' (4204f213-c63d-4937-b2bd-c5a5b2c43672) transitioned into state 'SUCCESS' from state 'RUNNING' with result '{'size': 1, 'snapshot_id': None, 'source_volid': None, 'volume_type': VolumeType(created_at=2022-07-14T10:14:25Z,deleted=False,deleted_at=None,description=None,extra_specs={},id=daf95385-978a-4de6-9223-1e5ad6d5b66a,is_public=True,name='tempest-GroupSnapshotsTest-volume-type-7765226',projects=[],qos_specs=,qos_specs_id=None,updated_at=None), 'volume_type_id': 'daf95385-978a-4de6-9223-1e5ad6d5b66a', 'encryption_key_id': None, 'qos_specs': None, 'consistencygroup_id': None, 'cgsnapshot_id': None, 'group_id': 'e1a4e80f-7cb3-49b4-87d0-3c047e8582b5', 'replication_status': 'disabled', 'refresh_az': False, 'backup_id': None, 'multiattach': False, 'availability_zones': ['nova']}' {{(pid=110928) _task_receiver /usr/local/lib/python3.8/dist-packages/taskflow/listeners/logging.py:178}}
Jul 14 10:14:27.206235 dv-cinder-849800-1-iscsi devstack@c-api.service[110928]: DEBUG cinder.volume.api [None req-e9e31d35-5171-45db-8dba-cabd8335728d tempest-GroupSnapshotsTest-148824341 tempest-GroupSnapshotsTest-148824341-project] Task 'cinder.volume.flows.api.create_volume.QuotaReserveTask;volume:create' (a782f289-e664-4253-9945-5e4c62e54525) transitioned into state 'RUNNING' from state 'PENDING' {{(pid=110928) _task_receiver /usr/local/lib/python3.8/dist-packages/taskflow/listeners/logging.py:190}}
Jul 14 10:14:27.292156 dv-cinder-849800-1-iscsi devstack@c-api.service[110928]: WARNING cinder.quota [None req-e9e31d35-5171-45db-8dba-cabd8335728d tempest-GroupSnapshotsTest-148824341 tempest-GroupSnapshotsTest-148824341-project] Deprecated: Default quota for resource: volumes_tempest-GroupSnapshotsTest-volume-type-7765226 is set by the default quota flag: quota_volumes_tempest-GroupSnapshotsTest-volume-type-7765226, it is now deprecated. Please use the default quota class for default quota.
Jul 14 10:14:27.294029 dv-cinder-849800-1-iscsi devstack@c-api.service[110928]: WARNING cinder.quota [None req-e9e31d35-5171-45db-8dba-cabd8335728d tempest-GroupSnapshotsTest-148824341 tempest-GroupSnapshotsTest-148824341-project] Deprecated: Default quota for resource: gigabytes_tempest-GroupSnapshotsTest-volume-type-7765226 is set by the default quota flag: quota_gigabytes_tempest-GroupSnapshotsTest-volume-type-7765226, it is now deprecated. Please use the default quota class for default quota.
Jul 14 10:14:27.306924 dv-cinder-849800-1-iscsi devstack@c-api.service[110928]: DEBUG dbcounter [-] [110928] Writing DB stats cinder:INSERT=8,cinder:SELECT=89,cinder:UPDATE=3 {{(pid=110928) stat_writer /usr/local/lib/python3.8/dist-packages/dbcounter.py:114}}
Jul 14 10:14:27.389171 dv-cinder-849800-1-iscsi devstack@c-api.service[110928]: DEBUG cinder.quota [None req-e9e31d35-5171-45db-8dba-cabd8335728d tempest-GroupSnapshotsTest-148824341 tempest-GroupSnapshotsTest-148824341-project] Created reservations ['ba5b3796-f2ba-43ab-ad1a-351ec9c7aa94', '8205de07-cc90-472b-a42b-991a6f5a603d', 'ed7eac23-ea10-43c6-98bf-0160c96413ce', 'f192368b-35df-4498-9ce7-ca5a39961e17'] {{(pid=110928) reserve /opt/stack/cinder/cinder/quota.py:755}}
Jul 14 10:14:27.391753 dv-cinder-849800-1-iscsi devstack@c-api.service[110928]: DEBUG cinder.volume.api [None req-e9e31d35-5171-45db-8dba-cabd8335728d tempest-GroupSnapshotsTest-148824341 tempest-GroupSnapshotsTest-148824341-project] Task 'cinder.volume.flows.api.create_volume.QuotaReserveTask;volume:create' (a782f289-e664-4253-9945-5e4c62e54525) transitioned into state 'SUCCESS' from state 'RUNNING' with result '{'reservations': ['ba5b3796-f2ba-43ab-ad1a-351ec9c7aa94', '8205de07-cc90-472b-a42b-991a6f5a603d', 'ed7eac23-ea10-43c6-98bf-0160c96413ce', 'f192368b-35df-4498-9ce7-ca5a39961e17']}' {{(pid=110928) _task_receiver /usr/local/lib/python3.8/dist-packages/taskflow/listeners/logging.py:178}}
Jul 14 10:14:27.397234 dv-cinder-849800-1-iscsi devstack@c-api.service[110929]: DEBUG cinder.api.middleware.request_id [None req-6b8c9514-96f6-49bc-823d-d629f9a7e190 None None] RequestId filter calling following filter/app {{(pid=110929) _context_setter /opt/stack/cinder/cinder/api/middleware/request_id.py:62}}
Jul 14 10:14:27.399617 dv-cinder-849800-1-iscsi devstack@c-api.service[110928]: DEBUG cinder.volume.api [None req-e9e31d35-5171-45db-8dba-cabd8335728d tempest-GroupSnapshotsTest-148824341 tempest-GroupSnapshotsTest-148824341-project] Task 'cinder.volume.flows.api.create_volume.EntryCreateTask;volume:create' (12df4477-a288-4a85-b591-892115b7865d) transitioned into state 'RUNNING' from state 'PENDING' {{(pid=110928) _task_receiver /usr/local/lib/python3.8/dist-packages/taskflow/listeners/logging.py:190}}
Jul 14 10:14:27.448703 dv-cinder-849800-1-iscsi devstack@c-api.service[110928]: DEBUG cinder.volume.api [None req-e9e31d35-5171-45db-8dba-cabd8335728d tempest-GroupSnapshotsTest-148824341 tempest-GroupSnapshotsTest-148824341-project] Task 'cinder.volume.flows.api.create_volume.EntryCreateTask;volume:create' (12df4477-a288-4a85-b591-892115b7865d) transitioned into state 'SUCCESS' from state 'RUNNING' with result '{'volume_id': 'b7b5a4d5-54bb-4ef9-9fdc-fe8e8c2d8fd1', 'volume_properties': VolumeProperties(attach_status='detached',availability_zone='nova',cgsnapshot_id=None,consistencygroup_id=None,display_description=None,display_name='tempest-GroupSnapshotsTest-Volume-2120804189',encryption_key_id=None,group_id=e1a4e80f-7cb3-49b4-87d0-3c047e8582b5,group_type_id=,metadata={},multiattach=False,project_id='2e6ba76e93d847d78eeacb7888a3fc64',qos_specs=None,replication_status=,reservations=['ba5b3796-f2ba-43ab-ad1a-351ec9c7aa94','8205de07-cc90-472b-a42b-991a6f5a603d','ed7eac23-ea10-43c6-98bf-0160c96413ce','f192368b-35df-4498-9ce7-ca5a39961e17'],size=1,snapshot_id=None,source_replicaid=,source_volid=None,status='creating',user_id='ec2462d8ae1544a1a225c5599864fb41',volume_type_id=daf95385-978a-4de6-9223-1e5ad6d5b66a), 'volume': Volume(_name_id=None,admin_metadata=,attach_status='detached',availability_zone='nova',bootable=False,cluster=,cluster_name=None,consistencygroup=,consistencygroup_id=None,created_at=2022-07-14T10:14:27Z,deleted=False,deleted_at=None,display_description=None,display_name='tempest-GroupSnapshotsTest-Volume-2120804189',ec2_id=None,encryption_key_id=None,glance_metadata=,group=,group_id=e1a4e80f-7cb3-49b4-87d0-3c047e8582b5,host=None,id=b7b5a4d5-54bb-4ef9-9fdc-fe8e8c2d8fd1,launched_at=None,metadata={},migration_status=None,multiattach=False,previous_status=None,project_id='2e6ba76e93d847d78eeacb7888a3fc64',provider_auth=None,provider_geometry=None,provider_id=None,provider_location=None,replication_driver_data=None,replication_extended_status=None,replication_status=None,scheduled_at=None,service_uuid=None,shared_targets=True,size=1,snapshot_id=None,snapshots=,source_volid=None,status='creating',terminated_at=None,updated_at=None,use_quota=True,user_id='ec2462d8ae1544a1a225c5599864fb41',volume_attachment=VolumeAttachmentList,volume_type=VolumeType(daf95385-978a-4de6-9223-1e5ad6d5b66a),volume_type_id=daf95385-978a-4de6-9223-1e5ad6d5b66a)}' {{(pid=110928) _task_receiver /usr/local/lib/python3.8/dist-packages/taskflow/listeners/logging.py:178}}
Jul 14 10:14:27.453006 dv-cinder-849800-1-iscsi devstack@c-api.service[110928]: DEBUG cinder.volume.api [None req-e9e31d35-5171-45db-8dba-cabd8335728d tempest-GroupSnapshotsTest-148824341 tempest-GroupSnapshotsTest-148824341-project] Task 'cinder.volume.flows.api.create_volume.QuotaCommitTask;volume:create' (0e688537-fe29-4f50-b30d-413bc673d153) transitioned into state 'RUNNING' from state 'PENDING' {{(pid=110928) _task_receiver /usr/local/lib/python3.8/dist-packages/taskflow/listeners/logging.py:190}}
Jul 14 10:14:27.504189 dv-cinder-849800-1-iscsi devstack@c-api.service[110928]: DEBUG cinder.volume.api [None req-e9e31d35-5171-45db-8dba-cabd8335728d tempest-GroupSnapshotsTest-148824341 tempest-GroupSnapshotsTest-148824341-project] Task 'cinder.volume.flows.api.create_volume.QuotaCommitTask;volume:create' (0e688537-fe29-4f50-b30d-413bc673d153) transitioned into state 'SUCCESS' from state 'RUNNING' with result '{'volume_properties': VolumeProperties(attach_status='detached',availability_zone='nova',cgsnapshot_id=None,consistencygroup_id=None,display_description=None,display_name='tempest-GroupSnapshotsTest-Volume-2120804189',encryption_key_id=None,group_id=e1a4e80f-7cb3-49b4-87d0-3c047e8582b5,group_type_id=,metadata={},multiattach=False,project_id='2e6ba76e93d847d78eeacb7888a3fc64',qos_specs=None,replication_status=,reservations=['ba5b3796-f2ba-43ab-ad1a-351ec9c7aa94','8205de07-cc90-472b-a42b-991a6f5a603d','ed7eac23-ea10-43c6-98bf-0160c96413ce','f192368b-35df-4498-9ce7-ca5a39961e17'],size=1,snapshot_id=None,source_replicaid=,source_volid=None,status='creating',user_id='ec2462d8ae1544a1a225c5599864fb41',volume_type_id=daf95385-978a-4de6-9223-1e5ad6d5b66a)}' {{(pid=110928) _task_receiver /usr/local/lib/python3.8/dist-packages/taskflow/listeners/logging.py:178}}
Jul 14 10:14:27.506297 dv-cinder-849800-1-iscsi devstack@c-api.service[110928]: DEBUG cinder.volume.api [None req-e9e31d35-5171-45db-8dba-cabd8335728d tempest-GroupSnapshotsTest-148824341 tempest-GroupSnapshotsTest-148824341-project] Task 'cinder.volume.flows.api.create_volume.VolumeCastTask;volume:create' (8b185deb-9ddc-442a-94a8-0fc9d2f09f36) transitioned into state 'RUNNING' from state 'PENDING' {{(pid=110928) _task_receiver /usr/local/lib/python3.8/dist-packages/taskflow/listeners/logging.py:190}}
Jul 14 10:14:27.550994 dv-cinder-849800-1-iscsi devstack@c-api.service[110928]: DEBUG cinder.volume.api [None req-e9e31d35-5171-45db-8dba-cabd8335728d tempest-GroupSnapshotsTest-148824341 tempest-GroupSnapshotsTest-148824341-project] Task 'cinder.volume.flows.api.create_volume.VolumeCastTask;volume:create' (8b185deb-9ddc-442a-94a8-0fc9d2f09f36) transitioned into state 'SUCCESS' from state 'RUNNING' with result 'None' {{(pid=110928) _task_receiver /usr/local/lib/python3.8/dist-packages/taskflow/listeners/logging.py:178}}
Jul 14 10:14:27.558128 dv-cinder-849800-1-iscsi devstack@c-api.service[110928]: DEBUG cinder.volume.api [None req-e9e31d35-5171-45db-8dba-cabd8335728d tempest-GroupSnapshotsTest-148824341 tempest-GroupSnapshotsTest-148824341-project] Flow 'volume_create_api' (69385e33-3466-429f-8cde-3e367ea7a1ef) transitioned into state 'SUCCESS' from state 'RUNNING' {{(pid=110928) _flow_receiver /usr/local/lib/python3.8/dist-packages/taskflow/listeners/logging.py:141}}
Jul 14 10:14:27.560675 dv-cinder-849800-1-iscsi devstack@c-api.service[110928]: INFO cinder.volume.api [None req-e9e31d35-5171-45db-8dba-cabd8335728d tempest-GroupSnapshotsTest-148824341 tempest-GroupSnapshotsTest-148824341-project] Create volume request issued successfully.
Jul 14 10:14:27.563219 dv-cinder-849800-1-iscsi devstack@c-api.service[110928]: WARNING stevedore.named [None req-e9e31d35-5171-45db-8dba-cabd8335728d tempest-GroupSnapshotsTest-148824341 tempest-GroupSnapshotsTest-148824341-project] Could not load cinder.keymgr.conf_key_mgr.ConfKeyManager
Jul 14 10:14:27.565297 dv-cinder-849800-1-iscsi devstack@c-api.service[110928]: WARNING castellan.key_manager [None req-e9e31d35-5171-45db-8dba-cabd8335728d tempest-GroupSnapshotsTest-148824341 tempest-GroupSnapshotsTest-148824341-project] Deprecation Warning : cinder.keymgr.conf_key_mgr.ConfKeyManager is not a stevedore based driver, trying to load it as a class: stevedore.exception.NoMatches: No 'castellan.drivers' driver found, looking for 'cinder.keymgr.conf_key_mgr.ConfKeyManager'
Jul 14 10:14:27.581972 dv-cinder-849800-1-iscsi devstack@c-api.service[110928]: DEBUG oslo_db.sqlalchemy.engines [None req-e9e31d35-5171-45db-8dba-cabd8335728d tempest-GroupSnapshotsTest-148824341 tempest-GroupSnapshotsTest-148824341-project] MySQL server mode set to STRICT_TRANS_TABLES,STRICT_ALL_TABLES,NO_ZERO_IN_DATE,NO_ZERO_DATE,ERROR_FOR_DIVISION_BY_ZERO,TRADITIONAL,NO_ENGINE_SUBSTITUTION {{(pid=110928) _check_effective_sql_mode /usr/local/lib/python3.8/dist-packages/oslo_db/sqlalchemy/engines.py:314}}
Jul 14 10:14:27.591252 dv-cinder-849800-1-iscsi devstack@c-api.service[110928]: /usr/local/lib/python3.8/dist-packages/oslo_context/context.py:100: DeprecationWarning: Policy enforcement is depending on the value of is_admin. This key is deprecated. Please update your policy file to use the standard policy values.
Jul 14 10:14:27.591252 dv-cinder-849800-1-iscsi devstack@c-api.service[110928]: warnings.warn('Policy enforcement is depending on the value of '
Jul 14 10:14:27.609998 dv-cinder-849800-1-iscsi devstack@c-api.service[110928]: INFO cinder.api.openstack.wsgi [None req-e9e31d35-5171-45db-8dba-cabd8335728d tempest-GroupSnapshotsTest-148824341 tempest-GroupSnapshotsTest-148824341-project] http://10.222.0.61/volume/v3/2e6ba76e93d847d78eeacb7888a3fc64/volumes returned with HTTP 202
Jul 14 10:14:27.617496 dv-cinder-849800-1-iscsi devstack@c-api.service[110929]: INFO cinder.api.openstack.wsgi [None req-6b8c9514-96f6-49bc-823d-d629f9a7e190 tempest-VolumeQuotaClassesTest-352821044 tempest-VolumeQuotaClassesTest-352821044-project-admin] GET http://10.222.0.61/volume/v3/02a1879a5ddf470cb90b66753deacaf3/os-quota-class-sets/default
Jul 14 10:14:27.617965 dv-cinder-849800-1-iscsi devstack@c-api.service[110929]: DEBUG cinder.api.openstack.wsgi [None req-6b8c9514-96f6-49bc-823d-d629f9a7e190 tempest-VolumeQuotaClassesTest-352821044 tempest-VolumeQuotaClassesTest-352821044-project-admin] Empty body provided in request {{(pid=110929) get_body /opt/stack/cinder/cinder/api/openstack/wsgi.py:715}}
Jul 14 10:14:27.618428 dv-cinder-849800-1-iscsi devstack@c-api.service[110929]: DEBUG cinder.api.openstack.wsgi [None req-6b8c9514-96f6-49bc-823d-d629f9a7e190 tempest-VolumeQuotaClassesTest-352821044 tempest-VolumeQuotaClassesTest-352821044-project-admin] Calling method 'show' {{(pid=110929) _process_stack /opt/stack/cinder/cinder/api/openstack/wsgi.py:868}}
Jul 14 10:14:27.619059 dv-cinder-849800-1-iscsi devstack@c-api.service[110929]: /usr/local/lib/python3.8/dist-packages/oslo_context/context.py:100: DeprecationWarning: Policy enforcement is depending on the value of is_admin. This key is deprecated. Please update your policy file to use the standard policy values.
Jul 14 10:14:27.619059 dv-cinder-849800-1-iscsi devstack@c-api.service[110929]: warnings.warn('Policy enforcement is depending on the value of '
Jul 14 10:14:27.620810 dv-cinder-849800-1-iscsi devstack@c-api.service[110928]: [pid: 110928|app: 0|req: 93/205] 10.222.0.61 () {62 vars in 1276 bytes} [Thu Jul 14 10:14:27 2022] POST /volume/v3/2e6ba76e93d847d78eeacb7888a3fc64/volumes => generated 905 bytes in 515 msecs (HTTP/1.1 202) 7 headers in 292 bytes (1 switches on core 0)
Jul 14 10:14:27.623087 dv-cinder-849800-1-iscsi devstack@c-api.service[110928]: DEBUG cinder.api.middleware.request_id [None req-4de51509-8307-4691-be88-1cfbae8673ea None None] RequestId filter calling following filter/app {{(pid=110928) _context_setter /opt/stack/cinder/cinder/api/middleware/request_id.py:62}}
Jul 14 10:14:27.627351 dv-cinder-849800-1-iscsi devstack@c-api.service[110928]: INFO cinder.api.openstack.wsgi [None req-4de51509-8307-4691-be88-1cfbae8673ea tempest-VolumeTypesTest-1390645265 tempest-VolumeTypesTest-1390645265-project] GET http://10.222.0.61/volume/v3/8c062d01b1054cd498c113d2e3894d56/volumes/4270fddf-c1e3-4638-9e7c-b7594e4e15a0
Jul 14 10:14:27.628156 dv-cinder-849800-1-iscsi devstack@c-api.service[110928]: DEBUG cinder.api.openstack.wsgi [None req-4de51509-8307-4691-be88-1cfbae8673ea tempest-VolumeTypesTest-1390645265 tempest-VolumeTypesTest-1390645265-project] Empty body provided in request {{(pid=110928) get_body /opt/stack/cinder/cinder/api/openstack/wsgi.py:715}}
Jul 14 10:14:27.628251 dv-cinder-849800-1-iscsi devstack@c-api.service[110928]: DEBUG cinder.api.openstack.wsgi [None req-4de51509-8307-4691-be88-1cfbae8673ea tempest-VolumeTypesTest-1390645265 tempest-VolumeTypesTest-1390645265-project] Calling method 'show' {{(pid=110928) _process_stack /opt/stack/cinder/cinder/api/openstack/wsgi.py:868}}
Jul 14 10:14:27.656422 dv-cinder-849800-1-iscsi devstack@c-api.service[110928]: /usr/local/lib/python3.8/dist-packages/oslo_context/context.py:100: DeprecationWarning: Policy enforcement is depending on the value of is_admin. This key is deprecated. Please update your policy file to use the standard policy values.
Jul 14 10:14:27.656422 dv-cinder-849800-1-iscsi devstack@c-api.service[110928]: warnings.warn('Policy enforcement is depending on the value of '
Jul 14 10:14:27.658496 dv-cinder-849800-1-iscsi devstack@c-api.service[110929]: INFO cinder.api.openstack.wsgi [None req-6b8c9514-96f6-49bc-823d-d629f9a7e190 tempest-VolumeQuotaClassesTest-352821044 tempest-VolumeQuotaClassesTest-352821044-project-admin] http://10.222.0.61/volume/v3/02a1879a5ddf470cb90b66753deacaf3/os-quota-class-sets/default returned with HTTP 200
Jul 14 10:14:27.669721 dv-cinder-849800-1-iscsi devstack@c-api.service[110929]: [pid: 110929|app: 0|req: 113/206] 10.222.0.61 () {58 vars in 1273 bytes} [Thu Jul 14 10:14:27 2022] GET /volume/v3/02a1879a5ddf470cb90b66753deacaf3/os-quota-class-sets/default => generated 912 bytes in 274 msecs (HTTP/1.1 200) 7 headers in 285 bytes (1 switches on core 0)
Jul 14 10:14:27.672727 dv-cinder-849800-1-iscsi devstack@c-api.service[110929]: DEBUG cinder.api.middleware.request_id [None req-dec0ce32-df4f-4e88-b153-ced16402c3b8 None None] RequestId filter calling following filter/app {{(pid=110929) _context_setter /opt/stack/cinder/cinder/api/middleware/request_id.py:62}}
Jul 14 10:14:27.672942 dv-cinder-849800-1-iscsi devstack@c-api.service[110928]: INFO cinder.volume.api [None req-4de51509-8307-4691-be88-1cfbae8673ea tempest-VolumeTypesTest-1390645265 tempest-VolumeTypesTest-1390645265-project] Volume info retrieved successfully.
Jul 14 10:14:27.678413 dv-cinder-849800-1-iscsi devstack@c-api.service[110929]: INFO cinder.api.openstack.wsgi [None req-dec0ce32-df4f-4e88-b153-ced16402c3b8 tempest-GroupSnapshotsTest-148824341 tempest-GroupSnapshotsTest-148824341-project] GET http://10.222.0.61/volume/v3/2e6ba76e93d847d78eeacb7888a3fc64/volumes/b7b5a4d5-54bb-4ef9-9fdc-fe8e8c2d8fd1
Jul 14 10:14:27.679094 dv-cinder-849800-1-iscsi devstack@c-api.service[110929]: DEBUG cinder.api.openstack.wsgi [None req-dec0ce32-df4f-4e88-b153-ced16402c3b8 tempest-GroupSnapshotsTest-148824341 tempest-GroupSnapshotsTest-148824341-project] Empty body provided in request {{(pid=110929) get_body /opt/stack/cinder/cinder/api/openstack/wsgi.py:715}}
Jul 14 10:14:27.680036 dv-cinder-849800-1-iscsi devstack@c-api.service[110929]: DEBUG cinder.api.openstack.wsgi [None req-dec0ce32-df4f-4e88-b153-ced16402c3b8 tempest-GroupSnapshotsTest-148824341 tempest-GroupSnapshotsTest-148824341-project] Calling method 'show' {{(pid=110929) _process_stack /opt/stack/cinder/cinder/api/openstack/wsgi.py:868}}
Jul 14 10:14:27.692827 dv-cinder-849800-1-iscsi devstack@c-api.service[110928]: INFO cinder.api.openstack.wsgi [None req-4de51509-8307-4691-be88-1cfbae8673ea tempest-VolumeTypesTest-1390645265 tempest-VolumeTypesTest-1390645265-project] http://10.222.0.61/volume/v3/8c062d01b1054cd498c113d2e3894d56/volumes/4270fddf-c1e3-4638-9e7c-b7594e4e15a0 returned with HTTP 200
Jul 14 10:14:27.693647 dv-cinder-849800-1-iscsi devstack@c-api.service[110928]: [pid: 110928|app: 0|req: 94/207] 10.222.0.61 () {58 vars in 1324 bytes} [Thu Jul 14 10:14:27 2022] GET /volume/v3/8c062d01b1054cd498c113d2e3894d56/volumes/4270fddf-c1e3-4638-9e7c-b7594e4e15a0 => generated 942 bytes in 72 msecs (HTTP/1.1 200) 7 headers in 285 bytes (1 switches on core 0)
Jul 14 10:14:27.695002 dv-cinder-849800-1-iscsi devstack@c-api.service[110928]: DEBUG cinder.api.middleware.request_id [None req-4088cb30-f666-40d4-bec7-519e8aaa8b35 None None] RequestId filter calling following filter/app {{(pid=110928) _context_setter /opt/stack/cinder/cinder/api/middleware/request_id.py:62}}
Jul 14 10:14:27.699939 dv-cinder-849800-1-iscsi devstack@c-api.service[110928]: INFO cinder.api.openstack.wsgi [None req-4088cb30-f666-40d4-bec7-519e8aaa8b35 tempest-VolumeQuotaClassesTest-352821044 tempest-VolumeQuotaClassesTest-352821044-project-admin] GET http://10.222.0.61/volume/v3/02a1879a5ddf470cb90b66753deacaf3/os-quota-class-sets/default
Jul 14 10:14:27.700390 dv-cinder-849800-1-iscsi devstack@c-api.service[110928]: DEBUG cinder.api.openstack.wsgi [None req-4088cb30-f666-40d4-bec7-519e8aaa8b35 tempest-VolumeQuotaClassesTest-352821044 tempest-VolumeQuotaClassesTest-352821044-project-admin] Empty body provided in request {{(pid=110928) get_body /opt/stack/cinder/cinder/api/openstack/wsgi.py:715}}
Jul 14 10:14:27.700846 dv-cinder-849800-1-iscsi devstack@c-api.service[110928]: DEBUG cinder.api.openstack.wsgi [None req-4088cb30-f666-40d4-bec7-519e8aaa8b35 tempest-VolumeQuotaClassesTest-352821044 tempest-VolumeQuotaClassesTest-352821044-project-admin] Calling method 'show' {{(pid=110928) _process_stack /opt/stack/cinder/cinder/api/openstack/wsgi.py:868}}
Jul 14 10:14:27.711868 dv-cinder-849800-1-iscsi devstack@c-api.service[110929]: /usr/local/lib/python3.8/dist-packages/oslo_context/context.py:100: DeprecationWarning: Policy enforcement is depending on the value of is_admin. This key is deprecated. Please update your policy file to use the standard policy values.
Jul 14 10:14:27.711868 dv-cinder-849800-1-iscsi devstack@c-api.service[110929]: warnings.warn('Policy enforcement is depending on the value of '
Jul 14 10:14:27.720905 dv-cinder-849800-1-iscsi devstack@c-api.service[110929]: INFO cinder.volume.api [None req-dec0ce32-df4f-4e88-b153-ced16402c3b8 tempest-GroupSnapshotsTest-148824341 tempest-GroupSnapshotsTest-148824341-project] Volume info retrieved successfully.
Jul 14 10:14:27.722771 dv-cinder-849800-1-iscsi devstack@c-api.service[110929]: WARNING stevedore.named [None req-dec0ce32-df4f-4e88-b153-ced16402c3b8 tempest-GroupSnapshotsTest-148824341 tempest-GroupSnapshotsTest-148824341-project] Could not load cinder.keymgr.conf_key_mgr.ConfKeyManager
Jul 14 10:14:27.723445 dv-cinder-849800-1-iscsi devstack@c-api.service[110929]: WARNING castellan.key_manager [None req-dec0ce32-df4f-4e88-b153-ced16402c3b8 tempest-GroupSnapshotsTest-148824341 tempest-GroupSnapshotsTest-148824341-project] Deprecation Warning : cinder.keymgr.conf_key_mgr.ConfKeyManager is not a stevedore based driver, trying to load it as a class: stevedore.exception.NoMatches: No 'castellan.drivers' driver found, looking for 'cinder.keymgr.conf_key_mgr.ConfKeyManager'
Jul 14 10:14:27.735998 dv-cinder-849800-1-iscsi devstack@c-api.service[110929]: DEBUG oslo_db.sqlalchemy.engines [None req-dec0ce32-df4f-4e88-b153-ced16402c3b8 tempest-GroupSnapshotsTest-148824341 tempest-GroupSnapshotsTest-148824341-project] MySQL server mode set to STRICT_TRANS_TABLES,STRICT_ALL_TABLES,NO_ZERO_IN_DATE,NO_ZERO_DATE,ERROR_FOR_DIVISION_BY_ZERO,TRADITIONAL,NO_ENGINE_SUBSTITUTION {{(pid=110929) _check_effective_sql_mode /usr/local/lib/python3.8/dist-packages/oslo_db/sqlalchemy/engines.py:314}}
Jul 14 10:14:27.763461 dv-cinder-849800-1-iscsi devstack@c-api.service[110928]: INFO cinder.api.openstack.wsgi [None req-4088cb30-f666-40d4-bec7-519e8aaa8b35 tempest-VolumeQuotaClassesTest-352821044 tempest-VolumeQuotaClassesTest-352821044-project-admin] http://10.222.0.61/volume/v3/02a1879a5ddf470cb90b66753deacaf3/os-quota-class-sets/default returned with HTTP 200
Jul 14 10:14:27.764607 dv-cinder-849800-1-iscsi devstack@c-api.service[110928]: [pid: 110928|app: 0|req: 95/208] 10.222.0.61 () {58 vars in 1273 bytes} [Thu Jul 14 10:14:27 2022] GET /volume/v3/02a1879a5ddf470cb90b66753deacaf3/os-quota-class-sets/default => generated 912 bytes in 70 msecs (HTTP/1.1 200) 7 headers in 285 bytes (1 switches on core 0)
Jul 14 10:14:27.765987 dv-cinder-849800-1-iscsi devstack@c-api.service[110928]: DEBUG cinder.api.middleware.request_id [None req-9d52dc7b-7fc3-47ed-a2c8-2b8861bdf208 None None] RequestId filter calling following filter/app {{(pid=110928) _context_setter /opt/stack/cinder/cinder/api/middleware/request_id.py:62}}
Jul 14 10:14:27.773859 dv-cinder-849800-1-iscsi devstack@c-api.service[110928]: INFO cinder.api.openstack.wsgi [None req-9d52dc7b-7fc3-47ed-a2c8-2b8861bdf208 tempest-VolumeTypesTest-1390645265 tempest-VolumeTypesTest-1390645265-project] POST http://10.222.0.61/volume/v3/8c062d01b1054cd498c113d2e3894d56/volumes/4270fddf-c1e3-4638-9e7c-b7594e4e15a0/action
Jul 14 10:14:27.776658 dv-cinder-849800-1-iscsi devstack@c-api.service[110929]: /usr/local/lib/python3.8/dist-packages/oslo_context/context.py:100: DeprecationWarning: Policy enforcement is depending on the value of is_admin. This key is deprecated. Please update your policy file to use the standard policy values.
Jul 14 10:14:27.776658 dv-cinder-849800-1-iscsi devstack@c-api.service[110929]: warnings.warn('Policy enforcement is depending on the value of '
Jul 14 10:14:27.784358 dv-cinder-849800-1-iscsi devstack@c-api.service[110928]: DEBUG cinder.api.openstack.wsgi [None req-9d52dc7b-7fc3-47ed-a2c8-2b8861bdf208 tempest-VolumeTypesTest-1390645265 tempest-VolumeTypesTest-1390645265-project] Action body: b'{"os-retype": {"new_type": "7a462f2d-f7bf-42f1-9bc9-a8543aa6d00b"}}' {{(pid=110928) get_method /opt/stack/cinder/cinder/api/openstack/wsgi.py:983}}
Jul 14 10:14:27.784775 dv-cinder-849800-1-iscsi devstack@c-api.service[110928]: DEBUG cinder.api.openstack.wsgi [None req-9d52dc7b-7fc3-47ed-a2c8-2b8861bdf208 tempest-VolumeTypesTest-1390645265 tempest-VolumeTypesTest-1390645265-project] Action: 'action', calling method: _retype, body: {"os-retype": {"new_type": "7a462f2d-f7bf-42f1-9bc9-a8543aa6d00b"}} {{(pid=110928) _process_stack /opt/stack/cinder/cinder/api/openstack/wsgi.py:866}}
Jul 14 10:14:27.811354 dv-cinder-849800-1-iscsi devstack@c-api.service[110929]: INFO cinder.api.openstack.wsgi [None req-dec0ce32-df4f-4e88-b153-ced16402c3b8 tempest-GroupSnapshotsTest-148824341 tempest-GroupSnapshotsTest-148824341-project] http://10.222.0.61/volume/v3/2e6ba76e93d847d78eeacb7888a3fc64/volumes/b7b5a4d5-54bb-4ef9-9fdc-fe8e8c2d8fd1 returned with HTTP 200
Jul 14 10:14:27.814094 dv-cinder-849800-1-iscsi devstack@c-api.service[110929]: [pid: 110929|app: 0|req: 114/209] 10.222.0.61 () {60 vars in 1365 bytes} [Thu Jul 14 10:14:27 2022] GET /volume/v3/2e6ba76e93d847d78eeacb7888a3fc64/volumes/b7b5a4d5-54bb-4ef9-9fdc-fe8e8c2d8fd1 => generated 973 bytes in 143 msecs (HTTP/1.1 200) 7 headers in 286 bytes (1 switches on core 0)
Jul 14 10:14:27.816186 dv-cinder-849800-1-iscsi devstack@c-api.service[110929]: DEBUG cinder.api.middleware.request_id [None req-cd2d09b4-84df-4bd5-bed3-ddc97baa1ba2 None None] RequestId filter calling following filter/app {{(pid=110929) _context_setter /opt/stack/cinder/cinder/api/middleware/request_id.py:62}}
Jul 14 10:14:27.826919 dv-cinder-849800-1-iscsi devstack@c-api.service[110928]: /usr/local/lib/python3.8/dist-packages/oslo_context/context.py:100: DeprecationWarning: Policy enforcement is depending on the value of is_admin. This key is deprecated. Please update your policy file to use the standard policy values.
Jul 14 10:14:27.826919 dv-cinder-849800-1-iscsi devstack@c-api.service[110928]: warnings.warn('Policy enforcement is depending on the value of '
Jul 14 10:14:27.827970 dv-cinder-849800-1-iscsi devstack@c-api.service[110928]: INFO cinder.volume.api [None req-9d52dc7b-7fc3-47ed-a2c8-2b8861bdf208 tempest-VolumeTypesTest-1390645265 tempest-VolumeTypesTest-1390645265-project] Volume info retrieved successfully.
Jul 14 10:14:27.835483 dv-cinder-849800-1-iscsi devstack@c-api.service[110929]: INFO cinder.api.openstack.wsgi [None req-cd2d09b4-84df-4bd5-bed3-ddc97baa1ba2 tempest-VolumeQuotaClassesTest-352821044 tempest-VolumeQuotaClassesTest-352821044-project-admin] POST http://10.222.0.61/volume/v3/02a1879a5ddf470cb90b66753deacaf3/types
Jul 14 10:14:27.836958 dv-cinder-849800-1-iscsi devstack@c-api.service[110929]: DEBUG cinder.api.openstack.wsgi [None req-cd2d09b4-84df-4bd5-bed3-ddc97baa1ba2 tempest-VolumeQuotaClassesTest-352821044 tempest-VolumeQuotaClassesTest-352821044-project-admin] Action: 'create', calling method: _create, body: {"volume_type": {"name": "tempest-VolumeQuotaClassesTest-volume-type-939360413"}} {{(pid=110929) _process_stack /opt/stack/cinder/cinder/api/openstack/wsgi.py:866}}
Jul 14 10:14:27.890788 dv-cinder-849800-1-iscsi devstack@c-api.service[110929]: INFO cinder.api.openstack.wsgi [None req-cd2d09b4-84df-4bd5-bed3-ddc97baa1ba2 tempest-VolumeQuotaClassesTest-352821044 tempest-VolumeQuotaClassesTest-352821044-project-admin] http://10.222.0.61/volume/v3/02a1879a5ddf470cb90b66753deacaf3/types returned with HTTP 200
Jul 14 10:14:27.891751 dv-cinder-849800-1-iscsi devstack@c-api.service[110929]: [pid: 110929|app: 0|req: 115/210] 10.222.0.61 () {60 vars in 1228 bytes} [Thu Jul 14 10:14:27 2022] POST /volume/v3/02a1879a5ddf470cb90b66753deacaf3/types => generated 227 bytes in 77 msecs (HTTP/1.1 200) 7 headers in 285 bytes (1 switches on core 0)
Jul 14 10:14:27.900226 dv-cinder-849800-1-iscsi devstack@c-api.service[110929]: DEBUG cinder.api.middleware.request_id [None req-445610e6-04ec-45c3-91c9-dc02b14d02c5 None None] RequestId filter calling following filter/app {{(pid=110929) _context_setter /opt/stack/cinder/cinder/api/middleware/request_id.py:62}}
Jul 14 10:14:27.902222 dv-cinder-849800-1-iscsi devstack@c-api.service[110928]: WARNING cinder.quota [None req-9d52dc7b-7fc3-47ed-a2c8-2b8861bdf208 tempest-VolumeTypesTest-1390645265 tempest-VolumeTypesTest-1390645265-project] Deprecated: Default quota for resource: volumes_tempest-VolumeTypesTest-volume-type-1185302828 is set by the default quota flag: quota_volumes_tempest-VolumeTypesTest-volume-type-1185302828, it is now deprecated. Please use the default quota class for default quota.
Jul 14 10:14:27.903417 dv-cinder-849800-1-iscsi devstack@c-api.service[110928]: WARNING cinder.quota [None req-9d52dc7b-7fc3-47ed-a2c8-2b8861bdf208 tempest-VolumeTypesTest-1390645265 tempest-VolumeTypesTest-1390645265-project] Deprecated: Default quota for resource: gigabytes_tempest-VolumeTypesTest-volume-type-1185302828 is set by the default quota flag: quota_gigabytes_tempest-VolumeTypesTest-volume-type-1185302828, it is now deprecated. Please use the default quota class for default quota.
Jul 14 10:14:27.920841 dv-cinder-849800-1-iscsi devstack@c-api.service[110929]: INFO cinder.api.openstack.wsgi [None req-445610e6-04ec-45c3-91c9-dc02b14d02c5 tempest-VolumeQuotaClassesTest-352821044 tempest-VolumeQuotaClassesTest-352821044-project-admin] PUT http://10.222.0.61/volume/v3/02a1879a5ddf470cb90b66753deacaf3/os-quota-class-sets/default
Jul 14 10:14:27.930512 dv-cinder-849800-1-iscsi devstack@c-api.service[110929]: DEBUG cinder.api.openstack.wsgi [None req-445610e6-04ec-45c3-91c9-dc02b14d02c5 tempest-VolumeQuotaClassesTest-352821044 tempest-VolumeQuotaClassesTest-352821044-project-admin] Action: 'update', calling method: update, body: {"quota_class_set": {"volumes": 11, "per_volume_gigabytes": -1, "snapshots": 11, "gigabytes": 1001, "backups": 11, "backup_gigabytes": 1001, "volumes_tempest-VolumeQuotaClassesTest-volume-type-939360413": 4, "snapshots_tempest-VolumeQuotaClassesTest-volume-type-939360413": 10, "gigabytes_tempest-VolumeQuotaClassesTest-volume-type-939360413": 8}} {{(pid=110929) _process_stack /opt/stack/cinder/cinder/api/openstack/wsgi.py:866}}
