Jul 14 09:18:47.613305 dv-cinder-849626-4-smb devstack@c-api.service[110825]: DEBUG cinder.api.openstack.wsgi [None req-e42aaf8d-f302-4a61-a40f-8f3b72fd6947 tempest-GroupsTest-1004271165 tempest-GroupsTest-1004271165-project-admin] Empty body provided in request {{(pid=110825) get_body /opt/stack/cinder/cinder/api/openstack/wsgi.py:715}}
Jul 14 09:18:47.614041 dv-cinder-849626-4-smb devstack@c-api.service[110825]: DEBUG cinder.api.openstack.wsgi [None req-e42aaf8d-f302-4a61-a40f-8f3b72fd6947 tempest-GroupsTest-1004271165 tempest-GroupsTest-1004271165-project-admin] Calling method '_delete' {{(pid=110825) _process_stack /opt/stack/cinder/cinder/api/openstack/wsgi.py:868}}
Jul 14 09:18:47.738608 dv-cinder-849626-4-smb devstack@c-api.service[110825]: INFO cinder.api.openstack.wsgi [None req-e42aaf8d-f302-4a61-a40f-8f3b72fd6947 tempest-GroupsTest-1004271165 tempest-GroupsTest-1004271165-project-admin] http://10.222.0.27/volume/v3/0e19010f4ca549d78a670b3f428733fc/types/9a6a7354-65b2-403d-9ae9-fc0643344e5d returned with HTTP 202
Jul 14 09:18:47.739412 dv-cinder-849626-4-smb devstack@c-api.service[110825]: [pid: 110825|app: 0|req: 75/141] 10.222.0.27 () {58 vars in 1321 bytes} [Thu Jul 14 09:18:47 2022] DELETE /volume/v3/0e19010f4ca549d78a670b3f428733fc/types/9a6a7354-65b2-403d-9ae9-fc0643344e5d => generated 0 bytes in 135 msecs (HTTP/1.1 202) 6 headers in 233 bytes (1 switches on core 0)
Jul 14 09:18:47.745407 dv-cinder-849626-4-smb devstack@c-api.service[110824]: DEBUG cinder.api.middleware.request_id [None req-37d73dac-f5e7-4c86-b6db-32647182777d None None] RequestId filter calling following filter/app {{(pid=110824) _context_setter /opt/stack/cinder/cinder/api/middleware/request_id.py:62}}
Jul 14 09:18:47.750687 dv-cinder-849626-4-smb devstack@c-api.service[110824]: INFO cinder.api.openstack.wsgi [None req-37d73dac-f5e7-4c86-b6db-32647182777d tempest-GroupsTest-1004271165 tempest-GroupsTest-1004271165-project-admin] GET http://10.222.0.27/volume/v3/0e19010f4ca549d78a670b3f428733fc/types/9a6a7354-65b2-403d-9ae9-fc0643344e5d
Jul 14 09:18:47.751141 dv-cinder-849626-4-smb devstack@c-api.service[110824]: DEBUG cinder.api.openstack.wsgi [None req-37d73dac-f5e7-4c86-b6db-32647182777d tempest-GroupsTest-1004271165 tempest-GroupsTest-1004271165-project-admin] Empty body provided in request {{(pid=110824) get_body /opt/stack/cinder/cinder/api/openstack/wsgi.py:715}}
Jul 14 09:18:47.751604 dv-cinder-849626-4-smb devstack@c-api.service[110824]: DEBUG cinder.api.openstack.wsgi [None req-37d73dac-f5e7-4c86-b6db-32647182777d tempest-GroupsTest-1004271165 tempest-GroupsTest-1004271165-project-admin] Calling method 'show' {{(pid=110824) _process_stack /opt/stack/cinder/cinder/api/openstack/wsgi.py:868}}
Jul 14 09:18:47.765430 dv-cinder-849626-4-smb devstack@c-api.service[110824]: INFO cinder.api.openstack.wsgi [None req-37d73dac-f5e7-4c86-b6db-32647182777d tempest-GroupsTest-1004271165 tempest-GroupsTest-1004271165-project-admin] http://10.222.0.27/volume/v3/0e19010f4ca549d78a670b3f428733fc/types/9a6a7354-65b2-403d-9ae9-fc0643344e5d returned with HTTP 404
Jul 14 09:18:47.766453 dv-cinder-849626-4-smb devstack@c-api.service[110824]: [pid: 110824|app: 0|req: 67/142] 10.222.0.27 () {58 vars in 1318 bytes} [Thu Jul 14 09:18:47 2022] GET /volume/v3/0e19010f4ca549d78a670b3f428733fc/types/9a6a7354-65b2-403d-9ae9-fc0643344e5d => generated 114 bytes in 22 msecs (HTTP/1.1 404) 7 headers in 292 bytes (1 switches on core 0)
Jul 14 09:18:54.621921 dv-cinder-849626-4-smb devstack@c-api.service[110825]: DEBUG cinder.api.middleware.request_id [None req-6490eb31-a142-4878-8b09-e1e2f69fcbc9 None None] RequestId filter calling following filter/app {{(pid=110825) _context_setter /opt/stack/cinder/cinder/api/middleware/request_id.py:62}}
Jul 14 09:18:55.324029 dv-cinder-849626-4-smb devstack@c-api.service[110825]: INFO cinder.api.openstack.wsgi [None req-6490eb31-a142-4878-8b09-e1e2f69fcbc9 tempest-UserMessagesTest-1409706709 tempest-UserMessagesTest-1409706709-project-admin] POST http://10.222.0.27/volume/v3/282d7effad2142d6af05b1edac9de5e0/types
Jul 14 09:18:55.326220 dv-cinder-849626-4-smb devstack@c-api.service[110825]: DEBUG cinder.api.openstack.wsgi [None req-6490eb31-a142-4878-8b09-e1e2f69fcbc9 tempest-UserMessagesTest-1409706709 tempest-UserMessagesTest-1409706709-project-admin] Action: 'create', calling method: _create, body: {"volume_type": {"name": "tempest-UserMessagesTest-volume-type-1373415563", "extra_specs": {"storage_protocol": "tempest-storage_protocol-1831752229", "vendor_name": "tempest-vendor_name-448513688"}}} {{(pid=110825) _process_stack /opt/stack/cinder/cinder/api/openstack/wsgi.py:866}}
Jul 14 09:18:55.392202 dv-cinder-849626-4-smb devstack@c-api.service[110825]: INFO cinder.api.openstack.wsgi [None req-6490eb31-a142-4878-8b09-e1e2f69fcbc9 tempest-UserMessagesTest-1409706709 tempest-UserMessagesTest-1409706709-project-admin] http://10.222.0.27/volume/v3/282d7effad2142d6af05b1edac9de5e0/types returned with HTTP 200
Jul 14 09:18:55.393761 dv-cinder-849626-4-smb devstack@c-api.service[110825]: [pid: 110825|app: 0|req: 76/143] 10.222.0.27 () {60 vars in 1229 bytes} [Thu Jul 14 09:18:54 2022] POST /volume/v3/282d7effad2142d6af05b1edac9de5e0/types => generated 327 bytes in 773 msecs (HTTP/1.1 200) 7 headers in 285 bytes (1 switches on core 0)
Jul 14 09:18:55.400414 dv-cinder-849626-4-smb devstack@c-api.service[110824]: DEBUG cinder.api.middleware.request_id [None req-5b0489c9-3fbc-4dbd-8446-d8a7f5717937 None None] RequestId filter calling following filter/app {{(pid=110824) _context_setter /opt/stack/cinder/cinder/api/middleware/request_id.py:62}}
Jul 14 09:18:55.715688 dv-cinder-849626-4-smb devstack@c-api.service[110824]: INFO cinder.api.openstack.wsgi [None req-5b0489c9-3fbc-4dbd-8446-d8a7f5717937 tempest-UserMessagesTest-1770603980 tempest-UserMessagesTest-1770603980-project] POST http://10.222.0.27/volume/v3/9b1995968b1848f4bbb95c384c8e3076/volumes
Jul 14 09:18:55.716673 dv-cinder-849626-4-smb devstack@c-api.service[110824]: DEBUG cinder.api.openstack.wsgi [None req-5b0489c9-3fbc-4dbd-8446-d8a7f5717937 tempest-UserMessagesTest-1770603980 tempest-UserMessagesTest-1770603980-project] Action: 'create', calling method: create, body: {"volume": {"volume_type": "5b44e9f4-04bb-4e4f-a173-4fa7644ce7e7", "size": 1, "name": "tempest-UserMessagesTest-Volume-1744591532"}} {{(pid=110824) _process_stack /opt/stack/cinder/cinder/api/openstack/wsgi.py:866}}
Jul 14 09:18:55.718923 dv-cinder-849626-4-smb devstack@c-api.service[110824]: DEBUG cinder.api.v3.volumes [None req-5b0489c9-3fbc-4dbd-8446-d8a7f5717937 tempest-UserMessagesTest-1770603980 tempest-UserMessagesTest-1770603980-project] Create volume request body: {'volume': {'volume_type': '5b44e9f4-04bb-4e4f-a173-4fa7644ce7e7', 'size': 1, 'name': 'tempest-UserMessagesTest-Volume-1744591532'}} {{(pid=110824) create /opt/stack/cinder/cinder/api/v3/volumes.py:298}}
Jul 14 09:18:55.766643 dv-cinder-849626-4-smb devstack@c-api.service[110824]: INFO cinder.api.v3.volumes [None req-5b0489c9-3fbc-4dbd-8446-d8a7f5717937 tempest-UserMessagesTest-1770603980 tempest-UserMessagesTest-1770603980-project] Create volume of 1 GB
Jul 14 09:18:55.770604 dv-cinder-849626-4-smb devstack@c-api.service[110824]: /usr/local/lib/python3.8/dist-packages/oslo_context/context.py:100: DeprecationWarning: Policy enforcement is depending on the value of is_admin. This key is deprecated. Please update your policy file to use the standard policy values.
Jul 14 09:18:55.770604 dv-cinder-849626-4-smb devstack@c-api.service[110824]: warnings.warn('Policy enforcement is depending on the value of '
Jul 14 09:18:55.784165 dv-cinder-849626-4-smb devstack@c-api.service[110824]: INFO cinder.volume.api [None req-5b0489c9-3fbc-4dbd-8446-d8a7f5717937 tempest-UserMessagesTest-1770603980 tempest-UserMessagesTest-1770603980-project] Availability Zones retrieved successfully.
Jul 14 09:18:55.853660 dv-cinder-849626-4-smb devstack@c-api.service[110824]: DEBUG cinder.volume.api [None req-5b0489c9-3fbc-4dbd-8446-d8a7f5717937 tempest-UserMessagesTest-1770603980 tempest-UserMessagesTest-1770603980-project] Flow 'volume_create_api' (71da2966-8a89-4363-9663-92ec1025a00e) transitioned into state 'RUNNING' from state 'PENDING' {{(pid=110824) _flow_receiver /usr/local/lib/python3.8/dist-packages/taskflow/listeners/logging.py:141}}
Jul 14 09:18:55.864921 dv-cinder-849626-4-smb devstack@c-api.service[110824]: DEBUG cinder.volume.api [None req-5b0489c9-3fbc-4dbd-8446-d8a7f5717937 tempest-UserMessagesTest-1770603980 tempest-UserMessagesTest-1770603980-project] Task 'cinder.volume.flows.api.create_volume.ExtractVolumeRequestTask;volume:create' (79e1bba5-ebff-4fa4-b503-309db71249cd) transitioned into state 'RUNNING' from state 'PENDING' {{(pid=110824) _task_receiver /usr/local/lib/python3.8/dist-packages/taskflow/listeners/logging.py:190}}
Jul 14 09:18:55.885567 dv-cinder-849626-4-smb devstack@c-api.service[110824]: DEBUG cinder.volume.flows.api.create_volume [None req-5b0489c9-3fbc-4dbd-8446-d8a7f5717937 tempest-UserMessagesTest-1770603980 tempest-UserMessagesTest-1770603980-project] Validating volume size '1' using validate_int {{(pid=110824) _extract_size /opt/stack/cinder/cinder/volume/flows/api/create_volume.py:228}}
Jul 14 09:18:56.027538 dv-cinder-849626-4-smb devstack@c-api.service[110824]: DEBUG cinder.volume.api [None req-5b0489c9-3fbc-4dbd-8446-d8a7f5717937 tempest-UserMessagesTest-1770603980 tempest-UserMessagesTest-1770603980-project] Task 'cinder.volume.flows.api.create_volume.ExtractVolumeRequestTask;volume:create' (79e1bba5-ebff-4fa4-b503-309db71249cd) transitioned into state 'SUCCESS' from state 'RUNNING' with result '{'size': 1, 'snapshot_id': None, 'source_volid': None, 'volume_type': VolumeType(created_at=2022-07-14T09:18:55Z,deleted=False,deleted_at=None,description=None,extra_specs={storage_protocol='tempest-storage_protocol-1831752229',vendor_name='tempest-vendor_name-448513688'},id=5b44e9f4-04bb-4e4f-a173-4fa7644ce7e7,is_public=True,name='tempest-UserMessagesTest-volume-type-1373415563',projects=[],qos_specs=,qos_specs_id=None,updated_at=None), 'volume_type_id': '5b44e9f4-04bb-4e4f-a173-4fa7644ce7e7', 'encryption_key_id': None, 'qos_specs': None, 'consistencygroup_id': None, 'cgsnapshot_id': None, 'group_id': None, 'replication_status': 'disabled', 'refresh_az': False, 'backup_id': None, 'multiattach': False, 'availability_zones': ['nova']}' {{(pid=110824) _task_receiver /usr/local/lib/python3.8/dist-packages/taskflow/listeners/logging.py:178}}
Jul 14 09:18:56.039949 dv-cinder-849626-4-smb devstack@c-api.service[110824]: DEBUG cinder.volume.api [None req-5b0489c9-3fbc-4dbd-8446-d8a7f5717937 tempest-UserMessagesTest-1770603980 tempest-UserMessagesTest-1770603980-project] Task 'cinder.volume.flows.api.create_volume.QuotaReserveTask;volume:create' (338213f2-1c56-4de3-a855-7099563fcf49) transitioned into state 'RUNNING' from state 'PENDING' {{(pid=110824) _task_receiver /usr/local/lib/python3.8/dist-packages/taskflow/listeners/logging.py:190}}
Jul 14 09:18:56.215940 dv-cinder-849626-4-smb devstack@c-api.service[110824]: WARNING cinder.quota [None req-5b0489c9-3fbc-4dbd-8446-d8a7f5717937 tempest-UserMessagesTest-1770603980 tempest-UserMessagesTest-1770603980-project] Deprecated: Default quota for resource: volumes_tempest-UserMessagesTest-volume-type-1373415563 is set by the default quota flag: quota_volumes_tempest-UserMessagesTest-volume-type-1373415563, it is now deprecated. Please use the default quota class for default quota.
Jul 14 09:18:56.218076 dv-cinder-849626-4-smb devstack@c-api.service[110824]: WARNING cinder.quota [None req-5b0489c9-3fbc-4dbd-8446-d8a7f5717937 tempest-UserMessagesTest-1770603980 tempest-UserMessagesTest-1770603980-project] Deprecated: Default quota for resource: gigabytes_tempest-UserMessagesTest-volume-type-1373415563 is set by the default quota flag: quota_gigabytes_tempest-UserMessagesTest-volume-type-1373415563, it is now deprecated. Please use the default quota class for default quota.
Jul 14 09:18:56.420579 dv-cinder-849626-4-smb devstack@c-api.service[110824]: DEBUG cinder.quota [None req-5b0489c9-3fbc-4dbd-8446-d8a7f5717937 tempest-UserMessagesTest-1770603980 tempest-UserMessagesTest-1770603980-project] Created reservations ['e899c28f-e749-488b-9eaf-7e714d93108e', '9c3fc891-a889-4732-9e29-31c64c29faba', '599049c3-3c15-45be-be2b-78f986525966', '0588de83-42a6-40fd-a05b-26a57df3e89c'] {{(pid=110824) reserve /opt/stack/cinder/cinder/quota.py:755}}
Jul 14 09:18:56.424934 dv-cinder-849626-4-smb devstack@c-api.service[110824]: DEBUG cinder.volume.api [None req-5b0489c9-3fbc-4dbd-8446-d8a7f5717937 tempest-UserMessagesTest-1770603980 tempest-UserMessagesTest-1770603980-project] Task 'cinder.volume.flows.api.create_volume.QuotaReserveTask;volume:create' (338213f2-1c56-4de3-a855-7099563fcf49) transitioned into state 'SUCCESS' from state 'RUNNING' with result '{'reservations': ['e899c28f-e749-488b-9eaf-7e714d93108e', '9c3fc891-a889-4732-9e29-31c64c29faba', '599049c3-3c15-45be-be2b-78f986525966', '0588de83-42a6-40fd-a05b-26a57df3e89c']}' {{(pid=110824) _task_receiver /usr/local/lib/python3.8/dist-packages/taskflow/listeners/logging.py:178}}
Jul 14 09:18:56.455446 dv-cinder-849626-4-smb devstack@c-api.service[110824]: DEBUG cinder.volume.api [None req-5b0489c9-3fbc-4dbd-8446-d8a7f5717937 tempest-UserMessagesTest-1770603980 tempest-UserMessagesTest-1770603980-project] Task 'cinder.volume.flows.api.create_volume.EntryCreateTask;volume:create' (a3bfd7d6-1a0e-4e11-834d-d253351bc398) transitioned into state 'RUNNING' from state 'PENDING' {{(pid=110824) _task_receiver /usr/local/lib/python3.8/dist-packages/taskflow/listeners/logging.py:190}}
Jul 14 09:18:56.515814 dv-cinder-849626-4-smb devstack@c-api.service[110824]: DEBUG cinder.volume.api [None req-5b0489c9-3fbc-4dbd-8446-d8a7f5717937 tempest-UserMessagesTest-1770603980 tempest-UserMessagesTest-1770603980-project] Task 'cinder.volume.flows.api.create_volume.EntryCreateTask;volume:create' (a3bfd7d6-1a0e-4e11-834d-d253351bc398) transitioned into state 'SUCCESS' from state 'RUNNING' with result '{'volume_id': 'e93b5082-dbc6-4b18-b166-fe195256ab7b', 'volume_properties': VolumeProperties(attach_status='detached',availability_zone='nova',cgsnapshot_id=None,consistencygroup_id=None,display_description=None,display_name='tempest-UserMessagesTest-Volume-1744591532',encryption_key_id=None,group_id=None,group_type_id=,metadata={},multiattach=False,project_id='9b1995968b1848f4bbb95c384c8e3076',qos_specs=None,replication_status=,reservations=['e899c28f-e749-488b-9eaf-7e714d93108e','9c3fc891-a889-4732-9e29-31c64c29faba','599049c3-3c15-45be-be2b-78f986525966','0588de83-42a6-40fd-a05b-26a57df3e89c'],size=1,snapshot_id=None,source_replicaid=,source_volid=None,status='creating',user_id='8394225dc2654093b57bfce328664afb',volume_type_id=5b44e9f4-04bb-4e4f-a173-4fa7644ce7e7), 'volume': Volume(_name_id=None,admin_metadata=,attach_status='detached',availability_zone='nova',bootable=False,cluster=,cluster_name=None,consistencygroup=,consistencygroup_id=None,created_at=2022-07-14T09:18:56Z,deleted=False,deleted_at=None,display_description=None,display_name='tempest-UserMessagesTest-Volume-1744591532',ec2_id=None,encryption_key_id=None,glance_metadata=,group=,group_id=None,host=None,id=e93b5082-dbc6-4b18-b166-fe195256ab7b,launched_at=None,metadata={},migration_status=None,multiattach=False,previous_status=None,project_id='9b1995968b1848f4bbb95c384c8e3076',provider_auth=None,provider_geometry=None,provider_id=None,provider_location=None,replication_driver_data=None,replication_extended_status=None,replication_status=None,scheduled_at=None,service_uuid=None,shared_targets=True,size=1,snapshot_id=None,snapshots=,source_volid=None,status='creating',terminated_at=None,updated_at=None,use_quota=True,user_id='8394225dc2654093b57bfce328664afb',volume_attachment=VolumeAttachmentList,volume_type=VolumeType(5b44e9f4-04bb-4e4f-a173-4fa7644ce7e7),volume_type_id=5b44e9f4-04bb-4e4f-a173-4fa7644ce7e7)}' {{(pid=110824) _task_receiver /usr/local/lib/python3.8/dist-packages/taskflow/listeners/logging.py:178}}
Jul 14 09:18:56.523265 dv-cinder-849626-4-smb devstack@c-api.service[110824]: DEBUG cinder.volume.api [None req-5b0489c9-3fbc-4dbd-8446-d8a7f5717937 tempest-UserMessagesTest-1770603980 tempest-UserMessagesTest-1770603980-project] Task 'cinder.volume.flows.api.create_volume.QuotaCommitTask;volume:create' (593b0378-53a2-4021-827b-b8676bf410b6) transitioned into state 'RUNNING' from state 'PENDING' {{(pid=110824) _task_receiver /usr/local/lib/python3.8/dist-packages/taskflow/listeners/logging.py:190}}
Jul 14 09:18:56.661075 dv-cinder-849626-4-smb devstack@c-api.service[110824]: DEBUG cinder.volume.api [None req-5b0489c9-3fbc-4dbd-8446-d8a7f5717937 tempest-UserMessagesTest-1770603980 tempest-UserMessagesTest-1770603980-project] Task 'cinder.volume.flows.api.create_volume.QuotaCommitTask;volume:create' (593b0378-53a2-4021-827b-b8676bf410b6) transitioned into state 'SUCCESS' from state 'RUNNING' with result '{'volume_properties': VolumeProperties(attach_status='detached',availability_zone='nova',cgsnapshot_id=None,consistencygroup_id=None,display_description=None,display_name='tempest-UserMessagesTest-Volume-1744591532',encryption_key_id=None,group_id=None,group_type_id=,metadata={},multiattach=False,project_id='9b1995968b1848f4bbb95c384c8e3076',qos_specs=None,replication_status=,reservations=['e899c28f-e749-488b-9eaf-7e714d93108e','9c3fc891-a889-4732-9e29-31c64c29faba','599049c3-3c15-45be-be2b-78f986525966','0588de83-42a6-40fd-a05b-26a57df3e89c'],size=1,snapshot_id=None,source_replicaid=,source_volid=None,status='creating',user_id='8394225dc2654093b57bfce328664afb',volume_type_id=5b44e9f4-04bb-4e4f-a173-4fa7644ce7e7)}' {{(pid=110824) _task_receiver /usr/local/lib/python3.8/dist-packages/taskflow/listeners/logging.py:178}}
Jul 14 09:18:56.662872 dv-cinder-849626-4-smb devstack@c-api.service[110824]: DEBUG cinder.volume.api [None req-5b0489c9-3fbc-4dbd-8446-d8a7f5717937 tempest-UserMessagesTest-1770603980 tempest-UserMessagesTest-1770603980-project] Task 'cinder.volume.flows.api.create_volume.VolumeCastTask;volume:create' (2b71f51f-7b16-4b71-8fe7-6d51ceb8ab42) transitioned into state 'RUNNING' from state 'PENDING' {{(pid=110824) _task_receiver /usr/local/lib/python3.8/dist-packages/taskflow/listeners/logging.py:190}}
Jul 14 09:18:56.724450 dv-cinder-849626-4-smb devstack@c-api.service[110824]: DEBUG cinder.volume.api [None req-5b0489c9-3fbc-4dbd-8446-d8a7f5717937 tempest-UserMessagesTest-1770603980 tempest-UserMessagesTest-1770603980-project] Task 'cinder.volume.flows.api.create_volume.VolumeCastTask;volume:create' (2b71f51f-7b16-4b71-8fe7-6d51ceb8ab42) transitioned into state 'SUCCESS' from state 'RUNNING' with result 'None' {{(pid=110824) _task_receiver /usr/local/lib/python3.8/dist-packages/taskflow/listeners/logging.py:178}}
Jul 14 09:18:56.749723 dv-cinder-849626-4-smb devstack@c-api.service[110824]: DEBUG cinder.volume.api [None req-5b0489c9-3fbc-4dbd-8446-d8a7f5717937 tempest-UserMessagesTest-1770603980 tempest-UserMessagesTest-1770603980-project] Flow 'volume_create_api' (71da2966-8a89-4363-9663-92ec1025a00e) transitioned into state 'SUCCESS' from state 'RUNNING' {{(pid=110824) _flow_receiver /usr/local/lib/python3.8/dist-packages/taskflow/listeners/logging.py:141}}
Jul 14 09:18:56.750463 dv-cinder-849626-4-smb devstack@c-api.service[110824]: INFO cinder.volume.api [None req-5b0489c9-3fbc-4dbd-8446-d8a7f5717937 tempest-UserMessagesTest-1770603980 tempest-UserMessagesTest-1770603980-project] Create volume request issued successfully.
Jul 14 09:18:56.751749 dv-cinder-849626-4-smb devstack@c-api.service[110824]: INFO cinder.api.openstack.wsgi [None req-5b0489c9-3fbc-4dbd-8446-d8a7f5717937 tempest-UserMessagesTest-1770603980 tempest-UserMessagesTest-1770603980-project] http://10.222.0.27/volume/v3/9b1995968b1848f4bbb95c384c8e3076/volumes returned with HTTP 202
Jul 14 09:18:56.765131 dv-cinder-849626-4-smb devstack@c-api.service[110825]: DEBUG cinder.api.middleware.request_id [None req-b2c1904e-1769-40fe-b628-ebf57a598039 None None] RequestId filter calling following filter/app {{(pid=110825) _context_setter /opt/stack/cinder/cinder/api/middleware/request_id.py:62}}
Jul 14 09:18:56.769361 dv-cinder-849626-4-smb devstack@c-api.service[110825]: INFO cinder.api.openstack.wsgi [None req-b2c1904e-1769-40fe-b628-ebf57a598039 tempest-UserMessagesTest-1770603980 tempest-UserMessagesTest-1770603980-project] GET http://10.222.0.27/volume/v3/9b1995968b1848f4bbb95c384c8e3076/volumes/e93b5082-dbc6-4b18-b166-fe195256ab7b
Jul 14 09:18:56.769867 dv-cinder-849626-4-smb devstack@c-api.service[110825]: DEBUG cinder.api.openstack.wsgi [None req-b2c1904e-1769-40fe-b628-ebf57a598039 tempest-UserMessagesTest-1770603980 tempest-UserMessagesTest-1770603980-project] Empty body provided in request {{(pid=110825) get_body /opt/stack/cinder/cinder/api/openstack/wsgi.py:715}}
Jul 14 09:18:56.770417 dv-cinder-849626-4-smb devstack@c-api.service[110825]: DEBUG cinder.api.openstack.wsgi [None req-b2c1904e-1769-40fe-b628-ebf57a598039 tempest-UserMessagesTest-1770603980 tempest-UserMessagesTest-1770603980-project] Calling method 'show' {{(pid=110825) _process_stack /opt/stack/cinder/cinder/api/openstack/wsgi.py:868}}
Jul 14 09:18:56.778880 dv-cinder-849626-4-smb devstack@c-api.service[110824]: [pid: 110824|app: 0|req: 68/144] 10.222.0.27 () {62 vars in 1275 bytes} [Thu Jul 14 09:18:55 2022] POST /volume/v3/9b1995968b1848f4bbb95c384c8e3076/volumes => generated 852 bytes in 1379 msecs (HTTP/1.1 202) 7 headers in 291 bytes (1 switches on core 0)
Jul 14 09:18:56.785971 dv-cinder-849626-4-smb devstack@c-api.service[110824]: DEBUG cinder.api.middleware.request_id [None req-3721d446-5e33-45e7-a9f9-1480b57e98b1 None None] RequestId filter calling following filter/app {{(pid=110824) _context_setter /opt/stack/cinder/cinder/api/middleware/request_id.py:62}}
Jul 14 09:18:56.822359 dv-cinder-849626-4-smb devstack@c-api.service[110825]: /usr/local/lib/python3.8/dist-packages/oslo_context/context.py:100: DeprecationWarning: Policy enforcement is depending on the value of is_admin. This key is deprecated. Please update your policy file to use the standard policy values.
Jul 14 09:18:56.822359 dv-cinder-849626-4-smb devstack@c-api.service[110825]: warnings.warn('Policy enforcement is depending on the value of '
Jul 14 09:18:56.866134 dv-cinder-849626-4-smb devstack@c-api.service[110825]: INFO cinder.volume.api [None req-b2c1904e-1769-40fe-b628-ebf57a598039 tempest-UserMessagesTest-1770603980 tempest-UserMessagesTest-1770603980-project] Volume info retrieved successfully.
Jul 14 09:18:56.893483 dv-cinder-849626-4-smb devstack@c-api.service[110825]: INFO cinder.api.openstack.wsgi [None req-b2c1904e-1769-40fe-b628-ebf57a598039 tempest-UserMessagesTest-1770603980 tempest-UserMessagesTest-1770603980-project] http://10.222.0.27/volume/v3/9b1995968b1848f4bbb95c384c8e3076/volumes/e93b5082-dbc6-4b18-b166-fe195256ab7b returned with HTTP 200
Jul 14 09:18:56.894891 dv-cinder-849626-4-smb devstack@c-api.service[110825]: [pid: 110825|app: 0|req: 77/145] 10.222.0.27 () {60 vars in 1364 bytes} [Thu Jul 14 09:18:56 2022] GET /volume/v3/9b1995968b1848f4bbb95c384c8e3076/volumes/e93b5082-dbc6-4b18-b166-fe195256ab7b => generated 920 bytes in 132 msecs (HTTP/1.1 200) 7 headers in 285 bytes (1 switches on core 0)
Jul 14 09:18:57.821389 dv-cinder-849626-4-smb devstack@c-api.service[110824]: INFO cinder.api.openstack.wsgi [None req-3721d446-5e33-45e7-a9f9-1480b57e98b1 tempest-VolumeQuotasAdminTestJSON-2048424832 tempest-VolumeQuotasAdminTestJSON-2048424832-project-admin] GET http://10.222.0.27/volume/v3/21bcdde457fe4c94ab8ab2bd688542f7/os-quota-sets/47c7d99223ee4b9496c36c84e7afa95f
Jul 14 09:18:57.822244 dv-cinder-849626-4-smb devstack@c-api.service[110824]: DEBUG cinder.api.openstack.wsgi [None req-3721d446-5e33-45e7-a9f9-1480b57e98b1 tempest-VolumeQuotasAdminTestJSON-2048424832 tempest-VolumeQuotasAdminTestJSON-2048424832-project-admin] Empty body provided in request {{(pid=110824) get_body /opt/stack/cinder/cinder/api/openstack/wsgi.py:715}}
Jul 14 09:18:57.822341 dv-cinder-849626-4-smb devstack@c-api.service[110824]: DEBUG cinder.api.openstack.wsgi [None req-3721d446-5e33-45e7-a9f9-1480b57e98b1 tempest-VolumeQuotasAdminTestJSON-2048424832 tempest-VolumeQuotasAdminTestJSON-2048424832-project-admin] Calling method 'show' {{(pid=110824) _process_stack /opt/stack/cinder/cinder/api/openstack/wsgi.py:868}}
Jul 14 09:18:57.823033 dv-cinder-849626-4-smb devstack@c-api.service[110824]: /usr/local/lib/python3.8/dist-packages/oslo_context/context.py:100: DeprecationWarning: Policy enforcement is depending on the value of is_admin. This key is deprecated. Please update your policy file to use the standard policy values.
Jul 14 09:18:57.823033 dv-cinder-849626-4-smb devstack@c-api.service[110824]: warnings.warn('Policy enforcement is depending on the value of '
Jul 14 09:18:57.871723 dv-cinder-849626-4-smb devstack@c-api.service[110824]: WARNING cinder.quota [None req-3721d446-5e33-45e7-a9f9-1480b57e98b1 tempest-VolumeQuotasAdminTestJSON-2048424832 tempest-VolumeQuotasAdminTestJSON-2048424832-project-admin] Deprecated: Default quota for resource: backups is set by the default quota flag: quota_backups, it is now deprecated. Please use the default quota class for default quota.
Jul 14 09:18:57.872549 dv-cinder-849626-4-smb devstack@c-api.service[110824]: WARNING cinder.quota [None req-3721d446-5e33-45e7-a9f9-1480b57e98b1 tempest-VolumeQuotasAdminTestJSON-2048424832 tempest-VolumeQuotasAdminTestJSON-2048424832-project-admin] Deprecated: Default quota for resource: backup_gigabytes is set by the default quota flag: quota_backup_gigabytes, it is now deprecated. Please use the default quota class for default quota.
Jul 14 09:18:57.874017 dv-cinder-849626-4-smb devstack@c-api.service[110824]: WARNING cinder.quota [None req-3721d446-5e33-45e7-a9f9-1480b57e98b1 tempest-VolumeQuotasAdminTestJSON-2048424832 tempest-VolumeQuotasAdminTestJSON-2048424832-project-admin] Deprecated: Default quota for resource: snapshots_tempest-UserMessagesTest-volume-type-1373415563 is set by the default quota flag: quota_snapshots_tempest-UserMessagesTest-volume-type-1373415563, it is now deprecated. Please use the default quota class for default quota.
Jul 14 09:18:57.874782 dv-cinder-849626-4-smb devstack@c-api.service[110824]: WARNING cinder.quota [None req-3721d446-5e33-45e7-a9f9-1480b57e98b1 tempest-VolumeQuotasAdminTestJSON-2048424832 tempest-VolumeQuotasAdminTestJSON-2048424832-project-admin] Deprecated: Default quota for resource: volumes_lvmdriver-1 is set by the default quota flag: quota_volumes_lvmdriver-1, it is now deprecated. Please use the default quota class for default quota.
Jul 14 09:18:57.875529 dv-cinder-849626-4-smb devstack@c-api.service[110824]: WARNING cinder.quota [None req-3721d446-5e33-45e7-a9f9-1480b57e98b1 tempest-VolumeQuotasAdminTestJSON-2048424832 tempest-VolumeQuotasAdminTestJSON-2048424832-project-admin] Deprecated: Default quota for resource: gigabytes_lvmdriver-1 is set by the default quota flag: quota_gigabytes_lvmdriver-1, it is now deprecated. Please use the default quota class for default quota.
Jul 14 09:18:57.876253 dv-cinder-849626-4-smb devstack@c-api.service[110824]: WARNING cinder.quota [None req-3721d446-5e33-45e7-a9f9-1480b57e98b1 tempest-VolumeQuotasAdminTestJSON-2048424832 tempest-VolumeQuotasAdminTestJSON-2048424832-project-admin] Deprecated: Default quota for resource: snapshots_lvmdriver-1 is set by the default quota flag: quota_snapshots_lvmdriver-1, it is now deprecated. Please use the default quota class for default quota.
Jul 14 09:18:57.883096 dv-cinder-849626-4-smb devstack@c-api.service[110824]: WARNING cinder.quota [None req-3721d446-5e33-45e7-a9f9-1480b57e98b1 tempest-VolumeQuotasAdminTestJSON-2048424832 tempest-VolumeQuotasAdminTestJSON-2048424832-project-admin] Deprecated: Default quota for resource: snapshots___DEFAULT__ is set by the default quota flag: quota_snapshots___DEFAULT__, it is now deprecated. Please use the default quota class for default quota.
Jul 14 09:18:57.893644 dv-cinder-849626-4-smb devstack@c-api.service[110824]: DEBUG dbcounter [-] [110824] Writing DB stats cinder:SELECT=76,cinder:UPDATE=14,cinder:INSERT=10 {{(pid=110824) stat_writer /usr/local/lib/python3.8/dist-packages/dbcounter.py:114}}
Jul 14 09:18:57.907839 dv-cinder-849626-4-smb devstack@c-api.service[110825]: DEBUG cinder.api.middleware.request_id [None req-ee420d8a-0279-40b8-820e-7a261406ed72 None None] RequestId filter calling following filter/app {{(pid=110825) _context_setter /opt/stack/cinder/cinder/api/middleware/request_id.py:62}}
Jul 14 09:18:57.912755 dv-cinder-849626-4-smb devstack@c-api.service[110825]: INFO cinder.api.openstack.wsgi [None req-ee420d8a-0279-40b8-820e-7a261406ed72 tempest-UserMessagesTest-1770603980 tempest-UserMessagesTest-1770603980-project] GET http://10.222.0.27/volume/v3/9b1995968b1848f4bbb95c384c8e3076/volumes/e93b5082-dbc6-4b18-b166-fe195256ab7b
Jul 14 09:18:57.913287 dv-cinder-849626-4-smb devstack@c-api.service[110825]: DEBUG cinder.api.openstack.wsgi [None req-ee420d8a-0279-40b8-820e-7a261406ed72 tempest-UserMessagesTest-1770603980 tempest-UserMessagesTest-1770603980-project] Empty body provided in request {{(pid=110825) get_body /opt/stack/cinder/cinder/api/openstack/wsgi.py:715}}
Jul 14 09:18:57.913806 dv-cinder-849626-4-smb devstack@c-api.service[110825]: DEBUG cinder.api.openstack.wsgi [None req-ee420d8a-0279-40b8-820e-7a261406ed72 tempest-UserMessagesTest-1770603980 tempest-UserMessagesTest-1770603980-project] Calling method 'show' {{(pid=110825) _process_stack /opt/stack/cinder/cinder/api/openstack/wsgi.py:868}}
Jul 14 09:18:57.928784 dv-cinder-849626-4-smb devstack@c-api.service[110824]: INFO cinder.api.openstack.wsgi [None req-3721d446-5e33-45e7-a9f9-1480b57e98b1 tempest-VolumeQuotasAdminTestJSON-2048424832 tempest-VolumeQuotasAdminTestJSON-2048424832-project-admin] http://10.222.0.27/volume/v3/21bcdde457fe4c94ab8ab2bd688542f7/os-quota-sets/47c7d99223ee4b9496c36c84e7afa95f returned with HTTP 200
Jul 14 09:18:57.930806 dv-cinder-849626-4-smb devstack@c-api.service[110824]: [pid: 110824|app: 0|req: 69/146] 10.222.0.27 () {58 vars in 1330 bytes} [Thu Jul 14 09:18:56 2022] GET /volume/v3/21bcdde457fe4c94ab8ab2bd688542f7/os-quota-sets/47c7d99223ee4b9496c36c84e7afa95f => generated 554 bytes in 1151 msecs (HTTP/1.1 200) 7 headers in 285 bytes (1 switches on core 0)
Jul 14 09:18:57.939569 dv-cinder-849626-4-smb devstack@c-api.service[110824]: DEBUG cinder.api.middleware.request_id [None req-9914472b-20fe-4a4d-88d8-b10c200b9cda None None] RequestId filter calling following filter/app {{(pid=110824) _context_setter /opt/stack/cinder/cinder/api/middleware/request_id.py:62}}
Jul 14 09:18:57.949255 dv-cinder-849626-4-smb devstack@c-api.service[110824]: INFO cinder.api.openstack.wsgi [None req-9914472b-20fe-4a4d-88d8-b10c200b9cda tempest-VolumeQuotasAdminTestJSON-2048424832 tempest-VolumeQuotasAdminTestJSON-2048424832-project-admin] GET http://10.222.0.27/volume/v3/21bcdde457fe4c94ab8ab2bd688542f7/os-quota-sets/47c7d99223ee4b9496c36c84e7afa95f/defaults
Jul 14 09:18:57.958733 dv-cinder-849626-4-smb devstack@c-api.service[110825]: /usr/local/lib/python3.8/dist-packages/oslo_context/context.py:100: DeprecationWarning: Policy enforcement is depending on the value of is_admin. This key is deprecated. Please update your policy file to use the standard policy values.
Jul 14 09:18:57.958733 dv-cinder-849626-4-smb devstack@c-api.service[110825]: warnings.warn('Policy enforcement is depending on the value of '
Jul 14 09:18:57.964012 dv-cinder-849626-4-smb devstack@c-api.service[110824]: DEBUG cinder.api.openstack.wsgi [None req-9914472b-20fe-4a4d-88d8-b10c200b9cda tempest-VolumeQuotasAdminTestJSON-2048424832 tempest-VolumeQuotasAdminTestJSON-2048424832-project-admin] Empty body provided in request {{(pid=110824) get_body /opt/stack/cinder/cinder/api/openstack/wsgi.py:715}}
Jul 14 09:18:57.964766 dv-cinder-849626-4-smb devstack@c-api.service[110824]: DEBUG cinder.api.openstack.wsgi [None req-9914472b-20fe-4a4d-88d8-b10c200b9cda tempest-VolumeQuotasAdminTestJSON-2048424832 tempest-VolumeQuotasAdminTestJSON-2048424832-project-admin] Calling method 'defaults' {{(pid=110824) _process_stack /opt/stack/cinder/cinder/api/openstack/wsgi.py:868}}
Jul 14 09:18:57.995953 dv-cinder-849626-4-smb devstack@c-api.service[110825]: INFO cinder.volume.api [None req-ee420d8a-0279-40b8-820e-7a261406ed72 tempest-UserMessagesTest-1770603980 tempest-UserMessagesTest-1770603980-project] Volume info retrieved successfully.
Jul 14 09:18:58.031195 dv-cinder-849626-4-smb devstack@c-api.service[110825]: INFO cinder.api.openstack.wsgi [None req-ee420d8a-0279-40b8-820e-7a261406ed72 tempest-UserMessagesTest-1770603980 tempest-UserMessagesTest-1770603980-project] http://10.222.0.27/volume/v3/9b1995968b1848f4bbb95c384c8e3076/volumes/e93b5082-dbc6-4b18-b166-fe195256ab7b returned with HTTP 200
Jul 14 09:18:58.032009 dv-cinder-849626-4-smb devstack@c-api.service[110825]: [pid: 110825|app: 0|req: 78/147] 10.222.0.27 () {60 vars in 1364 bytes} [Thu Jul 14 09:18:57 2022] GET /volume/v3/9b1995968b1848f4bbb95c384c8e3076/volumes/e93b5082-dbc6-4b18-b166-fe195256ab7b => generated 941 bytes in 125 msecs (HTTP/1.1 200) 7 headers in 285 bytes (2 switches on core 0)
Jul 14 09:18:58.039320 dv-cinder-849626-4-smb devstack@c-api.service[110824]: INFO cinder.api.openstack.wsgi [None req-9914472b-20fe-4a4d-88d8-b10c200b9cda tempest-VolumeQuotasAdminTestJSON-2048424832 tempest-VolumeQuotasAdminTestJSON-2048424832-project-admin] http://10.222.0.27/volume/v3/21bcdde457fe4c94ab8ab2bd688542f7/os-quota-sets/47c7d99223ee4b9496c36c84e7afa95f/defaults returned with HTTP 200
Jul 14 09:18:58.042024 dv-cinder-849626-4-smb devstack@c-api.service[110824]: [pid: 110824|app: 0|req: 70/148] 10.222.0.27 () {58 vars in 1357 bytes} [Thu Jul 14 09:18:57 2022] GET /volume/v3/21bcdde457fe4c94ab8ab2bd688542f7/os-quota-sets/47c7d99223ee4b9496c36c84e7afa95f/defaults => generated 554 bytes in 104 msecs (HTTP/1.1 200) 7 headers in 285 bytes (2 switches on core 0)
Jul 14 09:18:58.044604 dv-cinder-849626-4-smb devstack@c-api.service[110825]: DEBUG cinder.api.middleware.request_id [None req-c3d0c1c6-5cdb-4aec-9572-68cc768b61f1 None None] RequestId filter calling following filter/app {{(pid=110825) _context_setter /opt/stack/cinder/cinder/api/middleware/request_id.py:62}}
Jul 14 09:18:58.052822 dv-cinder-849626-4-smb devstack@c-api.service[110824]: DEBUG cinder.api.middleware.request_id [None req-8903f725-3b2c-4d88-af5d-1275cb369a47 None None] RequestId filter calling following filter/app {{(pid=110824) _context_setter /opt/stack/cinder/cinder/api/middleware/request_id.py:62}}
Jul 14 09:18:58.054942 dv-cinder-849626-4-smb devstack@c-api.service[110825]: INFO cinder.api.openstack.wsgi [None req-c3d0c1c6-5cdb-4aec-9572-68cc768b61f1 tempest-UserMessagesTest-1770603980 tempest-UserMessagesTest-1770603980-project] GET http://10.222.0.27/volume/v3/9b1995968b1848f4bbb95c384c8e3076/messages
Jul 14 09:18:58.056797 dv-cinder-849626-4-smb devstack@c-api.service[110825]: DEBUG cinder.api.openstack.wsgi [None req-c3d0c1c6-5cdb-4aec-9572-68cc768b61f1 tempest-UserMessagesTest-1770603980 tempest-UserMessagesTest-1770603980-project] Empty body provided in request {{(pid=110825) get_body /opt/stack/cinder/cinder/api/openstack/wsgi.py:715}}
Jul 14 09:18:58.057795 dv-cinder-849626-4-smb devstack@c-api.service[110825]: DEBUG cinder.api.openstack.wsgi [None req-c3d0c1c6-5cdb-4aec-9572-68cc768b61f1 tempest-UserMessagesTest-1770603980 tempest-UserMessagesTest-1770603980-project] Calling method 'version_select' {{(pid=110825) _process_stack /opt/stack/cinder/cinder/api/openstack/wsgi.py:868}}
Jul 14 09:18:58.070904 dv-cinder-849626-4-smb devstack@c-api.service[110824]: INFO cinder.api.openstack.wsgi [None req-8903f725-3b2c-4d88-af5d-1275cb369a47 tempest-VolumeQuotasAdminTestJSON-2048424832 tempest-VolumeQuotasAdminTestJSON-2048424832-project-admin] PUT http://10.222.0.27/volume/v3/21bcdde457fe4c94ab8ab2bd688542f7/os-quota-sets/47c7d99223ee4b9496c36c84e7afa95f
Jul 14 09:18:58.076183 dv-cinder-849626-4-smb devstack@c-api.service[110824]: DEBUG cinder.api.openstack.wsgi [None req-8903f725-3b2c-4d88-af5d-1275cb369a47 tempest-VolumeQuotasAdminTestJSON-2048424832 tempest-VolumeQuotasAdminTestJSON-2048424832-project-admin] Action: 'update', calling method: update, body: {"quota_set": {"volumes": 15}} {{(pid=110824) _process_stack /opt/stack/cinder/cinder/api/openstack/wsgi.py:866}}
Jul 14 09:18:58.123209 dv-cinder-849626-4-smb devstack@c-api.service[110825]: INFO cinder.api.openstack.wsgi [None req-c3d0c1c6-5cdb-4aec-9572-68cc768b61f1 tempest-UserMessagesTest-1770603980 tempest-UserMessagesTest-1770603980-project] http://10.222.0.27/volume/v3/9b1995968b1848f4bbb95c384c8e3076/messages returned with HTTP 200
Jul 14 09:18:58.124004 dv-cinder-849626-4-smb devstack@c-api.service[110825]: [pid: 110825|app: 0|req: 79/149] 10.222.0.27 () {60 vars in 1256 bytes} [Thu Jul 14 09:18:58 2022] GET /volume/v3/9b1995968b1848f4bbb95c384c8e3076/messages => generated 736 bytes in 81 msecs (HTTP/1.1 200) 7 headers in 285 bytes (2 switches on core 0)
Jul 14 09:18:58.137992 dv-cinder-849626-4-smb devstack@c-api.service[110825]: DEBUG cinder.api.middleware.request_id [None req-04434e5f-31c8-4af3-800b-94e7667f200f None None] RequestId filter calling following filter/app {{(pid=110825) _context_setter /opt/stack/cinder/cinder/api/middleware/request_id.py:62}}
Jul 14 09:18:58.161036 dv-cinder-849626-4-smb devstack@c-api.service[110825]: INFO cinder.api.openstack.wsgi [None req-04434e5f-31c8-4af3-800b-94e7667f200f tempest-UserMessagesTest-1770603980 tempest-UserMessagesTest-1770603980-project] DELETE http://10.222.0.27/volume/v3/9b1995968b1848f4bbb95c384c8e3076/messages/d3298009-e274-4531-9ebf-1019a2cb3f6c
Jul 14 09:18:58.174770 dv-cinder-849626-4-smb devstack@c-api.service[110825]: DEBUG cinder.api.openstack.wsgi [None req-04434e5f-31c8-4af3-800b-94e7667f200f tempest-UserMessagesTest-1770603980 tempest-UserMessagesTest-1770603980-project] Empty body provided in request {{(pid=110825) get_body /opt/stack/cinder/cinder/api/openstack/wsgi.py:715}}
Jul 14 09:18:58.175251 dv-cinder-849626-4-smb devstack@c-api.service[110825]: DEBUG cinder.api.openstack.wsgi [None req-04434e5f-31c8-4af3-800b-94e7667f200f tempest-UserMessagesTest-1770603980 tempest-UserMessagesTest-1770603980-project] Calling method 'version_select' {{(pid=110825) _process_stack /opt/stack/cinder/cinder/api/openstack/wsgi.py:868}}
Jul 14 09:18:58.244406 dv-cinder-849626-4-smb devstack@c-api.service[110825]: INFO cinder.api.openstack.wsgi [None req-04434e5f-31c8-4af3-800b-94e7667f200f tempest-UserMessagesTest-1770603980 tempest-UserMessagesTest-1770603980-project] http://10.222.0.27/volume/v3/9b1995968b1848f4bbb95c384c8e3076/messages/d3298009-e274-4531-9ebf-1019a2cb3f6c returned with HTTP 204
Jul 14 09:18:58.246383 dv-cinder-849626-4-smb devstack@c-api.service[110825]: [pid: 110825|app: 0|req: 80/150] 10.222.0.27 () {60 vars in 1370 bytes} [Thu Jul 14 09:18:58 2022] DELETE /volume/v3/9b1995968b1848f4bbb95c384c8e3076/messages/d3298009-e274-4531-9ebf-1019a2cb3f6c => generated 0 bytes in 113 msecs (HTTP/1.1 204) 6 headers in 235 bytes (1 switches on core 0)
Jul 14 09:18:58.252311 dv-cinder-849626-4-smb devstack@c-api.service[110825]: DEBUG cinder.api.middleware.request_id [None req-3470973c-dfad-4702-93dd-dd1269d6cda8 None None] RequestId filter calling following filter/app {{(pid=110825) _context_setter /opt/stack/cinder/cinder/api/middleware/request_id.py:62}}
Jul 14 09:18:58.272988 dv-cinder-849626-4-smb devstack@c-api.service[110825]: INFO cinder.api.openstack.wsgi [None req-3470973c-dfad-4702-93dd-dd1269d6cda8 tempest-UserMessagesTest-1770603980 tempest-UserMessagesTest-1770603980-project] GET http://10.222.0.27/volume/v3/9b1995968b1848f4bbb95c384c8e3076/messages/d3298009-e274-4531-9ebf-1019a2cb3f6c
Jul 14 09:18:58.274836 dv-cinder-849626-4-smb devstack@c-api.service[110825]: DEBUG cinder.api.openstack.wsgi [None req-3470973c-dfad-4702-93dd-dd1269d6cda8 tempest-UserMessagesTest-1770603980 tempest-UserMessagesTest-1770603980-project] Empty body provided in request {{(pid=110825) get_body /opt/stack/cinder/cinder/api/openstack/wsgi.py:715}}
Jul 14 09:18:58.276283 dv-cinder-849626-4-smb devstack@c-api.service[110825]: DEBUG cinder.api.openstack.wsgi [None req-3470973c-dfad-4702-93dd-dd1269d6cda8 tempest-UserMessagesTest-1770603980 tempest-UserMessagesTest-1770603980-project] Calling method 'version_select' {{(pid=110825) _process_stack /opt/stack/cinder/cinder/api/openstack/wsgi.py:868}}
Jul 14 09:18:58.303365 dv-cinder-849626-4-smb devstack@c-api.service[110825]: INFO cinder.api.openstack.wsgi [None req-3470973c-dfad-4702-93dd-dd1269d6cda8 tempest-UserMessagesTest-1770603980 tempest-UserMessagesTest-1770603980-project] http://10.222.0.27/volume/v3/9b1995968b1848f4bbb95c384c8e3076/messages/d3298009-e274-4531-9ebf-1019a2cb3f6c returned with HTTP 404
Jul 14 09:18:58.307004 dv-cinder-849626-4-smb devstack@c-api.service[110825]: [pid: 110825|app: 0|req: 81/151] 10.222.0.27 () {60 vars in 1367 bytes} [Thu Jul 14 09:18:58 2022] GET /volume/v3/9b1995968b1848f4bbb95c384c8e3076/messages/d3298009-e274-4531-9ebf-1019a2cb3f6c => generated 110 bytes in 56 msecs (HTTP/1.1 404) 7 headers in 292 bytes (1 switches on core 0)
Jul 14 09:18:58.316189 dv-cinder-849626-4-smb devstack@c-api.service[110825]: DEBUG cinder.api.middleware.request_id [None req-5efd0d43-0b77-4b85-9c38-df17f70c1e2d None None] RequestId filter calling following filter/app {{(pid=110825) _context_setter /opt/stack/cinder/cinder/api/middleware/request_id.py:62}}
Jul 14 09:18:58.328532 dv-cinder-849626-4-smb devstack@c-api.service[110825]: INFO cinder.api.openstack.wsgi [None req-5efd0d43-0b77-4b85-9c38-df17f70c1e2d tempest-UserMessagesTest-1409706709 tempest-UserMessagesTest-1409706709-project-admin] POST http://10.222.0.27/volume/v3/282d7effad2142d6af05b1edac9de5e0/types
Jul 14 09:18:58.340555 dv-cinder-849626-4-smb devstack@c-api.service[110825]: DEBUG cinder.api.openstack.wsgi [None req-5efd0d43-0b77-4b85-9c38-df17f70c1e2d tempest-UserMessagesTest-1409706709 tempest-UserMessagesTest-1409706709-project-admin] Action: 'create', calling method: _create, body: {"volume_type": {"name": "tempest-UserMessagesTest-volume-type-1421842780", "extra_specs": {"storage_protocol": "tempest-storage_protocol-466970522", "vendor_name": "tempest-vendor_name-1757738764"}}} {{(pid=110825) _process_stack /opt/stack/cinder/cinder/api/openstack/wsgi.py:866}}
Jul 14 09:18:58.370196 dv-cinder-849626-4-smb devstack@c-api.service[110825]: DEBUG dbcounter [-] [110825] Writing DB stats cinder:SELECT=85,cinder:UPDATE=12,cinder:INSERT=3 {{(pid=110825) stat_writer /usr/local/lib/python3.8/dist-packages/dbcounter.py:114}}
Jul 14 09:18:58.419892 dv-cinder-849626-4-smb devstack@c-api.service[110824]: INFO cinder.api.openstack.wsgi [None req-8903f725-3b2c-4d88-af5d-1275cb369a47 tempest-VolumeQuotasAdminTestJSON-2048424832 tempest-VolumeQuotasAdminTestJSON-2048424832-project-admin] http://10.222.0.27/volume/v3/21bcdde457fe4c94ab8ab2bd688542f7/os-quota-sets/47c7d99223ee4b9496c36c84e7afa95f returned with HTTP 200
Jul 14 09:18:58.425150 dv-cinder-849626-4-smb devstack@c-api.service[110824]: [pid: 110824|app: 0|req: 71/152] 10.222.0.27 () {60 vars in 1350 bytes} [Thu Jul 14 09:18:58 2022] PUT /volume/v3/21bcdde457fe4c94ab8ab2bd688542f7/os-quota-sets/47c7d99223ee4b9496c36c84e7afa95f => generated 512 bytes in 379 msecs (HTTP/1.1 200) 7 headers in 285 bytes (1 switches on core 0)
Jul 14 09:18:58.432546 dv-cinder-849626-4-smb devstack@c-api.service[110824]: DEBUG cinder.api.middleware.request_id [None req-b7766c20-dd77-48d2-ade0-61904eb98262 None None] RequestId filter calling following filter/app {{(pid=110824) _context_setter /opt/stack/cinder/cinder/api/middleware/request_id.py:62}}
Jul 14 09:18:58.439152 dv-cinder-849626-4-smb devstack@c-api.service[110825]: INFO cinder.api.openstack.wsgi [None req-5efd0d43-0b77-4b85-9c38-df17f70c1e2d tempest-UserMessagesTest-1409706709 tempest-UserMessagesTest-1409706709-project-admin] http://10.222.0.27/volume/v3/282d7effad2142d6af05b1edac9de5e0/types returned with HTTP 200
Jul 14 09:18:58.453180 dv-cinder-849626-4-smb devstack@c-api.service[110824]: INFO cinder.api.openstack.wsgi [None req-b7766c20-dd77-48d2-ade0-61904eb98262 tempest-VolumeQuotasAdminTestJSON-2048424832 tempest-VolumeQuotasAdminTestJSON-2048424832-project-admin] DELETE http://10.222.0.27/volume/v3/21bcdde457fe4c94ab8ab2bd688542f7/os-quota-sets/47c7d99223ee4b9496c36c84e7afa95f
Jul 14 09:18:58.453180 dv-cinder-849626-4-smb devstack@c-api.service[110824]: DEBUG cinder.api.openstack.wsgi [None req-b7766c20-dd77-48d2-ade0-61904eb98262 tempest-VolumeQuotasAdminTestJSON-2048424832 tempest-VolumeQuotasAdminTestJSON-2048424832-project-admin] Empty body provided in request {{(pid=110824) get_body /opt/stack/cinder/cinder/api/openstack/wsgi.py:715}}
Jul 14 09:18:58.453180 dv-cinder-849626-4-smb devstack@c-api.service[110824]: DEBUG cinder.api.openstack.wsgi [None req-b7766c20-dd77-48d2-ade0-61904eb98262 tempest-VolumeQuotasAdminTestJSON-2048424832 tempest-VolumeQuotasAdminTestJSON-2048424832-project-admin] Calling method 'delete' {{(pid=110824) _process_stack /opt/stack/cinder/cinder/api/openstack/wsgi.py:868}}
Jul 14 09:18:58.458471 dv-cinder-849626-4-smb devstack@c-api.service[110825]: [pid: 110825|app: 0|req: 82/153] 10.222.0.27 () {60 vars in 1229 bytes} [Thu Jul 14 09:18:58 2022] POST /volume/v3/282d7effad2142d6af05b1edac9de5e0/types => generated 327 bytes in 143 msecs (HTTP/1.1 200) 7 headers in 285 bytes (1 switches on core 0)
Jul 14 09:18:58.462730 dv-cinder-849626-4-smb devstack@c-api.service[110825]: DEBUG cinder.api.middleware.request_id [None req-a6a8a983-e110-4bc6-81c9-c8de620211e3 None None] RequestId filter calling following filter/app {{(pid=110825) _context_setter /opt/stack/cinder/cinder/api/middleware/request_id.py:62}}
Jul 14 09:18:58.467977 dv-cinder-849626-4-smb devstack@c-api.service[110825]: INFO cinder.api.openstack.wsgi [None req-a6a8a983-e110-4bc6-81c9-c8de620211e3 tempest-UserMessagesTest-1770603980 tempest-UserMessagesTest-1770603980-project] POST http://10.222.0.27/volume/v3/9b1995968b1848f4bbb95c384c8e3076/volumes
Jul 14 09:18:58.468892 dv-cinder-849626-4-smb devstack@c-api.service[110825]: DEBUG cinder.api.openstack.wsgi [None req-a6a8a983-e110-4bc6-81c9-c8de620211e3 tempest-UserMessagesTest-1770603980 tempest-UserMessagesTest-1770603980-project] Action: 'create', calling method: create, body: {"volume": {"volume_type": "e65c9557-460e-4aaa-a882-2165e8f3fbce", "size": 1, "name": "tempest-UserMessagesTest-Volume-1717954905"}} {{(pid=110825) _process_stack /opt/stack/cinder/cinder/api/openstack/wsgi.py:866}}
Jul 14 09:18:58.479350 dv-cinder-849626-4-smb devstack@c-api.service[110825]: DEBUG cinder.api.v3.volumes [None req-a6a8a983-e110-4bc6-81c9-c8de620211e3 tempest-UserMessagesTest-1770603980 tempest-UserMessagesTest-1770603980-project] Create volume request body: {'volume': {'volume_type': 'e65c9557-460e-4aaa-a882-2165e8f3fbce', 'size': 1, 'name': 'tempest-UserMessagesTest-Volume-1717954905'}} {{(pid=110825) create /opt/stack/cinder/cinder/api/v3/volumes.py:298}}
Jul 14 09:18:58.491100 dv-cinder-849626-4-smb devstack@c-api.service[110824]: INFO cinder.api.openstack.wsgi [None req-b7766c20-dd77-48d2-ade0-61904eb98262 tempest-VolumeQuotasAdminTestJSON-2048424832 tempest-VolumeQuotasAdminTestJSON-2048424832-project-admin] http://10.222.0.27/volume/v3/21bcdde457fe4c94ab8ab2bd688542f7/os-quota-sets/47c7d99223ee4b9496c36c84e7afa95f returned with HTTP 200
Jul 14 09:18:58.492345 dv-cinder-849626-4-smb devstack@c-api.service[110824]: [pid: 110824|app: 0|req: 72/154] 10.222.0.27 () {58 vars in 1333 bytes} [Thu Jul 14 09:18:58 2022] DELETE /volume/v3/21bcdde457fe4c94ab8ab2bd688542f7/os-quota-sets/47c7d99223ee4b9496c36c84e7afa95f => generated 0 bytes in 61 msecs (HTTP/1.1 200) 7 headers in 283 bytes (1 switches on core 0)
Jul 14 09:18:58.500022 dv-cinder-849626-4-smb devstack@c-api.service[110824]: DEBUG cinder.api.middleware.request_id [None req-4ea93075-8a78-4a34-b03e-5bf549c1d57e None None] RequestId filter calling following filter/app {{(pid=110824) _context_setter /opt/stack/cinder/cinder/api/middleware/request_id.py:62}}
Jul 14 09:18:58.514125 dv-cinder-849626-4-smb devstack@c-api.service[110825]: INFO cinder.api.v3.volumes [None req-a6a8a983-e110-4bc6-81c9-c8de620211e3 tempest-UserMessagesTest-1770603980 tempest-UserMessagesTest-1770603980-project] Create volume of 1 GB
Jul 14 09:18:58.517649 dv-cinder-849626-4-smb devstack@c-api.service[110825]: /usr/local/lib/python3.8/dist-packages/oslo_context/context.py:100: DeprecationWarning: Policy enforcement is depending on the value of is_admin. This key is deprecated. Please update your policy file to use the standard policy values.
Jul 14 09:18:58.517649 dv-cinder-849626-4-smb devstack@c-api.service[110825]: warnings.warn('Policy enforcement is depending on the value of '
Jul 14 09:18:58.519059 dv-cinder-849626-4-smb devstack@c-api.service[110825]: INFO cinder.volume.api [None req-a6a8a983-e110-4bc6-81c9-c8de620211e3 tempest-UserMessagesTest-1770603980 tempest-UserMessagesTest-1770603980-project] Availability Zones retrieved successfully.
Jul 14 09:18:58.521218 dv-cinder-849626-4-smb devstack@c-api.service[110824]: INFO cinder.api.openstack.wsgi [None req-4ea93075-8a78-4a34-b03e-5bf549c1d57e tempest-VolumeQuotasAdminTestJSON-2048424832 tempest-VolumeQuotasAdminTestJSON-2048424832-project-admin] GET http://10.222.0.27/volume/v3/21bcdde457fe4c94ab8ab2bd688542f7/os-quota-sets/47c7d99223ee4b9496c36c84e7afa95f
