Jul 18 10:48:50.067483 dv-cinder-849498-1-iscsi devstack@c-api.service[118030]: DEBUG cinder.volume.api [None req-2cf5381e-78da-487a-8ec7-0df4624ca3b5 tempest-VolumesActionsTest-2102060617 tempest-VolumesActionsTest-2102060617-project] Task 'cinder.volume.flows.api.create_volume.EntryCreateTask;volume:create' (192d5ffa-55e3-4816-aace-ad8045205243) transitioned into state 'SUCCESS' from state 'RUNNING' with result '{'volume_id': '1b282c9c-f68c-46fa-bd18-b168a50a377c', 'volume_properties': VolumeProperties(attach_status='detached',availability_zone='nova',cgsnapshot_id=None,consistencygroup_id=None,display_description=None,display_name='tempest-VolumesActionsTest-Volume-1367766705',encryption_key_id=None,group_id=None,group_type_id=,metadata={},multiattach=False,project_id='e8ea247cf5a540768bbbc7260b74f11c',qos_specs=None,replication_status=,reservations=['0afd5cf3-65a7-47d9-a372-8bc15c433f0f','072ec0e3-e923-4e5f-ba64-fe151b5e7b6e','2b8c1140-4775-4e98-a8ea-fa4ba5ec2e34','e71879be-10c9-4aff-a8ae-e431c1f372b9'],size=1,snapshot_id=None,source_replicaid=,source_volid=None,status='creating',user_id='49e86a3f10b64ef38664013e197782c3',volume_type_id=644552f3-cf4f-4b72-aadd-6c128a6e2770), 'volume': Volume(_name_id=None,admin_metadata=,attach_status='detached',availability_zone='nova',bootable=False,cluster=,cluster_name=None,consistencygroup=,consistencygroup_id=None,created_at=2022-07-18T10:48:49Z,deleted=False,deleted_at=None,display_description=None,display_name='tempest-VolumesActionsTest-Volume-1367766705',ec2_id=None,encryption_key_id=None,glance_metadata=,group=,group_id=None,host=None,id=1b282c9c-f68c-46fa-bd18-b168a50a377c,launched_at=None,metadata={},migration_status=None,multiattach=False,previous_status=None,project_id='e8ea247cf5a540768bbbc7260b74f11c',provider_auth=None,provider_geometry=None,provider_id=None,provider_location=None,replication_driver_data=None,replication_extended_status=None,replication_status=None,scheduled_at=None,service_uuid=None,shared_targets=True,size=1,snapshot_id=None,snapshots=,source_volid=None,status='creating',terminated_at=None,updated_at=None,use_quota=True,user_id='49e86a3f10b64ef38664013e197782c3',volume_attachment=VolumeAttachmentList,volume_type=VolumeType(644552f3-cf4f-4b72-aadd-6c128a6e2770),volume_type_id=644552f3-cf4f-4b72-aadd-6c128a6e2770)}' {{(pid=118030) _task_receiver /usr/local/lib/python3.8/dist-packages/taskflow/listeners/logging.py:178}}
Jul 18 10:48:50.069621 dv-cinder-849498-1-iscsi devstack@c-api.service[118030]: DEBUG cinder.volume.api [None req-2cf5381e-78da-487a-8ec7-0df4624ca3b5 tempest-VolumesActionsTest-2102060617 tempest-VolumesActionsTest-2102060617-project] Task 'cinder.volume.flows.api.create_volume.QuotaCommitTask;volume:create' (3d968477-374f-4381-aa3f-3e857240fa58) transitioned into state 'RUNNING' from state 'PENDING' {{(pid=118030) _task_receiver /usr/local/lib/python3.8/dist-packages/taskflow/listeners/logging.py:190}}
Jul 18 10:48:50.215774 dv-cinder-849498-1-iscsi devstack@c-api.service[118030]: DEBUG cinder.volume.api [None req-2cf5381e-78da-487a-8ec7-0df4624ca3b5 tempest-VolumesActionsTest-2102060617 tempest-VolumesActionsTest-2102060617-project] Task 'cinder.volume.flows.api.create_volume.QuotaCommitTask;volume:create' (3d968477-374f-4381-aa3f-3e857240fa58) transitioned into state 'SUCCESS' from state 'RUNNING' with result '{'volume_properties': VolumeProperties(attach_status='detached',availability_zone='nova',cgsnapshot_id=None,consistencygroup_id=None,display_description=None,display_name='tempest-VolumesActionsTest-Volume-1367766705',encryption_key_id=None,group_id=None,group_type_id=,metadata={},multiattach=False,project_id='e8ea247cf5a540768bbbc7260b74f11c',qos_specs=None,replication_status=,reservations=['0afd5cf3-65a7-47d9-a372-8bc15c433f0f','072ec0e3-e923-4e5f-ba64-fe151b5e7b6e','2b8c1140-4775-4e98-a8ea-fa4ba5ec2e34','e71879be-10c9-4aff-a8ae-e431c1f372b9'],size=1,snapshot_id=None,source_replicaid=,source_volid=None,status='creating',user_id='49e86a3f10b64ef38664013e197782c3',volume_type_id=644552f3-cf4f-4b72-aadd-6c128a6e2770)}' {{(pid=118030) _task_receiver /usr/local/lib/python3.8/dist-packages/taskflow/listeners/logging.py:178}}
Jul 18 10:48:50.217556 dv-cinder-849498-1-iscsi devstack@c-api.service[118030]: DEBUG cinder.volume.api [None req-2cf5381e-78da-487a-8ec7-0df4624ca3b5 tempest-VolumesActionsTest-2102060617 tempest-VolumesActionsTest-2102060617-project] Task 'cinder.volume.flows.api.create_volume.VolumeCastTask;volume:create' (db96168f-985a-42bf-b994-1e47b0211cda) transitioned into state 'RUNNING' from state 'PENDING' {{(pid=118030) _task_receiver /usr/local/lib/python3.8/dist-packages/taskflow/listeners/logging.py:190}}
Jul 18 10:48:50.354335 dv-cinder-849498-1-iscsi devstack@c-api.service[118030]: DEBUG cinder.volume.api [None req-2cf5381e-78da-487a-8ec7-0df4624ca3b5 tempest-VolumesActionsTest-2102060617 tempest-VolumesActionsTest-2102060617-project] Task 'cinder.volume.flows.api.create_volume.VolumeCastTask;volume:create' (db96168f-985a-42bf-b994-1e47b0211cda) transitioned into state 'SUCCESS' from state 'RUNNING' with result 'None' {{(pid=118030) _task_receiver /usr/local/lib/python3.8/dist-packages/taskflow/listeners/logging.py:178}}
Jul 18 10:48:50.356604 dv-cinder-849498-1-iscsi devstack@c-api.service[118030]: DEBUG cinder.volume.api [None req-2cf5381e-78da-487a-8ec7-0df4624ca3b5 tempest-VolumesActionsTest-2102060617 tempest-VolumesActionsTest-2102060617-project] Flow 'volume_create_api' (cbba01c6-11c1-4490-a3ed-d705f505d71c) transitioned into state 'SUCCESS' from state 'RUNNING' {{(pid=118030) _flow_receiver /usr/local/lib/python3.8/dist-packages/taskflow/listeners/logging.py:141}}
Jul 18 10:48:50.357326 dv-cinder-849498-1-iscsi devstack@c-api.service[118030]: INFO cinder.volume.api [None req-2cf5381e-78da-487a-8ec7-0df4624ca3b5 tempest-VolumesActionsTest-2102060617 tempest-VolumesActionsTest-2102060617-project] Create volume request issued successfully.
Jul 18 10:48:50.358561 dv-cinder-849498-1-iscsi devstack@c-api.service[118030]: INFO cinder.api.openstack.wsgi [None req-2cf5381e-78da-487a-8ec7-0df4624ca3b5 tempest-VolumesActionsTest-2102060617 tempest-VolumesActionsTest-2102060617-project] http://10.222.0.49/volume/v3/e8ea247cf5a540768bbbc7260b74f11c/volumes returned with HTTP 202
Jul 18 10:48:50.359333 dv-cinder-849498-1-iscsi devstack@c-api.service[118030]: [pid: 118030|app: 0|req: 181/362] 10.222.0.49 () {60 vars in 1234 bytes} [Mon Jul 18 10:48:49 2022] POST /volume/v3/e8ea247cf5a540768bbbc7260b74f11c/volumes => generated 818 bytes in 930 msecs (HTTP/1.1 202) 7 headers in 291 bytes (1 switches on core 0)
Jul 18 10:48:50.370785 dv-cinder-849498-1-iscsi devstack@c-api.service[118029]: DEBUG cinder.api.middleware.request_id [None req-2bc3586a-95f3-48f0-9cd5-9fbe619179bd None None] RequestId filter calling following filter/app {{(pid=118029) _context_setter /opt/stack/cinder/cinder/api/middleware/request_id.py:62}}
Jul 18 10:48:50.374576 dv-cinder-849498-1-iscsi devstack@c-api.service[118029]: INFO cinder.api.openstack.wsgi [None req-2bc3586a-95f3-48f0-9cd5-9fbe619179bd tempest-VolumesActionsTest-2102060617 tempest-VolumesActionsTest-2102060617-project] GET http://10.222.0.49/volume/v3/e8ea247cf5a540768bbbc7260b74f11c/volumes/1b282c9c-f68c-46fa-bd18-b168a50a377c
Jul 18 10:48:50.375211 dv-cinder-849498-1-iscsi devstack@c-api.service[118029]: DEBUG cinder.api.openstack.wsgi [None req-2bc3586a-95f3-48f0-9cd5-9fbe619179bd tempest-VolumesActionsTest-2102060617 tempest-VolumesActionsTest-2102060617-project] Empty body provided in request {{(pid=118029) get_body /opt/stack/cinder/cinder/api/openstack/wsgi.py:715}}
Jul 18 10:48:50.376818 dv-cinder-849498-1-iscsi devstack@c-api.service[118029]: DEBUG cinder.api.openstack.wsgi [None req-2bc3586a-95f3-48f0-9cd5-9fbe619179bd tempest-VolumesActionsTest-2102060617 tempest-VolumesActionsTest-2102060617-project] Calling method 'show' {{(pid=118029) _process_stack /opt/stack/cinder/cinder/api/openstack/wsgi.py:868}}
Jul 18 10:48:50.400550 dv-cinder-849498-1-iscsi devstack@c-api.service[118029]: /usr/local/lib/python3.8/dist-packages/oslo_context/context.py:100: DeprecationWarning: Policy enforcement is depending on the value of is_admin. This key is deprecated. Please update your policy file to use the standard policy values.
Jul 18 10:48:50.400550 dv-cinder-849498-1-iscsi devstack@c-api.service[118029]: warnings.warn('Policy enforcement is depending on the value of '
Jul 18 10:48:50.407741 dv-cinder-849498-1-iscsi devstack@c-api.service[118029]: INFO cinder.volume.api [None req-2bc3586a-95f3-48f0-9cd5-9fbe619179bd tempest-VolumesActionsTest-2102060617 tempest-VolumesActionsTest-2102060617-project] Volume info retrieved successfully.
Jul 18 10:48:50.417556 dv-cinder-849498-1-iscsi devstack@c-api.service[118029]: INFO cinder.api.openstack.wsgi [None req-2bc3586a-95f3-48f0-9cd5-9fbe619179bd tempest-VolumesActionsTest-2102060617 tempest-VolumesActionsTest-2102060617-project] http://10.222.0.49/volume/v3/e8ea247cf5a540768bbbc7260b74f11c/volumes/1b282c9c-f68c-46fa-bd18-b168a50a377c returned with HTTP 200
Jul 18 10:48:50.418323 dv-cinder-849498-1-iscsi devstack@c-api.service[118029]: [pid: 118029|app: 0|req: 182/363] 10.222.0.49 () {58 vars in 1324 bytes} [Mon Jul 18 10:48:50 2022] GET /volume/v3/e8ea247cf5a540768bbbc7260b74f11c/volumes/1b282c9c-f68c-46fa-bd18-b168a50a377c => generated 886 bytes in 49 msecs (HTTP/1.1 200) 7 headers in 285 bytes (1 switches on core 0)
Jul 18 10:48:50.558878 dv-cinder-849498-1-iscsi devstack@c-api.service[118030]: DEBUG cinder.api.middleware.request_id [None req-919c3968-28c2-40e7-af47-46e4a551e488 None None] RequestId filter calling following filter/app {{(pid=118030) _context_setter /opt/stack/cinder/cinder/api/middleware/request_id.py:62}}
Jul 18 10:48:50.562622 dv-cinder-849498-1-iscsi devstack@c-api.service[118030]: INFO cinder.api.openstack.wsgi [None req-919c3968-28c2-40e7-af47-46e4a551e488 tempest-ServerRescueNegativeTestJSON-1177899909 tempest-ServerRescueNegativeTestJSON-1177899909-project] GET http://10.222.0.49/volume/v3/7184d0f3256344a2af18c639787e538f/volumes/194e8cac-9396-4eaf-92be-d3f71da2e7b0
Jul 18 10:48:50.565141 dv-cinder-849498-1-iscsi devstack@c-api.service[118030]: DEBUG cinder.api.openstack.wsgi [None req-919c3968-28c2-40e7-af47-46e4a551e488 tempest-ServerRescueNegativeTestJSON-1177899909 tempest-ServerRescueNegativeTestJSON-1177899909-project] Empty body provided in request {{(pid=118030) get_body /opt/stack/cinder/cinder/api/openstack/wsgi.py:715}}
Jul 18 10:48:50.565141 dv-cinder-849498-1-iscsi devstack@c-api.service[118030]: DEBUG cinder.api.openstack.wsgi [None req-919c3968-28c2-40e7-af47-46e4a551e488 tempest-ServerRescueNegativeTestJSON-1177899909 tempest-ServerRescueNegativeTestJSON-1177899909-project] Calling method 'show' {{(pid=118030) _process_stack /opt/stack/cinder/cinder/api/openstack/wsgi.py:868}}
Jul 18 10:48:50.578479 dv-cinder-849498-1-iscsi devstack@c-api.service[118030]: /usr/local/lib/python3.8/dist-packages/oslo_context/context.py:100: DeprecationWarning: Policy enforcement is depending on the value of is_admin. This key is deprecated. Please update your policy file to use the standard policy values.
Jul 18 10:48:50.578479 dv-cinder-849498-1-iscsi devstack@c-api.service[118030]: warnings.warn('Policy enforcement is depending on the value of '
Jul 18 10:48:50.585558 dv-cinder-849498-1-iscsi devstack@c-api.service[118030]: INFO cinder.volume.api [None req-919c3968-28c2-40e7-af47-46e4a551e488 tempest-ServerRescueNegativeTestJSON-1177899909 tempest-ServerRescueNegativeTestJSON-1177899909-project] Volume info retrieved successfully.
Jul 18 10:48:50.595377 dv-cinder-849498-1-iscsi devstack@c-api.service[118030]: INFO cinder.api.openstack.wsgi [None req-919c3968-28c2-40e7-af47-46e4a551e488 tempest-ServerRescueNegativeTestJSON-1177899909 tempest-ServerRescueNegativeTestJSON-1177899909-project] http://10.222.0.49/volume/v3/7184d0f3256344a2af18c639787e538f/volumes/194e8cac-9396-4eaf-92be-d3f71da2e7b0 returned with HTTP 200
Jul 18 10:48:50.598718 dv-cinder-849498-1-iscsi devstack@c-api.service[118029]: DEBUG cinder.api.middleware.request_id [None req-2a634d45-1092-42e6-ae4c-039d76355ff7 None None] RequestId filter calling following filter/app {{(pid=118029) _context_setter /opt/stack/cinder/cinder/api/middleware/request_id.py:62}}
Jul 18 10:48:50.602623 dv-cinder-849498-1-iscsi devstack@c-api.service[118029]: INFO cinder.api.openstack.wsgi [None req-2a634d45-1092-42e6-ae4c-039d76355ff7 tempest-VolumesExtendTest-345536670 tempest-VolumesExtendTest-345536670-project] GET http://10.222.0.49/volume/v3/12c5abe6a77e42428011fcdca169364a/volumes/6add2a34-4f24-436a-8e15-984f6ba389b7
Jul 18 10:48:50.603242 dv-cinder-849498-1-iscsi devstack@c-api.service[118029]: DEBUG cinder.api.openstack.wsgi [None req-2a634d45-1092-42e6-ae4c-039d76355ff7 tempest-VolumesExtendTest-345536670 tempest-VolumesExtendTest-345536670-project] Empty body provided in request {{(pid=118029) get_body /opt/stack/cinder/cinder/api/openstack/wsgi.py:715}}
Jul 18 10:48:50.603862 dv-cinder-849498-1-iscsi devstack@c-api.service[118029]: DEBUG cinder.api.openstack.wsgi [None req-2a634d45-1092-42e6-ae4c-039d76355ff7 tempest-VolumesExtendTest-345536670 tempest-VolumesExtendTest-345536670-project] Calling method 'show' {{(pid=118029) _process_stack /opt/stack/cinder/cinder/api/openstack/wsgi.py:868}}
Jul 18 10:48:50.606511 dv-cinder-849498-1-iscsi devstack@c-api.service[118030]: [pid: 118030|app: 0|req: 182/364] 10.222.0.49 () {58 vars in 1324 bytes} [Mon Jul 18 10:48:50 2022] GET /volume/v3/7184d0f3256344a2af18c639787e538f/volumes/194e8cac-9396-4eaf-92be-d3f71da2e7b0 => generated 921 bytes in 49 msecs (HTTP/1.1 200) 7 headers in 285 bytes (1 switches on core 0)
Jul 18 10:48:50.624965 dv-cinder-849498-1-iscsi devstack@c-api.service[118029]: DEBUG dbcounter [-] [118029] Writing DB stats cinder:SELECT=89,cinder:UPDATE=9,cinder:INSERT=2 {{(pid=118029) stat_writer /usr/local/lib/python3.8/dist-packages/dbcounter.py:114}}
Jul 18 10:48:50.631823 dv-cinder-849498-1-iscsi devstack@c-api.service[118029]: /usr/local/lib/python3.8/dist-packages/oslo_context/context.py:100: DeprecationWarning: Policy enforcement is depending on the value of is_admin. This key is deprecated. Please update your policy file to use the standard policy values.
Jul 18 10:48:50.631823 dv-cinder-849498-1-iscsi devstack@c-api.service[118029]: warnings.warn('Policy enforcement is depending on the value of '
Jul 18 10:48:50.638712 dv-cinder-849498-1-iscsi devstack@c-api.service[118029]: INFO cinder.volume.api [None req-2a634d45-1092-42e6-ae4c-039d76355ff7 tempest-VolumesExtendTest-345536670 tempest-VolumesExtendTest-345536670-project] Volume info retrieved successfully.
Jul 18 10:48:50.649895 dv-cinder-849498-1-iscsi devstack@c-api.service[118029]: INFO cinder.api.openstack.wsgi [None req-2a634d45-1092-42e6-ae4c-039d76355ff7 tempest-VolumesExtendTest-345536670 tempest-VolumesExtendTest-345536670-project] http://10.222.0.49/volume/v3/12c5abe6a77e42428011fcdca169364a/volumes/6add2a34-4f24-436a-8e15-984f6ba389b7 returned with HTTP 200
Jul 18 10:48:50.650695 dv-cinder-849498-1-iscsi devstack@c-api.service[118029]: [pid: 118029|app: 0|req: 183/365] 10.222.0.49 () {58 vars in 1324 bytes} [Mon Jul 18 10:48:50 2022] GET /volume/v3/12c5abe6a77e42428011fcdca169364a/volumes/6add2a34-4f24-436a-8e15-984f6ba389b7 => generated 1357 bytes in 53 msecs (HTTP/1.1 200) 7 headers in 286 bytes (2 switches on core 0)
Jul 18 10:48:50.660996 dv-cinder-849498-1-iscsi devstack@c-api.service[118030]: DEBUG cinder.api.middleware.request_id [None req-6478987b-82ed-4717-9f55-3389c727a106 None None] RequestId filter calling following filter/app {{(pid=118030) _context_setter /opt/stack/cinder/cinder/api/middleware/request_id.py:62}}
Jul 18 10:48:50.663303 dv-cinder-849498-1-iscsi devstack@c-api.service[118029]: DEBUG cinder.api.middleware.request_id [None req-af3bea12-95f8-47db-aeb8-e2fa55d70985 None None] RequestId filter calling following filter/app {{(pid=118029) _context_setter /opt/stack/cinder/cinder/api/middleware/request_id.py:62}}
Jul 18 10:48:50.667069 dv-cinder-849498-1-iscsi devstack@c-api.service[118029]: INFO cinder.api.openstack.wsgi [None req-af3bea12-95f8-47db-aeb8-e2fa55d70985 tempest-VolumesExtendTest-345536670 tempest-VolumesExtendTest-345536670-project] GET http://10.222.0.49/volume/v3/12c5abe6a77e42428011fcdca169364a/volumes/6add2a34-4f24-436a-8e15-984f6ba389b7
Jul 18 10:48:50.667537 dv-cinder-849498-1-iscsi devstack@c-api.service[118029]: DEBUG cinder.api.openstack.wsgi [None req-af3bea12-95f8-47db-aeb8-e2fa55d70985 tempest-VolumesExtendTest-345536670 tempest-VolumesExtendTest-345536670-project] Empty body provided in request {{(pid=118029) get_body /opt/stack/cinder/cinder/api/openstack/wsgi.py:715}}
Jul 18 10:48:50.667988 dv-cinder-849498-1-iscsi devstack@c-api.service[118029]: DEBUG cinder.api.openstack.wsgi [None req-af3bea12-95f8-47db-aeb8-e2fa55d70985 tempest-VolumesExtendTest-345536670 tempest-VolumesExtendTest-345536670-project] Calling method 'show' {{(pid=118029) _process_stack /opt/stack/cinder/cinder/api/openstack/wsgi.py:868}}
Jul 18 10:48:50.683512 dv-cinder-849498-1-iscsi devstack@c-api.service[118029]: /usr/local/lib/python3.8/dist-packages/oslo_context/context.py:100: DeprecationWarning: Policy enforcement is depending on the value of is_admin. This key is deprecated. Please update your policy file to use the standard policy values.
Jul 18 10:48:50.683512 dv-cinder-849498-1-iscsi devstack@c-api.service[118029]: warnings.warn('Policy enforcement is depending on the value of '
Jul 18 10:48:50.691048 dv-cinder-849498-1-iscsi devstack@c-api.service[118029]: INFO cinder.volume.api [None req-af3bea12-95f8-47db-aeb8-e2fa55d70985 tempest-VolumesExtendTest-345536670 tempest-VolumesExtendTest-345536670-project] Volume info retrieved successfully.
Jul 18 10:48:50.702273 dv-cinder-849498-1-iscsi devstack@c-api.service[118029]: INFO cinder.api.openstack.wsgi [None req-af3bea12-95f8-47db-aeb8-e2fa55d70985 tempest-VolumesExtendTest-345536670 tempest-VolumesExtendTest-345536670-project] http://10.222.0.49/volume/v3/12c5abe6a77e42428011fcdca169364a/volumes/6add2a34-4f24-436a-8e15-984f6ba389b7 returned with HTTP 200
Jul 18 10:48:50.703639 dv-cinder-849498-1-iscsi devstack@c-api.service[118029]: [pid: 118029|app: 0|req: 184/366] 10.222.0.49 () {58 vars in 1324 bytes} [Mon Jul 18 10:48:50 2022] GET /volume/v3/12c5abe6a77e42428011fcdca169364a/volumes/6add2a34-4f24-436a-8e15-984f6ba389b7 => generated 1357 bytes in 41 msecs (HTTP/1.1 200) 7 headers in 286 bytes (1 switches on core 0)
Jul 18 10:48:50.716483 dv-cinder-849498-1-iscsi devstack@c-api.service[118029]: DEBUG cinder.api.middleware.request_id [None req-f2c41d8c-1a80-462d-9c2e-1649e723a8c6 None None] RequestId filter calling following filter/app {{(pid=118029) _context_setter /opt/stack/cinder/cinder/api/middleware/request_id.py:62}}
Jul 18 10:48:50.720102 dv-cinder-849498-1-iscsi devstack@c-api.service[118029]: INFO cinder.api.openstack.wsgi [None req-f2c41d8c-1a80-462d-9c2e-1649e723a8c6 tempest-VolumesExtendTest-345536670 tempest-VolumesExtendTest-345536670-project] POST http://10.222.0.49/volume/v3/12c5abe6a77e42428011fcdca169364a/volumes
Jul 18 10:48:50.721385 dv-cinder-849498-1-iscsi devstack@c-api.service[118029]: DEBUG cinder.api.openstack.wsgi [None req-f2c41d8c-1a80-462d-9c2e-1649e723a8c6 tempest-VolumesExtendTest-345536670 tempest-VolumesExtendTest-345536670-project] Action: 'create', calling method: create, body: {"volume": {"size": 1, "name": "tempest-VolumesExtendTest-Volume-681198557"}} {{(pid=118029) _process_stack /opt/stack/cinder/cinder/api/openstack/wsgi.py:866}}
Jul 18 10:48:50.722327 dv-cinder-849498-1-iscsi devstack@c-api.service[118029]: DEBUG cinder.api.v3.volumes [None req-f2c41d8c-1a80-462d-9c2e-1649e723a8c6 tempest-VolumesExtendTest-345536670 tempest-VolumesExtendTest-345536670-project] Create volume request body: {'volume': {'size': 1, 'name': 'tempest-VolumesExtendTest-Volume-681198557'}} {{(pid=118029) create /opt/stack/cinder/cinder/api/v3/volumes.py:298}}
Jul 18 10:48:50.722633 dv-cinder-849498-1-iscsi devstack@c-api.service[118029]: INFO cinder.api.v3.volumes [None req-f2c41d8c-1a80-462d-9c2e-1649e723a8c6 tempest-VolumesExtendTest-345536670 tempest-VolumesExtendTest-345536670-project] Create volume of 1 GB
Jul 18 10:48:50.729718 dv-cinder-849498-1-iscsi devstack@c-api.service[118029]: INFO cinder.volume.api [None req-f2c41d8c-1a80-462d-9c2e-1649e723a8c6 tempest-VolumesExtendTest-345536670 tempest-VolumesExtendTest-345536670-project] Availability Zones retrieved successfully.
Jul 18 10:48:50.745680 dv-cinder-849498-1-iscsi devstack@c-api.service[118029]: DEBUG cinder.volume.api [None req-f2c41d8c-1a80-462d-9c2e-1649e723a8c6 tempest-VolumesExtendTest-345536670 tempest-VolumesExtendTest-345536670-project] Flow 'volume_create_api' (2d0bdef4-b2a8-4f70-9305-292526a6ae7f) transitioned into state 'RUNNING' from state 'PENDING' {{(pid=118029) _flow_receiver /usr/local/lib/python3.8/dist-packages/taskflow/listeners/logging.py:141}}
Jul 18 10:48:50.748348 dv-cinder-849498-1-iscsi devstack@c-api.service[118029]: DEBUG cinder.volume.api [None req-f2c41d8c-1a80-462d-9c2e-1649e723a8c6 tempest-VolumesExtendTest-345536670 tempest-VolumesExtendTest-345536670-project] Task 'cinder.volume.flows.api.create_volume.ExtractVolumeRequestTask;volume:create' (b658355a-9f42-4f63-8af4-2d0de8326bcb) transitioned into state 'RUNNING' from state 'PENDING' {{(pid=118029) _task_receiver /usr/local/lib/python3.8/dist-packages/taskflow/listeners/logging.py:190}}
Jul 18 10:48:50.751655 dv-cinder-849498-1-iscsi devstack@c-api.service[118029]: DEBUG cinder.volume.flows.api.create_volume [None req-f2c41d8c-1a80-462d-9c2e-1649e723a8c6 tempest-VolumesExtendTest-345536670 tempest-VolumesExtendTest-345536670-project] Validating volume size '1' using validate_int {{(pid=118029) _extract_size /opt/stack/cinder/cinder/volume/flows/api/create_volume.py:228}}
Jul 18 10:48:50.783938 dv-cinder-849498-1-iscsi devstack@c-api.service[118030]: INFO cinder.api.openstack.wsgi [None req-6478987b-82ed-4717-9f55-3389c727a106 tempest-QosSpecsTestJSON-575434332 tempest-QosSpecsTestJSON-575434332-project-admin] POST http://10.222.0.49/volume/v3/2c774f4bbbca479a88039be4eefb22a7/qos-specs
Jul 18 10:48:50.784847 dv-cinder-849498-1-iscsi devstack@c-api.service[118030]: DEBUG cinder.api.openstack.wsgi [None req-6478987b-82ed-4717-9f55-3389c727a106 tempest-QosSpecsTestJSON-575434332 tempest-QosSpecsTestJSON-575434332-project-admin] Action: 'create', calling method: create, body: {"qos_specs": {"name": "tempest-QosSpecsTestJSON-QoS-399691573", "consumer": "front-end", "read_iops_sec": "2000"}} {{(pid=118030) _process_stack /opt/stack/cinder/cinder/api/openstack/wsgi.py:866}}
Jul 18 10:48:50.786717 dv-cinder-849498-1-iscsi devstack@c-api.service[118030]: DEBUG cinder.volume.qos_specs [None req-6478987b-82ed-4717-9f55-3389c727a106 tempest-QosSpecsTestJSON-575434332 tempest-QosSpecsTestJSON-575434332-project-admin] Dict for qos_specs: {'name': 'tempest-QosSpecsTestJSON-QoS-399691573', 'consumer': 'front-end', 'specs': {'read_iops_sec': '2000'}} {{(pid=118030) create /opt/stack/cinder/cinder/volume/qos_specs.py:64}}
Jul 18 10:48:50.787718 dv-cinder-849498-1-iscsi devstack@c-api.service[118029]: DEBUG cinder.volume.api [None req-f2c41d8c-1a80-462d-9c2e-1649e723a8c6 tempest-VolumesExtendTest-345536670 tempest-VolumesExtendTest-345536670-project] Task 'cinder.volume.flows.api.create_volume.ExtractVolumeRequestTask;volume:create' (b658355a-9f42-4f63-8af4-2d0de8326bcb) transitioned into state 'SUCCESS' from state 'RUNNING' with result '{'size': 1, 'snapshot_id': None, 'source_volid': None, 'volume_type': VolumeType(created_at=2022-07-18T10:29:08Z,deleted=False,deleted_at=None,description='Default Volume Type',extra_specs={},id=644552f3-cf4f-4b72-aadd-6c128a6e2770,is_public=True,name='__DEFAULT__',projects=[],qos_specs=,qos_specs_id=None,updated_at=2022-07-18T10:29:08Z), 'volume_type_id': '644552f3-cf4f-4b72-aadd-6c128a6e2770', 'encryption_key_id': None, 'qos_specs': None, 'consistencygroup_id': None, 'cgsnapshot_id': None, 'group_id': None, 'replication_status': 'disabled', 'refresh_az': False, 'backup_id': None, 'multiattach': False, 'availability_zones': ['nova']}' {{(pid=118029) _task_receiver /usr/local/lib/python3.8/dist-packages/taskflow/listeners/logging.py:178}}
Jul 18 10:48:50.789883 dv-cinder-849498-1-iscsi devstack@c-api.service[118029]: DEBUG cinder.volume.api [None req-f2c41d8c-1a80-462d-9c2e-1649e723a8c6 tempest-VolumesExtendTest-345536670 tempest-VolumesExtendTest-345536670-project] Task 'cinder.volume.flows.api.create_volume.QuotaReserveTask;volume:create' (6c89fe10-e01d-4298-95d2-3b30099cf8b3) transitioned into state 'RUNNING' from state 'PENDING' {{(pid=118029) _task_receiver /usr/local/lib/python3.8/dist-packages/taskflow/listeners/logging.py:190}}
Jul 18 10:48:50.802667 dv-cinder-849498-1-iscsi devstack@c-api.service[118030]: DEBUG cinder.db.sqlalchemy.api [None req-6478987b-82ed-4717-9f55-3389c727a106 tempest-QosSpecsTestJSON-575434332 tempest-QosSpecsTestJSON-575434332-project-admin] DB qos_specs_create(): root {'id': 'fadf6de2-b052-4652-82ee-9bb1f5131b00', 'key': 'QoS_Specs_Name', 'value': 'tempest-QosSpecsTestJSON-QoS-399691573'} {{(pid=118030) qos_specs_create /opt/stack/cinder/cinder/db/sqlalchemy/api.py:5587}}
Jul 18 10:48:50.945325 dv-cinder-849498-1-iscsi devstack@c-api.service[118029]: DEBUG cinder.quota [None req-f2c41d8c-1a80-462d-9c2e-1649e723a8c6 tempest-VolumesExtendTest-345536670 tempest-VolumesExtendTest-345536670-project] Created reservations ['eac14bc5-d080-4fd7-81f7-de35a13052b2', 'e27aa971-f199-4c6a-ad73-b7b0c86db971', '3bf77b8d-9400-47f7-ac50-feb5285ee629', '5a0712f4-f84d-4e17-96ee-3f0f1b2b3f5e'] {{(pid=118029) reserve /opt/stack/cinder/cinder/quota.py:755}}
Jul 18 10:48:50.946055 dv-cinder-849498-1-iscsi devstack@c-api.service[118030]: INFO cinder.api.openstack.wsgi [None req-6478987b-82ed-4717-9f55-3389c727a106 tempest-QosSpecsTestJSON-575434332 tempest-QosSpecsTestJSON-575434332-project-admin] http://10.222.0.49/volume/v3/2c774f4bbbca479a88039be4eefb22a7/qos-specs returned with HTTP 200
Jul 18 10:48:50.946954 dv-cinder-849498-1-iscsi devstack@c-api.service[118030]: [pid: 118030|app: 0|req: 183/367] 10.222.0.49 () {60 vars in 1241 bytes} [Mon Jul 18 10:48:50 2022] POST /volume/v3/2c774f4bbbca479a88039be4eefb22a7/qos-specs => generated 458 bytes in 287 msecs (HTTP/1.1 200) 7 headers in 285 bytes (1 switches on core 0)
Jul 18 10:48:50.947228 dv-cinder-849498-1-iscsi devstack@c-api.service[118029]: DEBUG cinder.volume.api [None req-f2c41d8c-1a80-462d-9c2e-1649e723a8c6 tempest-VolumesExtendTest-345536670 tempest-VolumesExtendTest-345536670-project] Task 'cinder.volume.flows.api.create_volume.QuotaReserveTask;volume:create' (6c89fe10-e01d-4298-95d2-3b30099cf8b3) transitioned into state 'SUCCESS' from state 'RUNNING' with result '{'reservations': ['eac14bc5-d080-4fd7-81f7-de35a13052b2', 'e27aa971-f199-4c6a-ad73-b7b0c86db971', '3bf77b8d-9400-47f7-ac50-feb5285ee629', '5a0712f4-f84d-4e17-96ee-3f0f1b2b3f5e']}' {{(pid=118029) _task_receiver /usr/local/lib/python3.8/dist-packages/taskflow/listeners/logging.py:178}}
Jul 18 10:48:50.949241 dv-cinder-849498-1-iscsi devstack@c-api.service[118029]: DEBUG cinder.volume.api [None req-f2c41d8c-1a80-462d-9c2e-1649e723a8c6 tempest-VolumesExtendTest-345536670 tempest-VolumesExtendTest-345536670-project] Task 'cinder.volume.flows.api.create_volume.EntryCreateTask;volume:create' (6635b1b6-c98b-4aaa-9381-afc568b14393) transitioned into state 'RUNNING' from state 'PENDING' {{(pid=118029) _task_receiver /usr/local/lib/python3.8/dist-packages/taskflow/listeners/logging.py:190}}
Jul 18 10:48:50.954901 dv-cinder-849498-1-iscsi devstack@c-api.service[118030]: DEBUG cinder.api.middleware.request_id [None req-c8176480-fd43-403e-841b-5f5e19a2301d None None] RequestId filter calling following filter/app {{(pid=118030) _context_setter /opt/stack/cinder/cinder/api/middleware/request_id.py:62}}
Jul 18 10:48:50.958489 dv-cinder-849498-1-iscsi devstack@c-api.service[118030]: INFO cinder.api.openstack.wsgi [None req-c8176480-fd43-403e-841b-5f5e19a2301d tempest-QosSpecsTestJSON-575434332 tempest-QosSpecsTestJSON-575434332-project-admin] POST http://10.222.0.49/volume/v3/2c774f4bbbca479a88039be4eefb22a7/types
Jul 18 10:48:50.959209 dv-cinder-849498-1-iscsi devstack@c-api.service[118030]: DEBUG cinder.api.openstack.wsgi [None req-c8176480-fd43-403e-841b-5f5e19a2301d tempest-QosSpecsTestJSON-575434332 tempest-QosSpecsTestJSON-575434332-project-admin] Action: 'create', calling method: _create, body: {"volume_type": {"name": "tempest-QosSpecsTestJSON-volume-type-2006020791"}} {{(pid=118030) _process_stack /opt/stack/cinder/cinder/api/openstack/wsgi.py:866}}
Jul 18 10:48:50.960325 dv-cinder-849498-1-iscsi devstack@c-api.service[118030]: /usr/local/lib/python3.8/dist-packages/oslo_context/context.py:100: DeprecationWarning: Policy enforcement is depending on the value of is_admin. This key is deprecated. Please update your policy file to use the standard policy values.
Jul 18 10:48:50.960325 dv-cinder-849498-1-iscsi devstack@c-api.service[118030]: warnings.warn('Policy enforcement is depending on the value of '
Jul 18 10:48:51.142052 dv-cinder-849498-1-iscsi devstack@c-api.service[118029]: DEBUG cinder.volume.api [None req-f2c41d8c-1a80-462d-9c2e-1649e723a8c6 tempest-VolumesExtendTest-345536670 tempest-VolumesExtendTest-345536670-project] Task 'cinder.volume.flows.api.create_volume.EntryCreateTask;volume:create' (6635b1b6-c98b-4aaa-9381-afc568b14393) transitioned into state 'SUCCESS' from state 'RUNNING' with result '{'volume_id': 'e99dabf1-c56b-4ecf-9403-00c24163e040', 'volume_properties': VolumeProperties(attach_status='detached',availability_zone='nova',cgsnapshot_id=None,consistencygroup_id=None,display_description=None,display_name='tempest-VolumesExtendTest-Volume-681198557',encryption_key_id=None,group_id=None,group_type_id=,metadata={},multiattach=False,project_id='12c5abe6a77e42428011fcdca169364a',qos_specs=None,replication_status=,reservations=['eac14bc5-d080-4fd7-81f7-de35a13052b2','e27aa971-f199-4c6a-ad73-b7b0c86db971','3bf77b8d-9400-47f7-ac50-feb5285ee629','5a0712f4-f84d-4e17-96ee-3f0f1b2b3f5e'],size=1,snapshot_id=None,source_replicaid=,source_volid=None,status='creating',user_id='6769f9c2b0c44920ae9132984c0df2f2',volume_type_id=644552f3-cf4f-4b72-aadd-6c128a6e2770), 'volume': Volume(_name_id=None,admin_metadata=,attach_status='detached',availability_zone='nova',bootable=False,cluster=,cluster_name=None,consistencygroup=,consistencygroup_id=None,created_at=2022-07-18T10:48:50Z,deleted=False,deleted_at=None,display_description=None,display_name='tempest-VolumesExtendTest-Volume-681198557',ec2_id=None,encryption_key_id=None,glance_metadata=,group=,group_id=None,host=None,id=e99dabf1-c56b-4ecf-9403-00c24163e040,launched_at=None,metadata={},migration_status=None,multiattach=False,previous_status=None,project_id='12c5abe6a77e42428011fcdca169364a',provider_auth=None,provider_geometry=None,provider_id=None,provider_location=None,replication_driver_data=None,replication_extended_status=None,replication_status=None,scheduled_at=None,service_uuid=None,shared_targets=True,size=1,snapshot_id=None,snapshots=,source_volid=None,status='creating',terminated_at=None,updated_at=None,use_quota=True,user_id='6769f9c2b0c44920ae9132984c0df2f2',volume_attachment=VolumeAttachmentList,volume_type=VolumeType(644552f3-cf4f-4b72-aadd-6c128a6e2770),volume_type_id=644552f3-cf4f-4b72-aadd-6c128a6e2770)}' {{(pid=118029) _task_receiver /usr/local/lib/python3.8/dist-packages/taskflow/listeners/logging.py:178}}
Jul 18 10:48:51.144110 dv-cinder-849498-1-iscsi devstack@c-api.service[118029]: DEBUG cinder.volume.api [None req-f2c41d8c-1a80-462d-9c2e-1649e723a8c6 tempest-VolumesExtendTest-345536670 tempest-VolumesExtendTest-345536670-project] Task 'cinder.volume.flows.api.create_volume.QuotaCommitTask;volume:create' (ddab0077-db97-45bc-9ec2-bb4f1edefcea) transitioned into state 'RUNNING' from state 'PENDING' {{(pid=118029) _task_receiver /usr/local/lib/python3.8/dist-packages/taskflow/listeners/logging.py:190}}
Jul 18 10:48:51.144940 dv-cinder-849498-1-iscsi devstack@c-api.service[118030]: INFO cinder.api.openstack.wsgi [None req-c8176480-fd43-403e-841b-5f5e19a2301d tempest-QosSpecsTestJSON-575434332 tempest-QosSpecsTestJSON-575434332-project-admin] http://10.222.0.49/volume/v3/2c774f4bbbca479a88039be4eefb22a7/types returned with HTTP 200
Jul 18 10:48:51.145660 dv-cinder-849498-1-iscsi devstack@c-api.service[118030]: [pid: 118030|app: 0|req: 184/368] 10.222.0.49 () {60 vars in 1228 bytes} [Mon Jul 18 10:48:50 2022] POST /volume/v3/2c774f4bbbca479a88039be4eefb22a7/types => generated 222 bytes in 192 msecs (HTTP/1.1 200) 7 headers in 285 bytes (2 switches on core 0)
Jul 18 10:48:51.151711 dv-cinder-849498-1-iscsi devstack@c-api.service[118030]: DEBUG cinder.api.middleware.request_id [None req-39d98acd-93d9-40a8-af7a-196582ac03cb None None] RequestId filter calling following filter/app {{(pid=118030) _context_setter /opt/stack/cinder/cinder/api/middleware/request_id.py:62}}
Jul 18 10:48:51.155266 dv-cinder-849498-1-iscsi devstack@c-api.service[118030]: INFO cinder.api.openstack.wsgi [None req-39d98acd-93d9-40a8-af7a-196582ac03cb tempest-QosSpecsTestJSON-575434332 tempest-QosSpecsTestJSON-575434332-project-admin] POST http://10.222.0.49/volume/v3/2c774f4bbbca479a88039be4eefb22a7/types
Jul 18 10:48:51.155981 dv-cinder-849498-1-iscsi devstack@c-api.service[118030]: DEBUG cinder.api.openstack.wsgi [None req-39d98acd-93d9-40a8-af7a-196582ac03cb tempest-QosSpecsTestJSON-575434332 tempest-QosSpecsTestJSON-575434332-project-admin] Action: 'create', calling method: _create, body: {"volume_type": {"name": "tempest-QosSpecsTestJSON-volume-type-5453725"}} {{(pid=118030) _process_stack /opt/stack/cinder/cinder/api/openstack/wsgi.py:866}}
Jul 18 10:48:51.327602 dv-cinder-849498-1-iscsi devstack@c-api.service[118029]: DEBUG cinder.volume.api [None req-f2c41d8c-1a80-462d-9c2e-1649e723a8c6 tempest-VolumesExtendTest-345536670 tempest-VolumesExtendTest-345536670-project] Task 'cinder.volume.flows.api.create_volume.QuotaCommitTask;volume:create' (ddab0077-db97-45bc-9ec2-bb4f1edefcea) transitioned into state 'SUCCESS' from state 'RUNNING' with result '{'volume_properties': VolumeProperties(attach_status='detached',availability_zone='nova',cgsnapshot_id=None,consistencygroup_id=None,display_description=None,display_name='tempest-VolumesExtendTest-Volume-681198557',encryption_key_id=None,group_id=None,group_type_id=,metadata={},multiattach=False,project_id='12c5abe6a77e42428011fcdca169364a',qos_specs=None,replication_status=,reservations=['eac14bc5-d080-4fd7-81f7-de35a13052b2','e27aa971-f199-4c6a-ad73-b7b0c86db971','3bf77b8d-9400-47f7-ac50-feb5285ee629','5a0712f4-f84d-4e17-96ee-3f0f1b2b3f5e'],size=1,snapshot_id=None,source_replicaid=,source_volid=None,status='creating',user_id='6769f9c2b0c44920ae9132984c0df2f2',volume_type_id=644552f3-cf4f-4b72-aadd-6c128a6e2770)}' {{(pid=118029) _task_receiver /usr/local/lib/python3.8/dist-packages/taskflow/listeners/logging.py:178}}
Jul 18 10:48:51.329997 dv-cinder-849498-1-iscsi devstack@c-api.service[118030]: INFO cinder.api.openstack.wsgi [None req-39d98acd-93d9-40a8-af7a-196582ac03cb tempest-QosSpecsTestJSON-575434332 tempest-QosSpecsTestJSON-575434332-project-admin] http://10.222.0.49/volume/v3/2c774f4bbbca479a88039be4eefb22a7/types returned with HTTP 200
Jul 18 10:48:51.330759 dv-cinder-849498-1-iscsi devstack@c-api.service[118029]: DEBUG cinder.volume.api [None req-f2c41d8c-1a80-462d-9c2e-1649e723a8c6 tempest-VolumesExtendTest-345536670 tempest-VolumesExtendTest-345536670-project] Task 'cinder.volume.flows.api.create_volume.VolumeCastTask;volume:create' (c1d8fa75-3725-45d6-b24d-21189a430108) transitioned into state 'RUNNING' from state 'PENDING' {{(pid=118029) _task_receiver /usr/local/lib/python3.8/dist-packages/taskflow/listeners/logging.py:190}}
Jul 18 10:48:51.331189 dv-cinder-849498-1-iscsi devstack@c-api.service[118030]: [pid: 118030|app: 0|req: 185/369] 10.222.0.49 () {60 vars in 1228 bytes} [Mon Jul 18 10:48:51 2022] POST /volume/v3/2c774f4bbbca479a88039be4eefb22a7/types => generated 219 bytes in 180 msecs (HTTP/1.1 200) 7 headers in 285 bytes (2 switches on core 0)
Jul 18 10:48:51.347855 dv-cinder-849498-1-iscsi devstack@c-api.service[118030]: DEBUG cinder.api.middleware.request_id [None req-2c05308d-3913-4be6-8c72-d876dc719afe None None] RequestId filter calling following filter/app {{(pid=118030) _context_setter /opt/stack/cinder/cinder/api/middleware/request_id.py:62}}
Jul 18 10:48:51.352591 dv-cinder-849498-1-iscsi devstack@c-api.service[118030]: INFO cinder.api.openstack.wsgi [None req-2c05308d-3913-4be6-8c72-d876dc719afe tempest-QosSpecsTestJSON-575434332 tempest-QosSpecsTestJSON-575434332-project-admin] POST http://10.222.0.49/volume/v3/2c774f4bbbca479a88039be4eefb22a7/types
Jul 18 10:48:51.353360 dv-cinder-849498-1-iscsi devstack@c-api.service[118030]: DEBUG cinder.api.openstack.wsgi [None req-2c05308d-3913-4be6-8c72-d876dc719afe tempest-QosSpecsTestJSON-575434332 tempest-QosSpecsTestJSON-575434332-project-admin] Action: 'create', calling method: _create, body: {"volume_type": {"name": "tempest-QosSpecsTestJSON-volume-type-1850153842"}} {{(pid=118030) _process_stack /opt/stack/cinder/cinder/api/openstack/wsgi.py:866}}
Jul 18 10:48:51.499252 dv-cinder-849498-1-iscsi devstack@c-api.service[118029]: DEBUG cinder.volume.api [None req-f2c41d8c-1a80-462d-9c2e-1649e723a8c6 tempest-VolumesExtendTest-345536670 tempest-VolumesExtendTest-345536670-project] Task 'cinder.volume.flows.api.create_volume.VolumeCastTask;volume:create' (c1d8fa75-3725-45d6-b24d-21189a430108) transitioned into state 'SUCCESS' from state 'RUNNING' with result 'None' {{(pid=118029) _task_receiver /usr/local/lib/python3.8/dist-packages/taskflow/listeners/logging.py:178}}
Jul 18 10:48:51.499252 dv-cinder-849498-1-iscsi devstack@c-api.service[118029]: DEBUG cinder.volume.api [None req-f2c41d8c-1a80-462d-9c2e-1649e723a8c6 tempest-VolumesExtendTest-345536670 tempest-VolumesExtendTest-345536670-project] Flow 'volume_create_api' (2d0bdef4-b2a8-4f70-9305-292526a6ae7f) transitioned into state 'SUCCESS' from state 'RUNNING' {{(pid=118029) _flow_receiver /usr/local/lib/python3.8/dist-packages/taskflow/listeners/logging.py:141}}
Jul 18 10:48:51.500268 dv-cinder-849498-1-iscsi devstack@c-api.service[118029]: INFO cinder.volume.api [None req-f2c41d8c-1a80-462d-9c2e-1649e723a8c6 tempest-VolumesExtendTest-345536670 tempest-VolumesExtendTest-345536670-project] Create volume request issued successfully.
Jul 18 10:48:51.503136 dv-cinder-849498-1-iscsi devstack@c-api.service[118029]: INFO cinder.api.openstack.wsgi [None req-f2c41d8c-1a80-462d-9c2e-1649e723a8c6 tempest-VolumesExtendTest-345536670 tempest-VolumesExtendTest-345536670-project] http://10.222.0.49/volume/v3/12c5abe6a77e42428011fcdca169364a/volumes returned with HTTP 202
Jul 18 10:48:51.503999 dv-cinder-849498-1-iscsi devstack@c-api.service[118029]: [pid: 118029|app: 0|req: 185/370] 10.222.0.49 () {60 vars in 1234 bytes} [Mon Jul 18 10:48:50 2022] POST /volume/v3/12c5abe6a77e42428011fcdca169364a/volumes => generated 816 bytes in 788 msecs (HTTP/1.1 202) 7 headers in 291 bytes (2 switches on core 0)
Jul 18 10:48:51.505484 dv-cinder-849498-1-iscsi devstack@c-api.service[118029]: DEBUG cinder.api.middleware.request_id [None req-f1a13d21-6a2d-45ab-8793-5a56d01e57b5 None None] RequestId filter calling following filter/app {{(pid=118029) _context_setter /opt/stack/cinder/cinder/api/middleware/request_id.py:62}}
Jul 18 10:48:51.511060 dv-cinder-849498-1-iscsi devstack@c-api.service[118029]: INFO cinder.api.openstack.wsgi [None req-f1a13d21-6a2d-45ab-8793-5a56d01e57b5 tempest-VolumesActionsTest-2102060617 tempest-VolumesActionsTest-2102060617-project] GET http://10.222.0.49/volume/v3/e8ea247cf5a540768bbbc7260b74f11c/volumes/1b282c9c-f68c-46fa-bd18-b168a50a377c
Jul 18 10:48:51.511582 dv-cinder-849498-1-iscsi devstack@c-api.service[118029]: DEBUG cinder.api.openstack.wsgi [None req-f1a13d21-6a2d-45ab-8793-5a56d01e57b5 tempest-VolumesActionsTest-2102060617 tempest-VolumesActionsTest-2102060617-project] Empty body provided in request {{(pid=118029) get_body /opt/stack/cinder/cinder/api/openstack/wsgi.py:715}}
Jul 18 10:48:51.512171 dv-cinder-849498-1-iscsi devstack@c-api.service[118029]: DEBUG cinder.api.openstack.wsgi [None req-f1a13d21-6a2d-45ab-8793-5a56d01e57b5 tempest-VolumesActionsTest-2102060617 tempest-VolumesActionsTest-2102060617-project] Calling method 'show' {{(pid=118029) _process_stack /opt/stack/cinder/cinder/api/openstack/wsgi.py:868}}
Jul 18 10:48:51.527508 dv-cinder-849498-1-iscsi devstack@c-api.service[118029]: /usr/local/lib/python3.8/dist-packages/oslo_context/context.py:100: DeprecationWarning: Policy enforcement is depending on the value of is_admin. This key is deprecated. Please update your policy file to use the standard policy values.
Jul 18 10:48:51.527508 dv-cinder-849498-1-iscsi devstack@c-api.service[118029]: warnings.warn('Policy enforcement is depending on the value of '
Jul 18 10:48:51.535094 dv-cinder-849498-1-iscsi devstack@c-api.service[118029]: INFO cinder.volume.api [None req-f1a13d21-6a2d-45ab-8793-5a56d01e57b5 tempest-VolumesActionsTest-2102060617 tempest-VolumesActionsTest-2102060617-project] Volume info retrieved successfully.
Jul 18 10:48:51.545456 dv-cinder-849498-1-iscsi devstack@c-api.service[118029]: INFO cinder.api.openstack.wsgi [None req-f1a13d21-6a2d-45ab-8793-5a56d01e57b5 tempest-VolumesActionsTest-2102060617 tempest-VolumesActionsTest-2102060617-project] http://10.222.0.49/volume/v3/e8ea247cf5a540768bbbc7260b74f11c/volumes/1b282c9c-f68c-46fa-bd18-b168a50a377c returned with HTTP 200
Jul 18 10:48:51.546200 dv-cinder-849498-1-iscsi devstack@c-api.service[118029]: [pid: 118029|app: 0|req: 186/371] 10.222.0.49 () {58 vars in 1324 bytes} [Mon Jul 18 10:48:51 2022] GET /volume/v3/e8ea247cf5a540768bbbc7260b74f11c/volumes/1b282c9c-f68c-46fa-bd18-b168a50a377c => generated 911 bytes in 42 msecs (HTTP/1.1 200) 7 headers in 285 bytes (1 switches on core 0)
Jul 18 10:48:51.547351 dv-cinder-849498-1-iscsi devstack@c-api.service[118029]: DEBUG cinder.api.middleware.request_id [None req-68bf1571-d578-4e9c-9bbd-dfbdbfa68e3d None None] RequestId filter calling following filter/app {{(pid=118029) _context_setter /opt/stack/cinder/cinder/api/middleware/request_id.py:62}}
Jul 18 10:48:51.552041 dv-cinder-849498-1-iscsi devstack@c-api.service[118029]: INFO cinder.api.openstack.wsgi [None req-68bf1571-d578-4e9c-9bbd-dfbdbfa68e3d tempest-VolumesExtendTest-345536670 tempest-VolumesExtendTest-345536670-project] GET http://10.222.0.49/volume/v3/12c5abe6a77e42428011fcdca169364a/volumes/e99dabf1-c56b-4ecf-9403-00c24163e040
Jul 18 10:48:51.552570 dv-cinder-849498-1-iscsi devstack@c-api.service[118029]: DEBUG cinder.api.openstack.wsgi [None req-68bf1571-d578-4e9c-9bbd-dfbdbfa68e3d tempest-VolumesExtendTest-345536670 tempest-VolumesExtendTest-345536670-project] Empty body provided in request {{(pid=118029) get_body /opt/stack/cinder/cinder/api/openstack/wsgi.py:715}}
Jul 18 10:48:51.553039 dv-cinder-849498-1-iscsi devstack@c-api.service[118029]: DEBUG cinder.api.openstack.wsgi [None req-68bf1571-d578-4e9c-9bbd-dfbdbfa68e3d tempest-VolumesExtendTest-345536670 tempest-VolumesExtendTest-345536670-project] Calling method 'show' {{(pid=118029) _process_stack /opt/stack/cinder/cinder/api/openstack/wsgi.py:868}}
Jul 18 10:48:51.571032 dv-cinder-849498-1-iscsi devstack@c-api.service[118030]: INFO cinder.api.openstack.wsgi [None req-2c05308d-3913-4be6-8c72-d876dc719afe tempest-QosSpecsTestJSON-575434332 tempest-QosSpecsTestJSON-575434332-project-admin] http://10.222.0.49/volume/v3/2c774f4bbbca479a88039be4eefb22a7/types returned with HTTP 200
Jul 18 10:48:51.571032 dv-cinder-849498-1-iscsi devstack@c-api.service[118030]: [pid: 118030|app: 0|req: 186/372] 10.222.0.49 () {60 vars in 1228 bytes} [Mon Jul 18 10:48:51 2022] POST /volume/v3/2c774f4bbbca479a88039be4eefb22a7/types => generated 222 bytes in 219 msecs (HTTP/1.1 200) 7 headers in 285 bytes (1 switches on core 0)
Jul 18 10:48:51.576620 dv-cinder-849498-1-iscsi devstack@c-api.service[118030]: DEBUG cinder.api.middleware.request_id [None req-9adeaa2c-6f45-4f03-af91-55932d72a9d1 None None] RequestId filter calling following filter/app {{(pid=118030) _context_setter /opt/stack/cinder/cinder/api/middleware/request_id.py:62}}
Jul 18 10:48:51.582616 dv-cinder-849498-1-iscsi devstack@c-api.service[118029]: /usr/local/lib/python3.8/dist-packages/oslo_context/context.py:100: DeprecationWarning: Policy enforcement is depending on the value of is_admin. This key is deprecated. Please update your policy file to use the standard policy values.
Jul 18 10:48:51.582616 dv-cinder-849498-1-iscsi devstack@c-api.service[118029]: warnings.warn('Policy enforcement is depending on the value of '
Jul 18 10:48:51.587764 dv-cinder-849498-1-iscsi devstack@c-api.service[118030]: INFO cinder.api.openstack.wsgi [None req-9adeaa2c-6f45-4f03-af91-55932d72a9d1 tempest-QosSpecsTestJSON-575434332 tempest-QosSpecsTestJSON-575434332-project-admin] GET http://10.222.0.49/volume/v3/2c774f4bbbca479a88039be4eefb22a7/qos-specs/fadf6de2-b052-4652-82ee-9bb1f5131b00/associate?vol_type_id=ceccae61-50d7-492c-b8ac-4108dacf3433
Jul 18 10:48:51.588260 dv-cinder-849498-1-iscsi devstack@c-api.service[118030]: DEBUG cinder.api.openstack.wsgi [None req-9adeaa2c-6f45-4f03-af91-55932d72a9d1 tempest-QosSpecsTestJSON-575434332 tempest-QosSpecsTestJSON-575434332-project-admin] Empty body provided in request {{(pid=118030) get_body /opt/stack/cinder/cinder/api/openstack/wsgi.py:715}}
Jul 18 10:48:51.588986 dv-cinder-849498-1-iscsi devstack@c-api.service[118030]: DEBUG cinder.api.openstack.wsgi [None req-9adeaa2c-6f45-4f03-af91-55932d72a9d1 tempest-QosSpecsTestJSON-575434332 tempest-QosSpecsTestJSON-575434332-project-admin] Calling method 'associate' {{(pid=118030) _process_stack /opt/stack/cinder/cinder/api/openstack/wsgi.py:868}}
Jul 18 10:48:51.590050 dv-cinder-849498-1-iscsi devstack@c-api.service[118029]: INFO cinder.volume.api [None req-68bf1571-d578-4e9c-9bbd-dfbdbfa68e3d tempest-VolumesExtendTest-345536670 tempest-VolumesExtendTest-345536670-project] Volume info retrieved successfully.
Jul 18 10:48:51.591976 dv-cinder-849498-1-iscsi devstack@c-api.service[118030]: DEBUG cinder.api.contrib.qos_specs_manage [None req-9adeaa2c-6f45-4f03-af91-55932d72a9d1 tempest-QosSpecsTestJSON-575434332 tempest-QosSpecsTestJSON-575434332-project-admin] Associate qos_spec: fadf6de2-b052-4652-82ee-9bb1f5131b00 with type: ceccae61-50d7-492c-b8ac-4108dacf3433 {{(pid=118030) associate /opt/stack/cinder/cinder/api/contrib/qos_specs_manage.py:275}}
Jul 18 10:48:51.603848 dv-cinder-849498-1-iscsi devstack@c-api.service[118029]: INFO cinder.api.openstack.wsgi [None req-68bf1571-d578-4e9c-9bbd-dfbdbfa68e3d tempest-VolumesExtendTest-345536670 tempest-VolumesExtendTest-345536670-project] http://10.222.0.49/volume/v3/12c5abe6a77e42428011fcdca169364a/volumes/e99dabf1-c56b-4ecf-9403-00c24163e040 returned with HTTP 200
Jul 18 10:48:51.605054 dv-cinder-849498-1-iscsi devstack@c-api.service[118029]: [pid: 118029|app: 0|req: 187/373] 10.222.0.49 () {58 vars in 1324 bytes} [Mon Jul 18 10:48:51 2022] GET /volume/v3/12c5abe6a77e42428011fcdca169364a/volumes/e99dabf1-c56b-4ecf-9403-00c24163e040 => generated 884 bytes in 58 msecs (HTTP/1.1 200) 7 headers in 285 bytes (1 switches on core 0)
Jul 18 10:48:51.734555 dv-cinder-849498-1-iscsi devstack@c-api.service[118030]: INFO cinder.api.openstack.wsgi [None req-9adeaa2c-6f45-4f03-af91-55932d72a9d1 tempest-QosSpecsTestJSON-575434332 tempest-QosSpecsTestJSON-575434332-project-admin] http://10.222.0.49/volume/v3/2c774f4bbbca479a88039be4eefb22a7/qos-specs/fadf6de2-b052-4652-82ee-9bb1f5131b00/associate?vol_type_id=ceccae61-50d7-492c-b8ac-4108dacf3433 returned with HTTP 202
Jul 18 10:48:51.736240 dv-cinder-849498-1-iscsi devstack@c-api.service[118030]: [pid: 118030|app: 0|req: 187/374] 10.222.0.49 () {58 vars in 1457 bytes} [Mon Jul 18 10:48:51 2022] GET /volume/v3/2c774f4bbbca479a88039be4eefb22a7/qos-specs/fadf6de2-b052-4652-82ee-9bb1f5131b00/associate?vol_type_id=ceccae61-50d7-492c-b8ac-4108dacf3433 => generated 0 bytes in 161 msecs (HTTP/1.1 202) 6 headers in 233 bytes (1 switches on core 0)
Jul 18 10:48:51.741770 dv-cinder-849498-1-iscsi devstack@c-api.service[118029]: DEBUG cinder.api.middleware.request_id [None req-1322972a-e49f-489e-9f00-7d59a6133e06 None None] RequestId filter calling following filter/app {{(pid=118029) _context_setter /opt/stack/cinder/cinder/api/middleware/request_id.py:62}}
Jul 18 10:48:51.747358 dv-cinder-849498-1-iscsi devstack@c-api.service[118029]: INFO cinder.api.openstack.wsgi [None req-1322972a-e49f-489e-9f00-7d59a6133e06 tempest-QosSpecsTestJSON-575434332 tempest-QosSpecsTestJSON-575434332-project-admin] GET http://10.222.0.49/volume/v3/2c774f4bbbca479a88039be4eefb22a7/qos-specs/fadf6de2-b052-4652-82ee-9bb1f5131b00/associate?vol_type_id=fe7d36d4-86f5-4867-a2e0-45010602efda
Jul 18 10:48:51.747819 dv-cinder-849498-1-iscsi devstack@c-api.service[118029]: DEBUG cinder.api.openstack.wsgi [None req-1322972a-e49f-489e-9f00-7d59a6133e06 tempest-QosSpecsTestJSON-575434332 tempest-QosSpecsTestJSON-575434332-project-admin] Empty body provided in request {{(pid=118029) get_body /opt/stack/cinder/cinder/api/openstack/wsgi.py:715}}
Jul 18 10:48:51.748271 dv-cinder-849498-1-iscsi devstack@c-api.service[118029]: DEBUG cinder.api.openstack.wsgi [None req-1322972a-e49f-489e-9f00-7d59a6133e06 tempest-QosSpecsTestJSON-575434332 tempest-QosSpecsTestJSON-575434332-project-admin] Calling method 'associate' {{(pid=118029) _process_stack /opt/stack/cinder/cinder/api/openstack/wsgi.py:868}}
