Aug 24 15:33:14.419994 dv-cinder-849325-3-iscsi devstack@keystone.service[88218]: ERROR keystone.server.flask.application
File "/usr/local/lib/python3.8/dist-packages/flask_restful/__init__.py", line 582, in dispatch_request
Aug 24 15:33:14.419994 dv-cinder-849325-3-iscsi devstack@keystone.service[88218]: ERROR keystone.server.flask.application resp = meth(*args, **kwargs)
Aug 24 15:33:14.419994 dv-cinder-849325-3-iscsi devstack@keystone.service[88218]: ERROR keystone.server.flask.application
File "/opt/stack/keystone/keystone/api/roles.py", line 50, in get
Aug 24 15:33:14.419994 dv-cinder-849325-3-iscsi devstack@keystone.service[88218]: ERROR keystone.server.flask.application return self._get_role(role_id)
Aug 24 15:33:14.419994 dv-cinder-849325-3-iscsi devstack@keystone.service[88218]: ERROR keystone.server.flask.application
File "/opt/stack/keystone/keystone/api/roles.py", line 70, in _get_role
Aug 24 15:33:14.419994 dv-cinder-849325-3-iscsi devstack@keystone.service[88218]: ERROR keystone.server.flask.application ENFORCER.enforce_call(action='identity:get_role')
Aug 24 15:33:14.421012 dv-cinder-849325-3-iscsi devstack@keystone.service[88218]: ERROR keystone.server.flask.application
File "/opt/stack/keystone/keystone/common/rbac_enforcer/enforcer.py", line 402, in enforce_call
Aug 24 15:33:14.421012 dv-cinder-849325-3-iscsi devstack@keystone.service[88218]: ERROR keystone.server.flask.application policy_dict.update(cls._extract_member_target_data(
Aug 24 15:33:14.421012 dv-cinder-849325-3-iscsi devstack@keystone.service[88218]: ERROR keystone.server.flask.application
File "/opt/stack/keystone/keystone/common/rbac_enforcer/enforcer.py", line 234, in _extract_member_target_data
Aug 24 15:33:14.421012 dv-cinder-849325-3-iscsi devstack@keystone.service[88218]: ERROR keystone.server.flask.application member_name: func(flask.request.view_args[key])
Aug 24 15:33:14.421012 dv-cinder-849325-3-iscsi devstack@keystone.service[88218]: ERROR keystone.server.flask.application
File "/opt/stack/keystone/keystone/common/manager.py", line 115, in wrapped
Aug 24 15:33:14.421012 dv-cinder-849325-3-iscsi devstack@keystone.service[88218]: ERROR keystone.server.flask.application __ret_val = __f(*args, **kwargs)
Aug 24 15:33:14.421012 dv-cinder-849325-3-iscsi devstack@keystone.service[88218]: ERROR keystone.server.flask.application
File "/usr/local/lib/python3.8/dist-packages/decorator.py", line 232, in fun
Aug 24 15:33:14.421012 dv-cinder-849325-3-iscsi devstack@keystone.service[88218]: ERROR keystone.server.flask.application return caller(func, *(extras + args), **kw)
Aug 24 15:33:14.421012 dv-cinder-849325-3-iscsi devstack@keystone.service[88218]: ERROR keystone.server.flask.application
File "/usr/local/lib/python3.8/dist-packages/dogpile/cache/region.py", line 1577, in get_or_create_for_user_func
Aug 24 15:33:14.421012 dv-cinder-849325-3-iscsi devstack@keystone.service[88218]: ERROR keystone.server.flask.application return self.get_or_create(
Aug 24 15:33:14.421012 dv-cinder-849325-3-iscsi devstack@keystone.service[88218]: ERROR keystone.server.flask.application
File "/usr/local/lib/python3.8/dist-packages/dogpile/cache/region.py", line 1042, in get_or_create
Aug 24 15:33:14.421012 dv-cinder-849325-3-iscsi devstack@keystone.service[88218]: ERROR keystone.server.flask.application with Lock(
Aug 24 15:33:14.421012 dv-cinder-849325-3-iscsi devstack@keystone.service[88218]: ERROR keystone.server.flask.application
File "/usr/local/lib/python3.8/dist-packages/dogpile/lock.py", line 185, in __enter__
Aug 24 15:33:14.421012 dv-cinder-849325-3-iscsi devstack@keystone.service[88218]: ERROR keystone.server.flask.application return self._enter()
Aug 24 15:33:14.421012 dv-cinder-849325-3-iscsi devstack@keystone.service[88218]: ERROR keystone.server.flask.application
File "/usr/local/lib/python3.8/dist-packages/dogpile/lock.py", line 94, in _enter
Aug 24 15:33:14.421012 dv-cinder-849325-3-iscsi devstack@keystone.service[88218]: ERROR keystone.server.flask.application generated = self._enter_create(value, createdtime)
Aug 24 15:33:14.422401 dv-cinder-849325-3-iscsi devstack@keystone.service[88218]: ERROR keystone.server.flask.application
File "/usr/local/lib/python3.8/dist-packages/dogpile/lock.py", line 178, in _enter_create
Aug 24 15:33:14.422401 dv-cinder-849325-3-iscsi devstack@keystone.service[88218]: ERROR keystone.server.flask.application return self.creator()
Aug 24 15:33:14.422401 dv-cinder-849325-3-iscsi devstack@keystone.service[88218]: ERROR keystone.server.flask.application
File "/usr/local/lib/python3.8/dist-packages/dogpile/cache/region.py", line 995, in gen_value
Aug 24 15:33:14.422401 dv-cinder-849325-3-iscsi devstack@keystone.service[88218]: ERROR keystone.server.flask.application created_value = creator(
Aug 24 15:33:14.422401 dv-cinder-849325-3-iscsi devstack@keystone.service[88218]: ERROR keystone.server.flask.application
File "/opt/stack/keystone/keystone/assignment/core.py", line 1276, in get_role
Aug 24 15:33:14.422401 dv-cinder-849325-3-iscsi devstack@keystone.service[88218]: ERROR keystone.server.flask.application return self.driver.get_role(role_id)
Aug 24 15:33:14.422401 dv-cinder-849325-3-iscsi devstack@keystone.service[88218]: ERROR keystone.server.flask.application
File "/opt/stack/keystone/keystone/assignment/role_backends/sql.py", line 70, in get_role
Aug 24 15:33:14.422401 dv-cinder-849325-3-iscsi devstack@keystone.service[88218]: ERROR keystone.server.flask.application return self._get_role(session, role_id).to_dict()
Aug 24 15:33:14.422401 dv-cinder-849325-3-iscsi devstack@keystone.service[88218]: ERROR keystone.server.flask.application
File "/opt/stack/keystone/keystone/assignment/role_backends/sql.py", line 65, in _get_role
Aug 24 15:33:14.422401 dv-cinder-849325-3-iscsi devstack@keystone.service[88218]: ERROR keystone.server.flask.application raise exception.RoleNotFound(role_id=role_id)
Aug 24 15:33:14.422401 dv-cinder-849325-3-iscsi devstack@keystone.service[88218]: ERROR keystone.server.flask.application keystone.exception.RoleNotFound: Could not find role: anotherrole.
Aug 24 15:33:14.422401 dv-cinder-849325-3-iscsi devstack@keystone.service[88218]: ERROR keystone.server.flask.application
Aug 24 15:33:14.431709 dv-cinder-849325-3-iscsi devstack@keystone.service[88218]: [pid: 88218|app: 0|req: 123/259] 10.222.0.102 () {56 vars in 1119 bytes} [Wed Aug 24 15:33:14 2022] GET /identity/v3/roles/anotherrole => generated 89 bytes in 324 msecs (HTTP/1.1 404) 5 headers in 183 bytes (1 switches on core 0)
Aug 24 15:33:14.433024 dv-cinder-849325-3-iscsi devstack@keystone.service[88218]: DEBUG keystone.server.flask.request_processing.middleware.auth_context [None req-d9953d38-bb20-42a6-97a4-7152055114e9 None admin] Authenticating user token {{(pid=88218) process_request /usr/local/lib/python3.8/dist-packages/keystonemiddleware/auth_token/__init__.py:407}}
Aug 24 15:33:14.556476 dv-cinder-849325-3-iscsi devstack@keystone.service[88218]: DEBUG dbcounter [-] [88218] Writing DB stats keystone:SELECT=100 {{(pid=88218) stat_writer /usr/local/lib/python3.8/dist-packages/dbcounter.py:114}}
Aug 24 15:33:14.580042 dv-cinder-849325-3-iscsi devstack@keystone.service[88217]: DEBUG dbcounter [-] [88217] Writing DB stats keystone:SELECT=100 {{(pid=88217) stat_writer /usr/local/lib/python3.8/dist-packages/dbcounter.py:114}}
Aug 24 15:33:14.600854 dv-cinder-849325-3-iscsi devstack@keystone.service[88218]: DEBUG keystone.server.flask.request_processing.middleware.auth_context [None req-d9953d38-bb20-42a6-97a4-7152055114e9 None admin] Validating token access rules against request {{(pid=88218) validate_allowed_request /usr/local/lib/python3.8/dist-packages/keystonemiddleware/auth_token/__init__.py:545}}
Aug 24 15:33:14.636252 dv-cinder-849325-3-iscsi devstack@keystone.service[88217]: [pid: 88217|app: 0|req: 137/260] 10.222.0.102 () {58 vars in 1287 bytes} [Wed Aug 24 15:33:14 2022] GET /identity/v3/auth/tokens => generated 800 bytes in 608 msecs (HTTP/1.1 200) 6 headers in 358 bytes (1 switches on core 0)
Aug 24 15:33:14.637054 dv-cinder-849325-3-iscsi devstack@keystone.service[88217]: DEBUG keystone.server.flask.request_processing.middleware.auth_context [None req-b9a110d1-630a-45c7-9447-82c2f6967e81 None admin] Authenticating user token {{(pid=88217) process_request /usr/local/lib/python3.8/dist-packages/keystonemiddleware/auth_token/__init__.py:407}}
Aug 24 15:33:14.668516 dv-cinder-849325-3-iscsi devstack@keystone.service[88218]: DEBUG keystone.server.flask.request_processing.middleware.auth_context [None req-d73a83ff-dc36-4dfa-b4a9-23aaf6c33b9e None admin] RBAC: auth_context: {'token': , 'domain_id': None, 'trust_id': None, 'trustor_id': None, 'trustee_id': None, 'domain_name': None, 'group_ids': [], 'user_id': '3eb7904f17244b85baf19c438c53917f', 'user_domain_id': 'default', 'system_scope': 'all', 'project_id': None, 'project_domain_id': None, 'roles': ['admin', 'member', 'reader'], 'is_admin_project': True, 'service_user_id': None, 'service_user_domain_id': None, 'service_project_id': None, 'service_project_domain_id': None, 'service_roles': []} {{(pid=88218) fill_context /opt/stack/keystone/keystone/server/flask/request_processing/middleware/auth_context.py:478}}
Aug 24 15:33:14.669159 dv-cinder-849325-3-iscsi devstack@keystone.service[88218]: DEBUG keystone.server.flask.request_processing.req_logging [None req-d73a83ff-dc36-4dfa-b4a9-23aaf6c33b9e None admin] REQUEST_METHOD: `GET` {{(pid=88218) log_request_info /opt/stack/keystone/keystone/server/flask/request_processing/req_logging.py:27}}
Aug 24 15:33:14.669441 dv-cinder-849325-3-iscsi devstack@keystone.service[88218]: DEBUG keystone.server.flask.request_processing.req_logging [None req-d73a83ff-dc36-4dfa-b4a9-23aaf6c33b9e None admin] SCRIPT_NAME: `/identity` {{(pid=88218) log_request_info /opt/stack/keystone/keystone/server/flask/request_processing/req_logging.py:28}}
Aug 24 15:33:14.669710 dv-cinder-849325-3-iscsi devstack@keystone.service[88218]: DEBUG keystone.server.flask.request_processing.req_logging [None req-d73a83ff-dc36-4dfa-b4a9-23aaf6c33b9e None admin] PATH_INFO: `/v3/projects/86a6b464bc2d4f72895f92c759e26a36` {{(pid=88218) log_request_info /opt/stack/keystone/keystone/server/flask/request_processing/req_logging.py:29}}
Aug 24 15:33:14.672540 dv-cinder-849325-3-iscsi devstack@keystone.service[88218]: DEBUG keystone.common.rbac_enforcer.enforcer [None req-d73a83ff-dc36-4dfa-b4a9-23aaf6c33b9e None admin] RBAC: Authorizing `identity:get_project(project_id=86a6b464bc2d4f72895f92c759e26a36)` {{(pid=88218) enforce_call /opt/stack/keystone/keystone/common/rbac_enforcer/enforcer.py:449}}
Aug 24 15:33:14.674973 dv-cinder-849325-3-iscsi devstack@keystone.service[88218]: DEBUG keystone.common.rbac_enforcer.enforcer [None req-d73a83ff-dc36-4dfa-b4a9-23aaf6c33b9e None admin] RBAC: Authorization granted {{(pid=88218) enforce_call /opt/stack/keystone/keystone/common/rbac_enforcer/enforcer.py:457}}
Aug 24 15:33:14.676714 dv-cinder-849325-3-iscsi devstack@keystone.service[88218]: [pid: 88218|app: 0|req: 124/261] 10.222.0.102 () {56 vars in 1191 bytes} [Wed Aug 24 15:33:14 2022] GET /identity/v3/projects/86a6b464bc2d4f72895f92c759e26a36 => generated 303 bytes in 244 msecs (HTTP/1.1 200) 5 headers in 177 bytes (1 switches on core 0)
Aug 24 15:33:14.677487 dv-cinder-849325-3-iscsi devstack@keystone.service[88218]: DEBUG keystone.server.flask.request_processing.middleware.auth_context [None req-d73a83ff-dc36-4dfa-b4a9-23aaf6c33b9e None admin] Authenticating user token {{(pid=88218) process_request /usr/local/lib/python3.8/dist-packages/keystonemiddleware/auth_token/__init__.py:407}}
Aug 24 15:33:14.809679 dv-cinder-849325-3-iscsi devstack@keystone.service[88217]: DEBUG keystone.server.flask.request_processing.middleware.auth_context [None req-b9a110d1-630a-45c7-9447-82c2f6967e81 None admin] Validating token access rules against request {{(pid=88217) validate_allowed_request /usr/local/lib/python3.8/dist-packages/keystonemiddleware/auth_token/__init__.py:545}}
Aug 24 15:33:14.887017 dv-cinder-849325-3-iscsi devstack@keystone.service[88217]: DEBUG keystone.server.flask.request_processing.middleware.auth_context [None req-2c974843-1c59-4552-8193-2e81519d1a2b None admin] RBAC: auth_context: {'token': , 'domain_id': None, 'trust_id': None, 'trustor_id': None, 'trustee_id': None, 'domain_name': None, 'group_ids': [], 'user_id': '3eb7904f17244b85baf19c438c53917f', 'user_domain_id': 'default', 'system_scope': 'all', 'project_id': None, 'project_domain_id': None, 'roles': ['admin', 'member', 'reader'], 'is_admin_project': True, 'service_user_id': None, 'service_user_domain_id': None, 'service_project_id': None, 'service_project_domain_id': None, 'service_roles': []} {{(pid=88217) fill_context /opt/stack/keystone/keystone/server/flask/request_processing/middleware/auth_context.py:478}}
Aug 24 15:33:14.887568 dv-cinder-849325-3-iscsi devstack@keystone.service[88217]: DEBUG keystone.server.flask.request_processing.req_logging [None req-2c974843-1c59-4552-8193-2e81519d1a2b None admin] REQUEST_METHOD: `GET` {{(pid=88217) log_request_info /opt/stack/keystone/keystone/server/flask/request_processing/req_logging.py:27}}
Aug 24 15:33:14.887873 dv-cinder-849325-3-iscsi devstack@keystone.service[88217]: DEBUG keystone.server.flask.request_processing.req_logging [None req-2c974843-1c59-4552-8193-2e81519d1a2b None admin] SCRIPT_NAME: `/identity` {{(pid=88217) log_request_info /opt/stack/keystone/keystone/server/flask/request_processing/req_logging.py:28}}
Aug 24 15:33:14.888151 dv-cinder-849325-3-iscsi devstack@keystone.service[88217]: DEBUG keystone.server.flask.request_processing.req_logging [None req-2c974843-1c59-4552-8193-2e81519d1a2b None admin] PATH_INFO: `/v3/roles` {{(pid=88217) log_request_info /opt/stack/keystone/keystone/server/flask/request_processing/req_logging.py:29}}
Aug 24 15:33:14.888835 dv-cinder-849325-3-iscsi devstack@keystone.service[88217]: DEBUG keystone.common.rbac_enforcer.enforcer [None req-2c974843-1c59-4552-8193-2e81519d1a2b None admin] RBAC: Adding query filter params (name=anotherrole) {{(pid=88217) _extract_filter_values /opt/stack/keystone/keystone/common/rbac_enforcer/enforcer.py:167}}
Aug 24 15:33:14.889140 dv-cinder-849325-3-iscsi devstack@keystone.service[88217]: DEBUG keystone.common.rbac_enforcer.enforcer [None req-2c974843-1c59-4552-8193-2e81519d1a2b None admin] RBAC: Authorizing `identity:list_roles()` {{(pid=88217) enforce_call /opt/stack/keystone/keystone/common/rbac_enforcer/enforcer.py:449}}
Aug 24 15:33:14.892782 dv-cinder-849325-3-iscsi devstack@keystone.service[88217]: DEBUG keystone.common.rbac_enforcer.enforcer [None req-2c974843-1c59-4552-8193-2e81519d1a2b None admin] RBAC: Authorization granted {{(pid=88217) enforce_call /opt/stack/keystone/keystone/common/rbac_enforcer/enforcer.py:457}}
Aug 24 15:33:14.898641 dv-cinder-849325-3-iscsi devstack@keystone.service[88218]: DEBUG keystone.server.flask.request_processing.middleware.auth_context [None req-d73a83ff-dc36-4dfa-b4a9-23aaf6c33b9e None admin] Validating token access rules against request {{(pid=88218) validate_allowed_request /usr/local/lib/python3.8/dist-packages/keystonemiddleware/auth_token/__init__.py:545}}
Aug 24 15:33:14.910836 dv-cinder-849325-3-iscsi devstack@keystone.service[88217]: [pid: 88217|app: 0|req: 138/262] 10.222.0.102 () {56 vars in 1116 bytes} [Wed Aug 24 15:33:14 2022] GET /identity/v3/roles?name=anotherrole => generated 336 bytes in 274 msecs (HTTP/1.1 200) 5 headers in 177 bytes (1 switches on core 0)
Aug 24 15:33:14.911676 dv-cinder-849325-3-iscsi devstack@keystone.service[88217]: DEBUG keystone.server.flask.request_processing.middleware.auth_context [None req-2c974843-1c59-4552-8193-2e81519d1a2b None admin] Authenticating user token {{(pid=88217) process_request /usr/local/lib/python3.8/dist-packages/keystonemiddleware/auth_token/__init__.py:407}}
Aug 24 15:33:14.944921 dv-cinder-849325-3-iscsi devstack@keystone.service[88218]: DEBUG keystone.server.flask.request_processing.middleware.auth_context [None req-2f0b8b61-a5e8-47f4-ba29-0ccb51f4c553 None admin] RBAC: auth_context: {'token': , 'domain_id': None, 'trust_id': None, 'trustor_id': None, 'trustee_id': None, 'domain_name': None, 'group_ids': [], 'user_id': '3eb7904f17244b85baf19c438c53917f', 'user_domain_id': 'default', 'system_scope': 'all', 'project_id': None, 'project_domain_id': None, 'roles': ['admin', 'member', 'reader'], 'is_admin_project': True, 'service_user_id': None, 'service_user_domain_id': None, 'service_project_id': None, 'service_project_domain_id': None, 'service_roles': []} {{(pid=88218) fill_context /opt/stack/keystone/keystone/server/flask/request_processing/middleware/auth_context.py:478}}
Aug 24 15:33:14.945565 dv-cinder-849325-3-iscsi devstack@keystone.service[88218]: DEBUG keystone.server.flask.request_processing.req_logging [None req-2f0b8b61-a5e8-47f4-ba29-0ccb51f4c553 None admin] REQUEST_METHOD: `GET` {{(pid=88218) log_request_info /opt/stack/keystone/keystone/server/flask/request_processing/req_logging.py:27}}
Aug 24 15:33:14.945848 dv-cinder-849325-3-iscsi devstack@keystone.service[88218]: DEBUG keystone.server.flask.request_processing.req_logging [None req-2f0b8b61-a5e8-47f4-ba29-0ccb51f4c553 None admin] SCRIPT_NAME: `/identity` {{(pid=88218) log_request_info /opt/stack/keystone/keystone/server/flask/request_processing/req_logging.py:28}}
Aug 24 15:33:14.946123 dv-cinder-849325-3-iscsi devstack@keystone.service[88218]: DEBUG keystone.server.flask.request_processing.req_logging [None req-2f0b8b61-a5e8-47f4-ba29-0ccb51f4c553 None admin] PATH_INFO: `/v3/projects/86a6b464bc2d4f72895f92c759e26a36` {{(pid=88218) log_request_info /opt/stack/keystone/keystone/server/flask/request_processing/req_logging.py:29}}
Aug 24 15:33:14.947756 dv-cinder-849325-3-iscsi devstack@keystone.service[88218]: DEBUG keystone.common.rbac_enforcer.enforcer [None req-2f0b8b61-a5e8-47f4-ba29-0ccb51f4c553 None admin] RBAC: Authorizing `identity:get_project(project_id=86a6b464bc2d4f72895f92c759e26a36)` {{(pid=88218) enforce_call /opt/stack/keystone/keystone/common/rbac_enforcer/enforcer.py:449}}
Aug 24 15:33:14.949485 dv-cinder-849325-3-iscsi devstack@keystone.service[88218]: DEBUG keystone.common.rbac_enforcer.enforcer [None req-2f0b8b61-a5e8-47f4-ba29-0ccb51f4c553 None admin] RBAC: Authorization granted {{(pid=88218) enforce_call /opt/stack/keystone/keystone/common/rbac_enforcer/enforcer.py:457}}
Aug 24 15:33:14.951952 dv-cinder-849325-3-iscsi devstack@keystone.service[88218]: [pid: 88218|app: 0|req: 125/263] 10.222.0.102 () {56 vars in 1191 bytes} [Wed Aug 24 15:33:14 2022] GET /identity/v3/projects/86a6b464bc2d4f72895f92c759e26a36 => generated 303 bytes in 274 msecs (HTTP/1.1 200) 5 headers in 177 bytes (1 switches on core 0)
Aug 24 15:33:14.953528 dv-cinder-849325-3-iscsi devstack@keystone.service[88218]: DEBUG keystone.server.flask.request_processing.middleware.auth_context [None req-2f0b8b61-a5e8-47f4-ba29-0ccb51f4c553 None admin] Authenticating user token {{(pid=88218) process_request /usr/local/lib/python3.8/dist-packages/keystonemiddleware/auth_token/__init__.py:407}}
Aug 24 15:33:14.963769 dv-cinder-849325-3-iscsi devstack@keystone.service[88218]: DEBUG dbcounter [-] [88218] Writing DB stats keystone:SELECT=100 {{(pid=88218) stat_writer /usr/local/lib/python3.8/dist-packages/dbcounter.py:114}}
Aug 24 15:33:14.995159 dv-cinder-849325-3-iscsi devstack@keystone.service[88217]: DEBUG dbcounter [-] [88217] Writing DB stats keystone:SELECT=100 {{(pid=88217) stat_writer /usr/local/lib/python3.8/dist-packages/dbcounter.py:114}}
Aug 24 15:33:15.093801 dv-cinder-849325-3-iscsi devstack@keystone.service[88217]: DEBUG keystone.server.flask.request_processing.middleware.auth_context [None req-2c974843-1c59-4552-8193-2e81519d1a2b None admin] Validating token access rules against request {{(pid=88217) validate_allowed_request /usr/local/lib/python3.8/dist-packages/keystonemiddleware/auth_token/__init__.py:545}}
Aug 24 15:33:15.127590 dv-cinder-849325-3-iscsi devstack@keystone.service[88218]: DEBUG keystone.server.flask.request_processing.middleware.auth_context [None req-2f0b8b61-a5e8-47f4-ba29-0ccb51f4c553 None admin] Validating token access rules against request {{(pid=88218) validate_allowed_request /usr/local/lib/python3.8/dist-packages/keystonemiddleware/auth_token/__init__.py:545}}
Aug 24 15:33:15.138604 dv-cinder-849325-3-iscsi devstack@keystone.service[88217]: DEBUG keystone.server.flask.request_processing.middleware.auth_context [None req-10ed6a4c-9d15-4972-9dc2-d3b2eee07a3c None admin] RBAC: auth_context: {'token': , 'domain_id': None, 'trust_id': None, 'trustor_id': None, 'trustee_id': None, 'domain_name': None, 'group_ids': [], 'user_id': '3eb7904f17244b85baf19c438c53917f', 'user_domain_id': 'default', 'system_scope': 'all', 'project_id': None, 'project_domain_id': None, 'roles': ['admin', 'member', 'reader'], 'is_admin_project': True, 'service_user_id': None, 'service_user_domain_id': None, 'service_project_id': None, 'service_project_domain_id': None, 'service_roles': []} {{(pid=88217) fill_context /opt/stack/keystone/keystone/server/flask/request_processing/middleware/auth_context.py:478}}
Aug 24 15:33:15.139547 dv-cinder-849325-3-iscsi devstack@keystone.service[88217]: DEBUG keystone.server.flask.request_processing.req_logging [None req-10ed6a4c-9d15-4972-9dc2-d3b2eee07a3c None admin] REQUEST_METHOD: `PUT` {{(pid=88217) log_request_info /opt/stack/keystone/keystone/server/flask/request_processing/req_logging.py:27}}
Aug 24 15:33:15.140534 dv-cinder-849325-3-iscsi devstack@keystone.service[88217]: DEBUG keystone.server.flask.request_processing.req_logging [None req-10ed6a4c-9d15-4972-9dc2-d3b2eee07a3c None admin] SCRIPT_NAME: `/identity` {{(pid=88217) log_request_info /opt/stack/keystone/keystone/server/flask/request_processing/req_logging.py:28}}
Aug 24 15:33:15.140821 dv-cinder-849325-3-iscsi devstack@keystone.service[88217]: DEBUG keystone.server.flask.request_processing.req_logging [None req-10ed6a4c-9d15-4972-9dc2-d3b2eee07a3c None admin] PATH_INFO: `/v3/projects/86a6b464bc2d4f72895f92c759e26a36/users/e2cad07e3619484885c0890917feeea4/roles/b5d2ed3e20ab47eeb741b4f43ab2eebb` {{(pid=88217) log_request_info /opt/stack/keystone/keystone/server/flask/request_processing/req_logging.py:29}}
Aug 24 15:33:15.142804 dv-cinder-849325-3-iscsi devstack@keystone.service[88217]: DEBUG keystone.common.rbac_enforcer.enforcer [None req-10ed6a4c-9d15-4972-9dc2-d3b2eee07a3c None admin] RBAC: Authorizing `identity:create_grant(project_id=86a6b464bc2d4f72895f92c759e26a36, user_id=e2cad07e3619484885c0890917feeea4, role_id=b5d2ed3e20ab47eeb741b4f43ab2eebb)` {{(pid=88217) enforce_call /opt/stack/keystone/keystone/common/rbac_enforcer/enforcer.py:449}}
Aug 24 15:33:15.144384 dv-cinder-849325-3-iscsi devstack@keystone.service[88217]: DEBUG keystone.common.rbac_enforcer.enforcer [None req-10ed6a4c-9d15-4972-9dc2-d3b2eee07a3c None admin] RBAC: Authorization granted {{(pid=88217) enforce_call /opt/stack/keystone/keystone/common/rbac_enforcer/enforcer.py:457}}
Aug 24 15:33:15.159464 dv-cinder-849325-3-iscsi devstack@keystone.service[88217]: [pid: 88217|app: 0|req: 139/264] 10.222.0.102 () {58 vars in 1444 bytes} [Wed Aug 24 15:33:14 2022] PUT /identity/v3/projects/86a6b464bc2d4f72895f92c759e26a36/users/e2cad07e3619484885c0890917feeea4/roles/b5d2ed3e20ab47eeb741b4f43ab2eebb => generated 0 bytes in 248 msecs (HTTP/1.1 204) 3 headers in 132 bytes (0 switches on core 0)
Aug 24 15:33:15.160559 dv-cinder-849325-3-iscsi devstack@keystone.service[88217]: DEBUG keystone.server.flask.request_processing.middleware.auth_context [None req-10ed6a4c-9d15-4972-9dc2-d3b2eee07a3c None admin] Authenticating user token {{(pid=88217) process_request /usr/local/lib/python3.8/dist-packages/keystonemiddleware/auth_token/__init__.py:407}}
Aug 24 15:33:15.177297 dv-cinder-849325-3-iscsi devstack@keystone.service[88218]: DEBUG keystone.server.flask.request_processing.middleware.auth_context [None req-15da3111-8fa4-4ac4-81f0-fa830a34c355 None admin] RBAC: auth_context: {'token': , 'domain_id': None, 'trust_id': None, 'trustor_id': None, 'trustee_id': None, 'domain_name': None, 'group_ids': [], 'user_id': '3eb7904f17244b85baf19c438c53917f', 'user_domain_id': 'default', 'system_scope': 'all', 'project_id': None, 'project_domain_id': None, 'roles': ['admin', 'member', 'reader'], 'is_admin_project': True, 'service_user_id': None, 'service_user_domain_id': None, 'service_project_id': None, 'service_project_domain_id': None, 'service_roles': []} {{(pid=88218) fill_context /opt/stack/keystone/keystone/server/flask/request_processing/middleware/auth_context.py:478}}
Aug 24 15:33:15.178898 dv-cinder-849325-3-iscsi devstack@keystone.service[88218]: DEBUG keystone.server.flask.request_processing.req_logging [None req-15da3111-8fa4-4ac4-81f0-fa830a34c355 None admin] REQUEST_METHOD: `GET` {{(pid=88218) log_request_info /opt/stack/keystone/keystone/server/flask/request_processing/req_logging.py:27}}
Aug 24 15:33:15.179508 dv-cinder-849325-3-iscsi devstack@keystone.service[88218]: DEBUG keystone.server.flask.request_processing.req_logging [None req-15da3111-8fa4-4ac4-81f0-fa830a34c355 None admin] SCRIPT_NAME: `/identity` {{(pid=88218) log_request_info /opt/stack/keystone/keystone/server/flask/request_processing/req_logging.py:28}}
Aug 24 15:33:15.180132 dv-cinder-849325-3-iscsi devstack@keystone.service[88218]: DEBUG keystone.server.flask.request_processing.req_logging [None req-15da3111-8fa4-4ac4-81f0-fa830a34c355 None admin] PATH_INFO: `/v3/users/bb05bf01d9d24a5296517f8bde87462b` {{(pid=88218) log_request_info /opt/stack/keystone/keystone/server/flask/request_processing/req_logging.py:29}}
Aug 24 15:33:15.182039 dv-cinder-849325-3-iscsi devstack@keystone.service[88218]: DEBUG keystone.common.rbac_enforcer.enforcer [None req-15da3111-8fa4-4ac4-81f0-fa830a34c355 None admin] RBAC: Authorizing `identity:get_user(user_id=bb05bf01d9d24a5296517f8bde87462b)` {{(pid=88218) enforce_call /opt/stack/keystone/keystone/common/rbac_enforcer/enforcer.py:449}}
Aug 24 15:33:15.184797 dv-cinder-849325-3-iscsi devstack@keystone.service[88218]: DEBUG keystone.common.rbac_enforcer.enforcer [None req-15da3111-8fa4-4ac4-81f0-fa830a34c355 None admin] RBAC: Authorization granted {{(pid=88218) enforce_call /opt/stack/keystone/keystone/common/rbac_enforcer/enforcer.py:457}}
Aug 24 15:33:15.193048 dv-cinder-849325-3-iscsi devstack@keystone.service[88218]: [pid: 88218|app: 0|req: 126/265] 10.222.0.102 () {56 vars in 1182 bytes} [Wed Aug 24 15:33:14 2022] GET /identity/v3/users/bb05bf01d9d24a5296517f8bde87462b => generated 284 bytes in 239 msecs (HTTP/1.1 200) 5 headers in 177 bytes (1 switches on core 0)
Aug 24 15:33:15.193548 dv-cinder-849325-3-iscsi devstack@keystone.service[88218]: DEBUG keystone.server.flask.request_processing.req_logging [None req-7bae7b2d-b82b-4475-bd8b-fbcb8ec7112a None None] REQUEST_METHOD: `GET` {{(pid=88218) log_request_info /opt/stack/keystone/keystone/server/flask/request_processing/req_logging.py:27}}
Aug 24 15:33:15.197435 dv-cinder-849325-3-iscsi devstack@keystone.service[88218]: DEBUG keystone.server.flask.request_processing.req_logging [None req-7bae7b2d-b82b-4475-bd8b-fbcb8ec7112a None None] SCRIPT_NAME: `/identity` {{(pid=88218) log_request_info /opt/stack/keystone/keystone/server/flask/request_processing/req_logging.py:28}}
Aug 24 15:33:15.198033 dv-cinder-849325-3-iscsi devstack@keystone.service[88218]: DEBUG keystone.server.flask.request_processing.req_logging [None req-7bae7b2d-b82b-4475-bd8b-fbcb8ec7112a None None] PATH_INFO: `/` {{(pid=88218) log_request_info /opt/stack/keystone/keystone/server/flask/request_processing/req_logging.py:29}}
Aug 24 15:33:15.200238 dv-cinder-849325-3-iscsi devstack@keystone.service[88218]: [pid: 88218|app: 0|req: 127/266] 10.222.0.102 () {54 vars in 932 bytes} [Wed Aug 24 15:33:15 2022] GET /identity => generated 271 bytes in 8 msecs (HTTP/1.1 300) 6 headers in 235 bytes (1 switches on core 0)
Aug 24 15:33:15.201732 dv-cinder-849325-3-iscsi devstack@keystone.service[88218]: DEBUG keystone.server.flask.request_processing.req_logging [None req-5e7ff4a1-3fdc-4269-baeb-fd6b64a9ab80 None None] REQUEST_METHOD: `GET` {{(pid=88218) log_request_info /opt/stack/keystone/keystone/server/flask/request_processing/req_logging.py:27}}
Aug 24 15:33:15.202851 dv-cinder-849325-3-iscsi devstack@keystone.service[88218]: DEBUG keystone.server.flask.request_processing.req_logging [None req-5e7ff4a1-3fdc-4269-baeb-fd6b64a9ab80 None None] SCRIPT_NAME: `/identity` {{(pid=88218) log_request_info /opt/stack/keystone/keystone/server/flask/request_processing/req_logging.py:28}}
Aug 24 15:33:15.203257 dv-cinder-849325-3-iscsi devstack@keystone.service[88218]: DEBUG keystone.server.flask.request_processing.req_logging [None req-5e7ff4a1-3fdc-4269-baeb-fd6b64a9ab80 None None] PATH_INFO: `/` {{(pid=88218) log_request_info /opt/stack/keystone/keystone/server/flask/request_processing/req_logging.py:29}}
Aug 24 15:33:15.209642 dv-cinder-849325-3-iscsi devstack@keystone.service[88218]: [pid: 88218|app: 0|req: 128/267] 10.222.0.102 () {54 vars in 932 bytes} [Wed Aug 24 15:33:15 2022] GET /identity => generated 271 bytes in 8 msecs (HTTP/1.1 300) 6 headers in 235 bytes (1 switches on core 0)
Aug 24 15:33:15.210943 dv-cinder-849325-3-iscsi devstack@keystone.service[88218]: DEBUG keystone.server.flask.request_processing.middleware.auth_context [None req-5e7ff4a1-3fdc-4269-baeb-fd6b64a9ab80 None None] Authenticating user token {{(pid=88218) process_request /usr/local/lib/python3.8/dist-packages/keystonemiddleware/auth_token/__init__.py:407}}
Aug 24 15:33:15.315757 dv-cinder-849325-3-iscsi devstack@keystone.service[88218]: DEBUG dbcounter [-] [88218] Writing DB stats keystone:SELECT=100 {{(pid=88218) stat_writer /usr/local/lib/python3.8/dist-packages/dbcounter.py:114}}
Aug 24 15:33:15.320274 dv-cinder-849325-3-iscsi devstack@keystone.service[88217]: DEBUG dbcounter [-] [88217] Writing DB stats keystone:SELECT=99,keystone:INSERT=1 {{(pid=88217) stat_writer /usr/local/lib/python3.8/dist-packages/dbcounter.py:114}}
Aug 24 15:33:15.332119 dv-cinder-849325-3-iscsi devstack@keystone.service[88217]: DEBUG keystone.server.flask.request_processing.middleware.auth_context [None req-10ed6a4c-9d15-4972-9dc2-d3b2eee07a3c None admin] Validating token access rules against request {{(pid=88217) validate_allowed_request /usr/local/lib/python3.8/dist-packages/keystonemiddleware/auth_token/__init__.py:545}}
Aug 24 15:33:15.350709 dv-cinder-849325-3-iscsi devstack@keystone.service[88218]: DEBUG keystone.server.flask.request_processing.middleware.auth_context [None req-5e7ff4a1-3fdc-4269-baeb-fd6b64a9ab80 None None] Validating token access rules against request {{(pid=88218) validate_allowed_request /usr/local/lib/python3.8/dist-packages/keystonemiddleware/auth_token/__init__.py:545}}
Aug 24 15:33:15.378967 dv-cinder-849325-3-iscsi devstack@keystone.service[88217]: DEBUG keystone.server.flask.request_processing.middleware.auth_context [None req-8feb9b6f-d5ab-4dd1-8554-d6c53eb26ae7 None admin] RBAC: auth_context: {'token': , 'domain_id': None, 'trust_id': None, 'trustor_id': None, 'trustee_id': None, 'domain_name': None, 'group_ids': [], 'user_id': '3eb7904f17244b85baf19c438c53917f', 'user_domain_id': 'default', 'system_scope': 'all', 'project_id': None, 'project_domain_id': None, 'roles': ['admin', 'member', 'reader'], 'is_admin_project': True, 'service_user_id': None, 'service_user_domain_id': None, 'service_project_id': None, 'service_project_domain_id': None, 'service_roles': []} {{(pid=88217) fill_context /opt/stack/keystone/keystone/server/flask/request_processing/middleware/auth_context.py:478}}
Aug 24 15:33:15.379605 dv-cinder-849325-3-iscsi devstack@keystone.service[88217]: DEBUG keystone.server.flask.request_processing.req_logging [None req-8feb9b6f-d5ab-4dd1-8554-d6c53eb26ae7 None admin] REQUEST_METHOD: `GET` {{(pid=88217) log_request_info /opt/stack/keystone/keystone/server/flask/request_processing/req_logging.py:27}}
Aug 24 15:33:15.379976 dv-cinder-849325-3-iscsi devstack@keystone.service[88217]: DEBUG keystone.server.flask.request_processing.req_logging [None req-8feb9b6f-d5ab-4dd1-8554-d6c53eb26ae7 None admin] SCRIPT_NAME: `/identity` {{(pid=88217) log_request_info /opt/stack/keystone/keystone/server/flask/request_processing/req_logging.py:28}}
Aug 24 15:33:15.380255 dv-cinder-849325-3-iscsi devstack@keystone.service[88217]: DEBUG keystone.server.flask.request_processing.req_logging [None req-8feb9b6f-d5ab-4dd1-8554-d6c53eb26ae7 None admin] PATH_INFO: `/v3/role_assignments` {{(pid=88217) log_request_info /opt/stack/keystone/keystone/server/flask/request_processing/req_logging.py:29}}
Aug 24 15:33:15.381191 dv-cinder-849325-3-iscsi devstack@keystone.service[88217]: DEBUG keystone.common.rbac_enforcer.enforcer [None req-8feb9b6f-d5ab-4dd1-8554-d6c53eb26ae7 None admin] RBAC: Adding query filter params (role.id=4d8fbbaea81a4145b89af12350bb067c, scope.project.id=86a6b464bc2d4f72895f92c759e26a36, user.id=bb05bf01d9d24a5296517f8bde87462b) {{(pid=88217) _extract_filter_values /opt/stack/keystone/keystone/common/rbac_enforcer/enforcer.py:167}}
Aug 24 15:33:15.381520 dv-cinder-849325-3-iscsi devstack@keystone.service[88217]: DEBUG keystone.common.rbac_enforcer.enforcer [None req-8feb9b6f-d5ab-4dd1-8554-d6c53eb26ae7 None admin] RBAC: Authorizing `identity:list_role_assignments()` {{(pid=88217) enforce_call /opt/stack/keystone/keystone/common/rbac_enforcer/enforcer.py:449}}
Aug 24 15:33:15.383279 dv-cinder-849325-3-iscsi devstack@keystone.service[88217]: DEBUG keystone.common.rbac_enforcer.enforcer [None req-8feb9b6f-d5ab-4dd1-8554-d6c53eb26ae7 None admin] RBAC: Authorization granted {{(pid=88217) enforce_call /opt/stack/keystone/keystone/common/rbac_enforcer/enforcer.py:457}}
Aug 24 15:33:15.393798 dv-cinder-849325-3-iscsi devstack@keystone.service[88217]: [pid: 88217|app: 0|req: 140/268] 10.222.0.102 () {56 vars in 1379 bytes} [Wed Aug 24 15:33:15 2022] GET /identity/v3/role_assignments?user.id=bb05bf01d9d24a5296517f8bde87462b&scope.project.id=86a6b464bc2d4f72895f92c759e26a36&role.id=4d8fbbaea81a4145b89af12350bb067c => generated 610 bytes in 234 msecs (HTTP/1.1 200) 5 headers in 177 bytes (1 switches on core 0)
Aug 24 15:33:15.395373 dv-cinder-849325-3-iscsi devstack@keystone.service[88217]: DEBUG keystone.server.flask.request_processing.req_logging [None req-cbcf5e92-4ec0-43a5-b265-d27cb2dcb676 None None] REQUEST_METHOD: `POST` {{(pid=88217) log_request_info /opt/stack/keystone/keystone/server/flask/request_processing/req_logging.py:27}}
Aug 24 15:33:15.399774 dv-cinder-849325-3-iscsi devstack@keystone.service[88217]: DEBUG keystone.server.flask.request_processing.req_logging [None req-cbcf5e92-4ec0-43a5-b265-d27cb2dcb676 None None] SCRIPT_NAME: `/identity` {{(pid=88217) log_request_info /opt/stack/keystone/keystone/server/flask/request_processing/req_logging.py:28}}
Aug 24 15:33:15.400915 dv-cinder-849325-3-iscsi devstack@keystone.service[88218]: DEBUG keystone.server.flask.request_processing.middleware.auth_context [None req-261e4df7-9e98-457c-a53d-b2a908be8cb8 None admin] RBAC: auth_context: {'token': , 'domain_id': None, 'trust_id': None, 'trustor_id': None, 'trustee_id': None, 'domain_name': None, 'group_ids': [], 'user_id': '3eb7904f17244b85baf19c438c53917f', 'user_domain_id': 'default', 'system_scope': 'all', 'project_id': None, 'project_domain_id': None, 'roles': ['admin', 'member', 'reader'], 'is_admin_project': True, 'service_user_id': None, 'service_user_domain_id': None, 'service_project_id': None, 'service_project_domain_id': None, 'service_roles': []} {{(pid=88218) fill_context /opt/stack/keystone/keystone/server/flask/request_processing/middleware/auth_context.py:478}}
Aug 24 15:33:15.401512 dv-cinder-849325-3-iscsi devstack@keystone.service[88217]: DEBUG keystone.server.flask.request_processing.req_logging [None req-cbcf5e92-4ec0-43a5-b265-d27cb2dcb676 None None] PATH_INFO: `/v3/auth/tokens` {{(pid=88217) log_request_info /opt/stack/keystone/keystone/server/flask/request_processing/req_logging.py:29}}
Aug 24 15:33:15.404441 dv-cinder-849325-3-iscsi devstack@keystone.service[88218]: DEBUG keystone.server.flask.request_processing.req_logging [None req-261e4df7-9e98-457c-a53d-b2a908be8cb8 None admin] REQUEST_METHOD: `GET` {{(pid=88218) log_request_info /opt/stack/keystone/keystone/server/flask/request_processing/req_logging.py:27}}
Aug 24 15:33:15.405006 dv-cinder-849325-3-iscsi devstack@keystone.service[88218]: DEBUG keystone.server.flask.request_processing.req_logging [None req-261e4df7-9e98-457c-a53d-b2a908be8cb8 None admin] SCRIPT_NAME: `/identity` {{(pid=88218) log_request_info /opt/stack/keystone/keystone/server/flask/request_processing/req_logging.py:28}}
Aug 24 15:33:15.406286 dv-cinder-849325-3-iscsi devstack@keystone.service[88218]: DEBUG keystone.server.flask.request_processing.req_logging [None req-261e4df7-9e98-457c-a53d-b2a908be8cb8 None admin] PATH_INFO: `/v3/auth/tokens` {{(pid=88218) log_request_info /opt/stack/keystone/keystone/server/flask/request_processing/req_logging.py:29}}
Aug 24 15:33:15.453584 dv-cinder-849325-3-iscsi devstack@keystone.service[88217]: DEBUG keystone.auth.core [None req-cbcf5e92-4ec0-43a5-b265-d27cb2dcb676 None None] MFA Rules not processed for user `3eb7904f17244b85baf19c438c53917f`. Rule list: `[]` (Enabled: `True`). {{(pid=88217) check_auth_methods_against_rules /opt/stack/keystone/keystone/auth/core.py:438}}
Aug 24 15:33:15.454825 dv-cinder-849325-3-iscsi devstack@keystone.service[88217]: DEBUG keystone.common.fernet_utils [None req-cbcf5e92-4ec0-43a5-b265-d27cb2dcb676 None None] Loaded 2 Fernet keys from /etc/keystone/fernet-keys/, but `[fernet_tokens] max_active_keys = 3`; perhaps there have not been enough key rotations to reach `max_active_keys` yet? {{(pid=88217) load_keys /opt/stack/keystone/keystone/common/fernet_utils.py:286}}
Aug 24 15:33:15.494304 dv-cinder-849325-3-iscsi devstack@keystone.service[88218]: DEBUG keystone.common.rbac_enforcer.enforcer [None req-261e4df7-9e98-457c-a53d-b2a908be8cb8 None admin] RBAC: Authorizing `identity:validate_token()` {{(pid=88218) enforce_call /opt/stack/keystone/keystone/common/rbac_enforcer/enforcer.py:449}}
Aug 24 15:33:15.496366 dv-cinder-849325-3-iscsi devstack@keystone.service[88218]: DEBUG keystone.common.rbac_enforcer.enforcer [None req-261e4df7-9e98-457c-a53d-b2a908be8cb8 None admin] RBAC: Authorization granted {{(pid=88218) enforce_call /opt/stack/keystone/keystone/common/rbac_enforcer/enforcer.py:457}}
Aug 24 15:33:15.599448 dv-cinder-849325-3-iscsi devstack@keystone.service[88217]: [pid: 88217|app: 0|req: 141/269] 10.222.0.102 () {58 vars in 1029 bytes} [Wed Aug 24 15:33:15 2022] POST /identity/v3/auth/tokens => generated 800 bytes in 205 msecs (HTTP/1.1 201) 6 headers in 363 bytes (1 switches on core 0)
Aug 24 15:33:15.600888 dv-cinder-849325-3-iscsi devstack@keystone.service[88217]: DEBUG keystone.server.flask.request_processing.req_logging [None req-8d789b95-0b41-4de5-81f4-d6efa0d6ac1a None None] REQUEST_METHOD: `POST` {{(pid=88217) log_request_info /opt/stack/keystone/keystone/server/flask/request_processing/req_logging.py:27}}
Aug 24 15:33:15.601186 dv-cinder-849325-3-iscsi devstack@keystone.service[88217]: DEBUG keystone.server.flask.request_processing.req_logging [None req-8d789b95-0b41-4de5-81f4-d6efa0d6ac1a None None] SCRIPT_NAME: `/identity` {{(pid=88217) log_request_info /opt/stack/keystone/keystone/server/flask/request_processing/req_logging.py:28}}
Aug 24 15:33:15.601467 dv-cinder-849325-3-iscsi devstack@keystone.service[88217]: DEBUG keystone.server.flask.request_processing.req_logging [None req-8d789b95-0b41-4de5-81f4-d6efa0d6ac1a None None] PATH_INFO: `/v3/auth/tokens` {{(pid=88217) log_request_info /opt/stack/keystone/keystone/server/flask/request_processing/req_logging.py:29}}
Aug 24 15:33:15.634106 dv-cinder-849325-3-iscsi devstack@keystone.service[88218]: DEBUG dbcounter [-] [88218] Writing DB stats keystone:SELECT=100 {{(pid=88218) stat_writer /usr/local/lib/python3.8/dist-packages/dbcounter.py:114}}
Aug 24 15:33:15.641398 dv-cinder-849325-3-iscsi devstack@keystone.service[88217]: DEBUG keystone.auth.core [None req-8d789b95-0b41-4de5-81f4-d6efa0d6ac1a None None] MFA Rules not processed for user `3eb7904f17244b85baf19c438c53917f`. Rule list: `[]` (Enabled: `True`). {{(pid=88217) check_auth_methods_against_rules /opt/stack/keystone/keystone/auth/core.py:438}}
Aug 24 15:33:15.642837 dv-cinder-849325-3-iscsi devstack@keystone.service[88217]: DEBUG keystone.common.fernet_utils [None req-8d789b95-0b41-4de5-81f4-d6efa0d6ac1a None None] Loaded 2 Fernet keys from /etc/keystone/fernet-keys/, but `[fernet_tokens] max_active_keys = 3`; perhaps there have not been enough key rotations to reach `max_active_keys` yet? {{(pid=88217) load_keys /opt/stack/keystone/keystone/common/fernet_utils.py:286}}
Aug 24 15:33:15.669256 dv-cinder-849325-3-iscsi devstack@keystone.service[88218]: [pid: 88218|app: 0|req: 129/270] 10.222.0.102 () {58 vars in 1287 bytes} [Wed Aug 24 15:33:15 2022] GET /identity/v3/auth/tokens => generated 800 bytes in 459 msecs (HTTP/1.1 200) 6 headers in 358 bytes (1 switches on core 0)
Aug 24 15:33:15.676133 dv-cinder-849325-3-iscsi devstack@keystone.service[88218]: DEBUG keystone.server.flask.request_processing.middleware.auth_context [None req-261e4df7-9e98-457c-a53d-b2a908be8cb8 None admin] Authenticating user token {{(pid=88218) process_request /usr/local/lib/python3.8/dist-packages/keystonemiddleware/auth_token/__init__.py:407}}
Aug 24 15:33:15.809008 dv-cinder-849325-3-iscsi devstack@keystone.service[88218]: DEBUG keystone.server.flask.request_processing.middleware.auth_context [None req-261e4df7-9e98-457c-a53d-b2a908be8cb8 None admin] Validating token access rules against request {{(pid=88218) validate_allowed_request /usr/local/lib/python3.8/dist-packages/keystonemiddleware/auth_token/__init__.py:545}}
Aug 24 15:33:15.817501 dv-cinder-849325-3-iscsi devstack@keystone.service[88217]: [pid: 88217|app: 0|req: 142/271] 10.222.0.102 () {58 vars in 1029 bytes} [Wed Aug 24 15:33:15 2022] POST /identity/v3/auth/tokens => generated 800 bytes in 217 msecs (HTTP/1.1 201) 6 headers in 363 bytes (1 switches on core 0)
Aug 24 15:33:15.859605 dv-cinder-849325-3-iscsi devstack@keystone.service[88218]: DEBUG keystone.server.flask.request_processing.middleware.auth_context [None req-6afc4f66-7f8c-4486-9fdc-056bc39b1fdb None admin] RBAC: auth_context: {'token': , 'domain_id': None, 'trust_id': None, 'trustor_id': None, 'trustee_id': None, 'domain_name': None, 'group_ids': [], 'user_id': '3eb7904f17244b85baf19c438c53917f', 'user_domain_id': 'default', 'system_scope': 'all', 'project_id': None, 'project_domain_id': None, 'roles': ['admin', 'member', 'reader'], 'is_admin_project': True, 'service_user_id': None, 'service_user_domain_id': None, 'service_project_id': None, 'service_project_domain_id': None, 'service_roles': []} {{(pid=88218) fill_context /opt/stack/keystone/keystone/server/flask/request_processing/middleware/auth_context.py:478}}
Aug 24 15:33:15.860524 dv-cinder-849325-3-iscsi devstack@keystone.service[88218]: DEBUG keystone.server.flask.request_processing.req_logging [None req-6afc4f66-7f8c-4486-9fdc-056bc39b1fdb None admin] REQUEST_METHOD: `GET` {{(pid=88218) log_request_info /opt/stack/keystone/keystone/server/flask/request_processing/req_logging.py:27}}
Aug 24 15:33:15.860945 dv-cinder-849325-3-iscsi devstack@keystone.service[88218]: DEBUG keystone.server.flask.request_processing.req_logging [None req-6afc4f66-7f8c-4486-9fdc-056bc39b1fdb None admin] SCRIPT_NAME: `/identity` {{(pid=88218) log_request_info /opt/stack/keystone/keystone/server/flask/request_processing/req_logging.py:28}}
Aug 24 15:33:15.861361 dv-cinder-849325-3-iscsi devstack@keystone.service[88218]: DEBUG keystone.server.flask.request_processing.req_logging [None req-6afc4f66-7f8c-4486-9fdc-056bc39b1fdb None admin] PATH_INFO: `/v3/projects/86a6b464bc2d4f72895f92c759e26a36` {{(pid=88218) log_request_info /opt/stack/keystone/keystone/server/flask/request_processing/req_logging.py:29}}
Aug 24 15:33:15.868148 dv-cinder-849325-3-iscsi devstack@keystone.service[88218]: DEBUG keystone.common.rbac_enforcer.enforcer [None req-6afc4f66-7f8c-4486-9fdc-056bc39b1fdb None admin] RBAC: Authorizing `identity:get_project(project_id=86a6b464bc2d4f72895f92c759e26a36)` {{(pid=88218) enforce_call /opt/stack/keystone/keystone/common/rbac_enforcer/enforcer.py:449}}
Aug 24 15:33:15.869887 dv-cinder-849325-3-iscsi devstack@keystone.service[88218]: DEBUG keystone.common.rbac_enforcer.enforcer [None req-6afc4f66-7f8c-4486-9fdc-056bc39b1fdb None admin] RBAC: Authorization granted {{(pid=88218) enforce_call /opt/stack/keystone/keystone/common/rbac_enforcer/enforcer.py:457}}
Aug 24 15:33:15.872109 dv-cinder-849325-3-iscsi devstack@keystone.service[88218]: [pid: 88218|app: 0|req: 130/272] 10.222.0.102 () {56 vars in 1191 bytes} [Wed Aug 24 15:33:15 2022] GET /identity/v3/projects/86a6b464bc2d4f72895f92c759e26a36 => generated 303 bytes in 197 msecs (HTTP/1.1 200) 5 headers in 177 bytes (2 switches on core 0)
Aug 24 15:33:15.878569 dv-cinder-849325-3-iscsi devstack@keystone.service[88217]: DEBUG keystone.server.flask.request_processing.middleware.auth_context [None req-8d789b95-0b41-4de5-81f4-d6efa0d6ac1a None None] Authenticating user token {{(pid=88217) process_request /usr/local/lib/python3.8/dist-packages/keystonemiddleware/auth_token/__init__.py:407}}
Aug 24 15:33:15.925111 dv-cinder-849325-3-iscsi devstack@keystone.service[88217]: DEBUG dbcounter [-] [88217] Writing DB stats keystone:SELECT=100 {{(pid=88217) stat_writer /usr/local/lib/python3.8/dist-packages/dbcounter.py:114}}
Aug 24 15:33:16.059507 dv-cinder-849325-3-iscsi devstack@keystone.service[88217]: DEBUG keystone.server.flask.request_processing.middleware.auth_context [None req-8d789b95-0b41-4de5-81f4-d6efa0d6ac1a None None] Validating token access rules against request {{(pid=88217) validate_allowed_request /usr/local/lib/python3.8/dist-packages/keystonemiddleware/auth_token/__init__.py:545}}
Aug 24 15:33:16.117698 dv-cinder-849325-3-iscsi devstack@keystone.service[88217]: DEBUG keystone.server.flask.request_processing.middleware.auth_context [None req-4aa87f1a-29c7-44e6-a041-12d234d55723 None admin] RBAC: auth_context: {'token': , 'domain_id': None, 'trust_id': None, 'trustor_id': None, 'trustee_id': None, 'domain_name': None, 'group_ids': [], 'user_id': '3eb7904f17244b85baf19c438c53917f', 'user_domain_id': 'default', 'system_scope': 'all', 'project_id': None, 'project_domain_id': None, 'roles': ['admin', 'member', 'reader'], 'is_admin_project': True, 'service_user_id': None, 'service_user_domain_id': None, 'service_project_id': None, 'service_project_domain_id': None, 'service_roles': []} {{(pid=88217) fill_context /opt/stack/keystone/keystone/server/flask/request_processing/middleware/auth_context.py:478}}
Aug 24 15:33:16.118321 dv-cinder-849325-3-iscsi devstack@keystone.service[88217]: DEBUG keystone.server.flask.request_processing.req_logging [None req-4aa87f1a-29c7-44e6-a041-12d234d55723 None admin] REQUEST_METHOD: `GET` {{(pid=88217) log_request_info /opt/stack/keystone/keystone/server/flask/request_processing/req_logging.py:27}}
Aug 24 15:33:16.118607 dv-cinder-849325-3-iscsi devstack@keystone.service[88217]: DEBUG keystone.server.flask.request_processing.req_logging [None req-4aa87f1a-29c7-44e6-a041-12d234d55723 None admin] SCRIPT_NAME: `/identity` {{(pid=88217) log_request_info /opt/stack/keystone/keystone/server/flask/request_processing/req_logging.py:28}}
Aug 24 15:33:16.118885 dv-cinder-849325-3-iscsi devstack@keystone.service[88217]: DEBUG keystone.server.flask.request_processing.req_logging [None req-4aa87f1a-29c7-44e6-a041-12d234d55723 None admin] PATH_INFO: `/v3/role_assignments` {{(pid=88217) log_request_info /opt/stack/keystone/keystone/server/flask/request_processing/req_logging.py:29}}
Aug 24 15:33:16.119649 dv-cinder-849325-3-iscsi devstack@keystone.service[88217]: DEBUG keystone.common.rbac_enforcer.enforcer [None req-4aa87f1a-29c7-44e6-a041-12d234d55723 None admin] RBAC: Adding query filter params (role.id=b8429ebd9c2a4cbbbbf30ad56ce23bfa, scope.project.id=86a6b464bc2d4f72895f92c759e26a36, user.id=bb05bf01d9d24a5296517f8bde87462b) {{(pid=88217) _extract_filter_values /opt/stack/keystone/keystone/common/rbac_enforcer/enforcer.py:167}}
Aug 24 15:33:16.119977 dv-cinder-849325-3-iscsi devstack@keystone.service[88217]: DEBUG keystone.common.rbac_enforcer.enforcer [None req-4aa87f1a-29c7-44e6-a041-12d234d55723 None admin] RBAC: Authorizing `identity:list_role_assignments()` {{(pid=88217) enforce_call /opt/stack/keystone/keystone/common/rbac_enforcer/enforcer.py:449}}
Aug 24 15:33:16.121440 dv-cinder-849325-3-iscsi devstack@keystone.service[88217]: DEBUG keystone.common.rbac_enforcer.enforcer [None req-4aa87f1a-29c7-44e6-a041-12d234d55723 None admin] RBAC: Authorization granted {{(pid=88217) enforce_call /opt/stack/keystone/keystone/common/rbac_enforcer/enforcer.py:457}}
Aug 24 15:33:16.132521 dv-cinder-849325-3-iscsi devstack@keystone.service[88217]: [pid: 88217|app: 0|req: 143/273] 10.222.0.102 () {56 vars in 1379 bytes} [Wed Aug 24 15:33:15 2022] GET /identity/v3/role_assignments?user.id=bb05bf01d9d24a5296517f8bde87462b&scope.project.id=86a6b464bc2d4f72895f92c759e26a36&role.id=b8429ebd9c2a4cbbbbf30ad56ce23bfa => generated 610 bytes in 254 msecs (HTTP/1.1 200) 5 headers in 177 bytes (1 switches on core 0)
Aug 24 15:33:16.150480 dv-cinder-849325-3-iscsi devstack@keystone.service[88218]: DEBUG keystone.server.flask.request_processing.middleware.auth_context [None req-6afc4f66-7f8c-4486-9fdc-056bc39b1fdb None admin] Authenticating user token {{(pid=88218) process_request /usr/local/lib/python3.8/dist-packages/keystonemiddleware/auth_token/__init__.py:407}}
