Aug 24 15:32:49.329947 dv-cinder-849325-3-iscsi devstack@keystone.service[88218]: DEBUG keystone.common.rbac_enforcer.enforcer [None req-b52d51ef-3c1a-438f-8e16-b8f23323f962 None admin] RBAC: Authorizing `identity:validate_token()` {{(pid=88218) enforce_call /opt/stack/keystone/keystone/common/rbac_enforcer/enforcer.py:449}}
Aug 24 15:32:49.331403 dv-cinder-849325-3-iscsi devstack@keystone.service[88218]: DEBUG keystone.common.rbac_enforcer.enforcer [None req-b52d51ef-3c1a-438f-8e16-b8f23323f962 None admin] RBAC: Authorization granted {{(pid=88218) enforce_call /opt/stack/keystone/keystone/common/rbac_enforcer/enforcer.py:457}}
Aug 24 15:32:49.357487 dv-cinder-849325-3-iscsi devstack@keystone.service[88217]: DEBUG keystone.server.flask.request_processing.middleware.auth_context [None req-ad4e32c1-8288-44b2-ad0f-3b88eb0baf60 None admin] RBAC: auth_context: {'token': , 'domain_id': None, 'trust_id': None, 'trustor_id': None, 'trustee_id': None, 'domain_name': None, 'group_ids': [], 'user_id': '3eb7904f17244b85baf19c438c53917f', 'user_domain_id': 'default', 'system_scope': 'all', 'project_id': None, 'project_domain_id': None, 'roles': ['admin', 'member', 'reader'], 'is_admin_project': True, 'service_user_id': None, 'service_user_domain_id': None, 'service_project_id': None, 'service_project_domain_id': None, 'service_roles': []} {{(pid=88217) fill_context /opt/stack/keystone/keystone/server/flask/request_processing/middleware/auth_context.py:478}}
Aug 24 15:32:49.358131 dv-cinder-849325-3-iscsi devstack@keystone.service[88217]: DEBUG keystone.server.flask.request_processing.req_logging [None req-ad4e32c1-8288-44b2-ad0f-3b88eb0baf60 None admin] REQUEST_METHOD: `GET` {{(pid=88217) log_request_info /opt/stack/keystone/keystone/server/flask/request_processing/req_logging.py:27}}
Aug 24 15:32:49.358416 dv-cinder-849325-3-iscsi devstack@keystone.service[88217]: DEBUG keystone.server.flask.request_processing.req_logging [None req-ad4e32c1-8288-44b2-ad0f-3b88eb0baf60 None admin] SCRIPT_NAME: `/identity` {{(pid=88217) log_request_info /opt/stack/keystone/keystone/server/flask/request_processing/req_logging.py:28}}
Aug 24 15:32:49.358695 dv-cinder-849325-3-iscsi devstack@keystone.service[88217]: DEBUG keystone.server.flask.request_processing.req_logging [None req-ad4e32c1-8288-44b2-ad0f-3b88eb0baf60 None admin] PATH_INFO: `/v3/roles/member` {{(pid=88217) log_request_info /opt/stack/keystone/keystone/server/flask/request_processing/req_logging.py:29}}
Aug 24 15:32:49.370702 dv-cinder-849325-3-iscsi devstack@keystone.service[88217]: DEBUG keystone.common.rbac_enforcer.enforcer [None req-ad4e32c1-8288-44b2-ad0f-3b88eb0baf60 None admin] Extracting inferred target data resulted in "NOT FOUND (404)". {{(pid=88217) enforce_call /opt/stack/keystone/keystone/common/rbac_enforcer/enforcer.py:409}}
Aug 24 15:32:49.375742 dv-cinder-849325-3-iscsi devstack@keystone.service[88217]: ERROR keystone.server.flask.application [None req-ad4e32c1-8288-44b2-ad0f-3b88eb0baf60 None admin] Could not find role: member.: keystone.exception.RoleNotFound: Could not find role: member.
Aug 24 15:32:49.375742 dv-cinder-849325-3-iscsi devstack@keystone.service[88217]: ERROR keystone.server.flask.application
Traceback (most recent call last):
Aug 24 15:32:49.375742 dv-cinder-849325-3-iscsi devstack@keystone.service[88217]: ERROR keystone.server.flask.application
File "/usr/local/lib/python3.8/dist-packages/flask/app.py", line 1820, in full_dispatch_request
Aug 24 15:32:49.375742 dv-cinder-849325-3-iscsi devstack@keystone.service[88217]: ERROR keystone.server.flask.application rv = self.dispatch_request()
Aug 24 15:32:49.375742 dv-cinder-849325-3-iscsi devstack@keystone.service[88217]: ERROR keystone.server.flask.application
File "/usr/local/lib/python3.8/dist-packages/flask/app.py", line 1796, in dispatch_request
Aug 24 15:32:49.375742 dv-cinder-849325-3-iscsi devstack@keystone.service[88217]: ERROR keystone.server.flask.application return self.ensure_sync(self.view_functions[rule.endpoint])(**view_args)
Aug 24 15:32:49.375742 dv-cinder-849325-3-iscsi devstack@keystone.service[88217]: ERROR keystone.server.flask.application
File "/usr/local/lib/python3.8/dist-packages/flask_restful/__init__.py", line 467, in wrapper
Aug 24 15:32:49.375742 dv-cinder-849325-3-iscsi devstack@keystone.service[88217]: ERROR keystone.server.flask.application resp = resource(*args, **kwargs)
Aug 24 15:32:49.375742 dv-cinder-849325-3-iscsi devstack@keystone.service[88217]: ERROR keystone.server.flask.application
File "/usr/local/lib/python3.8/dist-packages/flask/views.py", line 107, in view
Aug 24 15:32:49.375742 dv-cinder-849325-3-iscsi devstack@keystone.service[88217]: ERROR keystone.server.flask.application return current_app.ensure_sync(self.dispatch_request)(**kwargs)
Aug 24 15:32:49.375742 dv-cinder-849325-3-iscsi devstack@keystone.service[88217]: ERROR keystone.server.flask.application
File "/usr/local/lib/python3.8/dist-packages/flask_restful/__init__.py", line 582, in dispatch_request
Aug 24 15:32:49.375742 dv-cinder-849325-3-iscsi devstack@keystone.service[88217]: ERROR keystone.server.flask.application resp = meth(*args, **kwargs)
Aug 24 15:32:49.375742 dv-cinder-849325-3-iscsi devstack@keystone.service[88217]: ERROR keystone.server.flask.application
File "/opt/stack/keystone/keystone/api/roles.py", line 50, in get
Aug 24 15:32:49.375742 dv-cinder-849325-3-iscsi devstack@keystone.service[88217]: ERROR keystone.server.flask.application return self._get_role(role_id)
Aug 24 15:32:49.375742 dv-cinder-849325-3-iscsi devstack@keystone.service[88217]: ERROR keystone.server.flask.application
File "/opt/stack/keystone/keystone/api/roles.py", line 70, in _get_role
Aug 24 15:32:49.375742 dv-cinder-849325-3-iscsi devstack@keystone.service[88217]: ERROR keystone.server.flask.application ENFORCER.enforce_call(action='identity:get_role')
Aug 24 15:32:49.377369 dv-cinder-849325-3-iscsi devstack@keystone.service[88217]: ERROR keystone.server.flask.application
File "/opt/stack/keystone/keystone/common/rbac_enforcer/enforcer.py", line 402, in enforce_call
Aug 24 15:32:49.377369 dv-cinder-849325-3-iscsi devstack@keystone.service[88217]: ERROR keystone.server.flask.application policy_dict.update(cls._extract_member_target_data(
Aug 24 15:32:49.377369 dv-cinder-849325-3-iscsi devstack@keystone.service[88217]: ERROR keystone.server.flask.application
File "/opt/stack/keystone/keystone/common/rbac_enforcer/enforcer.py", line 234, in _extract_member_target_data
Aug 24 15:32:49.377369 dv-cinder-849325-3-iscsi devstack@keystone.service[88217]: ERROR keystone.server.flask.application member_name: func(flask.request.view_args[key])
Aug 24 15:32:49.377369 dv-cinder-849325-3-iscsi devstack@keystone.service[88217]: ERROR keystone.server.flask.application
File "/opt/stack/keystone/keystone/common/manager.py", line 115, in wrapped
Aug 24 15:32:49.377369 dv-cinder-849325-3-iscsi devstack@keystone.service[88217]: ERROR keystone.server.flask.application __ret_val = __f(*args, **kwargs)
Aug 24 15:32:49.377369 dv-cinder-849325-3-iscsi devstack@keystone.service[88217]: ERROR keystone.server.flask.application
File "/usr/local/lib/python3.8/dist-packages/decorator.py", line 232, in fun
Aug 24 15:32:49.377369 dv-cinder-849325-3-iscsi devstack@keystone.service[88217]: ERROR keystone.server.flask.application return caller(func, *(extras + args), **kw)
Aug 24 15:32:49.377369 dv-cinder-849325-3-iscsi devstack@keystone.service[88217]: ERROR keystone.server.flask.application
File "/usr/local/lib/python3.8/dist-packages/dogpile/cache/region.py", line 1577, in get_or_create_for_user_func
Aug 24 15:32:49.377369 dv-cinder-849325-3-iscsi devstack@keystone.service[88217]: ERROR keystone.server.flask.application return self.get_or_create(
Aug 24 15:32:49.377369 dv-cinder-849325-3-iscsi devstack@keystone.service[88217]: ERROR keystone.server.flask.application
File "/usr/local/lib/python3.8/dist-packages/dogpile/cache/region.py", line 1042, in get_or_create
Aug 24 15:32:49.377369 dv-cinder-849325-3-iscsi devstack@keystone.service[88217]: ERROR keystone.server.flask.application with Lock(
Aug 24 15:32:49.377369 dv-cinder-849325-3-iscsi devstack@keystone.service[88217]: ERROR keystone.server.flask.application
File "/usr/local/lib/python3.8/dist-packages/dogpile/lock.py", line 185, in __enter__
Aug 24 15:32:49.377369 dv-cinder-849325-3-iscsi devstack@keystone.service[88217]: ERROR keystone.server.flask.application return self._enter()
Aug 24 15:32:49.377369 dv-cinder-849325-3-iscsi devstack@keystone.service[88217]: ERROR keystone.server.flask.application
File "/usr/local/lib/python3.8/dist-packages/dogpile/lock.py", line 94, in _enter
Aug 24 15:32:49.377369 dv-cinder-849325-3-iscsi devstack@keystone.service[88217]: ERROR keystone.server.flask.application generated = self._enter_create(value, createdtime)
Aug 24 15:32:49.378124 dv-cinder-849325-3-iscsi devstack@keystone.service[88217]: ERROR keystone.server.flask.application
File "/usr/local/lib/python3.8/dist-packages/dogpile/lock.py", line 178, in _enter_create
Aug 24 15:32:49.378124 dv-cinder-849325-3-iscsi devstack@keystone.service[88217]: ERROR keystone.server.flask.application return self.creator()
Aug 24 15:32:49.378124 dv-cinder-849325-3-iscsi devstack@keystone.service[88217]: ERROR keystone.server.flask.application
File "/usr/local/lib/python3.8/dist-packages/dogpile/cache/region.py", line 995, in gen_value
Aug 24 15:32:49.378124 dv-cinder-849325-3-iscsi devstack@keystone.service[88217]: ERROR keystone.server.flask.application created_value = creator(
Aug 24 15:32:49.378124 dv-cinder-849325-3-iscsi devstack@keystone.service[88217]: ERROR keystone.server.flask.application
File "/opt/stack/keystone/keystone/assignment/core.py", line 1276, in get_role
Aug 24 15:32:49.378124 dv-cinder-849325-3-iscsi devstack@keystone.service[88217]: ERROR keystone.server.flask.application return self.driver.get_role(role_id)
Aug 24 15:32:49.378124 dv-cinder-849325-3-iscsi devstack@keystone.service[88217]: ERROR keystone.server.flask.application
File "/opt/stack/keystone/keystone/assignment/role_backends/sql.py", line 70, in get_role
Aug 24 15:32:49.378124 dv-cinder-849325-3-iscsi devstack@keystone.service[88217]: ERROR keystone.server.flask.application return self._get_role(session, role_id).to_dict()
Aug 24 15:32:49.378124 dv-cinder-849325-3-iscsi devstack@keystone.service[88217]: ERROR keystone.server.flask.application
File "/opt/stack/keystone/keystone/assignment/role_backends/sql.py", line 65, in _get_role
Aug 24 15:32:49.378124 dv-cinder-849325-3-iscsi devstack@keystone.service[88217]: ERROR keystone.server.flask.application raise exception.RoleNotFound(role_id=role_id)
Aug 24 15:32:49.378124 dv-cinder-849325-3-iscsi devstack@keystone.service[88217]: ERROR keystone.server.flask.application keystone.exception.RoleNotFound: Could not find role: member.
Aug 24 15:32:49.378124 dv-cinder-849325-3-iscsi devstack@keystone.service[88217]: ERROR keystone.server.flask.application
Aug 24 15:32:49.378864 dv-cinder-849325-3-iscsi devstack@keystone.service[88217]: [pid: 88217|app: 0|req: 45/81] 10.222.0.102 () {56 vars in 1104 bytes} [Wed Aug 24 15:32:49 2022] GET /identity/v3/roles/member => generated 84 bytes in 177 msecs (HTTP/1.1 404) 5 headers in 183 bytes (1 switches on core 0)
Aug 24 15:32:49.379091 dv-cinder-849325-3-iscsi devstack@keystone.service[88217]: DEBUG keystone.server.flask.request_processing.middleware.auth_context [None req-ad4e32c1-8288-44b2-ad0f-3b88eb0baf60 None admin] Authenticating user token {{(pid=88217) process_request /usr/local/lib/python3.8/dist-packages/keystonemiddleware/auth_token/__init__.py:407}}
Aug 24 15:32:49.379398 dv-cinder-849325-3-iscsi devstack@keystone.service[88218]: DEBUG dbcounter [-] [88218] Writing DB stats keystone:SELECT=100 {{(pid=88218) stat_writer /usr/local/lib/python3.8/dist-packages/dbcounter.py:114}}
Aug 24 15:32:49.390691 dv-cinder-849325-3-iscsi devstack@keystone.service[88217]: DEBUG dbcounter [-] [88217] Writing DB stats keystone:SELECT=100 {{(pid=88217) stat_writer /usr/local/lib/python3.8/dist-packages/dbcounter.py:114}}
Aug 24 15:32:49.440131 dv-cinder-849325-3-iscsi devstack@keystone.service[88218]: [pid: 88218|app: 0|req: 37/82] 10.222.0.102 () {58 vars in 1287 bytes} [Wed Aug 24 15:32:49 2022] GET /identity/v3/auth/tokens => generated 800 bytes in 365 msecs (HTTP/1.1 200) 6 headers in 358 bytes (1 switches on core 0)
Aug 24 15:32:49.441194 dv-cinder-849325-3-iscsi devstack@keystone.service[88218]: DEBUG keystone.server.flask.request_processing.middleware.auth_context [None req-b52d51ef-3c1a-438f-8e16-b8f23323f962 None admin] Authenticating user token {{(pid=88218) process_request /usr/local/lib/python3.8/dist-packages/keystonemiddleware/auth_token/__init__.py:407}}
Aug 24 15:32:49.489090 dv-cinder-849325-3-iscsi devstack@keystone.service[88217]: DEBUG keystone.server.flask.request_processing.middleware.auth_context [None req-ad4e32c1-8288-44b2-ad0f-3b88eb0baf60 None admin] Validating token access rules against request {{(pid=88217) validate_allowed_request /usr/local/lib/python3.8/dist-packages/keystonemiddleware/auth_token/__init__.py:545}}
Aug 24 15:32:49.526326 dv-cinder-849325-3-iscsi devstack@keystone.service[88217]: DEBUG keystone.server.flask.request_processing.middleware.auth_context [None req-90ac36ec-17fc-4dd3-9819-4399b8aaa6ea None admin] RBAC: auth_context: {'token': , 'domain_id': None, 'trust_id': None, 'trustor_id': None, 'trustee_id': None, 'domain_name': None, 'group_ids': [], 'user_id': '3eb7904f17244b85baf19c438c53917f', 'user_domain_id': 'default', 'system_scope': 'all', 'project_id': None, 'project_domain_id': None, 'roles': ['admin', 'member', 'reader'], 'is_admin_project': True, 'service_user_id': None, 'service_user_domain_id': None, 'service_project_id': None, 'service_project_domain_id': None, 'service_roles': []} {{(pid=88217) fill_context /opt/stack/keystone/keystone/server/flask/request_processing/middleware/auth_context.py:478}}
Aug 24 15:32:49.526941 dv-cinder-849325-3-iscsi devstack@keystone.service[88217]: DEBUG keystone.server.flask.request_processing.req_logging [None req-90ac36ec-17fc-4dd3-9819-4399b8aaa6ea None admin] REQUEST_METHOD: `GET` {{(pid=88217) log_request_info /opt/stack/keystone/keystone/server/flask/request_processing/req_logging.py:27}}
Aug 24 15:32:49.527224 dv-cinder-849325-3-iscsi devstack@keystone.service[88217]: DEBUG keystone.server.flask.request_processing.req_logging [None req-90ac36ec-17fc-4dd3-9819-4399b8aaa6ea None admin] SCRIPT_NAME: `/identity` {{(pid=88217) log_request_info /opt/stack/keystone/keystone/server/flask/request_processing/req_logging.py:28}}
Aug 24 15:32:49.527501 dv-cinder-849325-3-iscsi devstack@keystone.service[88217]: DEBUG keystone.server.flask.request_processing.req_logging [None req-90ac36ec-17fc-4dd3-9819-4399b8aaa6ea None admin] PATH_INFO: `/v3/auth/tokens` {{(pid=88217) log_request_info /opt/stack/keystone/keystone/server/flask/request_processing/req_logging.py:29}}
Aug 24 15:32:49.550421 dv-cinder-849325-3-iscsi devstack@keystone.service[88218]: DEBUG keystone.server.flask.request_processing.middleware.auth_context [None req-b52d51ef-3c1a-438f-8e16-b8f23323f962 None admin] Validating token access rules against request {{(pid=88218) validate_allowed_request /usr/local/lib/python3.8/dist-packages/keystonemiddleware/auth_token/__init__.py:545}}
Aug 24 15:32:49.585554 dv-cinder-849325-3-iscsi devstack@keystone.service[88218]: DEBUG keystone.server.flask.request_processing.middleware.auth_context [None req-eca78e72-4c05-49c0-9199-c80ad3d4c998 None admin] RBAC: auth_context: {'token': , 'domain_id': None, 'trust_id': None, 'trustor_id': None, 'trustee_id': None, 'domain_name': None, 'group_ids': [], 'user_id': '3eb7904f17244b85baf19c438c53917f', 'user_domain_id': 'default', 'system_scope': 'all', 'project_id': None, 'project_domain_id': None, 'roles': ['admin', 'member', 'reader'], 'is_admin_project': True, 'service_user_id': None, 'service_user_domain_id': None, 'service_project_id': None, 'service_project_domain_id': None, 'service_roles': []} {{(pid=88218) fill_context /opt/stack/keystone/keystone/server/flask/request_processing/middleware/auth_context.py:478}}
Aug 24 15:32:49.586159 dv-cinder-849325-3-iscsi devstack@keystone.service[88218]: DEBUG keystone.server.flask.request_processing.req_logging [None req-eca78e72-4c05-49c0-9199-c80ad3d4c998 None admin] REQUEST_METHOD: `GET` {{(pid=88218) log_request_info /opt/stack/keystone/keystone/server/flask/request_processing/req_logging.py:27}}
Aug 24 15:32:49.586446 dv-cinder-849325-3-iscsi devstack@keystone.service[88218]: DEBUG keystone.server.flask.request_processing.req_logging [None req-eca78e72-4c05-49c0-9199-c80ad3d4c998 None admin] SCRIPT_NAME: `/identity` {{(pid=88218) log_request_info /opt/stack/keystone/keystone/server/flask/request_processing/req_logging.py:28}}
Aug 24 15:32:49.586728 dv-cinder-849325-3-iscsi devstack@keystone.service[88218]: DEBUG keystone.server.flask.request_processing.req_logging [None req-eca78e72-4c05-49c0-9199-c80ad3d4c998 None admin] PATH_INFO: `/v3/auth/tokens` {{(pid=88218) log_request_info /opt/stack/keystone/keystone/server/flask/request_processing/req_logging.py:29}}
Aug 24 15:32:49.598658 dv-cinder-849325-3-iscsi devstack@keystone.service[88217]: DEBUG keystone.common.rbac_enforcer.enforcer [None req-90ac36ec-17fc-4dd3-9819-4399b8aaa6ea None admin] RBAC: Authorizing `identity:validate_token()` {{(pid=88217) enforce_call /opt/stack/keystone/keystone/common/rbac_enforcer/enforcer.py:449}}
Aug 24 15:32:49.599593 dv-cinder-849325-3-iscsi devstack@keystone.service[88218]: DEBUG dbcounter [-] [88218] Writing DB stats keystone:SELECT=100 {{(pid=88218) stat_writer /usr/local/lib/python3.8/dist-packages/dbcounter.py:114}}
Aug 24 15:32:49.600196 dv-cinder-849325-3-iscsi devstack@keystone.service[88217]: DEBUG keystone.common.rbac_enforcer.enforcer [None req-90ac36ec-17fc-4dd3-9819-4399b8aaa6ea None admin] RBAC: Authorization granted {{(pid=88217) enforce_call /opt/stack/keystone/keystone/common/rbac_enforcer/enforcer.py:457}}
Aug 24 15:32:49.608201 dv-cinder-849325-3-iscsi devstack@keystone.service[88217]: DEBUG dbcounter [-] [88217] Writing DB stats keystone:SELECT=100 {{(pid=88217) stat_writer /usr/local/lib/python3.8/dist-packages/dbcounter.py:114}}
Aug 24 15:32:49.657506 dv-cinder-849325-3-iscsi devstack@keystone.service[88218]: DEBUG keystone.common.rbac_enforcer.enforcer [None req-eca78e72-4c05-49c0-9199-c80ad3d4c998 None admin] RBAC: Authorizing `identity:validate_token()` {{(pid=88218) enforce_call /opt/stack/keystone/keystone/common/rbac_enforcer/enforcer.py:449}}
Aug 24 15:32:49.659497 dv-cinder-849325-3-iscsi devstack@keystone.service[88218]: DEBUG keystone.common.rbac_enforcer.enforcer [None req-eca78e72-4c05-49c0-9199-c80ad3d4c998 None admin] RBAC: Authorization granted {{(pid=88218) enforce_call /opt/stack/keystone/keystone/common/rbac_enforcer/enforcer.py:457}}
Aug 24 15:32:49.707019 dv-cinder-849325-3-iscsi devstack@keystone.service[88217]: [pid: 88217|app: 0|req: 46/83] 10.222.0.102 () {58 vars in 1287 bytes} [Wed Aug 24 15:32:49 2022] GET /identity/v3/auth/tokens => generated 800 bytes in 328 msecs (HTTP/1.1 200) 6 headers in 358 bytes (1 switches on core 0)
Aug 24 15:32:49.707924 dv-cinder-849325-3-iscsi devstack@keystone.service[88217]: DEBUG keystone.server.flask.request_processing.middleware.auth_context [None req-90ac36ec-17fc-4dd3-9819-4399b8aaa6ea None admin] Authenticating user token {{(pid=88217) process_request /usr/local/lib/python3.8/dist-packages/keystonemiddleware/auth_token/__init__.py:407}}
Aug 24 15:32:49.768981 dv-cinder-849325-3-iscsi devstack@keystone.service[88218]: [pid: 88218|app: 0|req: 38/84] 10.222.0.102 () {58 vars in 1287 bytes} [Wed Aug 24 15:32:49 2022] GET /identity/v3/auth/tokens => generated 800 bytes in 328 msecs (HTTP/1.1 200) 6 headers in 358 bytes (1 switches on core 0)
Aug 24 15:32:49.769745 dv-cinder-849325-3-iscsi devstack@keystone.service[88218]: DEBUG keystone.server.flask.request_processing.middleware.auth_context [None req-eca78e72-4c05-49c0-9199-c80ad3d4c998 None admin] Authenticating user token {{(pid=88218) process_request /usr/local/lib/python3.8/dist-packages/keystonemiddleware/auth_token/__init__.py:407}}
Aug 24 15:32:49.821522 dv-cinder-849325-3-iscsi devstack@keystone.service[88217]: DEBUG keystone.server.flask.request_processing.middleware.auth_context [None req-90ac36ec-17fc-4dd3-9819-4399b8aaa6ea None admin] Validating token access rules against request {{(pid=88217) validate_allowed_request /usr/local/lib/python3.8/dist-packages/keystonemiddleware/auth_token/__init__.py:545}}
Aug 24 15:32:49.821971 dv-cinder-849325-3-iscsi devstack@keystone.service[88218]: DEBUG dbcounter [-] [88218] Writing DB stats keystone:SELECT=100 {{(pid=88218) stat_writer /usr/local/lib/python3.8/dist-packages/dbcounter.py:114}}
Aug 24 15:32:49.832947 dv-cinder-849325-3-iscsi devstack@keystone.service[88217]: DEBUG dbcounter [-] [88217] Writing DB stats keystone:SELECT=100 {{(pid=88217) stat_writer /usr/local/lib/python3.8/dist-packages/dbcounter.py:114}}
Aug 24 15:32:49.867830 dv-cinder-849325-3-iscsi devstack@keystone.service[88217]: DEBUG keystone.server.flask.request_processing.middleware.auth_context [None req-4b5f78de-3100-425e-b763-3bbd5d971fa1 None admin] RBAC: auth_context: {'token': , 'domain_id': None, 'trust_id': None, 'trustor_id': None, 'trustee_id': None, 'domain_name': None, 'group_ids': [], 'user_id': '3eb7904f17244b85baf19c438c53917f', 'user_domain_id': 'default', 'system_scope': 'all', 'project_id': None, 'project_domain_id': None, 'roles': ['admin', 'member', 'reader'], 'is_admin_project': True, 'service_user_id': None, 'service_user_domain_id': None, 'service_project_id': None, 'service_project_domain_id': None, 'service_roles': []} {{(pid=88217) fill_context /opt/stack/keystone/keystone/server/flask/request_processing/middleware/auth_context.py:478}}
Aug 24 15:32:49.868474 dv-cinder-849325-3-iscsi devstack@keystone.service[88217]: DEBUG keystone.server.flask.request_processing.req_logging [None req-4b5f78de-3100-425e-b763-3bbd5d971fa1 None admin] REQUEST_METHOD: `GET` {{(pid=88217) log_request_info /opt/stack/keystone/keystone/server/flask/request_processing/req_logging.py:27}}
Aug 24 15:32:49.868890 dv-cinder-849325-3-iscsi devstack@keystone.service[88217]: DEBUG keystone.server.flask.request_processing.req_logging [None req-4b5f78de-3100-425e-b763-3bbd5d971fa1 None admin] SCRIPT_NAME: `/identity` {{(pid=88217) log_request_info /opt/stack/keystone/keystone/server/flask/request_processing/req_logging.py:28}}
Aug 24 15:32:49.869154 dv-cinder-849325-3-iscsi devstack@keystone.service[88217]: DEBUG keystone.server.flask.request_processing.req_logging [None req-4b5f78de-3100-425e-b763-3bbd5d971fa1 None admin] PATH_INFO: `/v3/domains/default` {{(pid=88217) log_request_info /opt/stack/keystone/keystone/server/flask/request_processing/req_logging.py:29}}
Aug 24 15:32:49.870510 dv-cinder-849325-3-iscsi devstack@keystone.service[88217]: DEBUG keystone.common.rbac_enforcer.enforcer [None req-4b5f78de-3100-425e-b763-3bbd5d971fa1 None admin] RBAC: Authorizing `identity:get_domain(domain_id=default)` {{(pid=88217) enforce_call /opt/stack/keystone/keystone/common/rbac_enforcer/enforcer.py:449}}
Aug 24 15:32:49.872032 dv-cinder-849325-3-iscsi devstack@keystone.service[88217]: DEBUG keystone.common.rbac_enforcer.enforcer [None req-4b5f78de-3100-425e-b763-3bbd5d971fa1 None admin] RBAC: Authorization granted {{(pid=88217) enforce_call /opt/stack/keystone/keystone/common/rbac_enforcer/enforcer.py:457}}
Aug 24 15:32:49.873636 dv-cinder-849325-3-iscsi devstack@keystone.service[88217]: [pid: 88217|app: 0|req: 47/85] 10.222.0.102 () {56 vars in 1113 bytes} [Wed Aug 24 15:32:49 2022] GET /identity/v3/domains/default => generated 200 bytes in 166 msecs (HTTP/1.1 200) 5 headers in 177 bytes (1 switches on core 0)
Aug 24 15:32:49.875770 dv-cinder-849325-3-iscsi devstack@keystone.service[88217]: DEBUG keystone.server.flask.request_processing.middleware.auth_context [None req-4b5f78de-3100-425e-b763-3bbd5d971fa1 None admin] Authenticating user token {{(pid=88217) process_request /usr/local/lib/python3.8/dist-packages/keystonemiddleware/auth_token/__init__.py:407}}
Aug 24 15:32:49.901437 dv-cinder-849325-3-iscsi devstack@keystone.service[88218]: DEBUG keystone.server.flask.request_processing.middleware.auth_context [None req-eca78e72-4c05-49c0-9199-c80ad3d4c998 None admin] Validating token access rules against request {{(pid=88218) validate_allowed_request /usr/local/lib/python3.8/dist-packages/keystonemiddleware/auth_token/__init__.py:545}}
Aug 24 15:32:49.936828 dv-cinder-849325-3-iscsi devstack@keystone.service[88218]: DEBUG keystone.server.flask.request_processing.middleware.auth_context [None req-4f8ff483-f293-45f9-af10-3cc9ee10048e None admin] RBAC: auth_context: {'token': , 'domain_id': None, 'trust_id': None, 'trustor_id': None, 'trustee_id': None, 'domain_name': None, 'group_ids': [], 'user_id': '3eb7904f17244b85baf19c438c53917f', 'user_domain_id': 'default', 'system_scope': 'all', 'project_id': None, 'project_domain_id': None, 'roles': ['admin', 'member', 'reader'], 'is_admin_project': True, 'service_user_id': None, 'service_user_domain_id': None, 'service_project_id': None, 'service_project_domain_id': None, 'service_roles': []} {{(pid=88218) fill_context /opt/stack/keystone/keystone/server/flask/request_processing/middleware/auth_context.py:478}}
Aug 24 15:32:49.937433 dv-cinder-849325-3-iscsi devstack@keystone.service[88218]: DEBUG keystone.server.flask.request_processing.req_logging [None req-4f8ff483-f293-45f9-af10-3cc9ee10048e None admin] REQUEST_METHOD: `GET` {{(pid=88218) log_request_info /opt/stack/keystone/keystone/server/flask/request_processing/req_logging.py:27}}
Aug 24 15:32:49.937717 dv-cinder-849325-3-iscsi devstack@keystone.service[88218]: DEBUG keystone.server.flask.request_processing.req_logging [None req-4f8ff483-f293-45f9-af10-3cc9ee10048e None admin] SCRIPT_NAME: `/identity` {{(pid=88218) log_request_info /opt/stack/keystone/keystone/server/flask/request_processing/req_logging.py:28}}
Aug 24 15:32:49.937999 dv-cinder-849325-3-iscsi devstack@keystone.service[88218]: DEBUG keystone.server.flask.request_processing.req_logging [None req-4f8ff483-f293-45f9-af10-3cc9ee10048e None admin] PATH_INFO: `/v3/roles` {{(pid=88218) log_request_info /opt/stack/keystone/keystone/server/flask/request_processing/req_logging.py:29}}
Aug 24 15:32:49.939002 dv-cinder-849325-3-iscsi devstack@keystone.service[88218]: DEBUG keystone.common.rbac_enforcer.enforcer [None req-4f8ff483-f293-45f9-af10-3cc9ee10048e None admin] RBAC: Adding query filter params (name=member) {{(pid=88218) _extract_filter_values /opt/stack/keystone/keystone/common/rbac_enforcer/enforcer.py:167}}
Aug 24 15:32:49.939315 dv-cinder-849325-3-iscsi devstack@keystone.service[88218]: DEBUG keystone.common.rbac_enforcer.enforcer [None req-4f8ff483-f293-45f9-af10-3cc9ee10048e None admin] RBAC: Authorizing `identity:list_roles()` {{(pid=88218) enforce_call /opt/stack/keystone/keystone/common/rbac_enforcer/enforcer.py:449}}
Aug 24 15:32:49.940847 dv-cinder-849325-3-iscsi devstack@keystone.service[88218]: DEBUG keystone.common.rbac_enforcer.enforcer [None req-4f8ff483-f293-45f9-af10-3cc9ee10048e None admin] RBAC: Authorization granted {{(pid=88218) enforce_call /opt/stack/keystone/keystone/common/rbac_enforcer/enforcer.py:457}}
Aug 24 15:32:49.949070 dv-cinder-849325-3-iscsi devstack@keystone.service[88218]: [pid: 88218|app: 0|req: 39/86] 10.222.0.102 () {56 vars in 1106 bytes} [Wed Aug 24 15:32:49 2022] GET /identity/v3/roles?name=member => generated 343 bytes in 180 msecs (HTTP/1.1 200) 5 headers in 177 bytes (1 switches on core 0)
Aug 24 15:32:49.949884 dv-cinder-849325-3-iscsi devstack@keystone.service[88218]: DEBUG keystone.server.flask.request_processing.middleware.auth_context [None req-4f8ff483-f293-45f9-af10-3cc9ee10048e None admin] Authenticating user token {{(pid=88218) process_request /usr/local/lib/python3.8/dist-packages/keystonemiddleware/auth_token/__init__.py:407}}
Aug 24 15:32:49.977712 dv-cinder-849325-3-iscsi devstack@keystone.service[88217]: DEBUG keystone.server.flask.request_processing.middleware.auth_context [None req-4b5f78de-3100-425e-b763-3bbd5d971fa1 None admin] Validating token access rules against request {{(pid=88217) validate_allowed_request /usr/local/lib/python3.8/dist-packages/keystonemiddleware/auth_token/__init__.py:545}}
Aug 24 15:32:50.017687 dv-cinder-849325-3-iscsi devstack@keystone.service[88217]: DEBUG keystone.server.flask.request_processing.middleware.auth_context [None req-d2f079e3-754a-437c-a924-5cf5ae8bf737 None admin] RBAC: auth_context: {'token': , 'domain_id': None, 'trust_id': None, 'trustor_id': None, 'trustee_id': None, 'domain_name': None, 'group_ids': [], 'user_id': '3eb7904f17244b85baf19c438c53917f', 'user_domain_id': 'default', 'system_scope': 'all', 'project_id': None, 'project_domain_id': None, 'roles': ['admin', 'member', 'reader'], 'is_admin_project': True, 'service_user_id': None, 'service_user_domain_id': None, 'service_project_id': None, 'service_project_domain_id': None, 'service_roles': []} {{(pid=88217) fill_context /opt/stack/keystone/keystone/server/flask/request_processing/middleware/auth_context.py:478}}
Aug 24 15:32:50.018322 dv-cinder-849325-3-iscsi devstack@keystone.service[88217]: DEBUG keystone.server.flask.request_processing.req_logging [None req-d2f079e3-754a-437c-a924-5cf5ae8bf737 None admin] REQUEST_METHOD: `GET` {{(pid=88217) log_request_info /opt/stack/keystone/keystone/server/flask/request_processing/req_logging.py:27}}
Aug 24 15:32:50.018607 dv-cinder-849325-3-iscsi devstack@keystone.service[88217]: DEBUG keystone.server.flask.request_processing.req_logging [None req-d2f079e3-754a-437c-a924-5cf5ae8bf737 None admin] SCRIPT_NAME: `/identity` {{(pid=88217) log_request_info /opt/stack/keystone/keystone/server/flask/request_processing/req_logging.py:28}}
Aug 24 15:32:50.018885 dv-cinder-849325-3-iscsi devstack@keystone.service[88217]: DEBUG keystone.server.flask.request_processing.req_logging [None req-d2f079e3-754a-437c-a924-5cf5ae8bf737 None admin] PATH_INFO: `/v3/projects/749c6d651fc445cdb75db25a73873386` {{(pid=88217) log_request_info /opt/stack/keystone/keystone/server/flask/request_processing/req_logging.py:29}}
Aug 24 15:32:50.020136 dv-cinder-849325-3-iscsi devstack@keystone.service[88217]: DEBUG keystone.common.rbac_enforcer.enforcer [None req-d2f079e3-754a-437c-a924-5cf5ae8bf737 None admin] RBAC: Authorizing `identity:get_project(project_id=749c6d651fc445cdb75db25a73873386)` {{(pid=88217) enforce_call /opt/stack/keystone/keystone/common/rbac_enforcer/enforcer.py:449}}
Aug 24 15:32:50.021542 dv-cinder-849325-3-iscsi devstack@keystone.service[88217]: DEBUG keystone.common.rbac_enforcer.enforcer [None req-d2f079e3-754a-437c-a924-5cf5ae8bf737 None admin] RBAC: Authorization granted {{(pid=88217) enforce_call /opt/stack/keystone/keystone/common/rbac_enforcer/enforcer.py:457}}
Aug 24 15:32:50.023194 dv-cinder-849325-3-iscsi devstack@keystone.service[88217]: [pid: 88217|app: 0|req: 48/87] 10.222.0.102 () {56 vars in 1191 bytes} [Wed Aug 24 15:32:49 2022] GET /identity/v3/projects/749c6d651fc445cdb75db25a73873386 => generated 299 bytes in 149 msecs (HTTP/1.1 200) 5 headers in 177 bytes (1 switches on core 0)
Aug 24 15:32:50.024034 dv-cinder-849325-3-iscsi devstack@keystone.service[88217]: DEBUG keystone.server.flask.request_processing.middleware.auth_context [None req-d2f079e3-754a-437c-a924-5cf5ae8bf737 None admin] Authenticating user token {{(pid=88217) process_request /usr/local/lib/python3.8/dist-packages/keystonemiddleware/auth_token/__init__.py:407}}
Aug 24 15:32:50.071113 dv-cinder-849325-3-iscsi devstack@keystone.service[88218]: DEBUG keystone.server.flask.request_processing.middleware.auth_context [None req-4f8ff483-f293-45f9-af10-3cc9ee10048e None admin] Validating token access rules against request {{(pid=88218) validate_allowed_request /usr/local/lib/python3.8/dist-packages/keystonemiddleware/auth_token/__init__.py:545}}
Aug 24 15:32:50.071939 dv-cinder-849325-3-iscsi devstack@keystone.service[88217]: DEBUG dbcounter [-] [88217] Writing DB stats keystone:SELECT=100 {{(pid=88217) stat_writer /usr/local/lib/python3.8/dist-packages/dbcounter.py:114}}
Aug 24 15:32:50.073856 dv-cinder-849325-3-iscsi devstack@keystone.service[88218]: DEBUG dbcounter [-] [88218] Writing DB stats keystone:SELECT=100 {{(pid=88218) stat_writer /usr/local/lib/python3.8/dist-packages/dbcounter.py:114}}
Aug 24 15:32:50.112062 dv-cinder-849325-3-iscsi devstack@keystone.service[88218]: DEBUG keystone.server.flask.request_processing.middleware.auth_context [None req-d8052064-3700-427d-b814-8185fcf21368 None admin] RBAC: auth_context: {'token': , 'domain_id': None, 'trust_id': None, 'trustor_id': None, 'trustee_id': None, 'domain_name': None, 'group_ids': [], 'user_id': '3eb7904f17244b85baf19c438c53917f', 'user_domain_id': 'default', 'system_scope': 'all', 'project_id': None, 'project_domain_id': None, 'roles': ['admin', 'member', 'reader'], 'is_admin_project': True, 'service_user_id': None, 'service_user_domain_id': None, 'service_project_id': None, 'service_project_domain_id': None, 'service_roles': []} {{(pid=88218) fill_context /opt/stack/keystone/keystone/server/flask/request_processing/middleware/auth_context.py:478}}
Aug 24 15:32:50.112696 dv-cinder-849325-3-iscsi devstack@keystone.service[88218]: DEBUG keystone.server.flask.request_processing.req_logging [None req-d8052064-3700-427d-b814-8185fcf21368 None admin] REQUEST_METHOD: `GET` {{(pid=88218) log_request_info /opt/stack/keystone/keystone/server/flask/request_processing/req_logging.py:27}}
Aug 24 15:32:50.112990 dv-cinder-849325-3-iscsi devstack@keystone.service[88218]: DEBUG keystone.server.flask.request_processing.req_logging [None req-d8052064-3700-427d-b814-8185fcf21368 None admin] SCRIPT_NAME: `/identity` {{(pid=88218) log_request_info /opt/stack/keystone/keystone/server/flask/request_processing/req_logging.py:28}}
Aug 24 15:32:50.113267 dv-cinder-849325-3-iscsi devstack@keystone.service[88218]: DEBUG keystone.server.flask.request_processing.req_logging [None req-d8052064-3700-427d-b814-8185fcf21368 None admin] PATH_INFO: `/v3/projects/749c6d651fc445cdb75db25a73873386` {{(pid=88218) log_request_info /opt/stack/keystone/keystone/server/flask/request_processing/req_logging.py:29}}
Aug 24 15:32:50.114421 dv-cinder-849325-3-iscsi devstack@keystone.service[88218]: DEBUG keystone.common.rbac_enforcer.enforcer [None req-d8052064-3700-427d-b814-8185fcf21368 None admin] RBAC: Authorizing `identity:get_project(project_id=749c6d651fc445cdb75db25a73873386)` {{(pid=88218) enforce_call /opt/stack/keystone/keystone/common/rbac_enforcer/enforcer.py:449}}
Aug 24 15:32:50.115902 dv-cinder-849325-3-iscsi devstack@keystone.service[88218]: DEBUG keystone.common.rbac_enforcer.enforcer [None req-d8052064-3700-427d-b814-8185fcf21368 None admin] RBAC: Authorization granted {{(pid=88218) enforce_call /opt/stack/keystone/keystone/common/rbac_enforcer/enforcer.py:457}}
Aug 24 15:32:50.117553 dv-cinder-849325-3-iscsi devstack@keystone.service[88218]: [pid: 88218|app: 0|req: 40/88] 10.222.0.102 () {56 vars in 1191 bytes} [Wed Aug 24 15:32:49 2022] GET /identity/v3/projects/749c6d651fc445cdb75db25a73873386 => generated 299 bytes in 168 msecs (HTTP/1.1 200) 5 headers in 177 bytes (1 switches on core 0)
Aug 24 15:32:50.118316 dv-cinder-849325-3-iscsi devstack@keystone.service[88218]: DEBUG keystone.server.flask.request_processing.middleware.auth_context [None req-d8052064-3700-427d-b814-8185fcf21368 None admin] Authenticating user token {{(pid=88218) process_request /usr/local/lib/python3.8/dist-packages/keystonemiddleware/auth_token/__init__.py:407}}
Aug 24 15:32:50.135457 dv-cinder-849325-3-iscsi devstack@keystone.service[88217]: DEBUG keystone.server.flask.request_processing.middleware.auth_context [None req-d2f079e3-754a-437c-a924-5cf5ae8bf737 None admin] Validating token access rules against request {{(pid=88217) validate_allowed_request /usr/local/lib/python3.8/dist-packages/keystonemiddleware/auth_token/__init__.py:545}}
Aug 24 15:32:50.172317 dv-cinder-849325-3-iscsi devstack@keystone.service[88217]: DEBUG keystone.server.flask.request_processing.middleware.auth_context [None req-926ad426-300b-48e4-b8d9-d9c4c0d42353 None admin] RBAC: auth_context: {'token': , 'domain_id': None, 'trust_id': None, 'trustor_id': None, 'trustee_id': None, 'domain_name': None, 'group_ids': [], 'user_id': '3eb7904f17244b85baf19c438c53917f', 'user_domain_id': 'default', 'system_scope': 'all', 'project_id': None, 'project_domain_id': None, 'roles': ['admin', 'member', 'reader'], 'is_admin_project': True, 'service_user_id': None, 'service_user_domain_id': None, 'service_project_id': None, 'service_project_domain_id': None, 'service_roles': []} {{(pid=88217) fill_context /opt/stack/keystone/keystone/server/flask/request_processing/middleware/auth_context.py:478}}
Aug 24 15:32:50.172960 dv-cinder-849325-3-iscsi devstack@keystone.service[88217]: DEBUG keystone.server.flask.request_processing.req_logging [None req-926ad426-300b-48e4-b8d9-d9c4c0d42353 None admin] REQUEST_METHOD: `GET` {{(pid=88217) log_request_info /opt/stack/keystone/keystone/server/flask/request_processing/req_logging.py:27}}
Aug 24 15:32:50.173276 dv-cinder-849325-3-iscsi devstack@keystone.service[88217]: DEBUG keystone.server.flask.request_processing.req_logging [None req-926ad426-300b-48e4-b8d9-d9c4c0d42353 None admin] SCRIPT_NAME: `/identity` {{(pid=88217) log_request_info /opt/stack/keystone/keystone/server/flask/request_processing/req_logging.py:28}}
Aug 24 15:32:50.173844 dv-cinder-849325-3-iscsi devstack@keystone.service[88217]: DEBUG keystone.server.flask.request_processing.req_logging [None req-926ad426-300b-48e4-b8d9-d9c4c0d42353 None admin] PATH_INFO: `/v3/projects/749c6d651fc445cdb75db25a73873386` {{(pid=88217) log_request_info /opt/stack/keystone/keystone/server/flask/request_processing/req_logging.py:29}}
Aug 24 15:32:50.174679 dv-cinder-849325-3-iscsi devstack@keystone.service[88217]: DEBUG keystone.common.rbac_enforcer.enforcer [None req-926ad426-300b-48e4-b8d9-d9c4c0d42353 None admin] RBAC: Authorizing `identity:get_project(project_id=749c6d651fc445cdb75db25a73873386)` {{(pid=88217) enforce_call /opt/stack/keystone/keystone/common/rbac_enforcer/enforcer.py:449}}
Aug 24 15:32:50.176166 dv-cinder-849325-3-iscsi devstack@keystone.service[88217]: DEBUG keystone.common.rbac_enforcer.enforcer [None req-926ad426-300b-48e4-b8d9-d9c4c0d42353 None admin] RBAC: Authorization granted {{(pid=88217) enforce_call /opt/stack/keystone/keystone/common/rbac_enforcer/enforcer.py:457}}
Aug 24 15:32:50.177822 dv-cinder-849325-3-iscsi devstack@keystone.service[88217]: [pid: 88217|app: 0|req: 49/89] 10.222.0.102 () {56 vars in 1191 bytes} [Wed Aug 24 15:32:50 2022] GET /identity/v3/projects/749c6d651fc445cdb75db25a73873386 => generated 299 bytes in 154 msecs (HTTP/1.1 200) 5 headers in 177 bytes (1 switches on core 0)
Aug 24 15:32:50.183410 dv-cinder-849325-3-iscsi devstack@keystone.service[88217]: DEBUG keystone.server.flask.request_processing.middleware.auth_context [None req-926ad426-300b-48e4-b8d9-d9c4c0d42353 None admin] Authenticating user token {{(pid=88217) process_request /usr/local/lib/python3.8/dist-packages/keystonemiddleware/auth_token/__init__.py:407}}
Aug 24 15:32:50.224390 dv-cinder-849325-3-iscsi devstack@keystone.service[88218]: DEBUG keystone.server.flask.request_processing.middleware.auth_context [None req-d8052064-3700-427d-b814-8185fcf21368 None admin] Validating token access rules against request {{(pid=88218) validate_allowed_request /usr/local/lib/python3.8/dist-packages/keystonemiddleware/auth_token/__init__.py:545}}
Aug 24 15:32:50.259912 dv-cinder-849325-3-iscsi devstack@keystone.service[88218]: DEBUG keystone.server.flask.request_processing.middleware.auth_context [None req-5f7e6b4d-effe-42ac-ae01-4541726bed2b None admin] RBAC: auth_context: {'token': , 'domain_id': None, 'trust_id': None, 'trustor_id': None, 'trustee_id': None, 'domain_name': None, 'group_ids': [], 'user_id': '3eb7904f17244b85baf19c438c53917f', 'user_domain_id': 'default', 'system_scope': 'all', 'project_id': None, 'project_domain_id': None, 'roles': ['admin', 'member', 'reader'], 'is_admin_project': True, 'service_user_id': None, 'service_user_domain_id': None, 'service_project_id': None, 'service_project_domain_id': None, 'service_roles': []} {{(pid=88218) fill_context /opt/stack/keystone/keystone/server/flask/request_processing/middleware/auth_context.py:478}}
Aug 24 15:32:50.260448 dv-cinder-849325-3-iscsi devstack@keystone.service[88218]: DEBUG keystone.server.flask.request_processing.req_logging [None req-5f7e6b4d-effe-42ac-ae01-4541726bed2b None admin] REQUEST_METHOD: `POST` {{(pid=88218) log_request_info /opt/stack/keystone/keystone/server/flask/request_processing/req_logging.py:27}}
Aug 24 15:32:50.260732 dv-cinder-849325-3-iscsi devstack@keystone.service[88218]: DEBUG keystone.server.flask.request_processing.req_logging [None req-5f7e6b4d-effe-42ac-ae01-4541726bed2b None admin] SCRIPT_NAME: `/identity` {{(pid=88218) log_request_info /opt/stack/keystone/keystone/server/flask/request_processing/req_logging.py:28}}
Aug 24 15:32:50.261007 dv-cinder-849325-3-iscsi devstack@keystone.service[88218]: DEBUG keystone.server.flask.request_processing.req_logging [None req-5f7e6b4d-effe-42ac-ae01-4541726bed2b None admin] PATH_INFO: `/v3/users` {{(pid=88218) log_request_info /opt/stack/keystone/keystone/server/flask/request_processing/req_logging.py:29}}
Aug 24 15:32:50.261662 dv-cinder-849325-3-iscsi devstack@keystone.service[88218]: DEBUG keystone.common.rbac_enforcer.enforcer [None req-5f7e6b4d-effe-42ac-ae01-4541726bed2b None admin] RBAC: Authorizing `identity:create_user()` {{(pid=88218) enforce_call /opt/stack/keystone/keystone/common/rbac_enforcer/enforcer.py:449}}
Aug 24 15:32:50.263109 dv-cinder-849325-3-iscsi devstack@keystone.service[88218]: DEBUG keystone.common.rbac_enforcer.enforcer [None req-5f7e6b4d-effe-42ac-ae01-4541726bed2b None admin] RBAC: Authorization granted {{(pid=88218) enforce_call /opt/stack/keystone/keystone/common/rbac_enforcer/enforcer.py:457}}
Aug 24 15:32:50.284574 dv-cinder-849325-3-iscsi devstack@keystone.service[88218]: [pid: 88218|app: 0|req: 41/90] 10.222.0.102 () {60 vars in 1137 bytes} [Wed Aug 24 15:32:50 2022] POST /identity/v3/users => generated 290 bytes in 166 msecs (HTTP/1.1 201) 5 headers in 182 bytes (1 switches on core 0)
Aug 24 15:32:50.285325 dv-cinder-849325-3-iscsi devstack@keystone.service[88218]: DEBUG keystone.server.flask.request_processing.middleware.auth_context [None req-5f7e6b4d-effe-42ac-ae01-4541726bed2b None admin] Authenticating user token {{(pid=88218) process_request /usr/local/lib/python3.8/dist-packages/keystonemiddleware/auth_token/__init__.py:407}}
Aug 24 15:32:50.296604 dv-cinder-849325-3-iscsi devstack@keystone.service[88217]: DEBUG keystone.server.flask.request_processing.middleware.auth_context [None req-926ad426-300b-48e4-b8d9-d9c4c0d42353 None admin] Validating token access rules against request {{(pid=88217) validate_allowed_request /usr/local/lib/python3.8/dist-packages/keystonemiddleware/auth_token/__init__.py:545}}
Aug 24 15:32:50.313006 dv-cinder-849325-3-iscsi devstack@keystone.service[88217]: DEBUG dbcounter [-] [88217] Writing DB stats keystone:SELECT=100 {{(pid=88217) stat_writer /usr/local/lib/python3.8/dist-packages/dbcounter.py:114}}
Aug 24 15:32:50.334907 dv-cinder-849325-3-iscsi devstack@keystone.service[88218]: DEBUG dbcounter [-] [88218] Writing DB stats keystone:SELECT=97,keystone:INSERT=3 {{(pid=88218) stat_writer /usr/local/lib/python3.8/dist-packages/dbcounter.py:114}}
Aug 24 15:32:50.345357 dv-cinder-849325-3-iscsi devstack@keystone.service[88217]: DEBUG keystone.server.flask.request_processing.middleware.auth_context [None req-99371bfb-b666-4fc3-8a78-3399da9b982d None admin] RBAC: auth_context: {'token': , 'domain_id': None, 'trust_id': None, 'trustor_id': None, 'trustee_id': None, 'domain_name': None, 'group_ids': [], 'user_id': '3eb7904f17244b85baf19c438c53917f', 'user_domain_id': 'default', 'system_scope': 'all', 'project_id': None, 'project_domain_id': None, 'roles': ['admin', 'member', 'reader'], 'is_admin_project': True, 'service_user_id': None, 'service_user_domain_id': None, 'service_project_id': None, 'service_project_domain_id': None, 'service_roles': []} {{(pid=88217) fill_context /opt/stack/keystone/keystone/server/flask/request_processing/middleware/auth_context.py:478}}
Aug 24 15:32:50.346019 dv-cinder-849325-3-iscsi devstack@keystone.service[88217]: DEBUG keystone.server.flask.request_processing.req_logging [None req-99371bfb-b666-4fc3-8a78-3399da9b982d None admin] REQUEST_METHOD: `GET` {{(pid=88217) log_request_info /opt/stack/keystone/keystone/server/flask/request_processing/req_logging.py:27}}
Aug 24 15:32:50.346307 dv-cinder-849325-3-iscsi devstack@keystone.service[88217]: DEBUG keystone.server.flask.request_processing.req_logging [None req-99371bfb-b666-4fc3-8a78-3399da9b982d None admin] SCRIPT_NAME: `/identity` {{(pid=88217) log_request_info /opt/stack/keystone/keystone/server/flask/request_processing/req_logging.py:28}}
Aug 24 15:32:50.346625 dv-cinder-849325-3-iscsi devstack@keystone.service[88217]: DEBUG keystone.server.flask.request_processing.req_logging [None req-99371bfb-b666-4fc3-8a78-3399da9b982d None admin] PATH_INFO: `/v3/users/cb1c2ffc97364fa48e0d109484b7871c` {{(pid=88217) log_request_info /opt/stack/keystone/keystone/server/flask/request_processing/req_logging.py:29}}
Aug 24 15:32:50.347831 dv-cinder-849325-3-iscsi devstack@keystone.service[88217]: DEBUG keystone.common.rbac_enforcer.enforcer [None req-99371bfb-b666-4fc3-8a78-3399da9b982d None admin] RBAC: Authorizing `identity:get_user(user_id=cb1c2ffc97364fa48e0d109484b7871c)` {{(pid=88217) enforce_call /opt/stack/keystone/keystone/common/rbac_enforcer/enforcer.py:449}}
Aug 24 15:32:50.349319 dv-cinder-849325-3-iscsi devstack@keystone.service[88217]: DEBUG keystone.common.rbac_enforcer.enforcer [None req-99371bfb-b666-4fc3-8a78-3399da9b982d None admin] RBAC: Authorization granted {{(pid=88217) enforce_call /opt/stack/keystone/keystone/common/rbac_enforcer/enforcer.py:457}}
Aug 24 15:32:50.351197 dv-cinder-849325-3-iscsi devstack@keystone.service[88217]: [pid: 88217|app: 0|req: 50/91] 10.222.0.102 () {56 vars in 1182 bytes} [Wed Aug 24 15:32:50 2022] GET /identity/v3/users/cb1c2ffc97364fa48e0d109484b7871c => generated 276 bytes in 173 msecs (HTTP/1.1 200) 5 headers in 177 bytes (1 switches on core 0)
Aug 24 15:32:50.351872 dv-cinder-849325-3-iscsi devstack@keystone.service[88217]: DEBUG keystone.server.flask.request_processing.middleware.auth_context [None req-99371bfb-b666-4fc3-8a78-3399da9b982d None admin] Authenticating user token {{(pid=88217) process_request /usr/local/lib/python3.8/dist-packages/keystonemiddleware/auth_token/__init__.py:407}}
Aug 24 15:32:50.425996 dv-cinder-849325-3-iscsi devstack@keystone.service[88218]: DEBUG keystone.server.flask.request_processing.middleware.auth_context [None req-5f7e6b4d-effe-42ac-ae01-4541726bed2b None admin] Validating token access rules against request {{(pid=88218) validate_allowed_request /usr/local/lib/python3.8/dist-packages/keystonemiddleware/auth_token/__init__.py:545}}
Aug 24 15:32:50.471457 dv-cinder-849325-3-iscsi devstack@keystone.service[88218]: DEBUG keystone.server.flask.request_processing.middleware.auth_context [None req-494da68f-8cae-452e-aad1-80587a73081a None admin] RBAC: auth_context: {'token': , 'domain_id': None, 'trust_id': None, 'trustor_id': None, 'trustee_id': None, 'domain_name': None, 'group_ids': [], 'user_id': '3eb7904f17244b85baf19c438c53917f', 'user_domain_id': 'default', 'system_scope': 'all', 'project_id': None, 'project_domain_id': None, 'roles': ['admin', 'member', 'reader'], 'is_admin_project': True, 'service_user_id': None, 'service_user_domain_id': None, 'service_project_id': None, 'service_project_domain_id': None, 'service_roles': []} {{(pid=88218) fill_context /opt/stack/keystone/keystone/server/flask/request_processing/middleware/auth_context.py:478}}
Aug 24 15:32:50.472089 dv-cinder-849325-3-iscsi devstack@keystone.service[88218]: DEBUG keystone.server.flask.request_processing.req_logging [None req-494da68f-8cae-452e-aad1-80587a73081a None admin] REQUEST_METHOD: `GET` {{(pid=88218) log_request_info /opt/stack/keystone/keystone/server/flask/request_processing/req_logging.py:27}}
Aug 24 15:32:50.472378 dv-cinder-849325-3-iscsi devstack@keystone.service[88218]: DEBUG keystone.server.flask.request_processing.req_logging [None req-494da68f-8cae-452e-aad1-80587a73081a None admin] SCRIPT_NAME: `/identity` {{(pid=88218) log_request_info /opt/stack/keystone/keystone/server/flask/request_processing/req_logging.py:28}}
Aug 24 15:32:50.472704 dv-cinder-849325-3-iscsi devstack@keystone.service[88218]: DEBUG keystone.server.flask.request_processing.req_logging [None req-494da68f-8cae-452e-aad1-80587a73081a None admin] PATH_INFO: `/v3/role_assignments` {{(pid=88218) log_request_info /opt/stack/keystone/keystone/server/flask/request_processing/req_logging.py:29}}
Aug 24 15:32:50.473457 dv-cinder-849325-3-iscsi devstack@keystone.service[88218]: DEBUG keystone.common.rbac_enforcer.enforcer [None req-494da68f-8cae-452e-aad1-80587a73081a None admin] RBAC: Adding query filter params (role.id=b5d2ed3e20ab47eeb741b4f43ab2eebb, scope.project.id=749c6d651fc445cdb75db25a73873386, user.id=cb1c2ffc97364fa48e0d109484b7871c) {{(pid=88218) _extract_filter_values /opt/stack/keystone/keystone/common/rbac_enforcer/enforcer.py:167}}
