Aug 24 15:33:02.767325 dv-cinder-849325-3-iscsi devstack@keystone.service[88217]: DEBUG keystone.server.flask.request_processing.middleware.auth_context [None req-292abfee-9d7b-4a1c-bb5e-3ec164e70448 None admin] RBAC: auth_context: {'token': , 'domain_id': None, 'trust_id': None, 'trustor_id': None, 'trustee_id': None, 'domain_name': None, 'group_ids': [], 'user_id': '3eb7904f17244b85baf19c438c53917f', 'user_domain_id': 'default', 'system_scope': 'all', 'project_id': None, 'project_domain_id': None, 'roles': ['admin', 'member', 'reader'], 'is_admin_project': True, 'service_user_id': None, 'service_user_domain_id': None, 'service_project_id': None, 'service_project_domain_id': None, 'service_roles': []} {{(pid=88217) fill_context /opt/stack/keystone/keystone/server/flask/request_processing/middleware/auth_context.py:478}}
Aug 24 15:33:02.767997 dv-cinder-849325-3-iscsi devstack@keystone.service[88217]: DEBUG keystone.server.flask.request_processing.req_logging [None req-292abfee-9d7b-4a1c-bb5e-3ec164e70448 None admin] REQUEST_METHOD: `GET` {{(pid=88217) log_request_info /opt/stack/keystone/keystone/server/flask/request_processing/req_logging.py:27}}
Aug 24 15:33:02.768281 dv-cinder-849325-3-iscsi devstack@keystone.service[88217]: DEBUG keystone.server.flask.request_processing.req_logging [None req-292abfee-9d7b-4a1c-bb5e-3ec164e70448 None admin] SCRIPT_NAME: `/identity` {{(pid=88217) log_request_info /opt/stack/keystone/keystone/server/flask/request_processing/req_logging.py:28}}
Aug 24 15:33:02.768662 dv-cinder-849325-3-iscsi devstack@keystone.service[88217]: DEBUG keystone.server.flask.request_processing.req_logging [None req-292abfee-9d7b-4a1c-bb5e-3ec164e70448 None admin] PATH_INFO: `/v3/role_assignments` {{(pid=88217) log_request_info /opt/stack/keystone/keystone/server/flask/request_processing/req_logging.py:29}}
Aug 24 15:33:02.769432 dv-cinder-849325-3-iscsi devstack@keystone.service[88217]: DEBUG keystone.common.rbac_enforcer.enforcer [None req-292abfee-9d7b-4a1c-bb5e-3ec164e70448 None admin] RBAC: Adding query filter params (role.id=b8429ebd9c2a4cbbbbf30ad56ce23bfa, scope.project.id=749c6d651fc445cdb75db25a73873386, user.id=cb1c2ffc97364fa48e0d109484b7871c) {{(pid=88217) _extract_filter_values /opt/stack/keystone/keystone/common/rbac_enforcer/enforcer.py:167}}
Aug 24 15:33:02.769749 dv-cinder-849325-3-iscsi devstack@keystone.service[88217]: DEBUG keystone.common.rbac_enforcer.enforcer [None req-292abfee-9d7b-4a1c-bb5e-3ec164e70448 None admin] RBAC: Authorizing `identity:list_role_assignments()` {{(pid=88217) enforce_call /opt/stack/keystone/keystone/common/rbac_enforcer/enforcer.py:449}}
Aug 24 15:33:02.771247 dv-cinder-849325-3-iscsi devstack@keystone.service[88217]: DEBUG keystone.common.rbac_enforcer.enforcer [None req-292abfee-9d7b-4a1c-bb5e-3ec164e70448 None admin] RBAC: Authorization granted {{(pid=88217) enforce_call /opt/stack/keystone/keystone/common/rbac_enforcer/enforcer.py:457}}
Aug 24 15:33:02.772391 dv-cinder-849325-3-iscsi devstack@keystone.service[88218]: DEBUG keystone.server.flask.request_processing.middleware.auth_context [None req-ff30990c-c525-4aba-a5dc-3626c91ea7e8 None admin] RBAC: auth_context: {'token': , 'domain_id': None, 'trust_id': None, 'trustor_id': None, 'trustee_id': None, 'domain_name': None, 'group_ids': [], 'user_id': '3eb7904f17244b85baf19c438c53917f', 'user_domain_id': 'default', 'system_scope': 'all', 'project_id': None, 'project_domain_id': None, 'roles': ['admin', 'member', 'reader'], 'is_admin_project': True, 'service_user_id': None, 'service_user_domain_id': None, 'service_project_id': None, 'service_project_domain_id': None, 'service_roles': []} {{(pid=88218) fill_context /opt/stack/keystone/keystone/server/flask/request_processing/middleware/auth_context.py:478}}
Aug 24 15:33:02.773049 dv-cinder-849325-3-iscsi devstack@keystone.service[88218]: DEBUG keystone.server.flask.request_processing.req_logging [None req-ff30990c-c525-4aba-a5dc-3626c91ea7e8 None admin] REQUEST_METHOD: `GET` {{(pid=88218) log_request_info /opt/stack/keystone/keystone/server/flask/request_processing/req_logging.py:27}}
Aug 24 15:33:02.773334 dv-cinder-849325-3-iscsi devstack@keystone.service[88218]: DEBUG keystone.server.flask.request_processing.req_logging [None req-ff30990c-c525-4aba-a5dc-3626c91ea7e8 None admin] SCRIPT_NAME: `/identity` {{(pid=88218) log_request_info /opt/stack/keystone/keystone/server/flask/request_processing/req_logging.py:28}}
Aug 24 15:33:02.773612 dv-cinder-849325-3-iscsi devstack@keystone.service[88218]: DEBUG keystone.server.flask.request_processing.req_logging [None req-ff30990c-c525-4aba-a5dc-3626c91ea7e8 None admin] PATH_INFO: `/v3/projects/749c6d651fc445cdb75db25a73873386` {{(pid=88218) log_request_info /opt/stack/keystone/keystone/server/flask/request_processing/req_logging.py:29}}
Aug 24 15:33:02.776000 dv-cinder-849325-3-iscsi devstack@keystone.service[88218]: DEBUG keystone.common.rbac_enforcer.enforcer [None req-ff30990c-c525-4aba-a5dc-3626c91ea7e8 None admin] RBAC: Authorizing `identity:get_project(project_id=749c6d651fc445cdb75db25a73873386)` {{(pid=88218) enforce_call /opt/stack/keystone/keystone/common/rbac_enforcer/enforcer.py:449}}
Aug 24 15:33:02.777571 dv-cinder-849325-3-iscsi devstack@keystone.service[88218]: DEBUG keystone.common.rbac_enforcer.enforcer [None req-ff30990c-c525-4aba-a5dc-3626c91ea7e8 None admin] RBAC: Authorization granted {{(pid=88218) enforce_call /opt/stack/keystone/keystone/common/rbac_enforcer/enforcer.py:457}}
Aug 24 15:33:02.778932 dv-cinder-849325-3-iscsi devstack@keystone.service[88217]: [pid: 88217|app: 0|req: 92/175] 10.222.0.102 () {56 vars in 1379 bytes} [Wed Aug 24 15:33:02 2022] GET /identity/v3/role_assignments?user.id=cb1c2ffc97364fa48e0d109484b7871c&scope.project.id=749c6d651fc445cdb75db25a73873386&role.id=b8429ebd9c2a4cbbbbf30ad56ce23bfa => generated 610 bytes in 160 msecs (HTTP/1.1 200) 5 headers in 177 bytes (1 switches on core 0)
Aug 24 15:33:02.779478 dv-cinder-849325-3-iscsi devstack@keystone.service[88218]: [pid: 88218|app: 0|req: 84/176] 10.222.0.102 () {56 vars in 1191 bytes} [Wed Aug 24 15:33:02 2022] GET /identity/v3/projects/749c6d651fc445cdb75db25a73873386 => generated 299 bytes in 335 msecs (HTTP/1.1 200) 5 headers in 177 bytes (1 switches on core 0)
Aug 24 15:33:02.780424 dv-cinder-849325-3-iscsi devstack@keystone.service[88217]: DEBUG keystone.server.flask.request_processing.middleware.auth_context [None req-292abfee-9d7b-4a1c-bb5e-3ec164e70448 None admin] Authenticating user token {{(pid=88217) process_request /usr/local/lib/python3.8/dist-packages/keystonemiddleware/auth_token/__init__.py:407}}
Aug 24 15:33:02.786675 dv-cinder-849325-3-iscsi devstack@keystone.service[88218]: DEBUG keystone.server.flask.request_processing.middleware.auth_context [None req-ff30990c-c525-4aba-a5dc-3626c91ea7e8 None admin] Authenticating user token {{(pid=88218) process_request /usr/local/lib/python3.8/dist-packages/keystonemiddleware/auth_token/__init__.py:407}}
Aug 24 15:33:02.905431 dv-cinder-849325-3-iscsi devstack@keystone.service[88217]: DEBUG keystone.server.flask.request_processing.middleware.auth_context [None req-292abfee-9d7b-4a1c-bb5e-3ec164e70448 None admin] Validating token access rules against request {{(pid=88217) validate_allowed_request /usr/local/lib/python3.8/dist-packages/keystonemiddleware/auth_token/__init__.py:545}}
Aug 24 15:33:02.947822 dv-cinder-849325-3-iscsi devstack@keystone.service[88217]: DEBUG keystone.server.flask.request_processing.middleware.auth_context [None req-7e1d9a18-f20f-4256-8b3f-499a7f7a3d4b None admin] RBAC: auth_context: {'token': , 'domain_id': None, 'trust_id': None, 'trustor_id': None, 'trustee_id': None, 'domain_name': None, 'group_ids': [], 'user_id': '3eb7904f17244b85baf19c438c53917f', 'user_domain_id': 'default', 'system_scope': 'all', 'project_id': None, 'project_domain_id': None, 'roles': ['admin', 'member', 'reader'], 'is_admin_project': True, 'service_user_id': None, 'service_user_domain_id': None, 'service_project_id': None, 'service_project_domain_id': None, 'service_roles': []} {{(pid=88217) fill_context /opt/stack/keystone/keystone/server/flask/request_processing/middleware/auth_context.py:478}}
Aug 24 15:33:02.948892 dv-cinder-849325-3-iscsi devstack@keystone.service[88217]: DEBUG keystone.server.flask.request_processing.req_logging [None req-7e1d9a18-f20f-4256-8b3f-499a7f7a3d4b None admin] REQUEST_METHOD: `GET` {{(pid=88217) log_request_info /opt/stack/keystone/keystone/server/flask/request_processing/req_logging.py:27}}
Aug 24 15:33:02.949499 dv-cinder-849325-3-iscsi devstack@keystone.service[88217]: DEBUG keystone.server.flask.request_processing.req_logging [None req-7e1d9a18-f20f-4256-8b3f-499a7f7a3d4b None admin] SCRIPT_NAME: `/identity` {{(pid=88217) log_request_info /opt/stack/keystone/keystone/server/flask/request_processing/req_logging.py:28}}
Aug 24 15:33:02.950005 dv-cinder-849325-3-iscsi devstack@keystone.service[88217]: DEBUG keystone.server.flask.request_processing.req_logging [None req-7e1d9a18-f20f-4256-8b3f-499a7f7a3d4b None admin] PATH_INFO: `/v3/auth/tokens` {{(pid=88217) log_request_info /opt/stack/keystone/keystone/server/flask/request_processing/req_logging.py:29}}
Aug 24 15:33:02.992787 dv-cinder-849325-3-iscsi devstack@keystone.service[88218]: DEBUG dbcounter [-] [88218] Writing DB stats keystone:SELECT=100 {{(pid=88218) stat_writer /usr/local/lib/python3.8/dist-packages/dbcounter.py:114}}
Aug 24 15:33:03.006250 dv-cinder-849325-3-iscsi devstack@keystone.service[88217]: DEBUG dbcounter [-] [88217] Writing DB stats keystone:SELECT=100 {{(pid=88217) stat_writer /usr/local/lib/python3.8/dist-packages/dbcounter.py:114}}
Aug 24 15:33:03.031765 dv-cinder-849325-3-iscsi devstack@keystone.service[88217]: DEBUG keystone.common.rbac_enforcer.enforcer [None req-7e1d9a18-f20f-4256-8b3f-499a7f7a3d4b None admin] RBAC: Authorizing `identity:validate_token()` {{(pid=88217) enforce_call /opt/stack/keystone/keystone/common/rbac_enforcer/enforcer.py:449}}
Aug 24 15:33:03.034460 dv-cinder-849325-3-iscsi devstack@keystone.service[88217]: DEBUG keystone.common.rbac_enforcer.enforcer [None req-7e1d9a18-f20f-4256-8b3f-499a7f7a3d4b None admin] RBAC: Authorization granted {{(pid=88217) enforce_call /opt/stack/keystone/keystone/common/rbac_enforcer/enforcer.py:457}}
Aug 24 15:33:03.097549 dv-cinder-849325-3-iscsi devstack@keystone.service[88218]: DEBUG keystone.server.flask.request_processing.middleware.auth_context [None req-ff30990c-c525-4aba-a5dc-3626c91ea7e8 None admin] Validating token access rules against request {{(pid=88218) validate_allowed_request /usr/local/lib/python3.8/dist-packages/keystonemiddleware/auth_token/__init__.py:545}}
Aug 24 15:33:03.150369 dv-cinder-849325-3-iscsi devstack@keystone.service[88217]: [pid: 88217|app: 0|req: 93/177] 10.222.0.102 () {58 vars in 1287 bytes} [Wed Aug 24 15:33:02 2022] GET /identity/v3/auth/tokens => generated 800 bytes in 371 msecs (HTTP/1.1 200) 6 headers in 358 bytes (1 switches on core 0)
Aug 24 15:33:03.152384 dv-cinder-849325-3-iscsi devstack@keystone.service[88217]: DEBUG keystone.server.flask.request_processing.req_logging [None req-960644c8-47e4-4471-985b-96a5e7a8ea5b None None] REQUEST_METHOD: `GET` {{(pid=88217) log_request_info /opt/stack/keystone/keystone/server/flask/request_processing/req_logging.py:27}}
Aug 24 15:33:03.152863 dv-cinder-849325-3-iscsi devstack@keystone.service[88217]: DEBUG keystone.server.flask.request_processing.req_logging [None req-960644c8-47e4-4471-985b-96a5e7a8ea5b None None] SCRIPT_NAME: `/identity` {{(pid=88217) log_request_info /opt/stack/keystone/keystone/server/flask/request_processing/req_logging.py:28}}
Aug 24 15:33:03.152984 dv-cinder-849325-3-iscsi devstack@keystone.service[88218]: DEBUG keystone.server.flask.request_processing.middleware.auth_context [None req-9659cac7-208e-4696-b9a8-012d3b1f24d3 None admin] RBAC: auth_context: {'token': , 'domain_id': None, 'trust_id': None, 'trustor_id': None, 'trustee_id': None, 'domain_name': None, 'group_ids': [], 'user_id': '3eb7904f17244b85baf19c438c53917f', 'user_domain_id': 'default', 'system_scope': 'all', 'project_id': None, 'project_domain_id': None, 'roles': ['admin', 'member', 'reader'], 'is_admin_project': True, 'service_user_id': None, 'service_user_domain_id': None, 'service_project_id': None, 'service_project_domain_id': None, 'service_roles': []} {{(pid=88218) fill_context /opt/stack/keystone/keystone/server/flask/request_processing/middleware/auth_context.py:478}}
Aug 24 15:33:03.153459 dv-cinder-849325-3-iscsi devstack@keystone.service[88217]: DEBUG keystone.server.flask.request_processing.req_logging [None req-960644c8-47e4-4471-985b-96a5e7a8ea5b None None] PATH_INFO: `/` {{(pid=88217) log_request_info /opt/stack/keystone/keystone/server/flask/request_processing/req_logging.py:29}}
Aug 24 15:33:03.153718 dv-cinder-849325-3-iscsi devstack@keystone.service[88218]: DEBUG keystone.server.flask.request_processing.req_logging [None req-9659cac7-208e-4696-b9a8-012d3b1f24d3 None admin] REQUEST_METHOD: `PUT` {{(pid=88218) log_request_info /opt/stack/keystone/keystone/server/flask/request_processing/req_logging.py:27}}
Aug 24 15:33:03.154003 dv-cinder-849325-3-iscsi devstack@keystone.service[88218]: DEBUG keystone.server.flask.request_processing.req_logging [None req-9659cac7-208e-4696-b9a8-012d3b1f24d3 None admin] SCRIPT_NAME: `/identity` {{(pid=88218) log_request_info /opt/stack/keystone/keystone/server/flask/request_processing/req_logging.py:28}}
Aug 24 15:33:03.154278 dv-cinder-849325-3-iscsi devstack@keystone.service[88218]: DEBUG keystone.server.flask.request_processing.req_logging [None req-9659cac7-208e-4696-b9a8-012d3b1f24d3 None admin] PATH_INFO: `/v3/projects/749c6d651fc445cdb75db25a73873386/users/ed4c3aa4c7b14a35b57177bf48a0e250/roles/868817cab1414b5aa207bc5bdf4f1d9a` {{(pid=88218) log_request_info /opt/stack/keystone/keystone/server/flask/request_processing/req_logging.py:29}}
Aug 24 15:33:03.155751 dv-cinder-849325-3-iscsi devstack@keystone.service[88217]: [pid: 88217|app: 0|req: 94/178] 10.222.0.102 () {54 vars in 932 bytes} [Wed Aug 24 15:33:03 2022] GET /identity => generated 271 bytes in 4 msecs (HTTP/1.1 300) 6 headers in 235 bytes (1 switches on core 0)
Aug 24 15:33:03.157298 dv-cinder-849325-3-iscsi devstack@keystone.service[88217]: DEBUG keystone.server.flask.request_processing.middleware.auth_context [None req-960644c8-47e4-4471-985b-96a5e7a8ea5b None None] Authenticating user token {{(pid=88217) process_request /usr/local/lib/python3.8/dist-packages/keystonemiddleware/auth_token/__init__.py:407}}
Aug 24 15:33:03.157554 dv-cinder-849325-3-iscsi devstack@keystone.service[88218]: DEBUG keystone.common.rbac_enforcer.enforcer [None req-9659cac7-208e-4696-b9a8-012d3b1f24d3 None admin] RBAC: Authorizing `identity:create_grant(project_id=749c6d651fc445cdb75db25a73873386, user_id=ed4c3aa4c7b14a35b57177bf48a0e250, role_id=868817cab1414b5aa207bc5bdf4f1d9a)` {{(pid=88218) enforce_call /opt/stack/keystone/keystone/common/rbac_enforcer/enforcer.py:449}}
Aug 24 15:33:03.159508 dv-cinder-849325-3-iscsi devstack@keystone.service[88218]: DEBUG keystone.common.rbac_enforcer.enforcer [None req-9659cac7-208e-4696-b9a8-012d3b1f24d3 None admin] RBAC: Authorization granted {{(pid=88218) enforce_call /opt/stack/keystone/keystone/common/rbac_enforcer/enforcer.py:457}}
Aug 24 15:33:03.176127 dv-cinder-849325-3-iscsi devstack@keystone.service[88218]: [pid: 88218|app: 0|req: 85/179] 10.222.0.102 () {58 vars in 1444 bytes} [Wed Aug 24 15:33:02 2022] PUT /identity/v3/projects/749c6d651fc445cdb75db25a73873386/users/ed4c3aa4c7b14a35b57177bf48a0e250/roles/868817cab1414b5aa207bc5bdf4f1d9a => generated 0 bytes in 390 msecs (HTTP/1.1 204) 3 headers in 132 bytes (0 switches on core 0)
Aug 24 15:33:03.177482 dv-cinder-849325-3-iscsi devstack@keystone.service[88218]: DEBUG keystone.server.flask.request_processing.req_logging [None req-149e0607-516e-40bf-9a49-54d89f2a06bc None None] REQUEST_METHOD: `POST` {{(pid=88218) log_request_info /opt/stack/keystone/keystone/server/flask/request_processing/req_logging.py:27}}
Aug 24 15:33:03.177798 dv-cinder-849325-3-iscsi devstack@keystone.service[88218]: DEBUG keystone.server.flask.request_processing.req_logging [None req-149e0607-516e-40bf-9a49-54d89f2a06bc None None] SCRIPT_NAME: `/identity` {{(pid=88218) log_request_info /opt/stack/keystone/keystone/server/flask/request_processing/req_logging.py:28}}
Aug 24 15:33:03.178117 dv-cinder-849325-3-iscsi devstack@keystone.service[88218]: DEBUG keystone.server.flask.request_processing.req_logging [None req-149e0607-516e-40bf-9a49-54d89f2a06bc None None] PATH_INFO: `/v3/auth/tokens` {{(pid=88218) log_request_info /opt/stack/keystone/keystone/server/flask/request_processing/req_logging.py:29}}
Aug 24 15:33:03.226719 dv-cinder-849325-3-iscsi devstack@keystone.service[88218]: DEBUG keystone.auth.core [None req-149e0607-516e-40bf-9a49-54d89f2a06bc None None] MFA Rules not processed for user `3eb7904f17244b85baf19c438c53917f`. Rule list: `[]` (Enabled: `True`). {{(pid=88218) check_auth_methods_against_rules /opt/stack/keystone/keystone/auth/core.py:438}}
Aug 24 15:33:03.228034 dv-cinder-849325-3-iscsi devstack@keystone.service[88218]: DEBUG keystone.common.fernet_utils [None req-149e0607-516e-40bf-9a49-54d89f2a06bc None None] Loaded 2 Fernet keys from /etc/keystone/fernet-keys/, but `[fernet_tokens] max_active_keys = 3`; perhaps there have not been enough key rotations to reach `max_active_keys` yet? {{(pid=88218) load_keys /opt/stack/keystone/keystone/common/fernet_utils.py:286}}
Aug 24 15:33:03.261535 dv-cinder-849325-3-iscsi devstack@keystone.service[88217]: DEBUG dbcounter [-] [88217] Writing DB stats keystone:SELECT=100 {{(pid=88217) stat_writer /usr/local/lib/python3.8/dist-packages/dbcounter.py:114}}
Aug 24 15:33:03.289751 dv-cinder-849325-3-iscsi devstack@keystone.service[88217]: DEBUG keystone.server.flask.request_processing.middleware.auth_context [None req-960644c8-47e4-4471-985b-96a5e7a8ea5b None None] Validating token access rules against request {{(pid=88217) validate_allowed_request /usr/local/lib/python3.8/dist-packages/keystonemiddleware/auth_token/__init__.py:545}}
Aug 24 15:33:03.339891 dv-cinder-849325-3-iscsi devstack@keystone.service[88217]: DEBUG keystone.server.flask.request_processing.middleware.auth_context [None req-b526f927-7bdb-4297-9157-df587a805f6c None admin] RBAC: auth_context: {'token': , 'domain_id': None, 'trust_id': None, 'trustor_id': None, 'trustee_id': None, 'domain_name': None, 'group_ids': [], 'user_id': '3eb7904f17244b85baf19c438c53917f', 'user_domain_id': 'default', 'system_scope': 'all', 'project_id': None, 'project_domain_id': None, 'roles': ['admin', 'member', 'reader'], 'is_admin_project': True, 'service_user_id': None, 'service_user_domain_id': None, 'service_project_id': None, 'service_project_domain_id': None, 'service_roles': []} {{(pid=88217) fill_context /opt/stack/keystone/keystone/server/flask/request_processing/middleware/auth_context.py:478}}
Aug 24 15:33:03.341987 dv-cinder-849325-3-iscsi devstack@keystone.service[88217]: DEBUG keystone.server.flask.request_processing.req_logging [None req-b526f927-7bdb-4297-9157-df587a805f6c None admin] REQUEST_METHOD: `GET` {{(pid=88217) log_request_info /opt/stack/keystone/keystone/server/flask/request_processing/req_logging.py:27}}
Aug 24 15:33:03.343220 dv-cinder-849325-3-iscsi devstack@keystone.service[88217]: DEBUG keystone.server.flask.request_processing.req_logging [None req-b526f927-7bdb-4297-9157-df587a805f6c None admin] SCRIPT_NAME: `/identity` {{(pid=88217) log_request_info /opt/stack/keystone/keystone/server/flask/request_processing/req_logging.py:28}}
Aug 24 15:33:03.344344 dv-cinder-849325-3-iscsi devstack@keystone.service[88217]: DEBUG keystone.server.flask.request_processing.req_logging [None req-b526f927-7bdb-4297-9157-df587a805f6c None admin] PATH_INFO: `/v3/projects/2dcca3c9f7d64026b4e21bfca99e2ab8` {{(pid=88217) log_request_info /opt/stack/keystone/keystone/server/flask/request_processing/req_logging.py:29}}
Aug 24 15:33:03.347389 dv-cinder-849325-3-iscsi devstack@keystone.service[88217]: DEBUG keystone.common.rbac_enforcer.enforcer [None req-b526f927-7bdb-4297-9157-df587a805f6c None admin] RBAC: Authorizing `identity:get_project(project_id=2dcca3c9f7d64026b4e21bfca99e2ab8)` {{(pid=88217) enforce_call /opt/stack/keystone/keystone/common/rbac_enforcer/enforcer.py:449}}
Aug 24 15:33:03.349290 dv-cinder-849325-3-iscsi devstack@keystone.service[88217]: DEBUG keystone.common.rbac_enforcer.enforcer [None req-b526f927-7bdb-4297-9157-df587a805f6c None admin] RBAC: Authorization granted {{(pid=88217) enforce_call /opt/stack/keystone/keystone/common/rbac_enforcer/enforcer.py:457}}
Aug 24 15:33:03.352173 dv-cinder-849325-3-iscsi devstack@keystone.service[88217]: [pid: 88217|app: 0|req: 95/180] 10.222.0.102 () {56 vars in 1191 bytes} [Wed Aug 24 15:33:03 2022] GET /identity/v3/projects/2dcca3c9f7d64026b4e21bfca99e2ab8 => generated 313 bytes in 196 msecs (HTTP/1.1 200) 5 headers in 177 bytes (1 switches on core 0)
Aug 24 15:33:03.360389 dv-cinder-849325-3-iscsi devstack@keystone.service[88217]: DEBUG keystone.server.flask.request_processing.middleware.auth_context [None req-b526f927-7bdb-4297-9157-df587a805f6c None admin] Authenticating user token {{(pid=88217) process_request /usr/local/lib/python3.8/dist-packages/keystonemiddleware/auth_token/__init__.py:407}}
Aug 24 15:33:03.364943 dv-cinder-849325-3-iscsi devstack@keystone.service[88218]: [pid: 88218|app: 0|req: 86/181] 10.222.0.102 () {58 vars in 1029 bytes} [Wed Aug 24 15:33:03 2022] POST /identity/v3/auth/tokens => generated 800 bytes in 188 msecs (HTTP/1.1 201) 6 headers in 363 bytes (1 switches on core 0)
Aug 24 15:33:03.492727 dv-cinder-849325-3-iscsi devstack@keystone.service[88217]: DEBUG keystone.server.flask.request_processing.middleware.auth_context [None req-b526f927-7bdb-4297-9157-df587a805f6c None admin] Validating token access rules against request {{(pid=88217) validate_allowed_request /usr/local/lib/python3.8/dist-packages/keystonemiddleware/auth_token/__init__.py:545}}
Aug 24 15:33:03.529813 dv-cinder-849325-3-iscsi devstack@keystone.service[88217]: DEBUG keystone.server.flask.request_processing.middleware.auth_context [None req-3a2c3ca5-8747-4a78-829e-9f9854c46e2f None admin] RBAC: auth_context: {'token': , 'domain_id': None, 'trust_id': None, 'trustor_id': None, 'trustee_id': None, 'domain_name': None, 'group_ids': [], 'user_id': '3eb7904f17244b85baf19c438c53917f', 'user_domain_id': 'default', 'system_scope': 'all', 'project_id': None, 'project_domain_id': None, 'roles': ['admin', 'member', 'reader'], 'is_admin_project': True, 'service_user_id': None, 'service_user_domain_id': None, 'service_project_id': None, 'service_project_domain_id': None, 'service_roles': []} {{(pid=88217) fill_context /opt/stack/keystone/keystone/server/flask/request_processing/middleware/auth_context.py:478}}
Aug 24 15:33:03.530753 dv-cinder-849325-3-iscsi devstack@keystone.service[88217]: DEBUG keystone.server.flask.request_processing.req_logging [None req-3a2c3ca5-8747-4a78-829e-9f9854c46e2f None admin] REQUEST_METHOD: `GET` {{(pid=88217) log_request_info /opt/stack/keystone/keystone/server/flask/request_processing/req_logging.py:27}}
Aug 24 15:33:03.531776 dv-cinder-849325-3-iscsi devstack@keystone.service[88217]: DEBUG keystone.server.flask.request_processing.req_logging [None req-3a2c3ca5-8747-4a78-829e-9f9854c46e2f None admin] SCRIPT_NAME: `/identity` {{(pid=88217) log_request_info /opt/stack/keystone/keystone/server/flask/request_processing/req_logging.py:28}}
Aug 24 15:33:03.532389 dv-cinder-849325-3-iscsi devstack@keystone.service[88217]: DEBUG keystone.server.flask.request_processing.req_logging [None req-3a2c3ca5-8747-4a78-829e-9f9854c46e2f None admin] PATH_INFO: `/v3/role_assignments` {{(pid=88217) log_request_info /opt/stack/keystone/keystone/server/flask/request_processing/req_logging.py:29}}
Aug 24 15:33:03.533297 dv-cinder-849325-3-iscsi devstack@keystone.service[88217]: DEBUG keystone.common.rbac_enforcer.enforcer [None req-3a2c3ca5-8747-4a78-829e-9f9854c46e2f None admin] RBAC: Adding query filter params (role.id=b5d2ed3e20ab47eeb741b4f43ab2eebb, scope.project.id=2dcca3c9f7d64026b4e21bfca99e2ab8, user.id=cb1c2ffc97364fa48e0d109484b7871c) {{(pid=88217) _extract_filter_values /opt/stack/keystone/keystone/common/rbac_enforcer/enforcer.py:167}}
Aug 24 15:33:03.533778 dv-cinder-849325-3-iscsi devstack@keystone.service[88217]: DEBUG keystone.common.rbac_enforcer.enforcer [None req-3a2c3ca5-8747-4a78-829e-9f9854c46e2f None admin] RBAC: Authorizing `identity:list_role_assignments()` {{(pid=88217) enforce_call /opt/stack/keystone/keystone/common/rbac_enforcer/enforcer.py:449}}
Aug 24 15:33:03.535505 dv-cinder-849325-3-iscsi devstack@keystone.service[88217]: DEBUG keystone.common.rbac_enforcer.enforcer [None req-3a2c3ca5-8747-4a78-829e-9f9854c46e2f None admin] RBAC: Authorization granted {{(pid=88217) enforce_call /opt/stack/keystone/keystone/common/rbac_enforcer/enforcer.py:457}}
Aug 24 15:33:03.542287 dv-cinder-849325-3-iscsi devstack@keystone.service[88217]: [pid: 88217|app: 0|req: 96/182] 10.222.0.102 () {56 vars in 1379 bytes} [Wed Aug 24 15:33:03 2022] GET /identity/v3/role_assignments?user.id=cb1c2ffc97364fa48e0d109484b7871c&scope.project.id=2dcca3c9f7d64026b4e21bfca99e2ab8&role.id=b5d2ed3e20ab47eeb741b4f43ab2eebb => generated 610 bytes in 183 msecs (HTTP/1.1 200) 5 headers in 177 bytes (2 switches on core 0)
Aug 24 15:33:03.700060 dv-cinder-849325-3-iscsi devstack@keystone.service[88218]: DEBUG keystone.server.flask.request_processing.middleware.auth_context [None req-149e0607-516e-40bf-9a49-54d89f2a06bc None None] Authenticating user token {{(pid=88218) process_request /usr/local/lib/python3.8/dist-packages/keystonemiddleware/auth_token/__init__.py:407}}
Aug 24 15:33:03.762578 dv-cinder-849325-3-iscsi devstack@keystone.service[88218]: DEBUG dbcounter [-] [88218] Writing DB stats keystone:SELECT=99,keystone:INSERT=1 {{(pid=88218) stat_writer /usr/local/lib/python3.8/dist-packages/dbcounter.py:114}}
Aug 24 15:33:03.809154 dv-cinder-849325-3-iscsi devstack@keystone.service[88217]: DEBUG keystone.server.flask.request_processing.req_logging [None req-3448a876-48ea-462a-88df-1d59ae44f1a4 None None] REQUEST_METHOD: `GET` {{(pid=88217) log_request_info /opt/stack/keystone/keystone/server/flask/request_processing/req_logging.py:27}}
Aug 24 15:33:03.809659 dv-cinder-849325-3-iscsi devstack@keystone.service[88217]: DEBUG keystone.server.flask.request_processing.req_logging [None req-3448a876-48ea-462a-88df-1d59ae44f1a4 None None] SCRIPT_NAME: `/identity` {{(pid=88217) log_request_info /opt/stack/keystone/keystone/server/flask/request_processing/req_logging.py:28}}
Aug 24 15:33:03.809659 dv-cinder-849325-3-iscsi devstack@keystone.service[88217]: DEBUG keystone.server.flask.request_processing.req_logging [None req-3448a876-48ea-462a-88df-1d59ae44f1a4 None None] PATH_INFO: `/` {{(pid=88217) log_request_info /opt/stack/keystone/keystone/server/flask/request_processing/req_logging.py:29}}
Aug 24 15:33:03.811274 dv-cinder-849325-3-iscsi devstack@keystone.service[88217]: [pid: 88217|app: 0|req: 97/183] 10.222.0.102 () {54 vars in 932 bytes} [Wed Aug 24 15:33:03 2022] GET /identity => generated 271 bytes in 3 msecs (HTTP/1.1 300) 6 headers in 235 bytes (2 switches on core 0)
Aug 24 15:33:03.818867 dv-cinder-849325-3-iscsi devstack@keystone.service[88217]: DEBUG keystone.server.flask.request_processing.req_logging [None req-75e0ef73-4f61-4df3-946d-7bf56f3c2976 None None] REQUEST_METHOD: `POST` {{(pid=88217) log_request_info /opt/stack/keystone/keystone/server/flask/request_processing/req_logging.py:27}}
Aug 24 15:33:03.819480 dv-cinder-849325-3-iscsi devstack@keystone.service[88217]: DEBUG keystone.server.flask.request_processing.req_logging [None req-75e0ef73-4f61-4df3-946d-7bf56f3c2976 None None] SCRIPT_NAME: `/identity` {{(pid=88217) log_request_info /opt/stack/keystone/keystone/server/flask/request_processing/req_logging.py:28}}
Aug 24 15:33:03.819985 dv-cinder-849325-3-iscsi devstack@keystone.service[88217]: DEBUG keystone.server.flask.request_processing.req_logging [None req-75e0ef73-4f61-4df3-946d-7bf56f3c2976 None None] PATH_INFO: `/v3/auth/tokens` {{(pid=88217) log_request_info /opt/stack/keystone/keystone/server/flask/request_processing/req_logging.py:29}}
Aug 24 15:33:03.852853 dv-cinder-849325-3-iscsi devstack@keystone.service[88218]: DEBUG keystone.server.flask.request_processing.middleware.auth_context [None req-149e0607-516e-40bf-9a49-54d89f2a06bc None None] Validating token access rules against request {{(pid=88218) validate_allowed_request /usr/local/lib/python3.8/dist-packages/keystonemiddleware/auth_token/__init__.py:545}}
Aug 24 15:33:03.855717 dv-cinder-849325-3-iscsi devstack@keystone.service[88217]: DEBUG keystone.auth.core [None req-75e0ef73-4f61-4df3-946d-7bf56f3c2976 None None] MFA Rules not processed for user `3eb7904f17244b85baf19c438c53917f`. Rule list: `[]` (Enabled: `True`). {{(pid=88217) check_auth_methods_against_rules /opt/stack/keystone/keystone/auth/core.py:438}}
Aug 24 15:33:03.857156 dv-cinder-849325-3-iscsi devstack@keystone.service[88217]: DEBUG keystone.common.fernet_utils [None req-75e0ef73-4f61-4df3-946d-7bf56f3c2976 None None] Loaded 2 Fernet keys from /etc/keystone/fernet-keys/, but `[fernet_tokens] max_active_keys = 3`; perhaps there have not been enough key rotations to reach `max_active_keys` yet? {{(pid=88217) load_keys /opt/stack/keystone/keystone/common/fernet_utils.py:286}}
Aug 24 15:33:03.860360 dv-cinder-849325-3-iscsi devstack@keystone.service[88217]: DEBUG dbcounter [-] [88217] Writing DB stats keystone:SELECT=100 {{(pid=88217) stat_writer /usr/local/lib/python3.8/dist-packages/dbcounter.py:114}}
Aug 24 15:33:03.934391 dv-cinder-849325-3-iscsi devstack@keystone.service[88218]: DEBUG keystone.server.flask.request_processing.middleware.auth_context [None req-09c7237d-cb09-4ca2-a78b-5376c70f6b11 None admin] RBAC: auth_context: {'token': , 'domain_id': None, 'trust_id': None, 'trustor_id': None, 'trustee_id': None, 'domain_name': None, 'group_ids': [], 'user_id': '3eb7904f17244b85baf19c438c53917f', 'user_domain_id': 'default', 'system_scope': 'all', 'project_id': None, 'project_domain_id': None, 'roles': ['admin', 'member', 'reader'], 'is_admin_project': True, 'service_user_id': None, 'service_user_domain_id': None, 'service_project_id': None, 'service_project_domain_id': None, 'service_roles': []} {{(pid=88218) fill_context /opt/stack/keystone/keystone/server/flask/request_processing/middleware/auth_context.py:478}}
Aug 24 15:33:03.935075 dv-cinder-849325-3-iscsi devstack@keystone.service[88218]: DEBUG keystone.server.flask.request_processing.req_logging [None req-09c7237d-cb09-4ca2-a78b-5376c70f6b11 None admin] REQUEST_METHOD: `GET` {{(pid=88218) log_request_info /opt/stack/keystone/keystone/server/flask/request_processing/req_logging.py:27}}
Aug 24 15:33:03.935354 dv-cinder-849325-3-iscsi devstack@keystone.service[88218]: DEBUG keystone.server.flask.request_processing.req_logging [None req-09c7237d-cb09-4ca2-a78b-5376c70f6b11 None admin] SCRIPT_NAME: `/identity` {{(pid=88218) log_request_info /opt/stack/keystone/keystone/server/flask/request_processing/req_logging.py:28}}
Aug 24 15:33:03.935660 dv-cinder-849325-3-iscsi devstack@keystone.service[88218]: DEBUG keystone.server.flask.request_processing.req_logging [None req-09c7237d-cb09-4ca2-a78b-5376c70f6b11 None admin] PATH_INFO: `/v3/roles/admin` {{(pid=88218) log_request_info /opt/stack/keystone/keystone/server/flask/request_processing/req_logging.py:29}}
Aug 24 15:33:03.956546 dv-cinder-849325-3-iscsi devstack@keystone.service[88218]: DEBUG keystone.common.rbac_enforcer.enforcer [None req-09c7237d-cb09-4ca2-a78b-5376c70f6b11 None admin] Extracting inferred target data resulted in "NOT FOUND (404)". {{(pid=88218) enforce_call /opt/stack/keystone/keystone/common/rbac_enforcer/enforcer.py:409}}
Aug 24 15:33:03.961336 dv-cinder-849325-3-iscsi devstack@keystone.service[88218]: ERROR keystone.server.flask.application [None req-09c7237d-cb09-4ca2-a78b-5376c70f6b11 None admin] Could not find role: admin.: keystone.exception.RoleNotFound: Could not find role: admin.
Aug 24 15:33:03.961336 dv-cinder-849325-3-iscsi devstack@keystone.service[88218]: ERROR keystone.server.flask.application
Traceback (most recent call last):
Aug 24 15:33:03.961336 dv-cinder-849325-3-iscsi devstack@keystone.service[88218]: ERROR keystone.server.flask.application
File "/usr/local/lib/python3.8/dist-packages/flask/app.py", line 1820, in full_dispatch_request
Aug 24 15:33:03.961336 dv-cinder-849325-3-iscsi devstack@keystone.service[88218]: ERROR keystone.server.flask.application rv = self.dispatch_request()
Aug 24 15:33:03.961336 dv-cinder-849325-3-iscsi devstack@keystone.service[88218]: ERROR keystone.server.flask.application
File "/usr/local/lib/python3.8/dist-packages/flask/app.py", line 1796, in dispatch_request
Aug 24 15:33:03.961336 dv-cinder-849325-3-iscsi devstack@keystone.service[88218]: ERROR keystone.server.flask.application return self.ensure_sync(self.view_functions[rule.endpoint])(**view_args)
Aug 24 15:33:03.961336 dv-cinder-849325-3-iscsi devstack@keystone.service[88218]: ERROR keystone.server.flask.application
File "/usr/local/lib/python3.8/dist-packages/flask_restful/__init__.py", line 467, in wrapper
Aug 24 15:33:03.961336 dv-cinder-849325-3-iscsi devstack@keystone.service[88218]: ERROR keystone.server.flask.application resp = resource(*args, **kwargs)
Aug 24 15:33:03.961336 dv-cinder-849325-3-iscsi devstack@keystone.service[88218]: ERROR keystone.server.flask.application
File "/usr/local/lib/python3.8/dist-packages/flask/views.py", line 107, in view
Aug 24 15:33:03.961336 dv-cinder-849325-3-iscsi devstack@keystone.service[88218]: ERROR keystone.server.flask.application return current_app.ensure_sync(self.dispatch_request)(**kwargs)
Aug 24 15:33:03.961336 dv-cinder-849325-3-iscsi devstack@keystone.service[88218]: ERROR keystone.server.flask.application
File "/usr/local/lib/python3.8/dist-packages/flask_restful/__init__.py", line 582, in dispatch_request
Aug 24 15:33:03.961336 dv-cinder-849325-3-iscsi devstack@keystone.service[88218]: ERROR keystone.server.flask.application resp = meth(*args, **kwargs)
Aug 24 15:33:03.961336 dv-cinder-849325-3-iscsi devstack@keystone.service[88218]: ERROR keystone.server.flask.application
File "/opt/stack/keystone/keystone/api/roles.py", line 50, in get
Aug 24 15:33:03.961336 dv-cinder-849325-3-iscsi devstack@keystone.service[88218]: ERROR keystone.server.flask.application return self._get_role(role_id)
Aug 24 15:33:03.961336 dv-cinder-849325-3-iscsi devstack@keystone.service[88218]: ERROR keystone.server.flask.application
File "/opt/stack/keystone/keystone/api/roles.py", line 70, in _get_role
Aug 24 15:33:03.961336 dv-cinder-849325-3-iscsi devstack@keystone.service[88218]: ERROR keystone.server.flask.application ENFORCER.enforce_call(action='identity:get_role')
Aug 24 15:33:03.962277 dv-cinder-849325-3-iscsi devstack@keystone.service[88218]: ERROR keystone.server.flask.application
File "/opt/stack/keystone/keystone/common/rbac_enforcer/enforcer.py", line 402, in enforce_call
Aug 24 15:33:03.962277 dv-cinder-849325-3-iscsi devstack@keystone.service[88218]: ERROR keystone.server.flask.application policy_dict.update(cls._extract_member_target_data(
Aug 24 15:33:03.962277 dv-cinder-849325-3-iscsi devstack@keystone.service[88218]: ERROR keystone.server.flask.application
File "/opt/stack/keystone/keystone/common/rbac_enforcer/enforcer.py", line 234, in _extract_member_target_data
Aug 24 15:33:03.962277 dv-cinder-849325-3-iscsi devstack@keystone.service[88218]: ERROR keystone.server.flask.application member_name: func(flask.request.view_args[key])
Aug 24 15:33:03.962277 dv-cinder-849325-3-iscsi devstack@keystone.service[88218]: ERROR keystone.server.flask.application
File "/opt/stack/keystone/keystone/common/manager.py", line 115, in wrapped
Aug 24 15:33:03.962277 dv-cinder-849325-3-iscsi devstack@keystone.service[88218]: ERROR keystone.server.flask.application __ret_val = __f(*args, **kwargs)
Aug 24 15:33:03.962277 dv-cinder-849325-3-iscsi devstack@keystone.service[88218]: ERROR keystone.server.flask.application
File "/usr/local/lib/python3.8/dist-packages/decorator.py", line 232, in fun
Aug 24 15:33:03.962277 dv-cinder-849325-3-iscsi devstack@keystone.service[88218]: ERROR keystone.server.flask.application return caller(func, *(extras + args), **kw)
Aug 24 15:33:03.962277 dv-cinder-849325-3-iscsi devstack@keystone.service[88218]: ERROR keystone.server.flask.application
File "/usr/local/lib/python3.8/dist-packages/dogpile/cache/region.py", line 1577, in get_or_create_for_user_func
Aug 24 15:33:03.962277 dv-cinder-849325-3-iscsi devstack@keystone.service[88218]: ERROR keystone.server.flask.application return self.get_or_create(
Aug 24 15:33:03.962277 dv-cinder-849325-3-iscsi devstack@keystone.service[88218]: ERROR keystone.server.flask.application
File "/usr/local/lib/python3.8/dist-packages/dogpile/cache/region.py", line 1042, in get_or_create
Aug 24 15:33:03.962277 dv-cinder-849325-3-iscsi devstack@keystone.service[88218]: ERROR keystone.server.flask.application with Lock(
Aug 24 15:33:03.962277 dv-cinder-849325-3-iscsi devstack@keystone.service[88218]: ERROR keystone.server.flask.application
File "/usr/local/lib/python3.8/dist-packages/dogpile/lock.py", line 185, in __enter__
Aug 24 15:33:03.962277 dv-cinder-849325-3-iscsi devstack@keystone.service[88218]: ERROR keystone.server.flask.application return self._enter()
Aug 24 15:33:03.962277 dv-cinder-849325-3-iscsi devstack@keystone.service[88218]: ERROR keystone.server.flask.application
File "/usr/local/lib/python3.8/dist-packages/dogpile/lock.py", line 94, in _enter
Aug 24 15:33:03.962277 dv-cinder-849325-3-iscsi devstack@keystone.service[88218]: ERROR keystone.server.flask.application generated = self._enter_create(value, createdtime)
Aug 24 15:33:03.963263 dv-cinder-849325-3-iscsi devstack@keystone.service[88218]: ERROR keystone.server.flask.application
File "/usr/local/lib/python3.8/dist-packages/dogpile/lock.py", line 178, in _enter_create
Aug 24 15:33:03.963263 dv-cinder-849325-3-iscsi devstack@keystone.service[88218]: ERROR keystone.server.flask.application return self.creator()
Aug 24 15:33:03.963263 dv-cinder-849325-3-iscsi devstack@keystone.service[88218]: ERROR keystone.server.flask.application
File "/usr/local/lib/python3.8/dist-packages/dogpile/cache/region.py", line 995, in gen_value
Aug 24 15:33:03.963263 dv-cinder-849325-3-iscsi devstack@keystone.service[88218]: ERROR keystone.server.flask.application created_value = creator(
Aug 24 15:33:03.963263 dv-cinder-849325-3-iscsi devstack@keystone.service[88218]: ERROR keystone.server.flask.application
File "/opt/stack/keystone/keystone/assignment/core.py", line 1276, in get_role
Aug 24 15:33:03.963263 dv-cinder-849325-3-iscsi devstack@keystone.service[88218]: ERROR keystone.server.flask.application return self.driver.get_role(role_id)
Aug 24 15:33:03.963263 dv-cinder-849325-3-iscsi devstack@keystone.service[88218]: ERROR keystone.server.flask.application
File "/opt/stack/keystone/keystone/assignment/role_backends/sql.py", line 70, in get_role
Aug 24 15:33:03.963263 dv-cinder-849325-3-iscsi devstack@keystone.service[88218]: ERROR keystone.server.flask.application return self._get_role(session, role_id).to_dict()
Aug 24 15:33:03.963263 dv-cinder-849325-3-iscsi devstack@keystone.service[88218]: ERROR keystone.server.flask.application
File "/opt/stack/keystone/keystone/assignment/role_backends/sql.py", line 65, in _get_role
Aug 24 15:33:03.963263 dv-cinder-849325-3-iscsi devstack@keystone.service[88218]: ERROR keystone.server.flask.application raise exception.RoleNotFound(role_id=role_id)
Aug 24 15:33:03.963263 dv-cinder-849325-3-iscsi devstack@keystone.service[88218]: ERROR keystone.server.flask.application keystone.exception.RoleNotFound: Could not find role: admin.
Aug 24 15:33:03.963263 dv-cinder-849325-3-iscsi devstack@keystone.service[88218]: ERROR keystone.server.flask.application
Aug 24 15:33:03.963263 dv-cinder-849325-3-iscsi devstack@keystone.service[88218]: [pid: 88218|app: 0|req: 87/184] 10.222.0.102 () {56 vars in 1101 bytes} [Wed Aug 24 15:33:03 2022] GET /identity/v3/roles/admin => generated 83 bytes in 263 msecs (HTTP/1.1 404) 5 headers in 183 bytes (1 switches on core 0)
Aug 24 15:33:03.965598 dv-cinder-849325-3-iscsi devstack@keystone.service[88218]: DEBUG keystone.server.flask.request_processing.req_logging [None req-015890a8-878e-48d4-985f-7daf92d231a6 None None] REQUEST_METHOD: `GET` {{(pid=88218) log_request_info /opt/stack/keystone/keystone/server/flask/request_processing/req_logging.py:27}}
Aug 24 15:33:03.965953 dv-cinder-849325-3-iscsi devstack@keystone.service[88218]: DEBUG keystone.server.flask.request_processing.req_logging [None req-015890a8-878e-48d4-985f-7daf92d231a6 None None] SCRIPT_NAME: `/identity` {{(pid=88218) log_request_info /opt/stack/keystone/keystone/server/flask/request_processing/req_logging.py:28}}
Aug 24 15:33:03.966303 dv-cinder-849325-3-iscsi devstack@keystone.service[88218]: DEBUG keystone.server.flask.request_processing.req_logging [None req-015890a8-878e-48d4-985f-7daf92d231a6 None None] PATH_INFO: `/` {{(pid=88218) log_request_info /opt/stack/keystone/keystone/server/flask/request_processing/req_logging.py:29}}
Aug 24 15:33:03.967879 dv-cinder-849325-3-iscsi devstack@keystone.service[88218]: [pid: 88218|app: 0|req: 88/185] 10.222.0.102 () {54 vars in 932 bytes} [Wed Aug 24 15:33:03 2022] GET /identity => generated 271 bytes in 5 msecs (HTTP/1.1 300) 6 headers in 235 bytes (1 switches on core 0)
Aug 24 15:33:03.972581 dv-cinder-849325-3-iscsi devstack@keystone.service[88217]: [pid: 88217|app: 0|req: 98/186] 10.222.0.102 () {58 vars in 1029 bytes} [Wed Aug 24 15:33:03 2022] POST /identity/v3/auth/tokens => generated 800 bytes in 155 msecs (HTTP/1.1 201) 6 headers in 363 bytes (1 switches on core 0)
Aug 24 15:33:03.973384 dv-cinder-849325-3-iscsi devstack@keystone.service[88218]: DEBUG keystone.server.flask.request_processing.middleware.auth_context [None req-015890a8-878e-48d4-985f-7daf92d231a6 None None] Authenticating user token {{(pid=88218) process_request /usr/local/lib/python3.8/dist-packages/keystonemiddleware/auth_token/__init__.py:407}}
Aug 24 15:33:03.974169 dv-cinder-849325-3-iscsi devstack@keystone.service[88217]: DEBUG keystone.server.flask.request_processing.req_logging [None req-697abf79-e6b9-4aad-99aa-a5a0c9d51023 None None] REQUEST_METHOD: `POST` {{(pid=88217) log_request_info /opt/stack/keystone/keystone/server/flask/request_processing/req_logging.py:27}}
Aug 24 15:33:03.974412 dv-cinder-849325-3-iscsi devstack@keystone.service[88217]: DEBUG keystone.server.flask.request_processing.req_logging [None req-697abf79-e6b9-4aad-99aa-a5a0c9d51023 None None] SCRIPT_NAME: `/identity` {{(pid=88217) log_request_info /opt/stack/keystone/keystone/server/flask/request_processing/req_logging.py:28}}
Aug 24 15:33:03.974935 dv-cinder-849325-3-iscsi devstack@keystone.service[88217]: DEBUG keystone.server.flask.request_processing.req_logging [None req-697abf79-e6b9-4aad-99aa-a5a0c9d51023 None None] PATH_INFO: `/v3/auth/tokens` {{(pid=88217) log_request_info /opt/stack/keystone/keystone/server/flask/request_processing/req_logging.py:29}}
Aug 24 15:33:03.993829 dv-cinder-849325-3-iscsi devstack@keystone.service[88217]: DEBUG keystone.auth.core [None req-697abf79-e6b9-4aad-99aa-a5a0c9d51023 None None] MFA Rules not processed for user `3eb7904f17244b85baf19c438c53917f`. Rule list: `[]` (Enabled: `True`). {{(pid=88217) check_auth_methods_against_rules /opt/stack/keystone/keystone/auth/core.py:438}}
Aug 24 15:33:03.995123 dv-cinder-849325-3-iscsi devstack@keystone.service[88217]: DEBUG keystone.common.fernet_utils [None req-697abf79-e6b9-4aad-99aa-a5a0c9d51023 None None] Loaded 2 Fernet keys from /etc/keystone/fernet-keys/, but `[fernet_tokens] max_active_keys = 3`; perhaps there have not been enough key rotations to reach `max_active_keys` yet? {{(pid=88217) load_keys /opt/stack/keystone/keystone/common/fernet_utils.py:286}}
Aug 24 15:33:04.074540 dv-cinder-849325-3-iscsi devstack@keystone.service[88217]: [pid: 88217|app: 0|req: 99/187] 10.222.0.102 () {58 vars in 1029 bytes} [Wed Aug 24 15:33:03 2022] POST /identity/v3/auth/tokens => generated 800 bytes in 101 msecs (HTTP/1.1 201) 6 headers in 363 bytes (1 switches on core 0)
Aug 24 15:33:04.116702 dv-cinder-849325-3-iscsi devstack@keystone.service[88218]: DEBUG keystone.server.flask.request_processing.middleware.auth_context [None req-015890a8-878e-48d4-985f-7daf92d231a6 None None] Validating token access rules against request {{(pid=88218) validate_allowed_request /usr/local/lib/python3.8/dist-packages/keystonemiddleware/auth_token/__init__.py:545}}
Aug 24 15:33:04.124557 dv-cinder-849325-3-iscsi devstack@keystone.service[88218]: DEBUG dbcounter [-] [88218] Writing DB stats keystone:SELECT=100 {{(pid=88218) stat_writer /usr/local/lib/python3.8/dist-packages/dbcounter.py:114}}
Aug 24 15:33:04.154189 dv-cinder-849325-3-iscsi devstack@keystone.service[88218]: DEBUG keystone.server.flask.request_processing.middleware.auth_context [None req-9eb04492-f557-4900-aef9-1a9a0af38ccf None admin] RBAC: auth_context: {'token': , 'domain_id': None, 'trust_id': None, 'trustor_id': None, 'trustee_id': None, 'domain_name': None, 'group_ids': [], 'user_id': '3eb7904f17244b85baf19c438c53917f', 'user_domain_id': 'default', 'system_scope': 'all', 'project_id': None, 'project_domain_id': None, 'roles': ['admin', 'member', 'reader'], 'is_admin_project': True, 'service_user_id': None, 'service_user_domain_id': None, 'service_project_id': None, 'service_project_domain_id': None, 'service_roles': []} {{(pid=88218) fill_context /opt/stack/keystone/keystone/server/flask/request_processing/middleware/auth_context.py:478}}
Aug 24 15:33:04.154793 dv-cinder-849325-3-iscsi devstack@keystone.service[88218]: DEBUG keystone.server.flask.request_processing.req_logging [None req-9eb04492-f557-4900-aef9-1a9a0af38ccf None admin] REQUEST_METHOD: `GET` {{(pid=88218) log_request_info /opt/stack/keystone/keystone/server/flask/request_processing/req_logging.py:27}}
Aug 24 15:33:04.155068 dv-cinder-849325-3-iscsi devstack@keystone.service[88218]: DEBUG keystone.server.flask.request_processing.req_logging [None req-9eb04492-f557-4900-aef9-1a9a0af38ccf None admin] SCRIPT_NAME: `/identity` {{(pid=88218) log_request_info /opt/stack/keystone/keystone/server/flask/request_processing/req_logging.py:28}}
Aug 24 15:33:04.155339 dv-cinder-849325-3-iscsi devstack@keystone.service[88218]: DEBUG keystone.server.flask.request_processing.req_logging [None req-9eb04492-f557-4900-aef9-1a9a0af38ccf None admin] PATH_INFO: `/v3/roles` {{(pid=88218) log_request_info /opt/stack/keystone/keystone/server/flask/request_processing/req_logging.py:29}}
Aug 24 15:33:04.156076 dv-cinder-849325-3-iscsi devstack@keystone.service[88218]: DEBUG keystone.common.rbac_enforcer.enforcer [None req-9eb04492-f557-4900-aef9-1a9a0af38ccf None admin] RBAC: Adding query filter params (name=admin) {{(pid=88218) _extract_filter_values /opt/stack/keystone/keystone/common/rbac_enforcer/enforcer.py:167}}
Aug 24 15:33:04.156378 dv-cinder-849325-3-iscsi devstack@keystone.service[88218]: DEBUG keystone.common.rbac_enforcer.enforcer [None req-9eb04492-f557-4900-aef9-1a9a0af38ccf None admin] RBAC: Authorizing `identity:list_roles()` {{(pid=88218) enforce_call /opt/stack/keystone/keystone/common/rbac_enforcer/enforcer.py:449}}
Aug 24 15:33:04.157765 dv-cinder-849325-3-iscsi devstack@keystone.service[88218]: DEBUG keystone.common.rbac_enforcer.enforcer [None req-9eb04492-f557-4900-aef9-1a9a0af38ccf None admin] RBAC: Authorization granted {{(pid=88218) enforce_call /opt/stack/keystone/keystone/common/rbac_enforcer/enforcer.py:457}}
Aug 24 15:33:04.166796 dv-cinder-849325-3-iscsi devstack@keystone.service[88218]: [pid: 88218|app: 0|req: 89/188] 10.222.0.102 () {56 vars in 1104 bytes} [Wed Aug 24 15:33:03 2022] GET /identity/v3/roles?name=admin => generated 341 bytes in 194 msecs (HTTP/1.1 200) 5 headers in 177 bytes (1 switches on core 0)
Aug 24 15:33:04.172806 dv-cinder-849325-3-iscsi devstack@keystone.service[88217]: DEBUG keystone.server.flask.request_processing.middleware.auth_context [None req-697abf79-e6b9-4aad-99aa-a5a0c9d51023 None None] Authenticating user token {{(pid=88217) process_request /usr/local/lib/python3.8/dist-packages/keystonemiddleware/auth_token/__init__.py:407}}
Aug 24 15:33:04.245570 dv-cinder-849325-3-iscsi devstack@keystone.service[88217]: DEBUG dbcounter [-] [88217] Writing DB stats keystone:SELECT=100 {{(pid=88217) stat_writer /usr/local/lib/python3.8/dist-packages/dbcounter.py:114}}
Aug 24 15:33:04.276775 dv-cinder-849325-3-iscsi devstack@keystone.service[88218]: DEBUG keystone.server.flask.request_processing.middleware.auth_context [None req-9eb04492-f557-4900-aef9-1a9a0af38ccf None admin] Authenticating user token {{(pid=88218) process_request /usr/local/lib/python3.8/dist-packages/keystonemiddleware/auth_token/__init__.py:407}}
Aug 24 15:33:04.292609 dv-cinder-849325-3-iscsi devstack@keystone.service[88217]: DEBUG keystone.server.flask.request_processing.middleware.auth_context [None req-697abf79-e6b9-4aad-99aa-a5a0c9d51023 None None] Validating token access rules against request {{(pid=88217) validate_allowed_request /usr/local/lib/python3.8/dist-packages/keystonemiddleware/auth_token/__init__.py:545}}
