Oct 04 03:30:27.954650 dv-cinder-849143-9-smb devstack@c-api.service[113217]: INFO cinder.api.openstack.wsgi [None req-29496d55-a0e4-4421-9e03-6699fb305e2f tempest-QosSpecsTestJSON-1024576815 tempest-QosSpecsTestJSON-1024576815-project-admin] GET http://10.222.0.25/volume/v3/75468d61fc964503b879607b11b6ac6a/qos-specs/ee7af8d9-6323-4a4b-a1a4-65f0058b2f06
Oct 04 03:30:27.955110 dv-cinder-849143-9-smb devstack@c-api.service[113217]: DEBUG cinder.api.openstack.wsgi [None req-29496d55-a0e4-4421-9e03-6699fb305e2f tempest-QosSpecsTestJSON-1024576815 tempest-QosSpecsTestJSON-1024576815-project-admin] Empty body provided in request {{(pid=113217) get_body /opt/stack/cinder/cinder/api/openstack/wsgi.py:715}}
Oct 04 03:30:27.955601 dv-cinder-849143-9-smb devstack@c-api.service[113217]: DEBUG cinder.api.openstack.wsgi [None req-29496d55-a0e4-4421-9e03-6699fb305e2f tempest-QosSpecsTestJSON-1024576815 tempest-QosSpecsTestJSON-1024576815-project-admin] Calling method 'show' {{(pid=113217) _process_stack /opt/stack/cinder/cinder/api/openstack/wsgi.py:868}}
Oct 04 03:30:27.958874 dv-cinder-849143-9-smb devstack@c-api.service[113217]: DEBUG dbcounter [-] [113217] Writing DB stats cinder:SELECT=76,cinder:INSERT=9,cinder:UPDATE=15 {{(pid=113217) stat_writer /usr/local/lib/python3.8/dist-packages/dbcounter.py:114}}
Oct 04 03:30:27.974383 dv-cinder-849143-9-smb devstack@c-api.service[113217]: INFO cinder.api.openstack.wsgi [None req-29496d55-a0e4-4421-9e03-6699fb305e2f tempest-QosSpecsTestJSON-1024576815 tempest-QosSpecsTestJSON-1024576815-project-admin] http://10.222.0.25/volume/v3/75468d61fc964503b879607b11b6ac6a/qos-specs/ee7af8d9-6323-4a4b-a1a4-65f0058b2f06 returned with HTTP 200
Oct 04 03:30:27.975479 dv-cinder-849143-9-smb devstack@c-api.service[113217]: [pid: 113217|app: 0|req: 155/299] 10.222.0.25 () {58 vars in 1331 bytes} [Tue Oct 4 03:30:27 2022] GET /volume/v3/75468d61fc964503b879607b11b6ac6a/qos-specs/ee7af8d9-6323-4a4b-a1a4-65f0058b2f06 => generated 479 bytes in 29 msecs (HTTP/1.1 200) 7 headers in 285 bytes (1 switches on core 0)
Oct 04 03:30:27.986635 dv-cinder-849143-9-smb devstack@c-api.service[113216]: DEBUG cinder.api.middleware.request_id [None req-38d5f1b1-54eb-4558-a214-2a4a53235801 None None] RequestId filter calling following filter/app {{(pid=113216) _context_setter /opt/stack/cinder/cinder/api/middleware/request_id.py:62}}
Oct 04 03:30:27.994292 dv-cinder-849143-9-smb devstack@c-api.service[113216]: INFO cinder.api.openstack.wsgi [None req-38d5f1b1-54eb-4558-a214-2a4a53235801 tempest-QosSpecsTestJSON-1024576815 tempest-QosSpecsTestJSON-1024576815-project-admin] PUT http://10.222.0.25/volume/v3/75468d61fc964503b879607b11b6ac6a/qos-specs/ee7af8d9-6323-4a4b-a1a4-65f0058b2f06/delete_keys
Oct 04 03:30:27.994943 dv-cinder-849143-9-smb devstack@c-api.service[113216]: DEBUG cinder.api.openstack.wsgi [None req-38d5f1b1-54eb-4558-a214-2a4a53235801 tempest-QosSpecsTestJSON-1024576815 tempest-QosSpecsTestJSON-1024576815-project-admin] Action: 'delete_keys', calling method: delete_keys, body: {"keys": ["iops_bytes"]} {{(pid=113216) _process_stack /opt/stack/cinder/cinder/api/openstack/wsgi.py:866}}
Oct 04 03:30:27.997342 dv-cinder-849143-9-smb devstack@c-api.service[113216]: /usr/local/lib/python3.8/dist-packages/oslo_context/context.py:100: DeprecationWarning: Policy enforcement is depending on the value of is_admin. This key is deprecated. Please update your policy file to use the standard policy values.
Oct 04 03:30:27.997342 dv-cinder-849143-9-smb devstack@c-api.service[113216]: warnings.warn('Policy enforcement is depending on the value of '
Oct 04 03:30:27.998001 dv-cinder-849143-9-smb devstack@c-api.service[113216]: DEBUG cinder.api.contrib.qos_specs_manage [None req-38d5f1b1-54eb-4558-a214-2a4a53235801 tempest-QosSpecsTestJSON-1024576815 tempest-QosSpecsTestJSON-1024576815-project-admin] Delete_key spec: ee7af8d9-6323-4a4b-a1a4-65f0058b2f06, keys: ['iops_bytes'] {{(pid=113216) delete_keys /opt/stack/cinder/cinder/api/contrib/qos_specs_manage.py:207}}
Oct 04 03:30:28.049109 dv-cinder-849143-9-smb devstack@c-api.service[113216]: INFO cinder.api.openstack.wsgi [None req-38d5f1b1-54eb-4558-a214-2a4a53235801 tempest-QosSpecsTestJSON-1024576815 tempest-QosSpecsTestJSON-1024576815-project-admin] http://10.222.0.25/volume/v3/75468d61fc964503b879607b11b6ac6a/qos-specs/ee7af8d9-6323-4a4b-a1a4-65f0058b2f06/delete_keys returned with HTTP 202
Oct 04 03:30:28.053910 dv-cinder-849143-9-smb devstack@c-api.service[113216]: [pid: 113216|app: 0|req: 145/300] 10.222.0.25 () {60 vars in 1387 bytes} [Tue Oct 4 03:30:27 2022] PUT /volume/v3/75468d61fc964503b879607b11b6ac6a/qos-specs/ee7af8d9-6323-4a4b-a1a4-65f0058b2f06/delete_keys => generated 0 bytes in 65 msecs (HTTP/1.1 202) 6 headers in 233 bytes (1 switches on core 0)
Oct 04 03:30:28.056969 dv-cinder-849143-9-smb devstack@c-api.service[113217]: DEBUG cinder.api.middleware.request_id [None req-46d35d73-115a-467b-847b-a1ef00093455 None None] RequestId filter calling following filter/app {{(pid=113217) _context_setter /opt/stack/cinder/cinder/api/middleware/request_id.py:62}}
Oct 04 03:30:28.065436 dv-cinder-849143-9-smb devstack@c-api.service[113217]: INFO cinder.api.openstack.wsgi [None req-46d35d73-115a-467b-847b-a1ef00093455 tempest-QosSpecsTestJSON-1024576815 tempest-QosSpecsTestJSON-1024576815-project-admin] GET http://10.222.0.25/volume/v3/75468d61fc964503b879607b11b6ac6a/qos-specs/ee7af8d9-6323-4a4b-a1a4-65f0058b2f06
Oct 04 03:30:28.066007 dv-cinder-849143-9-smb devstack@c-api.service[113217]: DEBUG cinder.api.openstack.wsgi [None req-46d35d73-115a-467b-847b-a1ef00093455 tempest-QosSpecsTestJSON-1024576815 tempest-QosSpecsTestJSON-1024576815-project-admin] Empty body provided in request {{(pid=113217) get_body /opt/stack/cinder/cinder/api/openstack/wsgi.py:715}}
Oct 04 03:30:28.067692 dv-cinder-849143-9-smb devstack@c-api.service[113217]: DEBUG cinder.api.openstack.wsgi [None req-46d35d73-115a-467b-847b-a1ef00093455 tempest-QosSpecsTestJSON-1024576815 tempest-QosSpecsTestJSON-1024576815-project-admin] Calling method 'show' {{(pid=113217) _process_stack /opt/stack/cinder/cinder/api/openstack/wsgi.py:868}}
Oct 04 03:30:28.068985 dv-cinder-849143-9-smb devstack@c-api.service[113217]: /usr/local/lib/python3.8/dist-packages/oslo_context/context.py:100: DeprecationWarning: Policy enforcement is depending on the value of is_admin. This key is deprecated. Please update your policy file to use the standard policy values.
Oct 04 03:30:28.068985 dv-cinder-849143-9-smb devstack@c-api.service[113217]: warnings.warn('Policy enforcement is depending on the value of '
Oct 04 03:30:28.080870 dv-cinder-849143-9-smb devstack@c-api.service[113216]: DEBUG cinder.api.middleware.request_id [None req-ffbcc36d-e966-4dab-93c7-1d484faf6868 None None] RequestId filter calling following filter/app {{(pid=113216) _context_setter /opt/stack/cinder/cinder/api/middleware/request_id.py:62}}
Oct 04 03:30:28.086038 dv-cinder-849143-9-smb devstack@c-api.service[113216]: INFO cinder.api.openstack.wsgi [None req-ffbcc36d-e966-4dab-93c7-1d484faf6868 tempest-VolumesDeleteCascade-310912230 tempest-VolumesDeleteCascade-310912230-project] GET http://10.222.0.25/volume/v3/139c60e7c8dd4620b0f362f238f03959/snapshots/5d5c3330-bb67-4817-891d-9f370053a64f
Oct 04 03:30:28.086779 dv-cinder-849143-9-smb devstack@c-api.service[113216]: DEBUG cinder.api.openstack.wsgi [None req-ffbcc36d-e966-4dab-93c7-1d484faf6868 tempest-VolumesDeleteCascade-310912230 tempest-VolumesDeleteCascade-310912230-project] Empty body provided in request {{(pid=113216) get_body /opt/stack/cinder/cinder/api/openstack/wsgi.py:715}}
Oct 04 03:30:28.087186 dv-cinder-849143-9-smb devstack@c-api.service[113217]: INFO cinder.api.openstack.wsgi [None req-46d35d73-115a-467b-847b-a1ef00093455 tempest-QosSpecsTestJSON-1024576815 tempest-QosSpecsTestJSON-1024576815-project-admin] http://10.222.0.25/volume/v3/75468d61fc964503b879607b11b6ac6a/qos-specs/ee7af8d9-6323-4a4b-a1a4-65f0058b2f06 returned with HTTP 200
Oct 04 03:30:28.087698 dv-cinder-849143-9-smb devstack@c-api.service[113216]: DEBUG cinder.api.openstack.wsgi [None req-ffbcc36d-e966-4dab-93c7-1d484faf6868 tempest-VolumesDeleteCascade-310912230 tempest-VolumesDeleteCascade-310912230-project] Calling method 'show' {{(pid=113216) _process_stack /opt/stack/cinder/cinder/api/openstack/wsgi.py:868}}
Oct 04 03:30:28.090137 dv-cinder-849143-9-smb devstack@c-api.service[113217]: [pid: 113217|app: 0|req: 156/301] 10.222.0.25 () {58 vars in 1331 bytes} [Tue Oct 4 03:30:28 2022] GET /volume/v3/75468d61fc964503b879607b11b6ac6a/qos-specs/ee7af8d9-6323-4a4b-a1a4-65f0058b2f06 => generated 458 bytes in 35 msecs (HTTP/1.1 200) 7 headers in 285 bytes (1 switches on core 0)
Oct 04 03:30:28.100107 dv-cinder-849143-9-smb devstack@c-api.service[113217]: DEBUG cinder.api.middleware.request_id [None req-93851a7a-5dd5-4975-8fe7-fc32945f8e0e None None] RequestId filter calling following filter/app {{(pid=113217) _context_setter /opt/stack/cinder/cinder/api/middleware/request_id.py:62}}
Oct 04 03:30:28.107668 dv-cinder-849143-9-smb devstack@c-api.service[113217]: INFO cinder.api.openstack.wsgi [None req-93851a7a-5dd5-4975-8fe7-fc32945f8e0e tempest-QosSpecsTestJSON-1024576815 tempest-QosSpecsTestJSON-1024576815-project-admin] GET http://10.222.0.25/volume/v3/75468d61fc964503b879607b11b6ac6a/qos-specs/ee7af8d9-6323-4a4b-a1a4-65f0058b2f06
Oct 04 03:30:28.108132 dv-cinder-849143-9-smb devstack@c-api.service[113217]: DEBUG cinder.api.openstack.wsgi [None req-93851a7a-5dd5-4975-8fe7-fc32945f8e0e tempest-QosSpecsTestJSON-1024576815 tempest-QosSpecsTestJSON-1024576815-project-admin] Empty body provided in request {{(pid=113217) get_body /opt/stack/cinder/cinder/api/openstack/wsgi.py:715}}
Oct 04 03:30:28.108592 dv-cinder-849143-9-smb devstack@c-api.service[113217]: DEBUG cinder.api.openstack.wsgi [None req-93851a7a-5dd5-4975-8fe7-fc32945f8e0e tempest-QosSpecsTestJSON-1024576815 tempest-QosSpecsTestJSON-1024576815-project-admin] Calling method 'show' {{(pid=113217) _process_stack /opt/stack/cinder/cinder/api/openstack/wsgi.py:868}}
Oct 04 03:30:28.114513 dv-cinder-849143-9-smb devstack@c-api.service[113217]: /usr/local/lib/python3.8/dist-packages/oslo_context/context.py:100: DeprecationWarning: Policy enforcement is depending on the value of is_admin. This key is deprecated. Please update your policy file to use the standard policy values.
Oct 04 03:30:28.114513 dv-cinder-849143-9-smb devstack@c-api.service[113217]: warnings.warn('Policy enforcement is depending on the value of '
Oct 04 03:30:28.121028 dv-cinder-849143-9-smb devstack@c-api.service[113216]: /usr/local/lib/python3.8/dist-packages/oslo_context/context.py:100: DeprecationWarning: Policy enforcement is depending on the value of is_admin. This key is deprecated. Please update your policy file to use the standard policy values.
Oct 04 03:30:28.121028 dv-cinder-849143-9-smb devstack@c-api.service[113216]: warnings.warn('Policy enforcement is depending on the value of '
Oct 04 03:30:28.124387 dv-cinder-849143-9-smb devstack@c-api.service[113216]: INFO cinder.volume.api [None req-ffbcc36d-e966-4dab-93c7-1d484faf6868 tempest-VolumesDeleteCascade-310912230 tempest-VolumesDeleteCascade-310912230-project] Snapshot retrieved successfully.
Oct 04 03:30:28.128770 dv-cinder-849143-9-smb devstack@c-api.service[113216]: INFO cinder.api.openstack.wsgi [None req-ffbcc36d-e966-4dab-93c7-1d484faf6868 tempest-VolumesDeleteCascade-310912230 tempest-VolumesDeleteCascade-310912230-project] http://10.222.0.25/volume/v3/139c60e7c8dd4620b0f362f238f03959/snapshots/5d5c3330-bb67-4817-891d-9f370053a64f returned with HTTP 200
Oct 04 03:30:28.131586 dv-cinder-849143-9-smb devstack@c-api.service[113216]: [pid: 113216|app: 0|req: 146/302] 10.222.0.25 () {58 vars in 1331 bytes} [Tue Oct 4 03:30:28 2022] GET /volume/v3/139c60e7c8dd4620b0f362f238f03959/snapshots/5d5c3330-bb67-4817-891d-9f370053a64f => generated 531 bytes in 52 msecs (HTTP/1.1 200) 7 headers in 285 bytes (2 switches on core 0)
Oct 04 03:30:28.139563 dv-cinder-849143-9-smb devstack@c-api.service[113217]: INFO cinder.api.openstack.wsgi [None req-93851a7a-5dd5-4975-8fe7-fc32945f8e0e tempest-QosSpecsTestJSON-1024576815 tempest-QosSpecsTestJSON-1024576815-project-admin] http://10.222.0.25/volume/v3/75468d61fc964503b879607b11b6ac6a/qos-specs/ee7af8d9-6323-4a4b-a1a4-65f0058b2f06 returned with HTTP 200
Oct 04 03:30:28.139563 dv-cinder-849143-9-smb devstack@c-api.service[113217]: [pid: 113217|app: 0|req: 157/303] 10.222.0.25 () {58 vars in 1331 bytes} [Tue Oct 4 03:30:28 2022] GET /volume/v3/75468d61fc964503b879607b11b6ac6a/qos-specs/ee7af8d9-6323-4a4b-a1a4-65f0058b2f06 => generated 458 bytes in 41 msecs (HTTP/1.1 200) 7 headers in 285 bytes (1 switches on core 0)
Oct 04 03:30:28.145591 dv-cinder-849143-9-smb devstack@c-api.service[113216]: DEBUG cinder.api.middleware.request_id [None req-84c4a64d-db77-433f-887b-c9c5d855f49f None None] RequestId filter calling following filter/app {{(pid=113216) _context_setter /opt/stack/cinder/cinder/api/middleware/request_id.py:62}}
Oct 04 03:30:28.150796 dv-cinder-849143-9-smb devstack@c-api.service[113217]: DEBUG cinder.api.middleware.request_id [None req-6e55a0ec-aa02-4e89-8eb2-6769af040ba5 None None] RequestId filter calling following filter/app {{(pid=113217) _context_setter /opt/stack/cinder/cinder/api/middleware/request_id.py:62}}
Oct 04 03:30:28.157392 dv-cinder-849143-9-smb devstack@c-api.service[113216]: INFO cinder.api.openstack.wsgi [None req-84c4a64d-db77-433f-887b-c9c5d855f49f tempest-QosSpecsTestJSON-1024576815 tempest-QosSpecsTestJSON-1024576815-project-admin] DELETE http://10.222.0.25/volume/v3/75468d61fc964503b879607b11b6ac6a/qos-specs/08fc798c-9a0e-496e-9a73-adb9bb1dc668?force=False
Oct 04 03:30:28.159390 dv-cinder-849143-9-smb devstack@c-api.service[113216]: DEBUG cinder.api.openstack.wsgi [None req-84c4a64d-db77-433f-887b-c9c5d855f49f tempest-QosSpecsTestJSON-1024576815 tempest-QosSpecsTestJSON-1024576815-project-admin] Empty body provided in request {{(pid=113216) get_body /opt/stack/cinder/cinder/api/openstack/wsgi.py:715}}
Oct 04 03:30:28.160088 dv-cinder-849143-9-smb devstack@c-api.service[113216]: DEBUG cinder.api.openstack.wsgi [None req-84c4a64d-db77-433f-887b-c9c5d855f49f tempest-QosSpecsTestJSON-1024576815 tempest-QosSpecsTestJSON-1024576815-project-admin] Calling method 'delete' {{(pid=113216) _process_stack /opt/stack/cinder/cinder/api/openstack/wsgi.py:868}}
Oct 04 03:30:28.162789 dv-cinder-849143-9-smb devstack@c-api.service[113216]: DEBUG cinder.api.contrib.qos_specs_manage [None req-84c4a64d-db77-433f-887b-c9c5d855f49f tempest-QosSpecsTestJSON-1024576815 tempest-QosSpecsTestJSON-1024576815-project-admin] Delete qos_spec: 08fc798c-9a0e-496e-9a73-adb9bb1dc668, force: False {{(pid=113216) delete /opt/stack/cinder/cinder/api/contrib/qos_specs_manage.py:168}}
Oct 04 03:30:28.163711 dv-cinder-849143-9-smb devstack@c-api.service[113217]: INFO cinder.api.openstack.wsgi [None req-6e55a0ec-aa02-4e89-8eb2-6769af040ba5 tempest-VolumesDeleteCascade-310912230 tempest-VolumesDeleteCascade-310912230-project] POST http://10.222.0.25/volume/v3/139c60e7c8dd4620b0f362f238f03959/volumes
Oct 04 03:30:28.164489 dv-cinder-849143-9-smb devstack@c-api.service[113217]: DEBUG cinder.api.openstack.wsgi [None req-6e55a0ec-aa02-4e89-8eb2-6769af040ba5 tempest-VolumesDeleteCascade-310912230 tempest-VolumesDeleteCascade-310912230-project] Action: 'create', calling method: create, body: {"volume": {"snapshot_id": "5d5c3330-bb67-4817-891d-9f370053a64f", "size": 1, "name": "tempest-VolumesDeleteCascade-Volume-1390632155"}} {{(pid=113217) _process_stack /opt/stack/cinder/cinder/api/openstack/wsgi.py:866}}
Oct 04 03:30:28.170977 dv-cinder-849143-9-smb devstack@c-api.service[113217]: DEBUG cinder.api.v3.volumes [None req-6e55a0ec-aa02-4e89-8eb2-6769af040ba5 tempest-VolumesDeleteCascade-310912230 tempest-VolumesDeleteCascade-310912230-project] Create volume request body: {'volume': {'snapshot_id': '5d5c3330-bb67-4817-891d-9f370053a64f', 'size': 1, 'name': 'tempest-VolumesDeleteCascade-Volume-1390632155'}} {{(pid=113217) create /opt/stack/cinder/cinder/api/v3/volumes.py:298}}
Oct 04 03:30:28.184889 dv-cinder-849143-9-smb devstack@c-api.service[113216]: INFO cinder.api.openstack.wsgi [None req-84c4a64d-db77-433f-887b-c9c5d855f49f tempest-QosSpecsTestJSON-1024576815 tempest-QosSpecsTestJSON-1024576815-project-admin] http://10.222.0.25/volume/v3/75468d61fc964503b879607b11b6ac6a/qos-specs/08fc798c-9a0e-496e-9a73-adb9bb1dc668?force=False returned with HTTP 404
Oct 04 03:30:28.186840 dv-cinder-849143-9-smb devstack@c-api.service[113217]: /usr/local/lib/python3.8/dist-packages/oslo_context/context.py:100: DeprecationWarning: Policy enforcement is depending on the value of is_admin. This key is deprecated. Please update your policy file to use the standard policy values.
Oct 04 03:30:28.186840 dv-cinder-849143-9-smb devstack@c-api.service[113217]: warnings.warn('Policy enforcement is depending on the value of '
Oct 04 03:30:28.187921 dv-cinder-849143-9-smb devstack@c-api.service[113216]: [pid: 113216|app: 0|req: 147/304] 10.222.0.25 () {58 vars in 1357 bytes} [Tue Oct 4 03:30:28 2022] DELETE /volume/v3/75468d61fc964503b879607b11b6ac6a/qos-specs/08fc798c-9a0e-496e-9a73-adb9bb1dc668?force=False => generated 100 bytes in 43 msecs (HTTP/1.1 404) 7 headers in 292 bytes (1 switches on core 0)
Oct 04 03:30:28.188634 dv-cinder-849143-9-smb devstack@c-api.service[113217]: INFO cinder.volume.api [None req-6e55a0ec-aa02-4e89-8eb2-6769af040ba5 tempest-VolumesDeleteCascade-310912230 tempest-VolumesDeleteCascade-310912230-project] Snapshot retrieved successfully.
Oct 04 03:30:28.188950 dv-cinder-849143-9-smb devstack@c-api.service[113217]: INFO cinder.api.v3.volumes [None req-6e55a0ec-aa02-4e89-8eb2-6769af040ba5 tempest-VolumesDeleteCascade-310912230 tempest-VolumesDeleteCascade-310912230-project] Create volume of 1 GB
Oct 04 03:30:28.192695 dv-cinder-849143-9-smb devstack@c-api.service[113216]: DEBUG cinder.api.middleware.request_id [None req-45481b4e-bc2c-4a38-9c3d-7132edb19fa0 None None] RequestId filter calling following filter/app {{(pid=113216) _context_setter /opt/stack/cinder/cinder/api/middleware/request_id.py:62}}
Oct 04 03:30:28.201402 dv-cinder-849143-9-smb devstack@c-api.service[113217]: INFO cinder.volume.api [None req-6e55a0ec-aa02-4e89-8eb2-6769af040ba5 tempest-VolumesDeleteCascade-310912230 tempest-VolumesDeleteCascade-310912230-project] Availability Zones retrieved successfully.
Oct 04 03:30:28.202828 dv-cinder-849143-9-smb devstack@c-api.service[113216]: INFO cinder.api.openstack.wsgi [None req-45481b4e-bc2c-4a38-9c3d-7132edb19fa0 tempest-QosSpecsTestJSON-1024576815 tempest-QosSpecsTestJSON-1024576815-project-admin] GET http://10.222.0.25/volume/v3/75468d61fc964503b879607b11b6ac6a/qos-specs/08fc798c-9a0e-496e-9a73-adb9bb1dc668
Oct 04 03:30:28.204365 dv-cinder-849143-9-smb devstack@c-api.service[113216]: DEBUG cinder.api.openstack.wsgi [None req-45481b4e-bc2c-4a38-9c3d-7132edb19fa0 tempest-QosSpecsTestJSON-1024576815 tempest-QosSpecsTestJSON-1024576815-project-admin] Empty body provided in request {{(pid=113216) get_body /opt/stack/cinder/cinder/api/openstack/wsgi.py:715}}
Oct 04 03:30:28.204851 dv-cinder-849143-9-smb devstack@c-api.service[113216]: DEBUG cinder.api.openstack.wsgi [None req-45481b4e-bc2c-4a38-9c3d-7132edb19fa0 tempest-QosSpecsTestJSON-1024576815 tempest-QosSpecsTestJSON-1024576815-project-admin] Calling method 'show' {{(pid=113216) _process_stack /opt/stack/cinder/cinder/api/openstack/wsgi.py:868}}
Oct 04 03:30:28.230143 dv-cinder-849143-9-smb devstack@c-api.service[113216]: INFO cinder.api.openstack.wsgi [None req-45481b4e-bc2c-4a38-9c3d-7132edb19fa0 tempest-QosSpecsTestJSON-1024576815 tempest-QosSpecsTestJSON-1024576815-project-admin] http://10.222.0.25/volume/v3/75468d61fc964503b879607b11b6ac6a/qos-specs/08fc798c-9a0e-496e-9a73-adb9bb1dc668 returned with HTTP 404
Oct 04 03:30:28.233766 dv-cinder-849143-9-smb devstack@c-api.service[113216]: [pid: 113216|app: 0|req: 148/305] 10.222.0.25 () {58 vars in 1331 bytes} [Tue Oct 4 03:30:28 2022] GET /volume/v3/75468d61fc964503b879607b11b6ac6a/qos-specs/08fc798c-9a0e-496e-9a73-adb9bb1dc668 => generated 100 bytes in 42 msecs (HTTP/1.1 404) 7 headers in 292 bytes (2 switches on core 0)
Oct 04 03:30:28.239887 dv-cinder-849143-9-smb devstack@c-api.service[113216]: DEBUG cinder.api.middleware.request_id [None req-cb117a1e-8bbd-4ce2-aac1-4cf796beb7f8 None None] RequestId filter calling following filter/app {{(pid=113216) _context_setter /opt/stack/cinder/cinder/api/middleware/request_id.py:62}}
Oct 04 03:30:28.254397 dv-cinder-849143-9-smb devstack@c-api.service[113216]: INFO cinder.api.openstack.wsgi [None req-cb117a1e-8bbd-4ce2-aac1-4cf796beb7f8 tempest-QosSpecsTestJSON-1024576815 tempest-QosSpecsTestJSON-1024576815-project-admin] DELETE http://10.222.0.25/volume/v3/75468d61fc964503b879607b11b6ac6a/qos-specs/98e85da5-9314-4908-bf09-f3172b7a6c70?force=False
Oct 04 03:30:28.256076 dv-cinder-849143-9-smb devstack@c-api.service[113216]: DEBUG cinder.api.openstack.wsgi [None req-cb117a1e-8bbd-4ce2-aac1-4cf796beb7f8 tempest-QosSpecsTestJSON-1024576815 tempest-QosSpecsTestJSON-1024576815-project-admin] Empty body provided in request {{(pid=113216) get_body /opt/stack/cinder/cinder/api/openstack/wsgi.py:715}}
Oct 04 03:30:28.256625 dv-cinder-849143-9-smb devstack@c-api.service[113217]: DEBUG cinder.volume.api [None req-6e55a0ec-aa02-4e89-8eb2-6769af040ba5 tempest-VolumesDeleteCascade-310912230 tempest-VolumesDeleteCascade-310912230-project] Flow 'volume_create_api' (35cb69d3-9dca-4fa5-828f-cd41b725e5e1) transitioned into state 'RUNNING' from state 'PENDING' {{(pid=113217) _flow_receiver /usr/local/lib/python3.8/dist-packages/taskflow/listeners/logging.py:141}}
Oct 04 03:30:28.257974 dv-cinder-849143-9-smb devstack@c-api.service[113216]: DEBUG cinder.api.openstack.wsgi [None req-cb117a1e-8bbd-4ce2-aac1-4cf796beb7f8 tempest-QosSpecsTestJSON-1024576815 tempest-QosSpecsTestJSON-1024576815-project-admin] Calling method 'delete' {{(pid=113216) _process_stack /opt/stack/cinder/cinder/api/openstack/wsgi.py:868}}
Oct 04 03:30:28.268165 dv-cinder-849143-9-smb devstack@c-api.service[113216]: DEBUG cinder.api.contrib.qos_specs_manage [None req-cb117a1e-8bbd-4ce2-aac1-4cf796beb7f8 tempest-QosSpecsTestJSON-1024576815 tempest-QosSpecsTestJSON-1024576815-project-admin] Delete qos_spec: 98e85da5-9314-4908-bf09-f3172b7a6c70, force: False {{(pid=113216) delete /opt/stack/cinder/cinder/api/contrib/qos_specs_manage.py:168}}
Oct 04 03:30:28.270782 dv-cinder-849143-9-smb devstack@c-api.service[113217]: DEBUG cinder.volume.api [None req-6e55a0ec-aa02-4e89-8eb2-6769af040ba5 tempest-VolumesDeleteCascade-310912230 tempest-VolumesDeleteCascade-310912230-project] Task 'cinder.volume.flows.api.create_volume.ExtractVolumeRequestTask;volume:create' (6fabae47-da43-473a-acb5-1d46bfea242a) transitioned into state 'RUNNING' from state 'PENDING' {{(pid=113217) _task_receiver /usr/local/lib/python3.8/dist-packages/taskflow/listeners/logging.py:190}}
Oct 04 03:30:28.281718 dv-cinder-849143-9-smb devstack@c-api.service[113217]: DEBUG cinder.volume.flows.api.create_volume [None req-6e55a0ec-aa02-4e89-8eb2-6769af040ba5 tempest-VolumesDeleteCascade-310912230 tempest-VolumesDeleteCascade-310912230-project] Validating volume size '1' using validate_int, validate_snap_size {{(pid=113217) _extract_size /opt/stack/cinder/cinder/volume/flows/api/create_volume.py:228}}
Oct 04 03:30:28.296954 dv-cinder-849143-9-smb devstack@c-api.service[113216]: INFO cinder.api.openstack.wsgi [None req-cb117a1e-8bbd-4ce2-aac1-4cf796beb7f8 tempest-QosSpecsTestJSON-1024576815 tempest-QosSpecsTestJSON-1024576815-project-admin] http://10.222.0.25/volume/v3/75468d61fc964503b879607b11b6ac6a/qos-specs/98e85da5-9314-4908-bf09-f3172b7a6c70?force=False returned with HTTP 404
Oct 04 03:30:28.311968 dv-cinder-849143-9-smb devstack@c-api.service[113216]: [pid: 113216|app: 0|req: 149/306] 10.222.0.25 () {58 vars in 1357 bytes} [Tue Oct 4 03:30:28 2022] DELETE /volume/v3/75468d61fc964503b879607b11b6ac6a/qos-specs/98e85da5-9314-4908-bf09-f3172b7a6c70?force=False => generated 100 bytes in 73 msecs (HTTP/1.1 404) 7 headers in 292 bytes (2 switches on core 0)
Oct 04 03:30:28.313614 dv-cinder-849143-9-smb devstack@c-api.service[113216]: DEBUG cinder.api.middleware.request_id [None req-d973d255-2800-4108-a689-3955bcdf0afb None None] RequestId filter calling following filter/app {{(pid=113216) _context_setter /opt/stack/cinder/cinder/api/middleware/request_id.py:62}}
Oct 04 03:30:28.348819 dv-cinder-849143-9-smb devstack@c-api.service[113216]: INFO cinder.api.openstack.wsgi [None req-d973d255-2800-4108-a689-3955bcdf0afb tempest-QosSpecsTestJSON-1024576815 tempest-QosSpecsTestJSON-1024576815-project-admin] GET http://10.222.0.25/volume/v3/75468d61fc964503b879607b11b6ac6a/qos-specs/98e85da5-9314-4908-bf09-f3172b7a6c70
Oct 04 03:30:28.349302 dv-cinder-849143-9-smb devstack@c-api.service[113216]: DEBUG cinder.api.openstack.wsgi [None req-d973d255-2800-4108-a689-3955bcdf0afb tempest-QosSpecsTestJSON-1024576815 tempest-QosSpecsTestJSON-1024576815-project-admin] Empty body provided in request {{(pid=113216) get_body /opt/stack/cinder/cinder/api/openstack/wsgi.py:715}}
Oct 04 03:30:28.349776 dv-cinder-849143-9-smb devstack@c-api.service[113216]: DEBUG cinder.api.openstack.wsgi [None req-d973d255-2800-4108-a689-3955bcdf0afb tempest-QosSpecsTestJSON-1024576815 tempest-QosSpecsTestJSON-1024576815-project-admin] Calling method 'show' {{(pid=113216) _process_stack /opt/stack/cinder/cinder/api/openstack/wsgi.py:868}}
Oct 04 03:30:28.389453 dv-cinder-849143-9-smb devstack@c-api.service[113216]: INFO cinder.api.openstack.wsgi [None req-d973d255-2800-4108-a689-3955bcdf0afb tempest-QosSpecsTestJSON-1024576815 tempest-QosSpecsTestJSON-1024576815-project-admin] http://10.222.0.25/volume/v3/75468d61fc964503b879607b11b6ac6a/qos-specs/98e85da5-9314-4908-bf09-f3172b7a6c70 returned with HTTP 404
Oct 04 03:30:28.389788 dv-cinder-849143-9-smb devstack@c-api.service[113216]: [pid: 113216|app: 0|req: 150/307] 10.222.0.25 () {58 vars in 1331 bytes} [Tue Oct 4 03:30:28 2022] GET /volume/v3/75468d61fc964503b879607b11b6ac6a/qos-specs/98e85da5-9314-4908-bf09-f3172b7a6c70 => generated 100 bytes in 77 msecs (HTTP/1.1 404) 7 headers in 292 bytes (1 switches on core 0)
Oct 04 03:30:28.399401 dv-cinder-849143-9-smb devstack@c-api.service[113216]: DEBUG cinder.api.middleware.request_id [None req-26a6f572-cc0e-43d9-893c-5346d6eacaf9 None None] RequestId filter calling following filter/app {{(pid=113216) _context_setter /opt/stack/cinder/cinder/api/middleware/request_id.py:62}}
Oct 04 03:30:28.412866 dv-cinder-849143-9-smb devstack@c-api.service[113216]: INFO cinder.api.openstack.wsgi [None req-26a6f572-cc0e-43d9-893c-5346d6eacaf9 tempest-QosSpecsTestJSON-1024576815 tempest-QosSpecsTestJSON-1024576815-project-admin] DELETE http://10.222.0.25/volume/v3/75468d61fc964503b879607b11b6ac6a/qos-specs/1e2e47e0-9718-45d0-890d-bd218e1be4e5?force=False
Oct 04 03:30:28.416880 dv-cinder-849143-9-smb devstack@c-api.service[113216]: DEBUG cinder.api.openstack.wsgi [None req-26a6f572-cc0e-43d9-893c-5346d6eacaf9 tempest-QosSpecsTestJSON-1024576815 tempest-QosSpecsTestJSON-1024576815-project-admin] Empty body provided in request {{(pid=113216) get_body /opt/stack/cinder/cinder/api/openstack/wsgi.py:715}}
Oct 04 03:30:28.417411 dv-cinder-849143-9-smb devstack@c-api.service[113216]: DEBUG cinder.api.openstack.wsgi [None req-26a6f572-cc0e-43d9-893c-5346d6eacaf9 tempest-QosSpecsTestJSON-1024576815 tempest-QosSpecsTestJSON-1024576815-project-admin] Calling method 'delete' {{(pid=113216) _process_stack /opt/stack/cinder/cinder/api/openstack/wsgi.py:868}}
Oct 04 03:30:28.418899 dv-cinder-849143-9-smb devstack@c-api.service[113216]: DEBUG cinder.api.contrib.qos_specs_manage [None req-26a6f572-cc0e-43d9-893c-5346d6eacaf9 tempest-QosSpecsTestJSON-1024576815 tempest-QosSpecsTestJSON-1024576815-project-admin] Delete qos_spec: 1e2e47e0-9718-45d0-890d-bd218e1be4e5, force: False {{(pid=113216) delete /opt/stack/cinder/cinder/api/contrib/qos_specs_manage.py:168}}
Oct 04 03:30:28.438007 dv-cinder-849143-9-smb devstack@c-api.service[113216]: INFO cinder.api.openstack.wsgi [None req-26a6f572-cc0e-43d9-893c-5346d6eacaf9 tempest-QosSpecsTestJSON-1024576815 tempest-QosSpecsTestJSON-1024576815-project-admin] http://10.222.0.25/volume/v3/75468d61fc964503b879607b11b6ac6a/qos-specs/1e2e47e0-9718-45d0-890d-bd218e1be4e5?force=False returned with HTTP 404
Oct 04 03:30:28.438977 dv-cinder-849143-9-smb devstack@c-api.service[113216]: [pid: 113216|app: 0|req: 151/308] 10.222.0.25 () {58 vars in 1357 bytes} [Tue Oct 4 03:30:28 2022] DELETE /volume/v3/75468d61fc964503b879607b11b6ac6a/qos-specs/1e2e47e0-9718-45d0-890d-bd218e1be4e5?force=False => generated 100 bytes in 42 msecs (HTTP/1.1 404) 7 headers in 292 bytes (1 switches on core 0)
Oct 04 03:30:28.445857 dv-cinder-849143-9-smb devstack@c-api.service[113217]: DEBUG cinder.volume.api [None req-6e55a0ec-aa02-4e89-8eb2-6769af040ba5 tempest-VolumesDeleteCascade-310912230 tempest-VolumesDeleteCascade-310912230-project] Task 'cinder.volume.flows.api.create_volume.ExtractVolumeRequestTask;volume:create' (6fabae47-da43-473a-acb5-1d46bfea242a) transitioned into state 'SUCCESS' from state 'RUNNING' with result '{'size': 1, 'snapshot_id': '5d5c3330-bb67-4817-891d-9f370053a64f', 'source_volid': None, 'volume_type': VolumeType(created_at=2022-10-04T03:19:39Z,deleted=False,deleted_at=None,description='Default Volume Type',extra_specs={},id=4903f2c5-8172-4511-b363-b4035c465788,is_public=True,name='__DEFAULT__',projects=[],qos_specs=,qos_specs_id=None,updated_at=2022-10-04T03:19:39Z), 'volume_type_id': '4903f2c5-8172-4511-b363-b4035c465788', 'encryption_key_id': None, 'qos_specs': None, 'consistencygroup_id': None, 'cgsnapshot_id': None, 'group_id': None, 'replication_status': 'disabled', 'refresh_az': False, 'backup_id': None, 'multiattach': False, 'availability_zones': ['nova']}' {{(pid=113217) _task_receiver /usr/local/lib/python3.8/dist-packages/taskflow/listeners/logging.py:178}}
Oct 04 03:30:28.446691 dv-cinder-849143-9-smb devstack@c-api.service[113216]: DEBUG cinder.api.middleware.request_id [None req-eee88f4f-d2ee-48df-aa37-23dcb3df4805 None None] RequestId filter calling following filter/app {{(pid=113216) _context_setter /opt/stack/cinder/cinder/api/middleware/request_id.py:62}}
Oct 04 03:30:28.451658 dv-cinder-849143-9-smb devstack@c-api.service[113217]: DEBUG cinder.volume.api [None req-6e55a0ec-aa02-4e89-8eb2-6769af040ba5 tempest-VolumesDeleteCascade-310912230 tempest-VolumesDeleteCascade-310912230-project] Task 'cinder.volume.flows.api.create_volume.QuotaReserveTask;volume:create' (6c9d5424-9cbd-4184-bef4-6d2260874b78) transitioned into state 'RUNNING' from state 'PENDING' {{(pid=113217) _task_receiver /usr/local/lib/python3.8/dist-packages/taskflow/listeners/logging.py:190}}
Oct 04 03:30:28.454718 dv-cinder-849143-9-smb devstack@c-api.service[113216]: INFO cinder.api.openstack.wsgi [None req-eee88f4f-d2ee-48df-aa37-23dcb3df4805 tempest-QosSpecsTestJSON-1024576815 tempest-QosSpecsTestJSON-1024576815-project-admin] GET http://10.222.0.25/volume/v3/75468d61fc964503b879607b11b6ac6a/qos-specs/1e2e47e0-9718-45d0-890d-bd218e1be4e5
Oct 04 03:30:28.455264 dv-cinder-849143-9-smb devstack@c-api.service[113216]: DEBUG cinder.api.openstack.wsgi [None req-eee88f4f-d2ee-48df-aa37-23dcb3df4805 tempest-QosSpecsTestJSON-1024576815 tempest-QosSpecsTestJSON-1024576815-project-admin] Empty body provided in request {{(pid=113216) get_body /opt/stack/cinder/cinder/api/openstack/wsgi.py:715}}
Oct 04 03:30:28.464188 dv-cinder-849143-9-smb devstack@c-api.service[113216]: DEBUG cinder.api.openstack.wsgi [None req-eee88f4f-d2ee-48df-aa37-23dcb3df4805 tempest-QosSpecsTestJSON-1024576815 tempest-QosSpecsTestJSON-1024576815-project-admin] Calling method 'show' {{(pid=113216) _process_stack /opt/stack/cinder/cinder/api/openstack/wsgi.py:868}}
Oct 04 03:30:28.485413 dv-cinder-849143-9-smb devstack@c-api.service[113216]: INFO cinder.api.openstack.wsgi [None req-eee88f4f-d2ee-48df-aa37-23dcb3df4805 tempest-QosSpecsTestJSON-1024576815 tempest-QosSpecsTestJSON-1024576815-project-admin] http://10.222.0.25/volume/v3/75468d61fc964503b879607b11b6ac6a/qos-specs/1e2e47e0-9718-45d0-890d-bd218e1be4e5 returned with HTTP 404
Oct 04 03:30:28.486312 dv-cinder-849143-9-smb devstack@c-api.service[113216]: [pid: 113216|app: 0|req: 152/309] 10.222.0.25 () {58 vars in 1331 bytes} [Tue Oct 4 03:30:28 2022] GET /volume/v3/75468d61fc964503b879607b11b6ac6a/qos-specs/1e2e47e0-9718-45d0-890d-bd218e1be4e5 => generated 100 bytes in 41 msecs (HTTP/1.1 404) 7 headers in 292 bytes (1 switches on core 0)
Oct 04 03:30:28.492471 dv-cinder-849143-9-smb devstack@c-api.service[113216]: DEBUG cinder.api.middleware.request_id [None req-a19212cb-378f-454b-89de-11115131e7bd None None] RequestId filter calling following filter/app {{(pid=113216) _context_setter /opt/stack/cinder/cinder/api/middleware/request_id.py:62}}
Oct 04 03:30:28.498608 dv-cinder-849143-9-smb devstack@c-api.service[113216]: INFO cinder.api.openstack.wsgi [None req-a19212cb-378f-454b-89de-11115131e7bd tempest-QosSpecsTestJSON-1024576815 tempest-QosSpecsTestJSON-1024576815-project-admin] DELETE http://10.222.0.25/volume/v3/75468d61fc964503b879607b11b6ac6a/types/4177036c-2025-4be1-8040-94f20ca87bac
Oct 04 03:30:28.499016 dv-cinder-849143-9-smb devstack@c-api.service[113216]: DEBUG cinder.api.openstack.wsgi [None req-a19212cb-378f-454b-89de-11115131e7bd tempest-QosSpecsTestJSON-1024576815 tempest-QosSpecsTestJSON-1024576815-project-admin] Empty body provided in request {{(pid=113216) get_body /opt/stack/cinder/cinder/api/openstack/wsgi.py:715}}
Oct 04 03:30:28.499509 dv-cinder-849143-9-smb devstack@c-api.service[113216]: DEBUG cinder.api.openstack.wsgi [None req-a19212cb-378f-454b-89de-11115131e7bd tempest-QosSpecsTestJSON-1024576815 tempest-QosSpecsTestJSON-1024576815-project-admin] Calling method '_delete' {{(pid=113216) _process_stack /opt/stack/cinder/cinder/api/openstack/wsgi.py:868}}
Oct 04 03:30:28.613058 dv-cinder-849143-9-smb devstack@c-api.service[113217]: DEBUG cinder.quota [None req-6e55a0ec-aa02-4e89-8eb2-6769af040ba5 tempest-VolumesDeleteCascade-310912230 tempest-VolumesDeleteCascade-310912230-project] Created reservations ['2046797d-ccd9-4822-b196-3c7152569b9c', '440b6632-64f7-48ac-becb-3347f1d4526d', 'cb294470-bf17-477c-977d-200295d6dbb2', '1327363f-4cd5-4071-acea-95dd182e7ce2'] {{(pid=113217) reserve /opt/stack/cinder/cinder/quota.py:755}}
Oct 04 03:30:28.616255 dv-cinder-849143-9-smb devstack@c-api.service[113217]: DEBUG cinder.volume.api [None req-6e55a0ec-aa02-4e89-8eb2-6769af040ba5 tempest-VolumesDeleteCascade-310912230 tempest-VolumesDeleteCascade-310912230-project] Task 'cinder.volume.flows.api.create_volume.QuotaReserveTask;volume:create' (6c9d5424-9cbd-4184-bef4-6d2260874b78) transitioned into state 'SUCCESS' from state 'RUNNING' with result '{'reservations': ['2046797d-ccd9-4822-b196-3c7152569b9c', '440b6632-64f7-48ac-becb-3347f1d4526d', 'cb294470-bf17-477c-977d-200295d6dbb2', '1327363f-4cd5-4071-acea-95dd182e7ce2']}' {{(pid=113217) _task_receiver /usr/local/lib/python3.8/dist-packages/taskflow/listeners/logging.py:178}}
Oct 04 03:30:28.618888 dv-cinder-849143-9-smb devstack@c-api.service[113217]: DEBUG cinder.volume.api [None req-6e55a0ec-aa02-4e89-8eb2-6769af040ba5 tempest-VolumesDeleteCascade-310912230 tempest-VolumesDeleteCascade-310912230-project] Task 'cinder.volume.flows.api.create_volume.EntryCreateTask;volume:create' (e1e00550-ce3a-49fc-97e2-ea3b6a02ae72) transitioned into state 'RUNNING' from state 'PENDING' {{(pid=113217) _task_receiver /usr/local/lib/python3.8/dist-packages/taskflow/listeners/logging.py:190}}
Oct 04 03:30:28.642574 dv-cinder-849143-9-smb devstack@c-api.service[113216]: INFO cinder.api.openstack.wsgi [None req-a19212cb-378f-454b-89de-11115131e7bd tempest-QosSpecsTestJSON-1024576815 tempest-QosSpecsTestJSON-1024576815-project-admin] http://10.222.0.25/volume/v3/75468d61fc964503b879607b11b6ac6a/types/4177036c-2025-4be1-8040-94f20ca87bac returned with HTTP 202
Oct 04 03:30:28.651941 dv-cinder-849143-9-smb devstack@c-api.service[113216]: [pid: 113216|app: 0|req: 153/310] 10.222.0.25 () {58 vars in 1322 bytes} [Tue Oct 4 03:30:28 2022] DELETE /volume/v3/75468d61fc964503b879607b11b6ac6a/types/4177036c-2025-4be1-8040-94f20ca87bac => generated 0 bytes in 160 msecs (HTTP/1.1 202) 6 headers in 233 bytes (2 switches on core 0)
Oct 04 03:30:28.660238 dv-cinder-849143-9-smb devstack@c-api.service[113216]: DEBUG cinder.api.middleware.request_id [None req-719bdfc9-c486-40ff-ac80-1c6391d8f6dc None None] RequestId filter calling following filter/app {{(pid=113216) _context_setter /opt/stack/cinder/cinder/api/middleware/request_id.py:62}}
Oct 04 03:30:28.667453 dv-cinder-849143-9-smb devstack@c-api.service[113216]: INFO cinder.api.openstack.wsgi [None req-719bdfc9-c486-40ff-ac80-1c6391d8f6dc tempest-QosSpecsTestJSON-1024576815 tempest-QosSpecsTestJSON-1024576815-project-admin] GET http://10.222.0.25/volume/v3/75468d61fc964503b879607b11b6ac6a/types/4177036c-2025-4be1-8040-94f20ca87bac
Oct 04 03:30:28.669284 dv-cinder-849143-9-smb devstack@c-api.service[113216]: DEBUG cinder.api.openstack.wsgi [None req-719bdfc9-c486-40ff-ac80-1c6391d8f6dc tempest-QosSpecsTestJSON-1024576815 tempest-QosSpecsTestJSON-1024576815-project-admin] Empty body provided in request {{(pid=113216) get_body /opt/stack/cinder/cinder/api/openstack/wsgi.py:715}}
Oct 04 03:30:28.688698 dv-cinder-849143-9-smb devstack@c-api.service[113216]: DEBUG cinder.api.openstack.wsgi [None req-719bdfc9-c486-40ff-ac80-1c6391d8f6dc tempest-QosSpecsTestJSON-1024576815 tempest-QosSpecsTestJSON-1024576815-project-admin] Calling method 'show' {{(pid=113216) _process_stack /opt/stack/cinder/cinder/api/openstack/wsgi.py:868}}
Oct 04 03:30:28.707687 dv-cinder-849143-9-smb devstack@c-api.service[113216]: INFO cinder.api.openstack.wsgi [None req-719bdfc9-c486-40ff-ac80-1c6391d8f6dc tempest-QosSpecsTestJSON-1024576815 tempest-QosSpecsTestJSON-1024576815-project-admin] http://10.222.0.25/volume/v3/75468d61fc964503b879607b11b6ac6a/types/4177036c-2025-4be1-8040-94f20ca87bac returned with HTTP 404
Oct 04 03:30:28.713726 dv-cinder-849143-9-smb devstack@c-api.service[113216]: [pid: 113216|app: 0|req: 154/311] 10.222.0.25 () {58 vars in 1319 bytes} [Tue Oct 4 03:30:28 2022] GET /volume/v3/75468d61fc964503b879607b11b6ac6a/types/4177036c-2025-4be1-8040-94f20ca87bac => generated 114 bytes in 57 msecs (HTTP/1.1 404) 7 headers in 292 bytes (1 switches on core 0)
Oct 04 03:30:28.718747 dv-cinder-849143-9-smb devstack@c-api.service[113216]: DEBUG cinder.api.middleware.request_id [None req-a2f8e1f8-c564-4ecb-b229-39829f01dd28 None None] RequestId filter calling following filter/app {{(pid=113216) _context_setter /opt/stack/cinder/cinder/api/middleware/request_id.py:62}}
Oct 04 03:30:28.726343 dv-cinder-849143-9-smb devstack@c-api.service[113216]: INFO cinder.api.openstack.wsgi [None req-a2f8e1f8-c564-4ecb-b229-39829f01dd28 tempest-QosSpecsTestJSON-1024576815 tempest-QosSpecsTestJSON-1024576815-project-admin] DELETE http://10.222.0.25/volume/v3/75468d61fc964503b879607b11b6ac6a/types/9d1befc3-cf24-4d40-ab63-f6c700aafac1
Oct 04 03:30:28.727443 dv-cinder-849143-9-smb devstack@c-api.service[113216]: DEBUG cinder.api.openstack.wsgi [None req-a2f8e1f8-c564-4ecb-b229-39829f01dd28 tempest-QosSpecsTestJSON-1024576815 tempest-QosSpecsTestJSON-1024576815-project-admin] Empty body provided in request {{(pid=113216) get_body /opt/stack/cinder/cinder/api/openstack/wsgi.py:715}}
Oct 04 03:30:28.727443 dv-cinder-849143-9-smb devstack@c-api.service[113216]: DEBUG cinder.api.openstack.wsgi [None req-a2f8e1f8-c564-4ecb-b229-39829f01dd28 tempest-QosSpecsTestJSON-1024576815 tempest-QosSpecsTestJSON-1024576815-project-admin] Calling method '_delete' {{(pid=113216) _process_stack /opt/stack/cinder/cinder/api/openstack/wsgi.py:868}}
Oct 04 03:30:28.776313 dv-cinder-849143-9-smb devstack@c-api.service[113217]: DEBUG cinder.volume.api [None req-6e55a0ec-aa02-4e89-8eb2-6769af040ba5 tempest-VolumesDeleteCascade-310912230 tempest-VolumesDeleteCascade-310912230-project] Task 'cinder.volume.flows.api.create_volume.EntryCreateTask;volume:create' (e1e00550-ce3a-49fc-97e2-ea3b6a02ae72) transitioned into state 'SUCCESS' from state 'RUNNING' with result '{'volume_id': '0a5397c1-3021-4190-9697-cd76e2745930', 'volume_properties': VolumeProperties(attach_status='detached',availability_zone='nova',cgsnapshot_id=None,consistencygroup_id=None,display_description=None,display_name='tempest-VolumesDeleteCascade-Volume-1390632155',encryption_key_id=None,group_id=None,group_type_id=,metadata={},multiattach=False,project_id='139c60e7c8dd4620b0f362f238f03959',qos_specs=None,replication_status=,reservations=['2046797d-ccd9-4822-b196-3c7152569b9c','440b6632-64f7-48ac-becb-3347f1d4526d','cb294470-bf17-477c-977d-200295d6dbb2','1327363f-4cd5-4071-acea-95dd182e7ce2'],size=1,snapshot_id=5d5c3330-bb67-4817-891d-9f370053a64f,source_replicaid=,source_volid=None,status='creating',user_id='14e11d98cd484d67a8c5e524d8764c20',volume_type_id=4903f2c5-8172-4511-b363-b4035c465788), 'volume': Volume(_name_id=None,admin_metadata=,attach_status='detached',availability_zone='nova',bootable=False,cluster=,cluster_name=None,consistencygroup=,consistencygroup_id=None,created_at=2022-10-04T03:30:28Z,deleted=False,deleted_at=None,display_description=None,display_name='tempest-VolumesDeleteCascade-Volume-1390632155',ec2_id=None,encryption_key_id=None,glance_metadata=,group=,group_id=None,host=None,id=0a5397c1-3021-4190-9697-cd76e2745930,launched_at=None,metadata={},migration_status=None,multiattach=False,previous_status=None,project_id='139c60e7c8dd4620b0f362f238f03959',provider_auth=None,provider_geometry=None,provider_id=None,provider_location=None,replication_driver_data=None,replication_extended_status=None,replication_status=None,scheduled_at=None,service_uuid=None,shared_targets=True,size=1,snapshot_id=5d5c3330-bb67-4817-891d-9f370053a64f,snapshots=,source_volid=None,status='creating',terminated_at=None,updated_at=None,use_quota=True,user_id='14e11d98cd484d67a8c5e524d8764c20',volume_attachment=VolumeAttachmentList,volume_type=VolumeType(4903f2c5-8172-4511-b363-b4035c465788),volume_type_id=4903f2c5-8172-4511-b363-b4035c465788)}' {{(pid=113217) _task_receiver /usr/local/lib/python3.8/dist-packages/taskflow/listeners/logging.py:178}}
Oct 04 03:30:28.778227 dv-cinder-849143-9-smb devstack@c-api.service[113217]: DEBUG cinder.volume.api [None req-6e55a0ec-aa02-4e89-8eb2-6769af040ba5 tempest-VolumesDeleteCascade-310912230 tempest-VolumesDeleteCascade-310912230-project] Task 'cinder.volume.flows.api.create_volume.QuotaCommitTask;volume:create' (cf4890a0-01aa-4763-b71e-bb099774d327) transitioned into state 'RUNNING' from state 'PENDING' {{(pid=113217) _task_receiver /usr/local/lib/python3.8/dist-packages/taskflow/listeners/logging.py:190}}
Oct 04 03:30:28.830431 dv-cinder-849143-9-smb devstack@c-api.service[113216]: INFO cinder.api.openstack.wsgi [None req-a2f8e1f8-c564-4ecb-b229-39829f01dd28 tempest-QosSpecsTestJSON-1024576815 tempest-QosSpecsTestJSON-1024576815-project-admin] http://10.222.0.25/volume/v3/75468d61fc964503b879607b11b6ac6a/types/9d1befc3-cf24-4d40-ab63-f6c700aafac1 returned with HTTP 202
Oct 04 03:30:28.832635 dv-cinder-849143-9-smb devstack@c-api.service[113216]: [pid: 113216|app: 0|req: 155/312] 10.222.0.25 () {58 vars in 1322 bytes} [Tue Oct 4 03:30:28 2022] DELETE /volume/v3/75468d61fc964503b879607b11b6ac6a/types/9d1befc3-cf24-4d40-ab63-f6c700aafac1 => generated 0 bytes in 114 msecs (HTTP/1.1 202) 6 headers in 233 bytes (1 switches on core 0)
Oct 04 03:30:28.837165 dv-cinder-849143-9-smb devstack@c-api.service[113216]: DEBUG cinder.api.middleware.request_id [None req-b8517dad-2dd9-4b44-8828-839aa875f723 None None] RequestId filter calling following filter/app {{(pid=113216) _context_setter /opt/stack/cinder/cinder/api/middleware/request_id.py:62}}
Oct 04 03:30:28.842990 dv-cinder-849143-9-smb devstack@c-api.service[113216]: INFO cinder.api.openstack.wsgi [None req-b8517dad-2dd9-4b44-8828-839aa875f723 tempest-QosSpecsTestJSON-1024576815 tempest-QosSpecsTestJSON-1024576815-project-admin] GET http://10.222.0.25/volume/v3/75468d61fc964503b879607b11b6ac6a/types/9d1befc3-cf24-4d40-ab63-f6c700aafac1
Oct 04 03:30:28.843825 dv-cinder-849143-9-smb devstack@c-api.service[113216]: DEBUG cinder.api.openstack.wsgi [None req-b8517dad-2dd9-4b44-8828-839aa875f723 tempest-QosSpecsTestJSON-1024576815 tempest-QosSpecsTestJSON-1024576815-project-admin] Empty body provided in request {{(pid=113216) get_body /opt/stack/cinder/cinder/api/openstack/wsgi.py:715}}
Oct 04 03:30:28.844882 dv-cinder-849143-9-smb devstack@c-api.service[113216]: DEBUG cinder.api.openstack.wsgi [None req-b8517dad-2dd9-4b44-8828-839aa875f723 tempest-QosSpecsTestJSON-1024576815 tempest-QosSpecsTestJSON-1024576815-project-admin] Calling method 'show' {{(pid=113216) _process_stack /opt/stack/cinder/cinder/api/openstack/wsgi.py:868}}
Oct 04 03:30:28.849885 dv-cinder-849143-9-smb devstack@c-api.service[113217]: DEBUG cinder.volume.api [None req-6e55a0ec-aa02-4e89-8eb2-6769af040ba5 tempest-VolumesDeleteCascade-310912230 tempest-VolumesDeleteCascade-310912230-project] Task 'cinder.volume.flows.api.create_volume.QuotaCommitTask;volume:create' (cf4890a0-01aa-4763-b71e-bb099774d327) transitioned into state 'SUCCESS' from state 'RUNNING' with result '{'volume_properties': VolumeProperties(attach_status='detached',availability_zone='nova',cgsnapshot_id=None,consistencygroup_id=None,display_description=None,display_name='tempest-VolumesDeleteCascade-Volume-1390632155',encryption_key_id=None,group_id=None,group_type_id=,metadata={},multiattach=False,project_id='139c60e7c8dd4620b0f362f238f03959',qos_specs=None,replication_status=,reservations=['2046797d-ccd9-4822-b196-3c7152569b9c','440b6632-64f7-48ac-becb-3347f1d4526d','cb294470-bf17-477c-977d-200295d6dbb2','1327363f-4cd5-4071-acea-95dd182e7ce2'],size=1,snapshot_id=5d5c3330-bb67-4817-891d-9f370053a64f,source_replicaid=,source_volid=None,status='creating',user_id='14e11d98cd484d67a8c5e524d8764c20',volume_type_id=4903f2c5-8172-4511-b363-b4035c465788)}' {{(pid=113217) _task_receiver /usr/local/lib/python3.8/dist-packages/taskflow/listeners/logging.py:178}}
Oct 04 03:30:28.854116 dv-cinder-849143-9-smb devstack@c-api.service[113216]: INFO cinder.api.openstack.wsgi [None req-b8517dad-2dd9-4b44-8828-839aa875f723 tempest-QosSpecsTestJSON-1024576815 tempest-QosSpecsTestJSON-1024576815-project-admin] http://10.222.0.25/volume/v3/75468d61fc964503b879607b11b6ac6a/types/9d1befc3-cf24-4d40-ab63-f6c700aafac1 returned with HTTP 404
Oct 04 03:30:28.855296 dv-cinder-849143-9-smb devstack@c-api.service[113217]: DEBUG cinder.volume.api [None req-6e55a0ec-aa02-4e89-8eb2-6769af040ba5 tempest-VolumesDeleteCascade-310912230 tempest-VolumesDeleteCascade-310912230-project] Task 'cinder.volume.flows.api.create_volume.VolumeCastTask;volume:create' (ea5ac067-f10e-4fbf-be36-e005e788dbb2) transitioned into state 'RUNNING' from state 'PENDING' {{(pid=113217) _task_receiver /usr/local/lib/python3.8/dist-packages/taskflow/listeners/logging.py:190}}
Oct 04 03:30:28.856054 dv-cinder-849143-9-smb devstack@c-api.service[113216]: [pid: 113216|app: 0|req: 156/313] 10.222.0.25 () {58 vars in 1319 bytes} [Tue Oct 4 03:30:28 2022] GET /volume/v3/75468d61fc964503b879607b11b6ac6a/types/9d1befc3-cf24-4d40-ab63-f6c700aafac1 => generated 114 bytes in 20 msecs (HTTP/1.1 404) 7 headers in 292 bytes (1 switches on core 0)
Oct 04 03:30:28.863854 dv-cinder-849143-9-smb devstack@c-api.service[113216]: DEBUG cinder.api.middleware.request_id [None req-9b0b4d4b-48e3-46cd-a048-592753bf8b82 None None] RequestId filter calling following filter/app {{(pid=113216) _context_setter /opt/stack/cinder/cinder/api/middleware/request_id.py:62}}
Oct 04 03:30:28.870630 dv-cinder-849143-9-smb devstack@c-api.service[113216]: INFO cinder.api.openstack.wsgi [None req-9b0b4d4b-48e3-46cd-a048-592753bf8b82 tempest-QosSpecsTestJSON-1024576815 tempest-QosSpecsTestJSON-1024576815-project-admin] DELETE http://10.222.0.25/volume/v3/75468d61fc964503b879607b11b6ac6a/types/3cb35252-b59d-4fa3-8302-236361be929d
Oct 04 03:30:28.870630 dv-cinder-849143-9-smb devstack@c-api.service[113216]: DEBUG cinder.api.openstack.wsgi [None req-9b0b4d4b-48e3-46cd-a048-592753bf8b82 tempest-QosSpecsTestJSON-1024576815 tempest-QosSpecsTestJSON-1024576815-project-admin] Empty body provided in request {{(pid=113216) get_body /opt/stack/cinder/cinder/api/openstack/wsgi.py:715}}
Oct 04 03:30:28.871588 dv-cinder-849143-9-smb devstack@c-api.service[113216]: DEBUG cinder.api.openstack.wsgi [None req-9b0b4d4b-48e3-46cd-a048-592753bf8b82 tempest-QosSpecsTestJSON-1024576815 tempest-QosSpecsTestJSON-1024576815-project-admin] Calling method '_delete' {{(pid=113216) _process_stack /opt/stack/cinder/cinder/api/openstack/wsgi.py:868}}
Oct 04 03:30:28.918184 dv-cinder-849143-9-smb devstack@c-api.service[113217]: DEBUG cinder.volume.api [None req-6e55a0ec-aa02-4e89-8eb2-6769af040ba5 tempest-VolumesDeleteCascade-310912230 tempest-VolumesDeleteCascade-310912230-project] Task 'cinder.volume.flows.api.create_volume.VolumeCastTask;volume:create' (ea5ac067-f10e-4fbf-be36-e005e788dbb2) transitioned into state 'SUCCESS' from state 'RUNNING' with result 'None' {{(pid=113217) _task_receiver /usr/local/lib/python3.8/dist-packages/taskflow/listeners/logging.py:178}}
