Sep 17 03:23:16.632410 dv-cinder-849143-3-smb devstack@keystone.service[81408]: DEBUG keystone.server.flask.request_processing.middleware.auth_context [None req-c9be15e3-3c8a-4fe6-b390-aeb8d58273e1 None admin] RBAC: auth_context: {'token': , 'domain_id': None, 'trust_id': None, 'trustor_id': None, 'trustee_id': None, 'domain_name': None, 'group_ids': [], 'user_id': 'b2fd6fa62b8a4cbfaf378f47c21f9783', 'user_domain_id': 'default', 'system_scope': 'all', 'project_id': None, 'project_domain_id': None, 'roles': ['admin', 'member', 'reader'], 'is_admin_project': True, 'service_user_id': None, 'service_user_domain_id': None, 'service_project_id': None, 'service_project_domain_id': None, 'service_roles': []} {{(pid=81408) fill_context /opt/stack/keystone/keystone/server/flask/request_processing/middleware/auth_context.py:478}}
Sep 17 03:23:16.633100 dv-cinder-849143-3-smb devstack@keystone.service[81408]: DEBUG keystone.server.flask.request_processing.req_logging [None req-c9be15e3-3c8a-4fe6-b390-aeb8d58273e1 None admin] REQUEST_METHOD: `GET` {{(pid=81408) log_request_info /opt/stack/keystone/keystone/server/flask/request_processing/req_logging.py:27}}
Sep 17 03:23:16.633351 dv-cinder-849143-3-smb devstack@keystone.service[81408]: DEBUG keystone.server.flask.request_processing.req_logging [None req-c9be15e3-3c8a-4fe6-b390-aeb8d58273e1 None admin] SCRIPT_NAME: `/identity` {{(pid=81408) log_request_info /opt/stack/keystone/keystone/server/flask/request_processing/req_logging.py:28}}
Sep 17 03:23:16.633625 dv-cinder-849143-3-smb devstack@keystone.service[81408]: DEBUG keystone.server.flask.request_processing.req_logging [None req-c9be15e3-3c8a-4fe6-b390-aeb8d58273e1 None admin] PATH_INFO: `/v3/roles/member` {{(pid=81408) log_request_info /opt/stack/keystone/keystone/server/flask/request_processing/req_logging.py:29}}
Sep 17 03:23:16.638144 dv-cinder-849143-3-smb devstack@keystone.service[81409]: DEBUG keystone.server.flask.request_processing.middleware.auth_context [None req-9006ac80-d09c-4025-99c2-07f25e7ec205 None admin] RBAC: auth_context: {'token': , 'domain_id': None, 'trust_id': None, 'trustor_id': None, 'trustee_id': None, 'domain_name': None, 'group_ids': [], 'user_id': 'b2fd6fa62b8a4cbfaf378f47c21f9783', 'user_domain_id': 'default', 'system_scope': 'all', 'project_id': None, 'project_domain_id': None, 'roles': ['admin', 'member', 'reader'], 'is_admin_project': True, 'service_user_id': None, 'service_user_domain_id': None, 'service_project_id': None, 'service_project_domain_id': None, 'service_roles': []} {{(pid=81409) fill_context /opt/stack/keystone/keystone/server/flask/request_processing/middleware/auth_context.py:478}}
Sep 17 03:23:16.639364 dv-cinder-849143-3-smb devstack@keystone.service[81409]: DEBUG keystone.server.flask.request_processing.req_logging [None req-9006ac80-d09c-4025-99c2-07f25e7ec205 None admin] REQUEST_METHOD: `POST` {{(pid=81409) log_request_info /opt/stack/keystone/keystone/server/flask/request_processing/req_logging.py:27}}
Sep 17 03:23:16.639720 dv-cinder-849143-3-smb devstack@keystone.service[81409]: DEBUG keystone.server.flask.request_processing.req_logging [None req-9006ac80-d09c-4025-99c2-07f25e7ec205 None admin] SCRIPT_NAME: `/identity` {{(pid=81409) log_request_info /opt/stack/keystone/keystone/server/flask/request_processing/req_logging.py:28}}
Sep 17 03:23:16.640060 dv-cinder-849143-3-smb devstack@keystone.service[81409]: DEBUG keystone.server.flask.request_processing.req_logging [None req-9006ac80-d09c-4025-99c2-07f25e7ec205 None admin] PATH_INFO: `/v3/projects` {{(pid=81409) log_request_info /opt/stack/keystone/keystone/server/flask/request_processing/req_logging.py:29}}
Sep 17 03:23:16.640805 dv-cinder-849143-3-smb devstack@keystone.service[81409]: DEBUG keystone.common.rbac_enforcer.enforcer [None req-9006ac80-d09c-4025-99c2-07f25e7ec205 None admin] RBAC: Authorizing `identity:create_project()` {{(pid=81409) enforce_call /opt/stack/keystone/keystone/common/rbac_enforcer/enforcer.py:449}}
Sep 17 03:23:16.642406 dv-cinder-849143-3-smb devstack@keystone.service[81409]: DEBUG keystone.common.rbac_enforcer.enforcer [None req-9006ac80-d09c-4025-99c2-07f25e7ec205 None admin] RBAC: Authorization granted {{(pid=81409) enforce_call /opt/stack/keystone/keystone/common/rbac_enforcer/enforcer.py:457}}
Sep 17 03:23:16.646274 dv-cinder-849143-3-smb devstack@keystone.service[81408]: DEBUG keystone.common.rbac_enforcer.enforcer [None req-c9be15e3-3c8a-4fe6-b390-aeb8d58273e1 None admin] Extracting inferred target data resulted in "NOT FOUND (404)". {{(pid=81408) enforce_call /opt/stack/keystone/keystone/common/rbac_enforcer/enforcer.py:409}}
Sep 17 03:23:16.651858 dv-cinder-849143-3-smb devstack@keystone.service[81408]: ERROR keystone.server.flask.application [None req-c9be15e3-3c8a-4fe6-b390-aeb8d58273e1 None admin] Could not find role: member.: keystone.exception.RoleNotFound: Could not find role: member.
Sep 17 03:23:16.651858 dv-cinder-849143-3-smb devstack@keystone.service[81408]: ERROR keystone.server.flask.application
Traceback (most recent call last):
Sep 17 03:23:16.651858 dv-cinder-849143-3-smb devstack@keystone.service[81408]: ERROR keystone.server.flask.application
File "/usr/local/lib/python3.8/dist-packages/flask/app.py", line 1820, in full_dispatch_request
Sep 17 03:23:16.651858 dv-cinder-849143-3-smb devstack@keystone.service[81408]: ERROR keystone.server.flask.application rv = self.dispatch_request()
Sep 17 03:23:16.651858 dv-cinder-849143-3-smb devstack@keystone.service[81408]: ERROR keystone.server.flask.application
File "/usr/local/lib/python3.8/dist-packages/flask/app.py", line 1796, in dispatch_request
Sep 17 03:23:16.651858 dv-cinder-849143-3-smb devstack@keystone.service[81408]: ERROR keystone.server.flask.application return self.ensure_sync(self.view_functions[rule.endpoint])(**view_args)
Sep 17 03:23:16.651858 dv-cinder-849143-3-smb devstack@keystone.service[81408]: ERROR keystone.server.flask.application
File "/usr/local/lib/python3.8/dist-packages/flask_restful/__init__.py", line 467, in wrapper
Sep 17 03:23:16.651858 dv-cinder-849143-3-smb devstack@keystone.service[81408]: ERROR keystone.server.flask.application resp = resource(*args, **kwargs)
Sep 17 03:23:16.651858 dv-cinder-849143-3-smb devstack@keystone.service[81408]: ERROR keystone.server.flask.application
File "/usr/local/lib/python3.8/dist-packages/flask/views.py", line 107, in view
Sep 17 03:23:16.651858 dv-cinder-849143-3-smb devstack@keystone.service[81408]: ERROR keystone.server.flask.application return current_app.ensure_sync(self.dispatch_request)(**kwargs)
Sep 17 03:23:16.651858 dv-cinder-849143-3-smb devstack@keystone.service[81408]: ERROR keystone.server.flask.application
File "/usr/local/lib/python3.8/dist-packages/flask_restful/__init__.py", line 582, in dispatch_request
Sep 17 03:23:16.651858 dv-cinder-849143-3-smb devstack@keystone.service[81408]: ERROR keystone.server.flask.application resp = meth(*args, **kwargs)
Sep 17 03:23:16.651858 dv-cinder-849143-3-smb devstack@keystone.service[81408]: ERROR keystone.server.flask.application
File "/opt/stack/keystone/keystone/api/roles.py", line 50, in get
Sep 17 03:23:16.651858 dv-cinder-849143-3-smb devstack@keystone.service[81408]: ERROR keystone.server.flask.application return self._get_role(role_id)
Sep 17 03:23:16.651858 dv-cinder-849143-3-smb devstack@keystone.service[81408]: ERROR keystone.server.flask.application
File "/opt/stack/keystone/keystone/api/roles.py", line 70, in _get_role
Sep 17 03:23:16.651858 dv-cinder-849143-3-smb devstack@keystone.service[81408]: ERROR keystone.server.flask.application ENFORCER.enforce_call(action='identity:get_role')
Sep 17 03:23:16.652937 dv-cinder-849143-3-smb devstack@keystone.service[81408]: ERROR keystone.server.flask.application
File "/opt/stack/keystone/keystone/common/rbac_enforcer/enforcer.py", line 402, in enforce_call
Sep 17 03:23:16.652937 dv-cinder-849143-3-smb devstack@keystone.service[81408]: ERROR keystone.server.flask.application policy_dict.update(cls._extract_member_target_data(
Sep 17 03:23:16.652937 dv-cinder-849143-3-smb devstack@keystone.service[81408]: ERROR keystone.server.flask.application
File "/opt/stack/keystone/keystone/common/rbac_enforcer/enforcer.py", line 234, in _extract_member_target_data
Sep 17 03:23:16.652937 dv-cinder-849143-3-smb devstack@keystone.service[81408]: ERROR keystone.server.flask.application member_name: func(flask.request.view_args[key])
Sep 17 03:23:16.652937 dv-cinder-849143-3-smb devstack@keystone.service[81408]: ERROR keystone.server.flask.application
File "/opt/stack/keystone/keystone/common/manager.py", line 115, in wrapped
Sep 17 03:23:16.652937 dv-cinder-849143-3-smb devstack@keystone.service[81408]: ERROR keystone.server.flask.application __ret_val = __f(*args, **kwargs)
Sep 17 03:23:16.652937 dv-cinder-849143-3-smb devstack@keystone.service[81408]: ERROR keystone.server.flask.application
File "/usr/local/lib/python3.8/dist-packages/decorator.py", line 232, in fun
Sep 17 03:23:16.652937 dv-cinder-849143-3-smb devstack@keystone.service[81408]: ERROR keystone.server.flask.application return caller(func, *(extras + args), **kw)
Sep 17 03:23:16.652937 dv-cinder-849143-3-smb devstack@keystone.service[81408]: ERROR keystone.server.flask.application
File "/usr/local/lib/python3.8/dist-packages/dogpile/cache/region.py", line 1577, in get_or_create_for_user_func
Sep 17 03:23:16.652937 dv-cinder-849143-3-smb devstack@keystone.service[81408]: ERROR keystone.server.flask.application return self.get_or_create(
Sep 17 03:23:16.652937 dv-cinder-849143-3-smb devstack@keystone.service[81408]: ERROR keystone.server.flask.application
File "/usr/local/lib/python3.8/dist-packages/dogpile/cache/region.py", line 1042, in get_or_create
Sep 17 03:23:16.652937 dv-cinder-849143-3-smb devstack@keystone.service[81408]: ERROR keystone.server.flask.application with Lock(
Sep 17 03:23:16.652937 dv-cinder-849143-3-smb devstack@keystone.service[81408]: ERROR keystone.server.flask.application
File "/usr/local/lib/python3.8/dist-packages/dogpile/lock.py", line 185, in __enter__
Sep 17 03:23:16.652937 dv-cinder-849143-3-smb devstack@keystone.service[81408]: ERROR keystone.server.flask.application return self._enter()
Sep 17 03:23:16.652937 dv-cinder-849143-3-smb devstack@keystone.service[81408]: ERROR keystone.server.flask.application
File "/usr/local/lib/python3.8/dist-packages/dogpile/lock.py", line 94, in _enter
Sep 17 03:23:16.652937 dv-cinder-849143-3-smb devstack@keystone.service[81408]: ERROR keystone.server.flask.application generated = self._enter_create(value, createdtime)
Sep 17 03:23:16.653945 dv-cinder-849143-3-smb devstack@keystone.service[81408]: ERROR keystone.server.flask.application
File "/usr/local/lib/python3.8/dist-packages/dogpile/lock.py", line 178, in _enter_create
Sep 17 03:23:16.653945 dv-cinder-849143-3-smb devstack@keystone.service[81408]: ERROR keystone.server.flask.application return self.creator()
Sep 17 03:23:16.653945 dv-cinder-849143-3-smb devstack@keystone.service[81408]: ERROR keystone.server.flask.application
File "/usr/local/lib/python3.8/dist-packages/dogpile/cache/region.py", line 995, in gen_value
Sep 17 03:23:16.653945 dv-cinder-849143-3-smb devstack@keystone.service[81408]: ERROR keystone.server.flask.application created_value = creator(
Sep 17 03:23:16.653945 dv-cinder-849143-3-smb devstack@keystone.service[81408]: ERROR keystone.server.flask.application
File "/opt/stack/keystone/keystone/assignment/core.py", line 1276, in get_role
Sep 17 03:23:16.653945 dv-cinder-849143-3-smb devstack@keystone.service[81408]: ERROR keystone.server.flask.application return self.driver.get_role(role_id)
Sep 17 03:23:16.653945 dv-cinder-849143-3-smb devstack@keystone.service[81408]: ERROR keystone.server.flask.application
File "/opt/stack/keystone/keystone/assignment/role_backends/sql.py", line 70, in get_role
Sep 17 03:23:16.653945 dv-cinder-849143-3-smb devstack@keystone.service[81408]: ERROR keystone.server.flask.application return self._get_role(session, role_id).to_dict()
Sep 17 03:23:16.653945 dv-cinder-849143-3-smb devstack@keystone.service[81408]: ERROR keystone.server.flask.application
File "/opt/stack/keystone/keystone/assignment/role_backends/sql.py", line 65, in _get_role
Sep 17 03:23:16.653945 dv-cinder-849143-3-smb devstack@keystone.service[81408]: ERROR keystone.server.flask.application raise exception.RoleNotFound(role_id=role_id)
Sep 17 03:23:16.653945 dv-cinder-849143-3-smb devstack@keystone.service[81408]: ERROR keystone.server.flask.application keystone.exception.RoleNotFound: Could not find role: member.
Sep 17 03:23:16.653945 dv-cinder-849143-3-smb devstack@keystone.service[81408]: ERROR keystone.server.flask.application
Sep 17 03:23:16.655120 dv-cinder-849143-3-smb devstack@keystone.service[81408]: [pid: 81408|app: 0|req: 61/118] 10.222.0.48 () {56 vars in 1099 bytes} [Sat Sep 17 03:23:16 2022] GET /identity/v3/roles/member => generated 84 bytes in 183 msecs (HTTP/1.1 404) 5 headers in 183 bytes (1 switches on core 0)
Sep 17 03:23:16.656045 dv-cinder-849143-3-smb devstack@keystone.service[81408]: DEBUG keystone.server.flask.request_processing.middleware.auth_context [None req-c9be15e3-3c8a-4fe6-b390-aeb8d58273e1 None admin] Authenticating user token {{(pid=81408) process_request /usr/local/lib/python3.8/dist-packages/keystonemiddleware/auth_token/__init__.py:407}}
Sep 17 03:23:16.681944 dv-cinder-849143-3-smb devstack@keystone.service[81409]: [pid: 81409|app: 0|req: 58/119] 10.222.0.48 () {60 vars in 1141 bytes} [Sat Sep 17 03:23:16 2022] POST /identity/v3/projects => generated 302 bytes in 204 msecs (HTTP/1.1 201) 5 headers in 182 bytes (1 switches on core 0)
Sep 17 03:23:16.685906 dv-cinder-849143-3-smb devstack@keystone.service[81409]: DEBUG keystone.server.flask.request_processing.middleware.auth_context [None req-9006ac80-d09c-4025-99c2-07f25e7ec205 None admin] Authenticating user token {{(pid=81409) process_request /usr/local/lib/python3.8/dist-packages/keystonemiddleware/auth_token/__init__.py:407}}
Sep 17 03:23:16.706043 dv-cinder-849143-3-smb devstack@keystone.service[81408]: DEBUG dbcounter [-] [81408] Writing DB stats keystone:SELECT=100 {{(pid=81408) stat_writer /usr/local/lib/python3.8/dist-packages/dbcounter.py:114}}
Sep 17 03:23:16.729605 dv-cinder-849143-3-smb devstack@keystone.service[81409]: DEBUG dbcounter [-] [81409] Writing DB stats keystone:SELECT=99,keystone:INSERT=1 {{(pid=81409) stat_writer /usr/local/lib/python3.8/dist-packages/dbcounter.py:114}}
Sep 17 03:23:16.795432 dv-cinder-849143-3-smb devstack@keystone.service[81408]: DEBUG keystone.server.flask.request_processing.middleware.auth_context [None req-c9be15e3-3c8a-4fe6-b390-aeb8d58273e1 None admin] Validating token access rules against request {{(pid=81408) validate_allowed_request /usr/local/lib/python3.8/dist-packages/keystonemiddleware/auth_token/__init__.py:545}}
Sep 17 03:23:16.834873 dv-cinder-849143-3-smb devstack@keystone.service[81408]: DEBUG keystone.server.flask.request_processing.middleware.auth_context [None req-998eb989-31a9-416e-91c6-8da7e0af9acb None admin] RBAC: auth_context: {'token': , 'domain_id': None, 'trust_id': None, 'trustor_id': None, 'trustee_id': None, 'domain_name': None, 'group_ids': [], 'user_id': 'b2fd6fa62b8a4cbfaf378f47c21f9783', 'user_domain_id': 'default', 'system_scope': 'all', 'project_id': None, 'project_domain_id': None, 'roles': ['admin', 'member', 'reader'], 'is_admin_project': True, 'service_user_id': None, 'service_user_domain_id': None, 'service_project_id': None, 'service_project_domain_id': None, 'service_roles': []} {{(pid=81408) fill_context /opt/stack/keystone/keystone/server/flask/request_processing/middleware/auth_context.py:478}}
Sep 17 03:23:16.835703 dv-cinder-849143-3-smb devstack@keystone.service[81408]: DEBUG keystone.server.flask.request_processing.req_logging [None req-998eb989-31a9-416e-91c6-8da7e0af9acb None admin] REQUEST_METHOD: `GET` {{(pid=81408) log_request_info /opt/stack/keystone/keystone/server/flask/request_processing/req_logging.py:27}}
Sep 17 03:23:16.836079 dv-cinder-849143-3-smb devstack@keystone.service[81408]: DEBUG keystone.server.flask.request_processing.req_logging [None req-998eb989-31a9-416e-91c6-8da7e0af9acb None admin] SCRIPT_NAME: `/identity` {{(pid=81408) log_request_info /opt/stack/keystone/keystone/server/flask/request_processing/req_logging.py:28}}
Sep 17 03:23:16.836447 dv-cinder-849143-3-smb devstack@keystone.service[81408]: DEBUG keystone.server.flask.request_processing.req_logging [None req-998eb989-31a9-416e-91c6-8da7e0af9acb None admin] PATH_INFO: `/v3/roles` {{(pid=81408) log_request_info /opt/stack/keystone/keystone/server/flask/request_processing/req_logging.py:29}}
Sep 17 03:23:16.837318 dv-cinder-849143-3-smb devstack@keystone.service[81408]: DEBUG keystone.common.rbac_enforcer.enforcer [None req-998eb989-31a9-416e-91c6-8da7e0af9acb None admin] RBAC: Adding query filter params (name=admin) {{(pid=81408) _extract_filter_values /opt/stack/keystone/keystone/common/rbac_enforcer/enforcer.py:167}}
Sep 17 03:23:16.837954 dv-cinder-849143-3-smb devstack@keystone.service[81408]: DEBUG keystone.common.rbac_enforcer.enforcer [None req-998eb989-31a9-416e-91c6-8da7e0af9acb None admin] RBAC: Authorizing `identity:list_roles()` {{(pid=81408) enforce_call /opt/stack/keystone/keystone/common/rbac_enforcer/enforcer.py:449}}
Sep 17 03:23:16.839471 dv-cinder-849143-3-smb devstack@keystone.service[81408]: DEBUG keystone.common.rbac_enforcer.enforcer [None req-998eb989-31a9-416e-91c6-8da7e0af9acb None admin] RBAC: Authorization granted {{(pid=81408) enforce_call /opt/stack/keystone/keystone/common/rbac_enforcer/enforcer.py:457}}
Sep 17 03:23:16.845187 dv-cinder-849143-3-smb devstack@keystone.service[81409]: DEBUG keystone.server.flask.request_processing.middleware.auth_context [None req-9006ac80-d09c-4025-99c2-07f25e7ec205 None admin] Validating token access rules against request {{(pid=81409) validate_allowed_request /usr/local/lib/python3.8/dist-packages/keystonemiddleware/auth_token/__init__.py:545}}
Sep 17 03:23:16.850006 dv-cinder-849143-3-smb devstack@keystone.service[81408]: [pid: 81408|app: 0|req: 62/120] 10.222.0.48 () {56 vars in 1099 bytes} [Sat Sep 17 03:23:16 2022] GET /identity/v3/roles?name=admin => generated 339 bytes in 194 msecs (HTTP/1.1 200) 5 headers in 177 bytes (1 switches on core 0)
Sep 17 03:23:16.851548 dv-cinder-849143-3-smb devstack@keystone.service[81408]: DEBUG keystone.server.flask.request_processing.req_logging [None req-cfa332a2-60fe-4ee4-8a1c-a49f6db69681 None None] REQUEST_METHOD: `GET` {{(pid=81408) log_request_info /opt/stack/keystone/keystone/server/flask/request_processing/req_logging.py:27}}
Sep 17 03:23:16.851945 dv-cinder-849143-3-smb devstack@keystone.service[81408]: DEBUG keystone.server.flask.request_processing.req_logging [None req-cfa332a2-60fe-4ee4-8a1c-a49f6db69681 None None] SCRIPT_NAME: `/identity` {{(pid=81408) log_request_info /opt/stack/keystone/keystone/server/flask/request_processing/req_logging.py:28}}
Sep 17 03:23:16.852320 dv-cinder-849143-3-smb devstack@keystone.service[81408]: DEBUG keystone.server.flask.request_processing.req_logging [None req-cfa332a2-60fe-4ee4-8a1c-a49f6db69681 None None] PATH_INFO: `/` {{(pid=81408) log_request_info /opt/stack/keystone/keystone/server/flask/request_processing/req_logging.py:29}}
Sep 17 03:23:16.853810 dv-cinder-849143-3-smb devstack@keystone.service[81408]: [pid: 81408|app: 0|req: 63/121] 10.222.0.48 () {54 vars in 927 bytes} [Sat Sep 17 03:23:16 2022] GET /identity => generated 270 bytes in 3 msecs (HTTP/1.1 300) 6 headers in 234 bytes (1 switches on core 0)
Sep 17 03:23:16.854691 dv-cinder-849143-3-smb devstack@keystone.service[81408]: DEBUG keystone.server.flask.request_processing.middleware.auth_context [None req-cfa332a2-60fe-4ee4-8a1c-a49f6db69681 None None] Authenticating user token {{(pid=81408) process_request /usr/local/lib/python3.8/dist-packages/keystonemiddleware/auth_token/__init__.py:407}}
Sep 17 03:23:16.896459 dv-cinder-849143-3-smb devstack@keystone.service[81409]: DEBUG keystone.server.flask.request_processing.middleware.auth_context [None req-164ec40e-f890-4c5e-b516-9b94c6d38a13 None admin] RBAC: auth_context: {'token': , 'domain_id': None, 'trust_id': None, 'trustor_id': None, 'trustee_id': None, 'domain_name': None, 'group_ids': [], 'user_id': 'b2fd6fa62b8a4cbfaf378f47c21f9783', 'user_domain_id': 'default', 'system_scope': 'all', 'project_id': None, 'project_domain_id': None, 'roles': ['admin', 'member', 'reader'], 'is_admin_project': True, 'service_user_id': None, 'service_user_domain_id': None, 'service_project_id': None, 'service_project_domain_id': None, 'service_roles': []} {{(pid=81409) fill_context /opt/stack/keystone/keystone/server/flask/request_processing/middleware/auth_context.py:478}}
Sep 17 03:23:16.897102 dv-cinder-849143-3-smb devstack@keystone.service[81409]: DEBUG keystone.server.flask.request_processing.req_logging [None req-164ec40e-f890-4c5e-b516-9b94c6d38a13 None admin] REQUEST_METHOD: `GET` {{(pid=81409) log_request_info /opt/stack/keystone/keystone/server/flask/request_processing/req_logging.py:27}}
Sep 17 03:23:16.898550 dv-cinder-849143-3-smb devstack@keystone.service[81409]: DEBUG keystone.server.flask.request_processing.req_logging [None req-164ec40e-f890-4c5e-b516-9b94c6d38a13 None admin] SCRIPT_NAME: `/identity` {{(pid=81409) log_request_info /opt/stack/keystone/keystone/server/flask/request_processing/req_logging.py:28}}
Sep 17 03:23:16.898550 dv-cinder-849143-3-smb devstack@keystone.service[81409]: DEBUG keystone.server.flask.request_processing.req_logging [None req-164ec40e-f890-4c5e-b516-9b94c6d38a13 None admin] PATH_INFO: `/v3/users/f8365201de5f41589d4628aa197e5aae` {{(pid=81409) log_request_info /opt/stack/keystone/keystone/server/flask/request_processing/req_logging.py:29}}
Sep 17 03:23:16.898918 dv-cinder-849143-3-smb devstack@keystone.service[81409]: DEBUG keystone.common.rbac_enforcer.enforcer [None req-164ec40e-f890-4c5e-b516-9b94c6d38a13 None admin] RBAC: Authorizing `identity:get_user(user_id=f8365201de5f41589d4628aa197e5aae)` {{(pid=81409) enforce_call /opt/stack/keystone/keystone/common/rbac_enforcer/enforcer.py:449}}
Sep 17 03:23:16.900377 dv-cinder-849143-3-smb devstack@keystone.service[81409]: DEBUG keystone.common.rbac_enforcer.enforcer [None req-164ec40e-f890-4c5e-b516-9b94c6d38a13 None admin] RBAC: Authorization granted {{(pid=81409) enforce_call /opt/stack/keystone/keystone/common/rbac_enforcer/enforcer.py:457}}
Sep 17 03:23:16.902288 dv-cinder-849143-3-smb devstack@keystone.service[81409]: [pid: 81409|app: 0|req: 59/122] 10.222.0.48 () {56 vars in 1177 bytes} [Sat Sep 17 03:23:16 2022] GET /identity/v3/users/f8365201de5f41589d4628aa197e5aae => generated 275 bytes in 220 msecs (HTTP/1.1 200) 5 headers in 177 bytes (1 switches on core 0)
Sep 17 03:23:16.903918 dv-cinder-849143-3-smb devstack@keystone.service[81409]: DEBUG keystone.server.flask.request_processing.middleware.auth_context [None req-164ec40e-f890-4c5e-b516-9b94c6d38a13 None admin] Authenticating user token {{(pid=81409) process_request /usr/local/lib/python3.8/dist-packages/keystonemiddleware/auth_token/__init__.py:407}}
Sep 17 03:23:16.975544 dv-cinder-849143-3-smb devstack@keystone.service[81408]: DEBUG dbcounter [-] [81408] Writing DB stats keystone:SELECT=100 {{(pid=81408) stat_writer /usr/local/lib/python3.8/dist-packages/dbcounter.py:114}}
Sep 17 03:23:16.998266 dv-cinder-849143-3-smb devstack@keystone.service[81408]: DEBUG keystone.server.flask.request_processing.middleware.auth_context [None req-cfa332a2-60fe-4ee4-8a1c-a49f6db69681 None None] Validating token access rules against request {{(pid=81408) validate_allowed_request /usr/local/lib/python3.8/dist-packages/keystonemiddleware/auth_token/__init__.py:545}}
Sep 17 03:23:17.019518 dv-cinder-849143-3-smb devstack@keystone.service[81409]: DEBUG dbcounter [-] [81409] Writing DB stats keystone:SELECT=100 {{(pid=81409) stat_writer /usr/local/lib/python3.8/dist-packages/dbcounter.py:114}}
Sep 17 03:23:17.029997 dv-cinder-849143-3-smb devstack@keystone.service[81409]: DEBUG keystone.server.flask.request_processing.middleware.auth_context [None req-164ec40e-f890-4c5e-b516-9b94c6d38a13 None admin] Validating token access rules against request {{(pid=81409) validate_allowed_request /usr/local/lib/python3.8/dist-packages/keystonemiddleware/auth_token/__init__.py:545}}
Sep 17 03:23:17.044093 dv-cinder-849143-3-smb devstack@keystone.service[81408]: DEBUG keystone.server.flask.request_processing.middleware.auth_context [None req-20a04ec3-591d-40c3-9ec4-cef6cf293859 None admin] RBAC: auth_context: {'token': , 'domain_id': None, 'trust_id': None, 'trustor_id': None, 'trustee_id': None, 'domain_name': None, 'group_ids': [], 'user_id': 'b2fd6fa62b8a4cbfaf378f47c21f9783', 'user_domain_id': 'default', 'system_scope': 'all', 'project_id': None, 'project_domain_id': None, 'roles': ['admin', 'member', 'reader'], 'is_admin_project': True, 'service_user_id': None, 'service_user_domain_id': None, 'service_project_id': None, 'service_project_domain_id': None, 'service_roles': []} {{(pid=81408) fill_context /opt/stack/keystone/keystone/server/flask/request_processing/middleware/auth_context.py:478}}
Sep 17 03:23:17.044995 dv-cinder-849143-3-smb devstack@keystone.service[81408]: DEBUG keystone.server.flask.request_processing.req_logging [None req-20a04ec3-591d-40c3-9ec4-cef6cf293859 None admin] REQUEST_METHOD: `GET` {{(pid=81408) log_request_info /opt/stack/keystone/keystone/server/flask/request_processing/req_logging.py:27}}
Sep 17 03:23:17.045282 dv-cinder-849143-3-smb devstack@keystone.service[81408]: DEBUG keystone.server.flask.request_processing.req_logging [None req-20a04ec3-591d-40c3-9ec4-cef6cf293859 None admin] SCRIPT_NAME: `/identity` {{(pid=81408) log_request_info /opt/stack/keystone/keystone/server/flask/request_processing/req_logging.py:28}}
Sep 17 03:23:17.045557 dv-cinder-849143-3-smb devstack@keystone.service[81408]: DEBUG keystone.server.flask.request_processing.req_logging [None req-20a04ec3-591d-40c3-9ec4-cef6cf293859 None admin] PATH_INFO: `/v3/roles` {{(pid=81408) log_request_info /opt/stack/keystone/keystone/server/flask/request_processing/req_logging.py:29}}
Sep 17 03:23:17.046796 dv-cinder-849143-3-smb devstack@keystone.service[81408]: DEBUG keystone.common.rbac_enforcer.enforcer [None req-20a04ec3-591d-40c3-9ec4-cef6cf293859 None admin] RBAC: Adding query filter params (name=member) {{(pid=81408) _extract_filter_values /opt/stack/keystone/keystone/common/rbac_enforcer/enforcer.py:167}}
Sep 17 03:23:17.047107 dv-cinder-849143-3-smb devstack@keystone.service[81408]: DEBUG keystone.common.rbac_enforcer.enforcer [None req-20a04ec3-591d-40c3-9ec4-cef6cf293859 None admin] RBAC: Authorizing `identity:list_roles()` {{(pid=81408) enforce_call /opt/stack/keystone/keystone/common/rbac_enforcer/enforcer.py:449}}
Sep 17 03:23:17.048752 dv-cinder-849143-3-smb devstack@keystone.service[81408]: DEBUG keystone.common.rbac_enforcer.enforcer [None req-20a04ec3-591d-40c3-9ec4-cef6cf293859 None admin] RBAC: Authorization granted {{(pid=81408) enforce_call /opt/stack/keystone/keystone/common/rbac_enforcer/enforcer.py:457}}
Sep 17 03:23:17.060300 dv-cinder-849143-3-smb devstack@keystone.service[81408]: [pid: 81408|app: 0|req: 64/123] 10.222.0.48 () {56 vars in 1101 bytes} [Sat Sep 17 03:23:16 2022] GET /identity/v3/roles?name=member => generated 341 bytes in 206 msecs (HTTP/1.1 200) 5 headers in 177 bytes (1 switches on core 0)
Sep 17 03:23:17.061877 dv-cinder-849143-3-smb devstack@keystone.service[81408]: DEBUG keystone.server.flask.request_processing.req_logging [None req-4c1e9a4b-65ff-41da-afb3-885220c69dc7 None None] REQUEST_METHOD: `POST` {{(pid=81408) log_request_info /opt/stack/keystone/keystone/server/flask/request_processing/req_logging.py:27}}
Sep 17 03:23:17.062219 dv-cinder-849143-3-smb devstack@keystone.service[81408]: DEBUG keystone.server.flask.request_processing.req_logging [None req-4c1e9a4b-65ff-41da-afb3-885220c69dc7 None None] SCRIPT_NAME: `/identity` {{(pid=81408) log_request_info /opt/stack/keystone/keystone/server/flask/request_processing/req_logging.py:28}}
Sep 17 03:23:17.062493 dv-cinder-849143-3-smb devstack@keystone.service[81408]: DEBUG keystone.server.flask.request_processing.req_logging [None req-4c1e9a4b-65ff-41da-afb3-885220c69dc7 None None] PATH_INFO: `/v3/auth/tokens` {{(pid=81408) log_request_info /opt/stack/keystone/keystone/server/flask/request_processing/req_logging.py:29}}
Sep 17 03:23:17.069203 dv-cinder-849143-3-smb devstack@keystone.service[81409]: DEBUG keystone.server.flask.request_processing.middleware.auth_context [None req-ead53ad9-f2ff-47ea-9b29-0f3b3f7f8830 None admin] RBAC: auth_context: {'token': , 'domain_id': None, 'trust_id': None, 'trustor_id': None, 'trustee_id': None, 'domain_name': None, 'group_ids': [], 'user_id': 'b2fd6fa62b8a4cbfaf378f47c21f9783', 'user_domain_id': 'default', 'system_scope': 'all', 'project_id': None, 'project_domain_id': None, 'roles': ['admin', 'member', 'reader'], 'is_admin_project': True, 'service_user_id': None, 'service_user_domain_id': None, 'service_project_id': None, 'service_project_domain_id': None, 'service_roles': []} {{(pid=81409) fill_context /opt/stack/keystone/keystone/server/flask/request_processing/middleware/auth_context.py:478}}
Sep 17 03:23:17.070167 dv-cinder-849143-3-smb devstack@keystone.service[81409]: DEBUG keystone.server.flask.request_processing.req_logging [None req-ead53ad9-f2ff-47ea-9b29-0f3b3f7f8830 None admin] REQUEST_METHOD: `GET` {{(pid=81409) log_request_info /opt/stack/keystone/keystone/server/flask/request_processing/req_logging.py:27}}
Sep 17 03:23:17.070678 dv-cinder-849143-3-smb devstack@keystone.service[81409]: DEBUG keystone.server.flask.request_processing.req_logging [None req-ead53ad9-f2ff-47ea-9b29-0f3b3f7f8830 None admin] SCRIPT_NAME: `/identity` {{(pid=81409) log_request_info /opt/stack/keystone/keystone/server/flask/request_processing/req_logging.py:28}}
Sep 17 03:23:17.071148 dv-cinder-849143-3-smb devstack@keystone.service[81409]: DEBUG keystone.server.flask.request_processing.req_logging [None req-ead53ad9-f2ff-47ea-9b29-0f3b3f7f8830 None admin] PATH_INFO: `/v3/users/b2fd6fa62b8a4cbfaf378f47c21f9783` {{(pid=81409) log_request_info /opt/stack/keystone/keystone/server/flask/request_processing/req_logging.py:29}}
Sep 17 03:23:17.072518 dv-cinder-849143-3-smb devstack@keystone.service[81409]: DEBUG keystone.common.rbac_enforcer.enforcer [None req-ead53ad9-f2ff-47ea-9b29-0f3b3f7f8830 None admin] RBAC: Authorizing `identity:get_user(user_id=b2fd6fa62b8a4cbfaf378f47c21f9783)` {{(pid=81409) enforce_call /opt/stack/keystone/keystone/common/rbac_enforcer/enforcer.py:449}}
Sep 17 03:23:17.074335 dv-cinder-849143-3-smb devstack@keystone.service[81409]: DEBUG keystone.common.rbac_enforcer.enforcer [None req-ead53ad9-f2ff-47ea-9b29-0f3b3f7f8830 None admin] RBAC: Authorization granted {{(pid=81409) enforce_call /opt/stack/keystone/keystone/common/rbac_enforcer/enforcer.py:457}}
Sep 17 03:23:17.076209 dv-cinder-849143-3-smb devstack@keystone.service[81409]: [pid: 81409|app: 0|req: 60/124] 10.222.0.48 () {56 vars in 1177 bytes} [Sat Sep 17 03:23:16 2022] GET /identity/v3/users/b2fd6fa62b8a4cbfaf378f47c21f9783 => generated 247 bytes in 173 msecs (HTTP/1.1 200) 5 headers in 177 bytes (1 switches on core 0)
Sep 17 03:23:17.077273 dv-cinder-849143-3-smb devstack@keystone.service[81409]: DEBUG keystone.server.flask.request_processing.middleware.auth_context [None req-ead53ad9-f2ff-47ea-9b29-0f3b3f7f8830 None admin] Authenticating user token {{(pid=81409) process_request /usr/local/lib/python3.8/dist-packages/keystonemiddleware/auth_token/__init__.py:407}}
Sep 17 03:23:17.082789 dv-cinder-849143-3-smb devstack@keystone.service[81408]: DEBUG keystone.auth.core [None req-4c1e9a4b-65ff-41da-afb3-885220c69dc7 None None] MFA Rules not processed for user `b2fd6fa62b8a4cbfaf378f47c21f9783`. Rule list: `[]` (Enabled: `True`). {{(pid=81408) check_auth_methods_against_rules /opt/stack/keystone/keystone/auth/core.py:438}}
Sep 17 03:23:17.083984 dv-cinder-849143-3-smb devstack@keystone.service[81408]: DEBUG keystone.common.fernet_utils [None req-4c1e9a4b-65ff-41da-afb3-885220c69dc7 None None] Loaded 2 Fernet keys from /etc/keystone/fernet-keys/, but `[fernet_tokens] max_active_keys = 3`; perhaps there have not been enough key rotations to reach `max_active_keys` yet? {{(pid=81408) load_keys /opt/stack/keystone/keystone/common/fernet_utils.py:286}}
Sep 17 03:23:17.168684 dv-cinder-849143-3-smb devstack@keystone.service[81408]: [pid: 81408|app: 0|req: 65/125] 10.222.0.48 () {58 vars in 1024 bytes} [Sat Sep 17 03:23:17 2022] POST /identity/v3/auth/tokens => generated 799 bytes in 108 msecs (HTTP/1.1 201) 6 headers in 363 bytes (1 switches on core 0)
Sep 17 03:23:17.169968 dv-cinder-849143-3-smb devstack@keystone.service[81408]: DEBUG keystone.server.flask.request_processing.middleware.auth_context [None req-4c1e9a4b-65ff-41da-afb3-885220c69dc7 None None] Authenticating user token {{(pid=81408) process_request /usr/local/lib/python3.8/dist-packages/keystonemiddleware/auth_token/__init__.py:407}}
Sep 17 03:23:17.212248 dv-cinder-849143-3-smb devstack@keystone.service[81409]: DEBUG keystone.server.flask.request_processing.middleware.auth_context [None req-ead53ad9-f2ff-47ea-9b29-0f3b3f7f8830 None admin] Validating token access rules against request {{(pid=81409) validate_allowed_request /usr/local/lib/python3.8/dist-packages/keystonemiddleware/auth_token/__init__.py:545}}
Sep 17 03:23:17.286911 dv-cinder-849143-3-smb devstack@keystone.service[81409]: DEBUG keystone.server.flask.request_processing.middleware.auth_context [None req-1cde4855-5420-42ab-a62d-2c1d01586364 None admin] RBAC: auth_context: {'token': , 'domain_id': None, 'trust_id': None, 'trustor_id': None, 'trustee_id': None, 'domain_name': None, 'group_ids': [], 'user_id': 'b2fd6fa62b8a4cbfaf378f47c21f9783', 'user_domain_id': 'default', 'system_scope': 'all', 'project_id': None, 'project_domain_id': None, 'roles': ['admin', 'member', 'reader'], 'is_admin_project': True, 'service_user_id': None, 'service_user_domain_id': None, 'service_project_id': None, 'service_project_domain_id': None, 'service_roles': []} {{(pid=81409) fill_context /opt/stack/keystone/keystone/server/flask/request_processing/middleware/auth_context.py:478}}
Sep 17 03:23:17.287568 dv-cinder-849143-3-smb devstack@keystone.service[81409]: DEBUG keystone.server.flask.request_processing.req_logging [None req-1cde4855-5420-42ab-a62d-2c1d01586364 None admin] REQUEST_METHOD: `GET` {{(pid=81409) log_request_info /opt/stack/keystone/keystone/server/flask/request_processing/req_logging.py:27}}
Sep 17 03:23:17.287854 dv-cinder-849143-3-smb devstack@keystone.service[81409]: DEBUG keystone.server.flask.request_processing.req_logging [None req-1cde4855-5420-42ab-a62d-2c1d01586364 None admin] SCRIPT_NAME: `/identity` {{(pid=81409) log_request_info /opt/stack/keystone/keystone/server/flask/request_processing/req_logging.py:28}}
Sep 17 03:23:17.288131 dv-cinder-849143-3-smb devstack@keystone.service[81409]: DEBUG keystone.server.flask.request_processing.req_logging [None req-1cde4855-5420-42ab-a62d-2c1d01586364 None admin] PATH_INFO: `/v3/projects/3bd99e67c7d5401abc8f0c2d95e888a8` {{(pid=81409) log_request_info /opt/stack/keystone/keystone/server/flask/request_processing/req_logging.py:29}}
Sep 17 03:23:17.289550 dv-cinder-849143-3-smb devstack@keystone.service[81409]: DEBUG keystone.common.rbac_enforcer.enforcer [None req-1cde4855-5420-42ab-a62d-2c1d01586364 None admin] RBAC: Authorizing `identity:get_project(project_id=3bd99e67c7d5401abc8f0c2d95e888a8)` {{(pid=81409) enforce_call /opt/stack/keystone/keystone/common/rbac_enforcer/enforcer.py:449}}
Sep 17 03:23:17.290569 dv-cinder-849143-3-smb devstack@keystone.service[81408]: DEBUG dbcounter [-] [81408] Writing DB stats keystone:SELECT=100 {{(pid=81408) stat_writer /usr/local/lib/python3.8/dist-packages/dbcounter.py:114}}
Sep 17 03:23:17.291796 dv-cinder-849143-3-smb devstack@keystone.service[81409]: DEBUG keystone.common.rbac_enforcer.enforcer [None req-1cde4855-5420-42ab-a62d-2c1d01586364 None admin] RBAC: Authorization granted {{(pid=81409) enforce_call /opt/stack/keystone/keystone/common/rbac_enforcer/enforcer.py:457}}
Sep 17 03:23:17.293714 dv-cinder-849143-3-smb devstack@keystone.service[81409]: [pid: 81409|app: 0|req: 61/126] 10.222.0.48 () {56 vars in 1186 bytes} [Sat Sep 17 03:23:17 2022] GET /identity/v3/projects/3bd99e67c7d5401abc8f0c2d95e888a8 => generated 298 bytes in 217 msecs (HTTP/1.1 200) 5 headers in 177 bytes (1 switches on core 0)
Sep 17 03:23:17.294518 dv-cinder-849143-3-smb devstack@keystone.service[81409]: DEBUG keystone.server.flask.request_processing.middleware.auth_context [None req-1cde4855-5420-42ab-a62d-2c1d01586364 None admin] Authenticating user token {{(pid=81409) process_request /usr/local/lib/python3.8/dist-packages/keystonemiddleware/auth_token/__init__.py:407}}
Sep 17 03:23:17.313999 dv-cinder-849143-3-smb devstack@keystone.service[81408]: DEBUG keystone.server.flask.request_processing.middleware.auth_context [None req-4c1e9a4b-65ff-41da-afb3-885220c69dc7 None None] Validating token access rules against request {{(pid=81408) validate_allowed_request /usr/local/lib/python3.8/dist-packages/keystonemiddleware/auth_token/__init__.py:545}}
Sep 17 03:23:17.352841 dv-cinder-849143-3-smb devstack@keystone.service[81409]: DEBUG dbcounter [-] [81409] Writing DB stats keystone:SELECT=100 {{(pid=81409) stat_writer /usr/local/lib/python3.8/dist-packages/dbcounter.py:114}}
Sep 17 03:23:17.365421 dv-cinder-849143-3-smb devstack@keystone.service[81408]: DEBUG keystone.server.flask.request_processing.middleware.auth_context [None req-fbbce17e-95a9-4b2d-9d61-1d4eabec7428 None admin] RBAC: auth_context: {'token': , 'domain_id': None, 'trust_id': None, 'trustor_id': None, 'trustee_id': None, 'domain_name': None, 'group_ids': [], 'user_id': 'b2fd6fa62b8a4cbfaf378f47c21f9783', 'user_domain_id': 'default', 'system_scope': 'all', 'project_id': None, 'project_domain_id': None, 'roles': ['admin', 'member', 'reader'], 'is_admin_project': True, 'service_user_id': None, 'service_user_domain_id': None, 'service_project_id': None, 'service_project_domain_id': None, 'service_roles': []} {{(pid=81408) fill_context /opt/stack/keystone/keystone/server/flask/request_processing/middleware/auth_context.py:478}}
Sep 17 03:23:17.366115 dv-cinder-849143-3-smb devstack@keystone.service[81408]: DEBUG keystone.server.flask.request_processing.req_logging [None req-fbbce17e-95a9-4b2d-9d61-1d4eabec7428 None admin] REQUEST_METHOD: `GET` {{(pid=81408) log_request_info /opt/stack/keystone/keystone/server/flask/request_processing/req_logging.py:27}}
Sep 17 03:23:17.367471 dv-cinder-849143-3-smb devstack@keystone.service[81408]: DEBUG keystone.server.flask.request_processing.req_logging [None req-fbbce17e-95a9-4b2d-9d61-1d4eabec7428 None admin] SCRIPT_NAME: `/identity` {{(pid=81408) log_request_info /opt/stack/keystone/keystone/server/flask/request_processing/req_logging.py:28}}
Sep 17 03:23:17.367755 dv-cinder-849143-3-smb devstack@keystone.service[81408]: DEBUG keystone.server.flask.request_processing.req_logging [None req-fbbce17e-95a9-4b2d-9d61-1d4eabec7428 None admin] PATH_INFO: `/v3/users/f8365201de5f41589d4628aa197e5aae` {{(pid=81408) log_request_info /opt/stack/keystone/keystone/server/flask/request_processing/req_logging.py:29}}
Sep 17 03:23:17.369540 dv-cinder-849143-3-smb devstack@keystone.service[81408]: DEBUG keystone.common.rbac_enforcer.enforcer [None req-fbbce17e-95a9-4b2d-9d61-1d4eabec7428 None admin] RBAC: Authorizing `identity:get_user(user_id=f8365201de5f41589d4628aa197e5aae)` {{(pid=81408) enforce_call /opt/stack/keystone/keystone/common/rbac_enforcer/enforcer.py:449}}
Sep 17 03:23:17.371812 dv-cinder-849143-3-smb devstack@keystone.service[81408]: DEBUG keystone.common.rbac_enforcer.enforcer [None req-fbbce17e-95a9-4b2d-9d61-1d4eabec7428 None admin] RBAC: Authorization granted {{(pid=81408) enforce_call /opt/stack/keystone/keystone/common/rbac_enforcer/enforcer.py:457}}
Sep 17 03:23:17.373428 dv-cinder-849143-3-smb devstack@keystone.service[81408]: [pid: 81408|app: 0|req: 66/127] 10.222.0.48 () {56 vars in 1177 bytes} [Sat Sep 17 03:23:17 2022] GET /identity/v3/users/f8365201de5f41589d4628aa197e5aae => generated 275 bytes in 204 msecs (HTTP/1.1 200) 5 headers in 177 bytes (1 switches on core 0)
Sep 17 03:23:17.374216 dv-cinder-849143-3-smb devstack@keystone.service[81408]: DEBUG keystone.server.flask.request_processing.middleware.auth_context [None req-fbbce17e-95a9-4b2d-9d61-1d4eabec7428 None admin] Authenticating user token {{(pid=81408) process_request /usr/local/lib/python3.8/dist-packages/keystonemiddleware/auth_token/__init__.py:407}}
Sep 17 03:23:17.489666 dv-cinder-849143-3-smb devstack@keystone.service[81409]: DEBUG keystone.server.flask.request_processing.middleware.auth_context [None req-1cde4855-5420-42ab-a62d-2c1d01586364 None admin] Validating token access rules against request {{(pid=81409) validate_allowed_request /usr/local/lib/python3.8/dist-packages/keystonemiddleware/auth_token/__init__.py:545}}
Sep 17 03:23:17.527526 dv-cinder-849143-3-smb devstack@keystone.service[81408]: DEBUG keystone.server.flask.request_processing.middleware.auth_context [None req-fbbce17e-95a9-4b2d-9d61-1d4eabec7428 None admin] Validating token access rules against request {{(pid=81408) validate_allowed_request /usr/local/lib/python3.8/dist-packages/keystonemiddleware/auth_token/__init__.py:545}}
Sep 17 03:23:17.532297 dv-cinder-849143-3-smb devstack@keystone.service[81409]: DEBUG keystone.server.flask.request_processing.middleware.auth_context [None req-41780b60-c12f-4d44-8bfd-6dd3eebbb9a9 None admin] RBAC: auth_context: {'token': , 'domain_id': None, 'trust_id': None, 'trustor_id': None, 'trustee_id': None, 'domain_name': None, 'group_ids': [], 'user_id': 'b2fd6fa62b8a4cbfaf378f47c21f9783', 'user_domain_id': 'default', 'system_scope': 'all', 'project_id': None, 'project_domain_id': None, 'roles': ['admin', 'member', 'reader'], 'is_admin_project': True, 'service_user_id': None, 'service_user_domain_id': None, 'service_project_id': None, 'service_project_domain_id': None, 'service_roles': []} {{(pid=81409) fill_context /opt/stack/keystone/keystone/server/flask/request_processing/middleware/auth_context.py:478}}
Sep 17 03:23:17.533196 dv-cinder-849143-3-smb devstack@keystone.service[81409]: DEBUG keystone.server.flask.request_processing.req_logging [None req-41780b60-c12f-4d44-8bfd-6dd3eebbb9a9 None admin] REQUEST_METHOD: `GET` {{(pid=81409) log_request_info /opt/stack/keystone/keystone/server/flask/request_processing/req_logging.py:27}}
Sep 17 03:23:17.533709 dv-cinder-849143-3-smb devstack@keystone.service[81409]: DEBUG keystone.server.flask.request_processing.req_logging [None req-41780b60-c12f-4d44-8bfd-6dd3eebbb9a9 None admin] SCRIPT_NAME: `/identity` {{(pid=81409) log_request_info /opt/stack/keystone/keystone/server/flask/request_processing/req_logging.py:28}}
Sep 17 03:23:17.534206 dv-cinder-849143-3-smb devstack@keystone.service[81409]: DEBUG keystone.server.flask.request_processing.req_logging [None req-41780b60-c12f-4d44-8bfd-6dd3eebbb9a9 None admin] PATH_INFO: `/v3/projects/3bd99e67c7d5401abc8f0c2d95e888a8` {{(pid=81409) log_request_info /opt/stack/keystone/keystone/server/flask/request_processing/req_logging.py:29}}
Sep 17 03:23:17.536091 dv-cinder-849143-3-smb devstack@keystone.service[81409]: DEBUG keystone.common.rbac_enforcer.enforcer [None req-41780b60-c12f-4d44-8bfd-6dd3eebbb9a9 None admin] RBAC: Authorizing `identity:get_project(project_id=3bd99e67c7d5401abc8f0c2d95e888a8)` {{(pid=81409) enforce_call /opt/stack/keystone/keystone/common/rbac_enforcer/enforcer.py:449}}
Sep 17 03:23:17.538715 dv-cinder-849143-3-smb devstack@keystone.service[81409]: DEBUG keystone.common.rbac_enforcer.enforcer [None req-41780b60-c12f-4d44-8bfd-6dd3eebbb9a9 None admin] RBAC: Authorization granted {{(pid=81409) enforce_call /opt/stack/keystone/keystone/common/rbac_enforcer/enforcer.py:457}}
Sep 17 03:23:17.540923 dv-cinder-849143-3-smb devstack@keystone.service[81409]: [pid: 81409|app: 0|req: 62/128] 10.222.0.48 () {56 vars in 1186 bytes} [Sat Sep 17 03:23:17 2022] GET /identity/v3/projects/3bd99e67c7d5401abc8f0c2d95e888a8 => generated 298 bytes in 247 msecs (HTTP/1.1 200) 5 headers in 177 bytes (1 switches on core 0)
Sep 17 03:23:17.542021 dv-cinder-849143-3-smb devstack@keystone.service[81409]: DEBUG keystone.server.flask.request_processing.middleware.auth_context [None req-41780b60-c12f-4d44-8bfd-6dd3eebbb9a9 None admin] Authenticating user token {{(pid=81409) process_request /usr/local/lib/python3.8/dist-packages/keystonemiddleware/auth_token/__init__.py:407}}
Sep 17 03:23:17.573172 dv-cinder-849143-3-smb devstack@keystone.service[81408]: DEBUG keystone.server.flask.request_processing.middleware.auth_context [None req-6e346b51-320e-4fdb-b33e-15feeaf637e1 None admin] RBAC: auth_context: {'token': , 'domain_id': None, 'trust_id': None, 'trustor_id': None, 'trustee_id': None, 'domain_name': None, 'group_ids': [], 'user_id': 'b2fd6fa62b8a4cbfaf378f47c21f9783', 'user_domain_id': 'default', 'system_scope': 'all', 'project_id': None, 'project_domain_id': None, 'roles': ['admin', 'member', 'reader'], 'is_admin_project': True, 'service_user_id': None, 'service_user_domain_id': None, 'service_project_id': None, 'service_project_domain_id': None, 'service_roles': []} {{(pid=81408) fill_context /opt/stack/keystone/keystone/server/flask/request_processing/middleware/auth_context.py:478}}
Sep 17 03:23:17.574140 dv-cinder-849143-3-smb devstack@keystone.service[81408]: DEBUG keystone.server.flask.request_processing.req_logging [None req-6e346b51-320e-4fdb-b33e-15feeaf637e1 None admin] REQUEST_METHOD: `PUT` {{(pid=81408) log_request_info /opt/stack/keystone/keystone/server/flask/request_processing/req_logging.py:27}}
Sep 17 03:23:17.574428 dv-cinder-849143-3-smb devstack@keystone.service[81408]: DEBUG keystone.server.flask.request_processing.req_logging [None req-6e346b51-320e-4fdb-b33e-15feeaf637e1 None admin] SCRIPT_NAME: `/identity` {{(pid=81408) log_request_info /opt/stack/keystone/keystone/server/flask/request_processing/req_logging.py:28}}
Sep 17 03:23:17.574704 dv-cinder-849143-3-smb devstack@keystone.service[81408]: DEBUG keystone.server.flask.request_processing.req_logging [None req-6e346b51-320e-4fdb-b33e-15feeaf637e1 None admin] PATH_INFO: `/v3/projects/3bd99e67c7d5401abc8f0c2d95e888a8/users/f8365201de5f41589d4628aa197e5aae/roles/d907003acd2748ac99d722b1aea4288a` {{(pid=81408) log_request_info /opt/stack/keystone/keystone/server/flask/request_processing/req_logging.py:29}}
Sep 17 03:23:17.577353 dv-cinder-849143-3-smb devstack@keystone.service[81408]: DEBUG keystone.common.rbac_enforcer.enforcer [None req-6e346b51-320e-4fdb-b33e-15feeaf637e1 None admin] RBAC: Authorizing `identity:create_grant(project_id=3bd99e67c7d5401abc8f0c2d95e888a8, user_id=f8365201de5f41589d4628aa197e5aae, role_id=d907003acd2748ac99d722b1aea4288a)` {{(pid=81408) enforce_call /opt/stack/keystone/keystone/common/rbac_enforcer/enforcer.py:449}}
Sep 17 03:23:17.579467 dv-cinder-849143-3-smb devstack@keystone.service[81408]: DEBUG keystone.common.rbac_enforcer.enforcer [None req-6e346b51-320e-4fdb-b33e-15feeaf637e1 None admin] RBAC: Authorization granted {{(pid=81408) enforce_call /opt/stack/keystone/keystone/common/rbac_enforcer/enforcer.py:457}}
Sep 17 03:23:17.601255 dv-cinder-849143-3-smb devstack@keystone.service[81408]: [pid: 81408|app: 0|req: 67/129] 10.222.0.48 () {58 vars in 1439 bytes} [Sat Sep 17 03:23:17 2022] PUT /identity/v3/projects/3bd99e67c7d5401abc8f0c2d95e888a8/users/f8365201de5f41589d4628aa197e5aae/roles/d907003acd2748ac99d722b1aea4288a => generated 0 bytes in 227 msecs (HTTP/1.1 204) 3 headers in 132 bytes (0 switches on core 0)
Sep 17 03:23:17.602518 dv-cinder-849143-3-smb devstack@keystone.service[81408]: DEBUG keystone.server.flask.request_processing.middleware.auth_context [None req-6e346b51-320e-4fdb-b33e-15feeaf637e1 None admin] Authenticating user token {{(pid=81408) process_request /usr/local/lib/python3.8/dist-packages/keystonemiddleware/auth_token/__init__.py:407}}
Sep 17 03:23:17.619917 dv-cinder-849143-3-smb devstack@keystone.service[81408]: DEBUG dbcounter [-] [81408] Writing DB stats keystone:SELECT=99,keystone:INSERT=1 {{(pid=81408) stat_writer /usr/local/lib/python3.8/dist-packages/dbcounter.py:114}}
Sep 17 03:23:17.669302 dv-cinder-849143-3-smb devstack@keystone.service[81409]: DEBUG dbcounter [-] [81409] Writing DB stats keystone:SELECT=100 {{(pid=81409) stat_writer /usr/local/lib/python3.8/dist-packages/dbcounter.py:114}}
Sep 17 03:23:17.677272 dv-cinder-849143-3-smb devstack@keystone.service[81409]: DEBUG keystone.server.flask.request_processing.middleware.auth_context [None req-41780b60-c12f-4d44-8bfd-6dd3eebbb9a9 None admin] Validating token access rules against request {{(pid=81409) validate_allowed_request /usr/local/lib/python3.8/dist-packages/keystonemiddleware/auth_token/__init__.py:545}}
Sep 17 03:23:17.714861 dv-cinder-849143-3-smb devstack@keystone.service[81408]: DEBUG keystone.server.flask.request_processing.middleware.auth_context [None req-6e346b51-320e-4fdb-b33e-15feeaf637e1 None admin] Validating token access rules against request {{(pid=81408) validate_allowed_request /usr/local/lib/python3.8/dist-packages/keystonemiddleware/auth_token/__init__.py:545}}
