Oct 12 02:30:09.100826 dv-cinder-849143-14-smb devstack@c-api.service[111473]: DEBUG cinder.quota [None req-36f1ed47-dd96-4ee3-b585-bf7e6c07d55c tempest-VolumesDeleteCascade-175343474 tempest-VolumesDeleteCascade-175343474-project] Created reservations ['47eada73-f737-40b7-bff1-49df888e3cda', 'f8a53d85-02cb-46bd-a4bb-4a1e92efc544', 'afbc8ef1-e875-4917-b6b5-7eb1096ed1c1', '7e086a71-f145-4fb9-8c27-8cf77ff398ab'] {{(pid=111473) reserve /opt/stack/cinder/cinder/quota.py:755}}
Oct 12 02:30:09.101956 dv-cinder-849143-14-smb devstack@c-api.service[111472]: INFO cinder.api.openstack.wsgi [None req-6d6a3c66-7464-48b7-a7ff-ef705e9845ed tempest-VolumeQuotasNegativeTestJSON-803775447 tempest-VolumeQuotasNegativeTestJSON-803775447-project] POST http://10.222.0.18/volume/v3/542a276216784f8a911232db5fc62bb3/volumes/95c6d61d-7df3-4198-8470-0c53b15dfe9c/action
Oct 12 02:30:09.102897 dv-cinder-849143-14-smb devstack@c-api.service[111472]: DEBUG cinder.api.openstack.wsgi [None req-6d6a3c66-7464-48b7-a7ff-ef705e9845ed tempest-VolumeQuotasNegativeTestJSON-803775447 tempest-VolumeQuotasNegativeTestJSON-803775447-project] Action body: b'{"os-extend": {"new_size": 2}}' {{(pid=111472) get_method /opt/stack/cinder/cinder/api/openstack/wsgi.py:983}}
Oct 12 02:30:09.103781 dv-cinder-849143-14-smb devstack@c-api.service[111472]: DEBUG cinder.api.openstack.wsgi [None req-6d6a3c66-7464-48b7-a7ff-ef705e9845ed tempest-VolumeQuotasNegativeTestJSON-803775447 tempest-VolumeQuotasNegativeTestJSON-803775447-project] Action: 'action', calling method: _extend, body: {"os-extend": {"new_size": 2}} {{(pid=111472) _process_stack /opt/stack/cinder/cinder/api/openstack/wsgi.py:866}}
Oct 12 02:30:09.129771 dv-cinder-849143-14-smb devstack@c-api.service[111472]: /usr/local/lib/python3.8/dist-packages/oslo_context/context.py:100: DeprecationWarning: Policy enforcement is depending on the value of is_admin. This key is deprecated. Please update your policy file to use the standard policy values.
Oct 12 02:30:09.129771 dv-cinder-849143-14-smb devstack@c-api.service[111472]: warnings.warn('Policy enforcement is depending on the value of '
Oct 12 02:30:09.131103 dv-cinder-849143-14-smb devstack@c-api.service[111472]: INFO cinder.volume.api [None req-6d6a3c66-7464-48b7-a7ff-ef705e9845ed tempest-VolumeQuotasNegativeTestJSON-803775447 tempest-VolumeQuotasNegativeTestJSON-803775447-project] Volume info retrieved successfully.
Oct 12 02:30:09.206715 dv-cinder-849143-14-smb devstack@c-api.service[111472]: ERROR cinder.volume.api [None req-6d6a3c66-7464-48b7-a7ff-ef705e9845ed tempest-VolumeQuotasNegativeTestJSON-803775447 tempest-VolumeQuotasNegativeTestJSON-803775447-project] Quota exceeded for 542a276216784f8a911232db5fc62bb3, tried to extend volume by 1G, (1G of 1G already consumed).: cinder.exception.OverQuota: Quota exceeded for resources: ['gigabytes']
Oct 12 02:30:09.216015 dv-cinder-849143-14-smb devstack@c-api.service[111473]: DEBUG dbcounter [-] [111473] Writing DB stats cinder:SELECT=64,cinder:INSERT=11,cinder:UPDATE=25 {{(pid=111473) stat_writer /usr/local/lib/python3.8/dist-packages/dbcounter.py:114}}
Oct 12 02:30:09.223742 dv-cinder-849143-14-smb devstack@c-api.service[111472]: INFO cinder.api.middleware.fault [None req-6d6a3c66-7464-48b7-a7ff-ef705e9845ed tempest-VolumeQuotasNegativeTestJSON-803775447 tempest-VolumeQuotasNegativeTestJSON-803775447-project] http://10.222.0.18/volume/v3/542a276216784f8a911232db5fc62bb3/volumes/95c6d61d-7df3-4198-8470-0c53b15dfe9c/action returned with HTTP 413
Oct 12 02:30:09.229827 dv-cinder-849143-14-smb devstack@c-api.service[111472]: [pid: 111472|app: 0|req: 126/238] 10.222.0.18 () {60 vars in 1367 bytes} [Wed Oct 12 02:30:09 2022] POST /volume/v3/542a276216784f8a911232db5fc62bb3/volumes/95c6d61d-7df3-4198-8470-0c53b15dfe9c/action => generated 208 bytes in 135 msecs (HTTP/1.1 413) 8 headers in 323 bytes (1 switches on core 0)
Oct 12 02:30:09.231350 dv-cinder-849143-14-smb devstack@c-api.service[111472]: DEBUG cinder.api.middleware.request_id [None req-65166707-4db6-4ce4-8ab8-d33287504d32 None None] RequestId filter calling following filter/app {{(pid=111472) _context_setter /opt/stack/cinder/cinder/api/middleware/request_id.py:62}}
Oct 12 02:30:09.235103 dv-cinder-849143-14-smb devstack@c-api.service[111473]: INFO cinder.volume.api [None req-36f1ed47-dd96-4ee3-b585-bf7e6c07d55c tempest-VolumesDeleteCascade-175343474 tempest-VolumesDeleteCascade-175343474-project] Snapshot create request issued successfully.
Oct 12 02:30:09.236253 dv-cinder-849143-14-smb devstack@c-api.service[111473]: INFO cinder.api.openstack.wsgi [None req-36f1ed47-dd96-4ee3-b585-bf7e6c07d55c tempest-VolumesDeleteCascade-175343474 tempest-VolumesDeleteCascade-175343474-project] http://10.222.0.18/volume/v3/48771975a9a34947bc2c5cf92c5c84f4/snapshots returned with HTTP 202
Oct 12 02:30:09.236508 dv-cinder-849143-14-smb devstack@c-api.service[111472]: INFO cinder.api.openstack.wsgi [None req-65166707-4db6-4ce4-8ab8-d33287504d32 tempest-VolumeQuotasNegativeTestJSON-803775447 tempest-VolumeQuotasNegativeTestJSON-803775447-project] DELETE http://10.222.0.18/volume/v3/542a276216784f8a911232db5fc62bb3/volumes/95c6d61d-7df3-4198-8470-0c53b15dfe9c
Oct 12 02:30:09.236977 dv-cinder-849143-14-smb devstack@c-api.service[111472]: DEBUG cinder.api.openstack.wsgi [None req-65166707-4db6-4ce4-8ab8-d33287504d32 tempest-VolumeQuotasNegativeTestJSON-803775447 tempest-VolumeQuotasNegativeTestJSON-803775447-project] Empty body provided in request {{(pid=111472) get_body /opt/stack/cinder/cinder/api/openstack/wsgi.py:715}}
Oct 12 02:30:09.237439 dv-cinder-849143-14-smb devstack@c-api.service[111472]: DEBUG cinder.api.openstack.wsgi [None req-65166707-4db6-4ce4-8ab8-d33287504d32 tempest-VolumeQuotasNegativeTestJSON-803775447 tempest-VolumeQuotasNegativeTestJSON-803775447-project] Calling method 'delete' {{(pid=111472) _process_stack /opt/stack/cinder/cinder/api/openstack/wsgi.py:868}}
Oct 12 02:30:09.238044 dv-cinder-849143-14-smb devstack@c-api.service[111473]: [pid: 111473|app: 0|req: 113/239] 10.222.0.18 () {60 vars in 1242 bytes} [Wed Oct 12 02:30:08 2022] POST /volume/v3/48771975a9a34947bc2c5cf92c5c84f4/snapshots => generated 306 bytes in 284 msecs (HTTP/1.1 202) 7 headers in 291 bytes (1 switches on core 0)
Oct 12 02:30:09.244880 dv-cinder-849143-14-smb devstack@c-api.service[111472]: INFO cinder.api.v3.volumes [None req-65166707-4db6-4ce4-8ab8-d33287504d32 tempest-VolumeQuotasNegativeTestJSON-803775447 tempest-VolumeQuotasNegativeTestJSON-803775447-project] Delete volume with id: 95c6d61d-7df3-4198-8470-0c53b15dfe9c
Oct 12 02:30:09.247605 dv-cinder-849143-14-smb devstack@c-api.service[111473]: DEBUG cinder.api.middleware.request_id [None req-b39132e2-de6c-4895-b44d-8bc206539b1a None None] RequestId filter calling following filter/app {{(pid=111473) _context_setter /opt/stack/cinder/cinder/api/middleware/request_id.py:62}}
Oct 12 02:30:09.260374 dv-cinder-849143-14-smb devstack@c-api.service[111473]: INFO cinder.api.openstack.wsgi [None req-b39132e2-de6c-4895-b44d-8bc206539b1a tempest-VolumesDeleteCascade-175343474 tempest-VolumesDeleteCascade-175343474-project] GET http://10.222.0.18/volume/v3/48771975a9a34947bc2c5cf92c5c84f4/snapshots/42a5c860-2e17-4316-a68c-dd852528ce24
Oct 12 02:30:09.261505 dv-cinder-849143-14-smb devstack@c-api.service[111473]: DEBUG cinder.api.openstack.wsgi [None req-b39132e2-de6c-4895-b44d-8bc206539b1a tempest-VolumesDeleteCascade-175343474 tempest-VolumesDeleteCascade-175343474-project] Empty body provided in request {{(pid=111473) get_body /opt/stack/cinder/cinder/api/openstack/wsgi.py:715}}
Oct 12 02:30:09.265317 dv-cinder-849143-14-smb devstack@c-api.service[111472]: /usr/local/lib/python3.8/dist-packages/oslo_context/context.py:100: DeprecationWarning: Policy enforcement is depending on the value of is_admin. This key is deprecated. Please update your policy file to use the standard policy values.
Oct 12 02:30:09.265317 dv-cinder-849143-14-smb devstack@c-api.service[111472]: warnings.warn('Policy enforcement is depending on the value of '
Oct 12 02:30:09.265775 dv-cinder-849143-14-smb devstack@c-api.service[111473]: DEBUG cinder.api.openstack.wsgi [None req-b39132e2-de6c-4895-b44d-8bc206539b1a tempest-VolumesDeleteCascade-175343474 tempest-VolumesDeleteCascade-175343474-project] Calling method 'show' {{(pid=111473) _process_stack /opt/stack/cinder/cinder/api/openstack/wsgi.py:868}}
Oct 12 02:30:09.266943 dv-cinder-849143-14-smb devstack@c-api.service[111472]: INFO cinder.volume.api [None req-65166707-4db6-4ce4-8ab8-d33287504d32 tempest-VolumeQuotasNegativeTestJSON-803775447 tempest-VolumeQuotasNegativeTestJSON-803775447-project] Volume info retrieved successfully.
Oct 12 02:30:09.323031 dv-cinder-849143-14-smb devstack@c-api.service[111472]: INFO cinder.volume.api [None req-65166707-4db6-4ce4-8ab8-d33287504d32 tempest-VolumeQuotasNegativeTestJSON-803775447 tempest-VolumeQuotasNegativeTestJSON-803775447-project] Delete volume request issued successfully.
Oct 12 02:30:09.323836 dv-cinder-849143-14-smb devstack@c-api.service[111472]: INFO cinder.api.openstack.wsgi [None req-65166707-4db6-4ce4-8ab8-d33287504d32 tempest-VolumeQuotasNegativeTestJSON-803775447 tempest-VolumeQuotasNegativeTestJSON-803775447-project] http://10.222.0.18/volume/v3/542a276216784f8a911232db5fc62bb3/volumes/95c6d61d-7df3-4198-8470-0c53b15dfe9c returned with HTTP 202
Oct 12 02:30:09.324890 dv-cinder-849143-14-smb devstack@c-api.service[111472]: [pid: 111472|app: 0|req: 127/240] 10.222.0.18 () {58 vars in 1328 bytes} [Wed Oct 12 02:30:09 2022] DELETE /volume/v3/542a276216784f8a911232db5fc62bb3/volumes/95c6d61d-7df3-4198-8470-0c53b15dfe9c => generated 0 bytes in 95 msecs (HTTP/1.1 202) 6 headers in 233 bytes (1 switches on core 0)
Oct 12 02:30:09.330180 dv-cinder-849143-14-smb devstack@c-api.service[111472]: DEBUG cinder.api.middleware.request_id [None req-e23dedca-be20-486f-8450-9e403f3b216a None None] RequestId filter calling following filter/app {{(pid=111472) _context_setter /opt/stack/cinder/cinder/api/middleware/request_id.py:62}}
Oct 12 02:30:09.331266 dv-cinder-849143-14-smb devstack@c-api.service[111473]: /usr/local/lib/python3.8/dist-packages/oslo_context/context.py:100: DeprecationWarning: Policy enforcement is depending on the value of is_admin. This key is deprecated. Please update your policy file to use the standard policy values.
Oct 12 02:30:09.331266 dv-cinder-849143-14-smb devstack@c-api.service[111473]: warnings.warn('Policy enforcement is depending on the value of '
Oct 12 02:30:09.332342 dv-cinder-849143-14-smb devstack@c-api.service[111473]: INFO cinder.volume.api [None req-b39132e2-de6c-4895-b44d-8bc206539b1a tempest-VolumesDeleteCascade-175343474 tempest-VolumesDeleteCascade-175343474-project] Snapshot retrieved successfully.
Oct 12 02:30:09.334405 dv-cinder-849143-14-smb devstack@c-api.service[111473]: INFO cinder.api.openstack.wsgi [None req-b39132e2-de6c-4895-b44d-8bc206539b1a tempest-VolumesDeleteCascade-175343474 tempest-VolumesDeleteCascade-175343474-project] http://10.222.0.18/volume/v3/48771975a9a34947bc2c5cf92c5c84f4/snapshots/42a5c860-2e17-4316-a68c-dd852528ce24 returned with HTTP 200
Oct 12 02:30:09.340696 dv-cinder-849143-14-smb devstack@c-api.service[111473]: [pid: 111473|app: 0|req: 114/241] 10.222.0.18 () {58 vars in 1331 bytes} [Wed Oct 12 02:30:09 2022] GET /volume/v3/48771975a9a34947bc2c5cf92c5c84f4/snapshots/42a5c860-2e17-4316-a68c-dd852528ce24 => generated 438 bytes in 90 msecs (HTTP/1.1 200) 7 headers in 285 bytes (1 switches on core 0)
Oct 12 02:30:09.342103 dv-cinder-849143-14-smb devstack@c-api.service[111472]: INFO cinder.api.openstack.wsgi [None req-e23dedca-be20-486f-8450-9e403f3b216a tempest-VolumeQuotasNegativeTestJSON-803775447 tempest-VolumeQuotasNegativeTestJSON-803775447-project] GET http://10.222.0.18/volume/v3/542a276216784f8a911232db5fc62bb3/volumes/95c6d61d-7df3-4198-8470-0c53b15dfe9c
Oct 12 02:30:09.345551 dv-cinder-849143-14-smb devstack@c-api.service[111472]: DEBUG cinder.api.openstack.wsgi [None req-e23dedca-be20-486f-8450-9e403f3b216a tempest-VolumeQuotasNegativeTestJSON-803775447 tempest-VolumeQuotasNegativeTestJSON-803775447-project] Empty body provided in request {{(pid=111472) get_body /opt/stack/cinder/cinder/api/openstack/wsgi.py:715}}
Oct 12 02:30:09.346229 dv-cinder-849143-14-smb devstack@c-api.service[111472]: DEBUG cinder.api.openstack.wsgi [None req-e23dedca-be20-486f-8450-9e403f3b216a tempest-VolumeQuotasNegativeTestJSON-803775447 tempest-VolumeQuotasNegativeTestJSON-803775447-project] Calling method 'show' {{(pid=111472) _process_stack /opt/stack/cinder/cinder/api/openstack/wsgi.py:868}}
Oct 12 02:30:09.369335 dv-cinder-849143-14-smb devstack@c-api.service[111472]: /usr/local/lib/python3.8/dist-packages/oslo_context/context.py:100: DeprecationWarning: Policy enforcement is depending on the value of is_admin. This key is deprecated. Please update your policy file to use the standard policy values.
Oct 12 02:30:09.369335 dv-cinder-849143-14-smb devstack@c-api.service[111472]: warnings.warn('Policy enforcement is depending on the value of '
Oct 12 02:30:09.390875 dv-cinder-849143-14-smb devstack@c-api.service[111472]: INFO cinder.volume.api [None req-e23dedca-be20-486f-8450-9e403f3b216a tempest-VolumeQuotasNegativeTestJSON-803775447 tempest-VolumeQuotasNegativeTestJSON-803775447-project] Volume info retrieved successfully.
Oct 12 02:30:09.410789 dv-cinder-849143-14-smb devstack@c-api.service[111472]: INFO cinder.api.openstack.wsgi [None req-e23dedca-be20-486f-8450-9e403f3b216a tempest-VolumeQuotasNegativeTestJSON-803775447 tempest-VolumeQuotasNegativeTestJSON-803775447-project] http://10.222.0.18/volume/v3/542a276216784f8a911232db5fc62bb3/volumes/95c6d61d-7df3-4198-8470-0c53b15dfe9c returned with HTTP 200
Oct 12 02:30:09.415931 dv-cinder-849143-14-smb devstack@c-api.service[111472]: [pid: 111472|app: 0|req: 128/242] 10.222.0.18 () {58 vars in 1325 bytes} [Wed Oct 12 02:30:09 2022] GET /volume/v3/542a276216784f8a911232db5fc62bb3/volumes/95c6d61d-7df3-4198-8470-0c53b15dfe9c => generated 918 bytes in 87 msecs (HTTP/1.1 200) 7 headers in 285 bytes (1 switches on core 0)
Oct 12 02:30:10.113079 dv-cinder-849143-14-smb devstack@c-api.service[111473]: DEBUG cinder.api.middleware.request_id [None req-d6fe84cd-1a2a-4e16-81ac-68a12df1379c None None] RequestId filter calling following filter/app {{(pid=111473) _context_setter /opt/stack/cinder/cinder/api/middleware/request_id.py:62}}
Oct 12 02:30:10.116757 dv-cinder-849143-14-smb devstack@c-api.service[111473]: INFO cinder.api.openstack.wsgi [None req-d6fe84cd-1a2a-4e16-81ac-68a12df1379c tempest-GroupSnapshotsTest-527341794 tempest-GroupSnapshotsTest-527341794-project] GET http://10.222.0.18/volume/v3/ebceedff7fe84bd2b785841c0425735d/volumes/dd061101-06f4-46ef-a83b-7b3cf63c340b
Oct 12 02:30:10.117245 dv-cinder-849143-14-smb devstack@c-api.service[111473]: DEBUG cinder.api.openstack.wsgi [None req-d6fe84cd-1a2a-4e16-81ac-68a12df1379c tempest-GroupSnapshotsTest-527341794 tempest-GroupSnapshotsTest-527341794-project] Empty body provided in request {{(pid=111473) get_body /opt/stack/cinder/cinder/api/openstack/wsgi.py:715}}
Oct 12 02:30:10.117697 dv-cinder-849143-14-smb devstack@c-api.service[111473]: DEBUG cinder.api.openstack.wsgi [None req-d6fe84cd-1a2a-4e16-81ac-68a12df1379c tempest-GroupSnapshotsTest-527341794 tempest-GroupSnapshotsTest-527341794-project] Calling method 'show' {{(pid=111473) _process_stack /opt/stack/cinder/cinder/api/openstack/wsgi.py:868}}
Oct 12 02:30:10.133436 dv-cinder-849143-14-smb devstack@c-api.service[111473]: /usr/local/lib/python3.8/dist-packages/oslo_context/context.py:100: DeprecationWarning: Policy enforcement is depending on the value of is_admin. This key is deprecated. Please update your policy file to use the standard policy values.
Oct 12 02:30:10.133436 dv-cinder-849143-14-smb devstack@c-api.service[111473]: warnings.warn('Policy enforcement is depending on the value of '
Oct 12 02:30:10.142074 dv-cinder-849143-14-smb devstack@c-api.service[111473]: INFO cinder.volume.api [None req-d6fe84cd-1a2a-4e16-81ac-68a12df1379c tempest-GroupSnapshotsTest-527341794 tempest-GroupSnapshotsTest-527341794-project] Volume info retrieved successfully.
Oct 12 02:30:10.143707 dv-cinder-849143-14-smb devstack@c-api.service[111473]: WARNING stevedore.named [None req-d6fe84cd-1a2a-4e16-81ac-68a12df1379c tempest-GroupSnapshotsTest-527341794 tempest-GroupSnapshotsTest-527341794-project] Could not load cinder.keymgr.conf_key_mgr.ConfKeyManager
Oct 12 02:30:10.144176 dv-cinder-849143-14-smb devstack@c-api.service[111473]: WARNING castellan.key_manager [None req-d6fe84cd-1a2a-4e16-81ac-68a12df1379c tempest-GroupSnapshotsTest-527341794 tempest-GroupSnapshotsTest-527341794-project] Deprecation Warning : cinder.keymgr.conf_key_mgr.ConfKeyManager is not a stevedore based driver, trying to load it as a class: stevedore.exception.NoMatches: No 'castellan.drivers' driver found, looking for 'cinder.keymgr.conf_key_mgr.ConfKeyManager'
Oct 12 02:30:10.152715 dv-cinder-849143-14-smb devstack@c-api.service[111473]: DEBUG oslo_db.sqlalchemy.engines [None req-d6fe84cd-1a2a-4e16-81ac-68a12df1379c tempest-GroupSnapshotsTest-527341794 tempest-GroupSnapshotsTest-527341794-project] MySQL server mode set to STRICT_TRANS_TABLES,STRICT_ALL_TABLES,NO_ZERO_IN_DATE,NO_ZERO_DATE,ERROR_FOR_DIVISION_BY_ZERO,TRADITIONAL,NO_ENGINE_SUBSTITUTION {{(pid=111473) _check_effective_sql_mode /usr/local/lib/python3.8/dist-packages/oslo_db/sqlalchemy/engines.py:314}}
Oct 12 02:30:10.165225 dv-cinder-849143-14-smb devstack@c-api.service[111473]: /usr/local/lib/python3.8/dist-packages/oslo_context/context.py:100: DeprecationWarning: Policy enforcement is depending on the value of is_admin. This key is deprecated. Please update your policy file to use the standard policy values.
Oct 12 02:30:10.165225 dv-cinder-849143-14-smb devstack@c-api.service[111473]: warnings.warn('Policy enforcement is depending on the value of '
Oct 12 02:30:10.181945 dv-cinder-849143-14-smb devstack@c-api.service[111473]: INFO cinder.api.openstack.wsgi [None req-d6fe84cd-1a2a-4e16-81ac-68a12df1379c tempest-GroupSnapshotsTest-527341794 tempest-GroupSnapshotsTest-527341794-project] http://10.222.0.18/volume/v3/ebceedff7fe84bd2b785841c0425735d/volumes/dd061101-06f4-46ef-a83b-7b3cf63c340b returned with HTTP 200
Oct 12 02:30:10.183385 dv-cinder-849143-14-smb devstack@c-api.service[111473]: [pid: 111473|app: 0|req: 115/243] 10.222.0.18 () {60 vars in 1366 bytes} [Wed Oct 12 02:30:10 2022] GET /volume/v3/ebceedff7fe84bd2b785841c0425735d/volumes/dd061101-06f4-46ef-a83b-7b3cf63c340b => generated 1000 bytes in 71 msecs (HTTP/1.1 200) 7 headers in 287 bytes (1 switches on core 0)
Oct 12 02:30:10.203151 dv-cinder-849143-14-smb devstack@c-api.service[111472]: DEBUG cinder.api.middleware.request_id [None req-a7c8c972-6491-4715-a953-882458ceedba None None] RequestId filter calling following filter/app {{(pid=111472) _context_setter /opt/stack/cinder/cinder/api/middleware/request_id.py:62}}
Oct 12 02:30:10.207735 dv-cinder-849143-14-smb devstack@c-api.service[111472]: INFO cinder.api.openstack.wsgi [None req-a7c8c972-6491-4715-a953-882458ceedba tempest-GroupSnapshotsTest-527341794 tempest-GroupSnapshotsTest-527341794-project] PUT http://10.222.0.18/volume/v3/ebceedff7fe84bd2b785841c0425735d/groups/b26ebe91-a157-4ae7-9264-fe6be9324559
Oct 12 02:30:10.208694 dv-cinder-849143-14-smb devstack@c-api.service[111472]: DEBUG cinder.api.openstack.wsgi [None req-a7c8c972-6491-4715-a953-882458ceedba tempest-GroupSnapshotsTest-527341794 tempest-GroupSnapshotsTest-527341794-project] Action: 'update', calling method: version_select, body: {"group": {"remove_volumes": "ef83ae55-f078-4662-988a-3017e3113920"}} {{(pid=111472) _process_stack /opt/stack/cinder/cinder/api/openstack/wsgi.py:866}}
Oct 12 02:30:10.222255 dv-cinder-849143-14-smb devstack@c-api.service[111472]: DEBUG cinder.api.v3.groups [None req-a7c8c972-6491-4715-a953-882458ceedba tempest-GroupSnapshotsTest-527341794 tempest-GroupSnapshotsTest-527341794-project] Update called for group b26ebe91-a157-4ae7-9264-fe6be9324559. {{(pid=111472) update /opt/stack/cinder/cinder/api/v3/groups.py:302}}
Oct 12 02:30:10.222557 dv-cinder-849143-14-smb devstack@c-api.service[111472]: INFO cinder.api.v3.groups [None req-a7c8c972-6491-4715-a953-882458ceedba tempest-GroupSnapshotsTest-527341794 tempest-GroupSnapshotsTest-527341794-project] Updating group b26ebe91-a157-4ae7-9264-fe6be9324559 with name None description: None add_volumes: None remove_volumes: ef83ae55-f078-4662-988a-3017e3113920.
Oct 12 02:30:10.229038 dv-cinder-849143-14-smb devstack@c-api.service[111472]: /usr/local/lib/python3.8/dist-packages/oslo_context/context.py:100: DeprecationWarning: Policy enforcement is depending on the value of is_admin. This key is deprecated. Please update your policy file to use the standard policy values.
Oct 12 02:30:10.229038 dv-cinder-849143-14-smb devstack@c-api.service[111472]: warnings.warn('Policy enforcement is depending on the value of '
Oct 12 02:30:10.263250 dv-cinder-849143-14-smb devstack@c-api.service[111472]: INFO cinder.api.openstack.wsgi [None req-a7c8c972-6491-4715-a953-882458ceedba tempest-GroupSnapshotsTest-527341794 tempest-GroupSnapshotsTest-527341794-project] http://10.222.0.18/volume/v3/ebceedff7fe84bd2b785841c0425735d/groups/b26ebe91-a157-4ae7-9264-fe6be9324559 returned with HTTP 202
Oct 12 02:30:10.265992 dv-cinder-849143-14-smb devstack@c-api.service[111472]: [pid: 111472|app: 0|req: 129/244] 10.222.0.18 () {62 vars in 1383 bytes} [Wed Oct 12 02:30:10 2022] PUT /volume/v3/ebceedff7fe84bd2b785841c0425735d/groups/b26ebe91-a157-4ae7-9264-fe6be9324559 => generated 0 bytes in 65 msecs (HTTP/1.1 202) 6 headers in 234 bytes (1 switches on core 0)
Oct 12 02:30:10.272068 dv-cinder-849143-14-smb devstack@c-api.service[111473]: DEBUG cinder.api.middleware.request_id [None req-5ef259d2-fa51-4032-a173-b9a2dcecc893 None None] RequestId filter calling following filter/app {{(pid=111473) _context_setter /opt/stack/cinder/cinder/api/middleware/request_id.py:62}}
Oct 12 02:30:10.277163 dv-cinder-849143-14-smb devstack@c-api.service[111473]: INFO cinder.api.openstack.wsgi [None req-5ef259d2-fa51-4032-a173-b9a2dcecc893 tempest-GroupSnapshotsTest-527341794 tempest-GroupSnapshotsTest-527341794-project] GET http://10.222.0.18/volume/v3/ebceedff7fe84bd2b785841c0425735d/groups/b26ebe91-a157-4ae7-9264-fe6be9324559
Oct 12 02:30:10.277717 dv-cinder-849143-14-smb devstack@c-api.service[111473]: DEBUG cinder.api.openstack.wsgi [None req-5ef259d2-fa51-4032-a173-b9a2dcecc893 tempest-GroupSnapshotsTest-527341794 tempest-GroupSnapshotsTest-527341794-project] Empty body provided in request {{(pid=111473) get_body /opt/stack/cinder/cinder/api/openstack/wsgi.py:715}}
Oct 12 02:30:10.278222 dv-cinder-849143-14-smb devstack@c-api.service[111473]: DEBUG cinder.api.openstack.wsgi [None req-5ef259d2-fa51-4032-a173-b9a2dcecc893 tempest-GroupSnapshotsTest-527341794 tempest-GroupSnapshotsTest-527341794-project] Calling method 'version_select' {{(pid=111473) _process_stack /opt/stack/cinder/cinder/api/openstack/wsgi.py:868}}
Oct 12 02:30:10.278590 dv-cinder-849143-14-smb devstack@c-api.service[111473]: DEBUG cinder.api.v3.groups [None req-5ef259d2-fa51-4032-a173-b9a2dcecc893 tempest-GroupSnapshotsTest-527341794 tempest-GroupSnapshotsTest-527341794-project] show called for member b26ebe91-a157-4ae7-9264-fe6be9324559 {{(pid=111473) show /opt/stack/cinder/cinder/api/v3/groups.py:58}}
Oct 12 02:30:10.288713 dv-cinder-849143-14-smb devstack@c-api.service[111473]: /usr/local/lib/python3.8/dist-packages/oslo_context/context.py:100: DeprecationWarning: Policy enforcement is depending on the value of is_admin. This key is deprecated. Please update your policy file to use the standard policy values.
Oct 12 02:30:10.288713 dv-cinder-849143-14-smb devstack@c-api.service[111473]: warnings.warn('Policy enforcement is depending on the value of '
Oct 12 02:30:10.305494 dv-cinder-849143-14-smb devstack@c-api.service[111473]: INFO cinder.api.openstack.wsgi [None req-5ef259d2-fa51-4032-a173-b9a2dcecc893 tempest-GroupSnapshotsTest-527341794 tempest-GroupSnapshotsTest-527341794-project] http://10.222.0.18/volume/v3/ebceedff7fe84bd2b785841c0425735d/groups/b26ebe91-a157-4ae7-9264-fe6be9324559 returned with HTTP 200
Oct 12 02:30:10.312966 dv-cinder-849143-14-smb devstack@c-api.service[111473]: [pid: 111473|app: 0|req: 116/245] 10.222.0.18 () {60 vars in 1363 bytes} [Wed Oct 12 02:30:10 2022] GET /volume/v3/ebceedff7fe84bd2b785841c0425735d/groups/b26ebe91-a157-4ae7-9264-fe6be9324559 => generated 391 bytes in 43 msecs (HTTP/1.1 200) 7 headers in 286 bytes (1 switches on core 0)
Oct 12 02:30:10.346180 dv-cinder-849143-14-smb devstack@c-api.service[111472]: DEBUG cinder.api.middleware.request_id [None req-99993cc4-8ef5-4dfb-b482-dd61e4417f7d None None] RequestId filter calling following filter/app {{(pid=111472) _context_setter /opt/stack/cinder/cinder/api/middleware/request_id.py:62}}
Oct 12 02:30:10.350368 dv-cinder-849143-14-smb devstack@c-api.service[111472]: INFO cinder.api.openstack.wsgi [None req-99993cc4-8ef5-4dfb-b482-dd61e4417f7d tempest-VolumesDeleteCascade-175343474 tempest-VolumesDeleteCascade-175343474-project] GET http://10.222.0.18/volume/v3/48771975a9a34947bc2c5cf92c5c84f4/snapshots/42a5c860-2e17-4316-a68c-dd852528ce24
Oct 12 02:30:10.351004 dv-cinder-849143-14-smb devstack@c-api.service[111472]: DEBUG cinder.api.openstack.wsgi [None req-99993cc4-8ef5-4dfb-b482-dd61e4417f7d tempest-VolumesDeleteCascade-175343474 tempest-VolumesDeleteCascade-175343474-project] Empty body provided in request {{(pid=111472) get_body /opt/stack/cinder/cinder/api/openstack/wsgi.py:715}}
Oct 12 02:30:10.351614 dv-cinder-849143-14-smb devstack@c-api.service[111472]: DEBUG cinder.api.openstack.wsgi [None req-99993cc4-8ef5-4dfb-b482-dd61e4417f7d tempest-VolumesDeleteCascade-175343474 tempest-VolumesDeleteCascade-175343474-project] Calling method 'show' {{(pid=111472) _process_stack /opt/stack/cinder/cinder/api/openstack/wsgi.py:868}}
Oct 12 02:30:10.363002 dv-cinder-849143-14-smb devstack@c-api.service[111472]: /usr/local/lib/python3.8/dist-packages/oslo_context/context.py:100: DeprecationWarning: Policy enforcement is depending on the value of is_admin. This key is deprecated. Please update your policy file to use the standard policy values.
Oct 12 02:30:10.363002 dv-cinder-849143-14-smb devstack@c-api.service[111472]: warnings.warn('Policy enforcement is depending on the value of '
Oct 12 02:30:10.364579 dv-cinder-849143-14-smb devstack@c-api.service[111472]: INFO cinder.volume.api [None req-99993cc4-8ef5-4dfb-b482-dd61e4417f7d tempest-VolumesDeleteCascade-175343474 tempest-VolumesDeleteCascade-175343474-project] Snapshot retrieved successfully.
Oct 12 02:30:10.366579 dv-cinder-849143-14-smb devstack@c-api.service[111472]: INFO cinder.api.openstack.wsgi [None req-99993cc4-8ef5-4dfb-b482-dd61e4417f7d tempest-VolumesDeleteCascade-175343474 tempest-VolumesDeleteCascade-175343474-project] http://10.222.0.18/volume/v3/48771975a9a34947bc2c5cf92c5c84f4/snapshots/42a5c860-2e17-4316-a68c-dd852528ce24 returned with HTTP 200
Oct 12 02:30:10.367793 dv-cinder-849143-14-smb devstack@c-api.service[111472]: [pid: 111472|app: 0|req: 130/246] 10.222.0.18 () {58 vars in 1331 bytes} [Wed Oct 12 02:30:10 2022] GET /volume/v3/48771975a9a34947bc2c5cf92c5c84f4/snapshots/42a5c860-2e17-4316-a68c-dd852528ce24 => generated 531 bytes in 23 msecs (HTTP/1.1 200) 7 headers in 285 bytes (1 switches on core 0)
Oct 12 02:30:10.377817 dv-cinder-849143-14-smb devstack@c-api.service[111473]: DEBUG cinder.api.middleware.request_id [None req-e3de0db6-4720-42c8-8b53-d7124221b664 None None] RequestId filter calling following filter/app {{(pid=111473) _context_setter /opt/stack/cinder/cinder/api/middleware/request_id.py:62}}
Oct 12 02:30:10.382351 dv-cinder-849143-14-smb devstack@c-api.service[111473]: INFO cinder.api.openstack.wsgi [None req-e3de0db6-4720-42c8-8b53-d7124221b664 tempest-VolumesDeleteCascade-175343474 tempest-VolumesDeleteCascade-175343474-project] POST http://10.222.0.18/volume/v3/48771975a9a34947bc2c5cf92c5c84f4/volumes
Oct 12 02:30:10.383151 dv-cinder-849143-14-smb devstack@c-api.service[111473]: DEBUG cinder.api.openstack.wsgi [None req-e3de0db6-4720-42c8-8b53-d7124221b664 tempest-VolumesDeleteCascade-175343474 tempest-VolumesDeleteCascade-175343474-project] Action: 'create', calling method: create, body: {"volume": {"snapshot_id": "42a5c860-2e17-4316-a68c-dd852528ce24", "size": 1, "name": "tempest-VolumesDeleteCascade-Volume-1711748749"}} {{(pid=111473) _process_stack /opt/stack/cinder/cinder/api/openstack/wsgi.py:866}}
Oct 12 02:30:10.385852 dv-cinder-849143-14-smb devstack@c-api.service[111473]: DEBUG cinder.api.v3.volumes [None req-e3de0db6-4720-42c8-8b53-d7124221b664 tempest-VolumesDeleteCascade-175343474 tempest-VolumesDeleteCascade-175343474-project] Create volume request body: {'volume': {'snapshot_id': '42a5c860-2e17-4316-a68c-dd852528ce24', 'size': 1, 'name': 'tempest-VolumesDeleteCascade-Volume-1711748749'}} {{(pid=111473) create /opt/stack/cinder/cinder/api/v3/volumes.py:298}}
Oct 12 02:30:10.405938 dv-cinder-849143-14-smb devstack@c-api.service[111473]: /usr/local/lib/python3.8/dist-packages/oslo_context/context.py:100: DeprecationWarning: Policy enforcement is depending on the value of is_admin. This key is deprecated. Please update your policy file to use the standard policy values.
Oct 12 02:30:10.405938 dv-cinder-849143-14-smb devstack@c-api.service[111473]: warnings.warn('Policy enforcement is depending on the value of '
Oct 12 02:30:10.407338 dv-cinder-849143-14-smb devstack@c-api.service[111473]: INFO cinder.volume.api [None req-e3de0db6-4720-42c8-8b53-d7124221b664 tempest-VolumesDeleteCascade-175343474 tempest-VolumesDeleteCascade-175343474-project] Snapshot retrieved successfully.
Oct 12 02:30:10.407798 dv-cinder-849143-14-smb devstack@c-api.service[111473]: INFO cinder.api.v3.volumes [None req-e3de0db6-4720-42c8-8b53-d7124221b664 tempest-VolumesDeleteCascade-175343474 tempest-VolumesDeleteCascade-175343474-project] Create volume of 1 GB
Oct 12 02:30:10.419997 dv-cinder-849143-14-smb devstack@c-api.service[111473]: INFO cinder.volume.api [None req-e3de0db6-4720-42c8-8b53-d7124221b664 tempest-VolumesDeleteCascade-175343474 tempest-VolumesDeleteCascade-175343474-project] Availability Zones retrieved successfully.
Oct 12 02:30:10.437096 dv-cinder-849143-14-smb devstack@c-api.service[111472]: DEBUG cinder.api.middleware.request_id [None req-6383717a-66ff-4722-8444-99ab41fa1035 None None] RequestId filter calling following filter/app {{(pid=111472) _context_setter /opt/stack/cinder/cinder/api/middleware/request_id.py:62}}
Oct 12 02:30:10.442820 dv-cinder-849143-14-smb devstack@c-api.service[111472]: INFO cinder.api.openstack.wsgi [None req-6383717a-66ff-4722-8444-99ab41fa1035 tempest-VolumeQuotasNegativeTestJSON-803775447 tempest-VolumeQuotasNegativeTestJSON-803775447-project] GET http://10.222.0.18/volume/v3/542a276216784f8a911232db5fc62bb3/volumes/95c6d61d-7df3-4198-8470-0c53b15dfe9c
Oct 12 02:30:10.443533 dv-cinder-849143-14-smb devstack@c-api.service[111472]: DEBUG cinder.api.openstack.wsgi [None req-6383717a-66ff-4722-8444-99ab41fa1035 tempest-VolumeQuotasNegativeTestJSON-803775447 tempest-VolumeQuotasNegativeTestJSON-803775447-project] Empty body provided in request {{(pid=111472) get_body /opt/stack/cinder/cinder/api/openstack/wsgi.py:715}}
Oct 12 02:30:10.443647 dv-cinder-849143-14-smb devstack@c-api.service[111473]: DEBUG cinder.volume.api [None req-e3de0db6-4720-42c8-8b53-d7124221b664 tempest-VolumesDeleteCascade-175343474 tempest-VolumesDeleteCascade-175343474-project] Flow 'volume_create_api' (8819c345-3f0c-4b5a-955a-07d6f4ce4064) transitioned into state 'RUNNING' from state 'PENDING' {{(pid=111473) _flow_receiver /usr/local/lib/python3.8/dist-packages/taskflow/listeners/logging.py:141}}
Oct 12 02:30:10.444307 dv-cinder-849143-14-smb devstack@c-api.service[111472]: DEBUG cinder.api.openstack.wsgi [None req-6383717a-66ff-4722-8444-99ab41fa1035 tempest-VolumeQuotasNegativeTestJSON-803775447 tempest-VolumeQuotasNegativeTestJSON-803775447-project] Calling method 'show' {{(pid=111472) _process_stack /opt/stack/cinder/cinder/api/openstack/wsgi.py:868}}
Oct 12 02:30:10.446737 dv-cinder-849143-14-smb devstack@c-api.service[111473]: DEBUG cinder.volume.api [None req-e3de0db6-4720-42c8-8b53-d7124221b664 tempest-VolumesDeleteCascade-175343474 tempest-VolumesDeleteCascade-175343474-project] Task 'cinder.volume.flows.api.create_volume.ExtractVolumeRequestTask;volume:create' (eb87dd9b-53c7-4402-8a2c-ecefd2f4ad00) transitioned into state 'RUNNING' from state 'PENDING' {{(pid=111473) _task_receiver /usr/local/lib/python3.8/dist-packages/taskflow/listeners/logging.py:190}}
Oct 12 02:30:10.449813 dv-cinder-849143-14-smb devstack@c-api.service[111473]: DEBUG cinder.volume.flows.api.create_volume [None req-e3de0db6-4720-42c8-8b53-d7124221b664 tempest-VolumesDeleteCascade-175343474 tempest-VolumesDeleteCascade-175343474-project] Validating volume size '1' using validate_int, validate_snap_size {{(pid=111473) _extract_size /opt/stack/cinder/cinder/volume/flows/api/create_volume.py:228}}
Oct 12 02:30:10.464009 dv-cinder-849143-14-smb devstack@c-api.service[111472]: INFO cinder.api.openstack.wsgi [None req-6383717a-66ff-4722-8444-99ab41fa1035 tempest-VolumeQuotasNegativeTestJSON-803775447 tempest-VolumeQuotasNegativeTestJSON-803775447-project] http://10.222.0.18/volume/v3/542a276216784f8a911232db5fc62bb3/volumes/95c6d61d-7df3-4198-8470-0c53b15dfe9c returned with HTTP 404
Oct 12 02:30:10.465556 dv-cinder-849143-14-smb devstack@c-api.service[111472]: [pid: 111472|app: 0|req: 131/247] 10.222.0.18 () {58 vars in 1325 bytes} [Wed Oct 12 02:30:10 2022] GET /volume/v3/542a276216784f8a911232db5fc62bb3/volumes/95c6d61d-7df3-4198-8470-0c53b15dfe9c => generated 109 bytes in 31 msecs (HTTP/1.1 404) 7 headers in 292 bytes (1 switches on core 0)
Oct 12 02:30:10.470016 dv-cinder-849143-14-smb devstack@c-api.service[111472]: DEBUG cinder.api.middleware.request_id [None req-7cf28278-5db5-4c64-8225-185966ca08b9 None None] RequestId filter calling following filter/app {{(pid=111472) _context_setter /opt/stack/cinder/cinder/api/middleware/request_id.py:62}}
Oct 12 02:30:10.475610 dv-cinder-849143-14-smb devstack@c-api.service[111472]: INFO cinder.api.openstack.wsgi [None req-7cf28278-5db5-4c64-8225-185966ca08b9 tempest-VolumeQuotasNegativeTestJSON-1638456818 tempest-VolumeQuotasNegativeTestJSON-1638456818-project-admin] PUT http://10.222.0.18/volume/v3/8e9e06ba48a24cc7930bf37c3cb87304/os-quota-sets/542a276216784f8a911232db5fc62bb3
Oct 12 02:30:10.476769 dv-cinder-849143-14-smb devstack@c-api.service[111472]: DEBUG cinder.api.openstack.wsgi [None req-7cf28278-5db5-4c64-8225-185966ca08b9 tempest-VolumeQuotasNegativeTestJSON-1638456818 tempest-VolumeQuotasNegativeTestJSON-1638456818-project-admin] Action: 'update', calling method: update, body: {"quota_set": {"volumes": 10, "per_volume_gigabytes": -1, "snapshots": 10, "gigabytes": 1000, "backups": 10, "backup_gigabytes": 1000}} {{(pid=111472) _process_stack /opt/stack/cinder/cinder/api/openstack/wsgi.py:866}}
Oct 12 02:30:10.554605 dv-cinder-849143-14-smb devstack@c-api.service[111473]: DEBUG cinder.volume.api [None req-e3de0db6-4720-42c8-8b53-d7124221b664 tempest-VolumesDeleteCascade-175343474 tempest-VolumesDeleteCascade-175343474-project] Task 'cinder.volume.flows.api.create_volume.ExtractVolumeRequestTask;volume:create' (eb87dd9b-53c7-4402-8a2c-ecefd2f4ad00) transitioned into state 'SUCCESS' from state 'RUNNING' with result '{'size': 1, 'snapshot_id': '42a5c860-2e17-4316-a68c-dd852528ce24', 'source_volid': None, 'volume_type': VolumeType(created_at=2022-10-12T02:19:45Z,deleted=False,deleted_at=None,description='Default Volume Type',extra_specs={},id=47d23c85-2fb2-4fd9-b895-692807b69bce,is_public=True,name='__DEFAULT__',projects=[],qos_specs=,qos_specs_id=None,updated_at=2022-10-12T02:19:45Z), 'volume_type_id': '47d23c85-2fb2-4fd9-b895-692807b69bce', 'encryption_key_id': None, 'qos_specs': None, 'consistencygroup_id': None, 'cgsnapshot_id': None, 'group_id': None, 'replication_status': 'disabled', 'refresh_az': False, 'backup_id': None, 'multiattach': False, 'availability_zones': ['nova']}' {{(pid=111473) _task_receiver /usr/local/lib/python3.8/dist-packages/taskflow/listeners/logging.py:178}}
Oct 12 02:30:10.558824 dv-cinder-849143-14-smb devstack@c-api.service[111473]: DEBUG cinder.volume.api [None req-e3de0db6-4720-42c8-8b53-d7124221b664 tempest-VolumesDeleteCascade-175343474 tempest-VolumesDeleteCascade-175343474-project] Task 'cinder.volume.flows.api.create_volume.QuotaReserveTask;volume:create' (132f717d-8056-4980-9577-b4ba4ea7b760) transitioned into state 'RUNNING' from state 'PENDING' {{(pid=111473) _task_receiver /usr/local/lib/python3.8/dist-packages/taskflow/listeners/logging.py:190}}
Oct 12 02:30:10.661992 dv-cinder-849143-14-smb devstack@c-api.service[111472]: DEBUG dbcounter [-] [111472] Writing DB stats cinder:SELECT=89,cinder:UPDATE=6,cinder:INSERT=5 {{(pid=111472) stat_writer /usr/local/lib/python3.8/dist-packages/dbcounter.py:114}}
Oct 12 02:30:10.691986 dv-cinder-849143-14-smb devstack@c-api.service[111473]: DEBUG cinder.quota [None req-e3de0db6-4720-42c8-8b53-d7124221b664 tempest-VolumesDeleteCascade-175343474 tempest-VolumesDeleteCascade-175343474-project] Created reservations ['f5cec3c6-051a-4742-ba3a-6062a074ca99', '3aa07dd2-188b-41e4-ac34-8bf237f5eea4', 'fb4a4d84-9f20-4e7a-8dcf-e8d9a6393d48', '922344f6-2d37-4f1c-8812-91fd53cf88f8'] {{(pid=111473) reserve /opt/stack/cinder/cinder/quota.py:755}}
Oct 12 02:30:10.694329 dv-cinder-849143-14-smb devstack@c-api.service[111473]: DEBUG cinder.volume.api [None req-e3de0db6-4720-42c8-8b53-d7124221b664 tempest-VolumesDeleteCascade-175343474 tempest-VolumesDeleteCascade-175343474-project] Task 'cinder.volume.flows.api.create_volume.QuotaReserveTask;volume:create' (132f717d-8056-4980-9577-b4ba4ea7b760) transitioned into state 'SUCCESS' from state 'RUNNING' with result '{'reservations': ['f5cec3c6-051a-4742-ba3a-6062a074ca99', '3aa07dd2-188b-41e4-ac34-8bf237f5eea4', 'fb4a4d84-9f20-4e7a-8dcf-e8d9a6393d48', '922344f6-2d37-4f1c-8812-91fd53cf88f8']}' {{(pid=111473) _task_receiver /usr/local/lib/python3.8/dist-packages/taskflow/listeners/logging.py:178}}
Oct 12 02:30:10.696847 dv-cinder-849143-14-smb devstack@c-api.service[111473]: DEBUG cinder.volume.api [None req-e3de0db6-4720-42c8-8b53-d7124221b664 tempest-VolumesDeleteCascade-175343474 tempest-VolumesDeleteCascade-175343474-project] Task 'cinder.volume.flows.api.create_volume.EntryCreateTask;volume:create' (f2a791e2-db94-4268-88b4-781d9e6ef7e4) transitioned into state 'RUNNING' from state 'PENDING' {{(pid=111473) _task_receiver /usr/local/lib/python3.8/dist-packages/taskflow/listeners/logging.py:190}}
Oct 12 02:30:10.704593 dv-cinder-849143-14-smb devstack@c-api.service[111472]: INFO cinder.api.openstack.wsgi [None req-7cf28278-5db5-4c64-8225-185966ca08b9 tempest-VolumeQuotasNegativeTestJSON-1638456818 tempest-VolumeQuotasNegativeTestJSON-1638456818-project-admin] http://10.222.0.18/volume/v3/8e9e06ba48a24cc7930bf37c3cb87304/os-quota-sets/542a276216784f8a911232db5fc62bb3 returned with HTTP 200
Oct 12 02:30:10.705972 dv-cinder-849143-14-smb devstack@c-api.service[111472]: [pid: 111472|app: 0|req: 132/248] 10.222.0.18 () {60 vars in 1352 bytes} [Wed Oct 12 02:30:10 2022] PUT /volume/v3/8e9e06ba48a24cc7930bf37c3cb87304/os-quota-sets/542a276216784f8a911232db5fc62bb3 => generated 714 bytes in 237 msecs (HTTP/1.1 200) 7 headers in 285 bytes (1 switches on core 0)
Oct 12 02:30:10.751114 dv-cinder-849143-14-smb devstack@c-api.service[111473]: DEBUG cinder.volume.api [None req-e3de0db6-4720-42c8-8b53-d7124221b664 tempest-VolumesDeleteCascade-175343474 tempest-VolumesDeleteCascade-175343474-project] Task 'cinder.volume.flows.api.create_volume.EntryCreateTask;volume:create' (f2a791e2-db94-4268-88b4-781d9e6ef7e4) transitioned into state 'SUCCESS' from state 'RUNNING' with result '{'volume_id': '7487d8b3-ed18-4bbd-8509-536ea9303011', 'volume_properties': VolumeProperties(attach_status='detached',availability_zone='nova',cgsnapshot_id=None,consistencygroup_id=None,display_description=None,display_name='tempest-VolumesDeleteCascade-Volume-1711748749',encryption_key_id=None,group_id=None,group_type_id=,metadata={},multiattach=False,project_id='48771975a9a34947bc2c5cf92c5c84f4',qos_specs=None,replication_status=,reservations=['f5cec3c6-051a-4742-ba3a-6062a074ca99','3aa07dd2-188b-41e4-ac34-8bf237f5eea4','fb4a4d84-9f20-4e7a-8dcf-e8d9a6393d48','922344f6-2d37-4f1c-8812-91fd53cf88f8'],size=1,snapshot_id=42a5c860-2e17-4316-a68c-dd852528ce24,source_replicaid=,source_volid=None,status='creating',user_id='6811c913ed244889bbbbfb00635a5190',volume_type_id=47d23c85-2fb2-4fd9-b895-692807b69bce), 'volume': Volume(_name_id=None,admin_metadata=,attach_status='detached',availability_zone='nova',bootable=False,cluster=,cluster_name=None,consistencygroup=,consistencygroup_id=None,created_at=2022-10-12T02:30:10Z,deleted=False,deleted_at=None,display_description=None,display_name='tempest-VolumesDeleteCascade-Volume-1711748749',ec2_id=None,encryption_key_id=None,glance_metadata=,group=,group_id=None,host=None,id=7487d8b3-ed18-4bbd-8509-536ea9303011,launched_at=None,metadata={},migration_status=None,multiattach=False,previous_status=None,project_id='48771975a9a34947bc2c5cf92c5c84f4',provider_auth=None,provider_geometry=None,provider_id=None,provider_location=None,replication_driver_data=None,replication_extended_status=None,replication_status=None,scheduled_at=None,service_uuid=None,shared_targets=True,size=1,snapshot_id=42a5c860-2e17-4316-a68c-dd852528ce24,snapshots=,source_volid=None,status='creating',terminated_at=None,updated_at=None,use_quota=True,user_id='6811c913ed244889bbbbfb00635a5190',volume_attachment=VolumeAttachmentList,volume_type=VolumeType(47d23c85-2fb2-4fd9-b895-692807b69bce),volume_type_id=47d23c85-2fb2-4fd9-b895-692807b69bce)}' {{(pid=111473) _task_receiver /usr/local/lib/python3.8/dist-packages/taskflow/listeners/logging.py:178}}
Oct 12 02:30:10.753783 dv-cinder-849143-14-smb devstack@c-api.service[111473]: DEBUG cinder.volume.api [None req-e3de0db6-4720-42c8-8b53-d7124221b664 tempest-VolumesDeleteCascade-175343474 tempest-VolumesDeleteCascade-175343474-project] Task 'cinder.volume.flows.api.create_volume.QuotaCommitTask;volume:create' (571c150e-efdc-4a86-bd88-3a37e2daf6d3) transitioned into state 'RUNNING' from state 'PENDING' {{(pid=111473) _task_receiver /usr/local/lib/python3.8/dist-packages/taskflow/listeners/logging.py:190}}
Oct 12 02:30:10.787562 dv-cinder-849143-14-smb devstack@c-api.service[111473]: DEBUG cinder.volume.api [None req-e3de0db6-4720-42c8-8b53-d7124221b664 tempest-VolumesDeleteCascade-175343474 tempest-VolumesDeleteCascade-175343474-project] Task 'cinder.volume.flows.api.create_volume.QuotaCommitTask;volume:create' (571c150e-efdc-4a86-bd88-3a37e2daf6d3) transitioned into state 'SUCCESS' from state 'RUNNING' with result '{'volume_properties': VolumeProperties(attach_status='detached',availability_zone='nova',cgsnapshot_id=None,consistencygroup_id=None,display_description=None,display_name='tempest-VolumesDeleteCascade-Volume-1711748749',encryption_key_id=None,group_id=None,group_type_id=,metadata={},multiattach=False,project_id='48771975a9a34947bc2c5cf92c5c84f4',qos_specs=None,replication_status=,reservations=['f5cec3c6-051a-4742-ba3a-6062a074ca99','3aa07dd2-188b-41e4-ac34-8bf237f5eea4','fb4a4d84-9f20-4e7a-8dcf-e8d9a6393d48','922344f6-2d37-4f1c-8812-91fd53cf88f8'],size=1,snapshot_id=42a5c860-2e17-4316-a68c-dd852528ce24,source_replicaid=,source_volid=None,status='creating',user_id='6811c913ed244889bbbbfb00635a5190',volume_type_id=47d23c85-2fb2-4fd9-b895-692807b69bce)}' {{(pid=111473) _task_receiver /usr/local/lib/python3.8/dist-packages/taskflow/listeners/logging.py:178}}
Oct 12 02:30:10.789795 dv-cinder-849143-14-smb devstack@c-api.service[111473]: DEBUG cinder.volume.api [None req-e3de0db6-4720-42c8-8b53-d7124221b664 tempest-VolumesDeleteCascade-175343474 tempest-VolumesDeleteCascade-175343474-project] Task 'cinder.volume.flows.api.create_volume.VolumeCastTask;volume:create' (52380bca-153d-46aa-840f-8a23a0148895) transitioned into state 'RUNNING' from state 'PENDING' {{(pid=111473) _task_receiver /usr/local/lib/python3.8/dist-packages/taskflow/listeners/logging.py:190}}
Oct 12 02:30:10.868293 dv-cinder-849143-14-smb devstack@c-api.service[111473]: DEBUG cinder.volume.api [None req-e3de0db6-4720-42c8-8b53-d7124221b664 tempest-VolumesDeleteCascade-175343474 tempest-VolumesDeleteCascade-175343474-project] Task 'cinder.volume.flows.api.create_volume.VolumeCastTask;volume:create' (52380bca-153d-46aa-840f-8a23a0148895) transitioned into state 'SUCCESS' from state 'RUNNING' with result 'None' {{(pid=111473) _task_receiver /usr/local/lib/python3.8/dist-packages/taskflow/listeners/logging.py:178}}
Oct 12 02:30:10.870650 dv-cinder-849143-14-smb devstack@c-api.service[111473]: DEBUG cinder.volume.api [None req-e3de0db6-4720-42c8-8b53-d7124221b664 tempest-VolumesDeleteCascade-175343474 tempest-VolumesDeleteCascade-175343474-project] Flow 'volume_create_api' (8819c345-3f0c-4b5a-955a-07d6f4ce4064) transitioned into state 'SUCCESS' from state 'RUNNING' {{(pid=111473) _flow_receiver /usr/local/lib/python3.8/dist-packages/taskflow/listeners/logging.py:141}}
Oct 12 02:30:10.871332 dv-cinder-849143-14-smb devstack@c-api.service[111473]: INFO cinder.volume.api [None req-e3de0db6-4720-42c8-8b53-d7124221b664 tempest-VolumesDeleteCascade-175343474 tempest-VolumesDeleteCascade-175343474-project] Create volume request issued successfully.
Oct 12 02:30:10.889017 dv-cinder-849143-14-smb devstack@c-api.service[111473]: INFO cinder.api.openstack.wsgi [None req-e3de0db6-4720-42c8-8b53-d7124221b664 tempest-VolumesDeleteCascade-175343474 tempest-VolumesDeleteCascade-175343474-project] http://10.222.0.18/volume/v3/48771975a9a34947bc2c5cf92c5c84f4/volumes returned with HTTP 202
Oct 12 02:30:10.890398 dv-cinder-849143-14-smb devstack@c-api.service[111473]: [pid: 111473|app: 0|req: 117/249] 10.222.0.18 () {60 vars in 1236 bytes} [Wed Oct 12 02:30:10 2022] POST /volume/v3/48771975a9a34947bc2c5cf92c5c84f4/volumes => generated 854 bytes in 514 msecs (HTTP/1.1 202) 7 headers in 291 bytes (1 switches on core 0)
Oct 12 02:30:10.907448 dv-cinder-849143-14-smb devstack@c-api.service[111472]: DEBUG cinder.api.middleware.request_id [None req-0e077566-2187-4601-b9e9-6c0673e9aa70 None None] RequestId filter calling following filter/app {{(pid=111472) _context_setter /opt/stack/cinder/cinder/api/middleware/request_id.py:62}}
Oct 12 02:30:10.911728 dv-cinder-849143-14-smb devstack@c-api.service[111472]: INFO cinder.api.openstack.wsgi [None req-0e077566-2187-4601-b9e9-6c0673e9aa70 tempest-VolumesDeleteCascade-175343474 tempest-VolumesDeleteCascade-175343474-project] GET http://10.222.0.18/volume/v3/48771975a9a34947bc2c5cf92c5c84f4/volumes/7487d8b3-ed18-4bbd-8509-536ea9303011
Oct 12 02:30:10.912456 dv-cinder-849143-14-smb devstack@c-api.service[111472]: DEBUG cinder.api.openstack.wsgi [None req-0e077566-2187-4601-b9e9-6c0673e9aa70 tempest-VolumesDeleteCascade-175343474 tempest-VolumesDeleteCascade-175343474-project] Empty body provided in request {{(pid=111472) get_body /opt/stack/cinder/cinder/api/openstack/wsgi.py:715}}
Oct 12 02:30:10.913189 dv-cinder-849143-14-smb devstack@c-api.service[111472]: DEBUG cinder.api.openstack.wsgi [None req-0e077566-2187-4601-b9e9-6c0673e9aa70 tempest-VolumesDeleteCascade-175343474 tempest-VolumesDeleteCascade-175343474-project] Calling method 'show' {{(pid=111472) _process_stack /opt/stack/cinder/cinder/api/openstack/wsgi.py:868}}
Oct 12 02:30:10.933233 dv-cinder-849143-14-smb devstack@c-api.service[111472]: /usr/local/lib/python3.8/dist-packages/oslo_context/context.py:100: DeprecationWarning: Policy enforcement is depending on the value of is_admin. This key is deprecated. Please update your policy file to use the standard policy values.
Oct 12 02:30:10.933233 dv-cinder-849143-14-smb devstack@c-api.service[111472]: warnings.warn('Policy enforcement is depending on the value of '
Oct 12 02:30:10.943038 dv-cinder-849143-14-smb devstack@c-api.service[111472]: INFO cinder.volume.api [None req-0e077566-2187-4601-b9e9-6c0673e9aa70 tempest-VolumesDeleteCascade-175343474 tempest-VolumesDeleteCascade-175343474-project] Volume info retrieved successfully.
Oct 12 02:30:10.954229 dv-cinder-849143-14-smb devstack@c-api.service[111472]: INFO cinder.api.openstack.wsgi [None req-0e077566-2187-4601-b9e9-6c0673e9aa70 tempest-VolumesDeleteCascade-175343474 tempest-VolumesDeleteCascade-175343474-project] http://10.222.0.18/volume/v3/48771975a9a34947bc2c5cf92c5c84f4/volumes/7487d8b3-ed18-4bbd-8509-536ea9303011 returned with HTTP 200
Oct 12 02:30:10.955278 dv-cinder-849143-14-smb devstack@c-api.service[111472]: [pid: 111472|app: 0|req: 133/250] 10.222.0.18 () {58 vars in 1325 bytes} [Wed Oct 12 02:30:10 2022] GET /volume/v3/48771975a9a34947bc2c5cf92c5c84f4/volumes/7487d8b3-ed18-4bbd-8509-536ea9303011 => generated 922 bytes in 50 msecs (HTTP/1.1 200) 7 headers in 285 bytes (1 switches on core 0)
Oct 12 02:30:11.019527 dv-cinder-849143-14-smb devstack@c-api.service[111473]: DEBUG cinder.api.middleware.request_id [None req-a95874ad-3855-4d32-9925-bc96c9b2ce9e None None] RequestId filter calling following filter/app {{(pid=111473) _context_setter /opt/stack/cinder/cinder/api/middleware/request_id.py:62}}
Oct 12 02:30:11.249729 dv-cinder-849143-14-smb devstack@c-api.service[111473]: INFO cinder.api.openstack.wsgi [None req-a95874ad-3855-4d32-9925-bc96c9b2ce9e tempest-UserMessagesTest-821537480 tempest-UserMessagesTest-821537480-project-admin] POST http://10.222.0.18/volume/v3/d975a93035594514bfdd2e06449dc955/types
