Oct 04 05:24:20.348506 dv-cinder-849143-10-iscsi devstack@keystone.service[81481]: DEBUG keystone.server.flask.request_processing.middleware.auth_context [None req-a221bf57-63b7-4246-be7b-eeeeba41cb99 None admin] RBAC: auth_context: {'token': , 'domain_id': None, 'trust_id': None, 'trustor_id': None, 'trustee_id': None, 'domain_name': None, 'group_ids': [], 'user_id': '4444aa1a4685411fad68fe8a8f2d8f11', 'user_domain_id': 'default', 'system_scope': 'all', 'project_id': None, 'project_domain_id': None, 'roles': ['admin', 'member', 'reader'], 'is_admin_project': True, 'service_user_id': None, 'service_user_domain_id': None, 'service_project_id': None, 'service_project_domain_id': None, 'service_roles': []} {{(pid=81481) fill_context /opt/stack/keystone/keystone/server/flask/request_processing/middleware/auth_context.py:478}}
Oct 04 05:24:20.349126 dv-cinder-849143-10-iscsi devstack@keystone.service[81481]: DEBUG keystone.server.flask.request_processing.req_logging [None req-a221bf57-63b7-4246-be7b-eeeeba41cb99 None admin] REQUEST_METHOD: `GET` {{(pid=81481) log_request_info /opt/stack/keystone/keystone/server/flask/request_processing/req_logging.py:27}}
Oct 04 05:24:20.349405 dv-cinder-849143-10-iscsi devstack@keystone.service[81481]: DEBUG keystone.server.flask.request_processing.req_logging [None req-a221bf57-63b7-4246-be7b-eeeeba41cb99 None admin] SCRIPT_NAME: `/identity` {{(pid=81481) log_request_info /opt/stack/keystone/keystone/server/flask/request_processing/req_logging.py:28}}
Oct 04 05:24:20.349720 dv-cinder-849143-10-iscsi devstack@keystone.service[81481]: DEBUG keystone.server.flask.request_processing.req_logging [None req-a221bf57-63b7-4246-be7b-eeeeba41cb99 None admin] PATH_INFO: `/v3/roles` {{(pid=81481) log_request_info /opt/stack/keystone/keystone/server/flask/request_processing/req_logging.py:29}}
Oct 04 05:24:20.350369 dv-cinder-849143-10-iscsi devstack@keystone.service[81481]: DEBUG keystone.common.rbac_enforcer.enforcer [None req-a221bf57-63b7-4246-be7b-eeeeba41cb99 None admin] RBAC: Adding query filter params (name=member) {{(pid=81481) _extract_filter_values /opt/stack/keystone/keystone/common/rbac_enforcer/enforcer.py:167}}
Oct 04 05:24:20.350670 dv-cinder-849143-10-iscsi devstack@keystone.service[81481]: DEBUG keystone.common.rbac_enforcer.enforcer [None req-a221bf57-63b7-4246-be7b-eeeeba41cb99 None admin] RBAC: Authorizing `identity:list_roles()` {{(pid=81481) enforce_call /opt/stack/keystone/keystone/common/rbac_enforcer/enforcer.py:449}}
Oct 04 05:24:20.352069 dv-cinder-849143-10-iscsi devstack@keystone.service[81481]: DEBUG keystone.common.rbac_enforcer.enforcer [None req-a221bf57-63b7-4246-be7b-eeeeba41cb99 None admin] RBAC: Authorization granted {{(pid=81481) enforce_call /opt/stack/keystone/keystone/common/rbac_enforcer/enforcer.py:457}}
Oct 04 05:24:20.362556 dv-cinder-849143-10-iscsi devstack@keystone.service[81480]: DEBUG dbcounter [-] [81480] Writing DB stats keystone:SELECT=100 {{(pid=81480) stat_writer /usr/local/lib/python3.8/dist-packages/dbcounter.py:114}}
Oct 04 05:24:20.376262 dv-cinder-849143-10-iscsi devstack@keystone.service[81481]: [pid: 81481|app: 0|req: 190/387] 10.222.0.26 () {56 vars in 1101 bytes} [Tue Oct 4 05:24:20 2022] GET /identity/v3/roles?name=member => generated 341 bytes in 265 msecs (HTTP/1.1 200) 5 headers in 177 bytes (1 switches on core 0)
Oct 04 05:24:20.399812 dv-cinder-849143-10-iscsi devstack@keystone.service[81481]: DEBUG keystone.server.flask.request_processing.middleware.auth_context [None req-a221bf57-63b7-4246-be7b-eeeeba41cb99 None admin] Authenticating user token {{(pid=81481) process_request /usr/local/lib/python3.8/dist-packages/keystonemiddleware/auth_token/__init__.py:407}}
Oct 04 05:24:20.450508 dv-cinder-849143-10-iscsi devstack@keystone.service[81481]: DEBUG dbcounter [-] [81481] Writing DB stats keystone:SELECT=100 {{(pid=81481) stat_writer /usr/local/lib/python3.8/dist-packages/dbcounter.py:114}}
Oct 04 05:24:20.499492 dv-cinder-849143-10-iscsi devstack@keystone.service[81480]: DEBUG keystone.server.flask.request_processing.middleware.auth_context [None req-563bbed4-51ec-4b36-bbe1-cdf5c3fc6508 None admin] Validating token access rules against request {{(pid=81480) validate_allowed_request /usr/local/lib/python3.8/dist-packages/keystonemiddleware/auth_token/__init__.py:545}}
Oct 04 05:24:20.567819 dv-cinder-849143-10-iscsi devstack@keystone.service[81480]: DEBUG keystone.server.flask.request_processing.middleware.auth_context [None req-aabaeafa-8872-4af9-a7a9-12eb186f5554 None admin] RBAC: auth_context: {'token': , 'domain_id': None, 'trust_id': None, 'trustor_id': None, 'trustee_id': None, 'domain_name': None, 'group_ids': [], 'user_id': '4444aa1a4685411fad68fe8a8f2d8f11', 'user_domain_id': 'default', 'system_scope': 'all', 'project_id': None, 'project_domain_id': None, 'roles': ['admin', 'member', 'reader'], 'is_admin_project': True, 'service_user_id': None, 'service_user_domain_id': None, 'service_project_id': None, 'service_project_domain_id': None, 'service_roles': []} {{(pid=81480) fill_context /opt/stack/keystone/keystone/server/flask/request_processing/middleware/auth_context.py:478}}
Oct 04 05:24:20.568687 dv-cinder-849143-10-iscsi devstack@keystone.service[81480]: DEBUG keystone.server.flask.request_processing.req_logging [None req-aabaeafa-8872-4af9-a7a9-12eb186f5554 None admin] REQUEST_METHOD: `GET` {{(pid=81480) log_request_info /opt/stack/keystone/keystone/server/flask/request_processing/req_logging.py:27}}
Oct 04 05:24:20.568976 dv-cinder-849143-10-iscsi devstack@keystone.service[81480]: DEBUG keystone.server.flask.request_processing.req_logging [None req-aabaeafa-8872-4af9-a7a9-12eb186f5554 None admin] SCRIPT_NAME: `/identity` {{(pid=81480) log_request_info /opt/stack/keystone/keystone/server/flask/request_processing/req_logging.py:28}}
Oct 04 05:24:20.569242 dv-cinder-849143-10-iscsi devstack@keystone.service[81480]: DEBUG keystone.server.flask.request_processing.req_logging [None req-aabaeafa-8872-4af9-a7a9-12eb186f5554 None admin] PATH_INFO: `/v3/roles` {{(pid=81480) log_request_info /opt/stack/keystone/keystone/server/flask/request_processing/req_logging.py:29}}
Oct 04 05:24:20.569907 dv-cinder-849143-10-iscsi devstack@keystone.service[81480]: DEBUG keystone.common.rbac_enforcer.enforcer [None req-aabaeafa-8872-4af9-a7a9-12eb186f5554 None admin] RBAC: Adding query filter params (name=anotherrole) {{(pid=81480) _extract_filter_values /opt/stack/keystone/keystone/common/rbac_enforcer/enforcer.py:167}}
Oct 04 05:24:20.570231 dv-cinder-849143-10-iscsi devstack@keystone.service[81480]: DEBUG keystone.common.rbac_enforcer.enforcer [None req-aabaeafa-8872-4af9-a7a9-12eb186f5554 None admin] RBAC: Authorizing `identity:list_roles()` {{(pid=81480) enforce_call /opt/stack/keystone/keystone/common/rbac_enforcer/enforcer.py:449}}
Oct 04 05:24:20.571605 dv-cinder-849143-10-iscsi devstack@keystone.service[81480]: DEBUG keystone.common.rbac_enforcer.enforcer [None req-aabaeafa-8872-4af9-a7a9-12eb186f5554 None admin] RBAC: Authorization granted {{(pid=81480) enforce_call /opt/stack/keystone/keystone/common/rbac_enforcer/enforcer.py:457}}
Oct 04 05:24:20.576750 dv-cinder-849143-10-iscsi devstack@keystone.service[81481]: DEBUG keystone.server.flask.request_processing.middleware.auth_context [None req-a221bf57-63b7-4246-be7b-eeeeba41cb99 None admin] Validating token access rules against request {{(pid=81481) validate_allowed_request /usr/local/lib/python3.8/dist-packages/keystonemiddleware/auth_token/__init__.py:545}}
Oct 04 05:24:20.592543 dv-cinder-849143-10-iscsi devstack@keystone.service[81480]: [pid: 81480|app: 0|req: 198/388] 10.222.0.26 () {56 vars in 1111 bytes} [Tue Oct 4 05:24:20 2022] GET /identity/v3/roles?name=anotherrole => generated 334 bytes in 286 msecs (HTTP/1.1 200) 5 headers in 177 bytes (1 switches on core 0)
Oct 04 05:24:20.598703 dv-cinder-849143-10-iscsi devstack@keystone.service[81480]: DEBUG keystone.server.flask.request_processing.middleware.auth_context [None req-aabaeafa-8872-4af9-a7a9-12eb186f5554 None admin] Authenticating user token {{(pid=81480) process_request /usr/local/lib/python3.8/dist-packages/keystonemiddleware/auth_token/__init__.py:407}}
Oct 04 05:24:20.641519 dv-cinder-849143-10-iscsi devstack@keystone.service[81481]: DEBUG keystone.server.flask.request_processing.middleware.auth_context [None req-0e42ea0d-ad73-4464-a55d-15695bf29984 None admin] RBAC: auth_context: {'token': , 'domain_id': None, 'trust_id': None, 'trustor_id': None, 'trustee_id': None, 'domain_name': None, 'group_ids': [], 'user_id': '4444aa1a4685411fad68fe8a8f2d8f11', 'user_domain_id': 'default', 'system_scope': 'all', 'project_id': None, 'project_domain_id': None, 'roles': ['admin', 'member', 'reader'], 'is_admin_project': True, 'service_user_id': None, 'service_user_domain_id': None, 'service_project_id': None, 'service_project_domain_id': None, 'service_roles': []} {{(pid=81481) fill_context /opt/stack/keystone/keystone/server/flask/request_processing/middleware/auth_context.py:478}}
Oct 04 05:24:20.642207 dv-cinder-849143-10-iscsi devstack@keystone.service[81481]: DEBUG keystone.server.flask.request_processing.req_logging [None req-0e42ea0d-ad73-4464-a55d-15695bf29984 None admin] REQUEST_METHOD: `GET` {{(pid=81481) log_request_info /opt/stack/keystone/keystone/server/flask/request_processing/req_logging.py:27}}
Oct 04 05:24:20.642454 dv-cinder-849143-10-iscsi devstack@keystone.service[81481]: DEBUG keystone.server.flask.request_processing.req_logging [None req-0e42ea0d-ad73-4464-a55d-15695bf29984 None admin] SCRIPT_NAME: `/identity` {{(pid=81481) log_request_info /opt/stack/keystone/keystone/server/flask/request_processing/req_logging.py:28}}
Oct 04 05:24:20.642724 dv-cinder-849143-10-iscsi devstack@keystone.service[81481]: DEBUG keystone.server.flask.request_processing.req_logging [None req-0e42ea0d-ad73-4464-a55d-15695bf29984 None admin] PATH_INFO: `/v3/groups/4129d7a0f3ae4e28940f41fd1c1a8776` {{(pid=81481) log_request_info /opt/stack/keystone/keystone/server/flask/request_processing/req_logging.py:29}}
Oct 04 05:24:20.644509 dv-cinder-849143-10-iscsi devstack@keystone.service[81481]: DEBUG keystone.common.rbac_enforcer.enforcer [None req-0e42ea0d-ad73-4464-a55d-15695bf29984 None admin] RBAC: Authorizing `identity:get_group(group_id=4129d7a0f3ae4e28940f41fd1c1a8776)` {{(pid=81481) enforce_call /opt/stack/keystone/keystone/common/rbac_enforcer/enforcer.py:449}}
Oct 04 05:24:20.645945 dv-cinder-849143-10-iscsi devstack@keystone.service[81481]: DEBUG keystone.common.rbac_enforcer.enforcer [None req-0e42ea0d-ad73-4464-a55d-15695bf29984 None admin] RBAC: Authorization granted {{(pid=81481) enforce_call /opt/stack/keystone/keystone/common/rbac_enforcer/enforcer.py:457}}
Oct 04 05:24:20.647536 dv-cinder-849143-10-iscsi devstack@keystone.service[81481]: [pid: 81481|app: 0|req: 191/389] 10.222.0.26 () {56 vars in 1180 bytes} [Tue Oct 4 05:24:20 2022] GET /identity/v3/groups/4129d7a0f3ae4e28940f41fd1c1a8776 => generated 226 bytes in 248 msecs (HTTP/1.1 200) 5 headers in 177 bytes (2 switches on core 0)
Oct 04 05:24:20.654581 dv-cinder-849143-10-iscsi devstack@keystone.service[81481]: DEBUG keystone.server.flask.request_processing.middleware.auth_context [None req-0e42ea0d-ad73-4464-a55d-15695bf29984 None admin] Authenticating user token {{(pid=81481) process_request /usr/local/lib/python3.8/dist-packages/keystonemiddleware/auth_token/__init__.py:407}}
Oct 04 05:24:20.774799 dv-cinder-849143-10-iscsi devstack@keystone.service[81480]: DEBUG dbcounter [-] [81480] Writing DB stats keystone:SELECT=100 {{(pid=81480) stat_writer /usr/local/lib/python3.8/dist-packages/dbcounter.py:114}}
Oct 04 05:24:20.808326 dv-cinder-849143-10-iscsi devstack@keystone.service[81480]: DEBUG keystone.server.flask.request_processing.middleware.auth_context [None req-aabaeafa-8872-4af9-a7a9-12eb186f5554 None admin] Validating token access rules against request {{(pid=81480) validate_allowed_request /usr/local/lib/python3.8/dist-packages/keystonemiddleware/auth_token/__init__.py:545}}
Oct 04 05:24:20.813507 dv-cinder-849143-10-iscsi devstack@keystone.service[81481]: DEBUG keystone.server.flask.request_processing.middleware.auth_context [None req-0e42ea0d-ad73-4464-a55d-15695bf29984 None admin] Validating token access rules against request {{(pid=81481) validate_allowed_request /usr/local/lib/python3.8/dist-packages/keystonemiddleware/auth_token/__init__.py:545}}
Oct 04 05:24:20.816871 dv-cinder-849143-10-iscsi devstack@keystone.service[81481]: DEBUG dbcounter [-] [81481] Writing DB stats keystone:SELECT=100 {{(pid=81481) stat_writer /usr/local/lib/python3.8/dist-packages/dbcounter.py:114}}
Oct 04 05:24:20.863129 dv-cinder-849143-10-iscsi devstack@keystone.service[81481]: DEBUG keystone.server.flask.request_processing.middleware.auth_context [None req-f03925ad-ef1e-4990-9c65-9e4a18865082 None admin] RBAC: auth_context: {'token': , 'domain_id': None, 'trust_id': None, 'trustor_id': None, 'trustee_id': None, 'domain_name': None, 'group_ids': [], 'user_id': '4444aa1a4685411fad68fe8a8f2d8f11', 'user_domain_id': 'default', 'system_scope': 'all', 'project_id': None, 'project_domain_id': None, 'roles': ['admin', 'member', 'reader'], 'is_admin_project': True, 'service_user_id': None, 'service_user_domain_id': None, 'service_project_id': None, 'service_project_domain_id': None, 'service_roles': []} {{(pid=81481) fill_context /opt/stack/keystone/keystone/server/flask/request_processing/middleware/auth_context.py:478}}
Oct 04 05:24:20.864262 dv-cinder-849143-10-iscsi devstack@keystone.service[81481]: DEBUG keystone.server.flask.request_processing.req_logging [None req-f03925ad-ef1e-4990-9c65-9e4a18865082 None admin] REQUEST_METHOD: `GET` {{(pid=81481) log_request_info /opt/stack/keystone/keystone/server/flask/request_processing/req_logging.py:27}}
Oct 04 05:24:20.864546 dv-cinder-849143-10-iscsi devstack@keystone.service[81481]: DEBUG keystone.server.flask.request_processing.req_logging [None req-f03925ad-ef1e-4990-9c65-9e4a18865082 None admin] SCRIPT_NAME: `/identity` {{(pid=81481) log_request_info /opt/stack/keystone/keystone/server/flask/request_processing/req_logging.py:28}}
Oct 04 05:24:20.864823 dv-cinder-849143-10-iscsi devstack@keystone.service[81481]: DEBUG keystone.server.flask.request_processing.req_logging [None req-f03925ad-ef1e-4990-9c65-9e4a18865082 None admin] PATH_INFO: `/v3/projects/a0d3c9e097bf4d3ea90c631eadb9d0d9` {{(pid=81481) log_request_info /opt/stack/keystone/keystone/server/flask/request_processing/req_logging.py:29}}
Oct 04 05:24:20.867775 dv-cinder-849143-10-iscsi devstack@keystone.service[81481]: DEBUG keystone.common.rbac_enforcer.enforcer [None req-f03925ad-ef1e-4990-9c65-9e4a18865082 None admin] RBAC: Authorizing `identity:get_project(project_id=a0d3c9e097bf4d3ea90c631eadb9d0d9)` {{(pid=81481) enforce_call /opt/stack/keystone/keystone/common/rbac_enforcer/enforcer.py:449}}
Oct 04 05:24:20.869225 dv-cinder-849143-10-iscsi devstack@keystone.service[81481]: DEBUG keystone.common.rbac_enforcer.enforcer [None req-f03925ad-ef1e-4990-9c65-9e4a18865082 None admin] RBAC: Authorization granted {{(pid=81481) enforce_call /opt/stack/keystone/keystone/common/rbac_enforcer/enforcer.py:457}}
Oct 04 05:24:20.874648 dv-cinder-849143-10-iscsi devstack@keystone.service[81481]: [pid: 81481|app: 0|req: 192/390] 10.222.0.26 () {56 vars in 1186 bytes} [Tue Oct 4 05:24:20 2022] GET /identity/v3/projects/a0d3c9e097bf4d3ea90c631eadb9d0d9 => generated 298 bytes in 220 msecs (HTTP/1.1 200) 5 headers in 177 bytes (1 switches on core 0)
Oct 04 05:24:20.879620 dv-cinder-849143-10-iscsi devstack@keystone.service[81480]: DEBUG keystone.server.flask.request_processing.middleware.auth_context [None req-7fb3a900-ca95-43ac-a3f2-8cb468eb2483 None admin] RBAC: auth_context: {'token': , 'domain_id': None, 'trust_id': None, 'trustor_id': None, 'trustee_id': None, 'domain_name': None, 'group_ids': [], 'user_id': '4444aa1a4685411fad68fe8a8f2d8f11', 'user_domain_id': 'default', 'system_scope': 'all', 'project_id': None, 'project_domain_id': None, 'roles': ['admin', 'member', 'reader'], 'is_admin_project': True, 'service_user_id': None, 'service_user_domain_id': None, 'service_project_id': None, 'service_project_domain_id': None, 'service_roles': []} {{(pid=81480) fill_context /opt/stack/keystone/keystone/server/flask/request_processing/middleware/auth_context.py:478}}
Oct 04 05:24:20.881072 dv-cinder-849143-10-iscsi devstack@keystone.service[81481]: DEBUG keystone.server.flask.request_processing.middleware.auth_context [None req-f03925ad-ef1e-4990-9c65-9e4a18865082 None admin] Authenticating user token {{(pid=81481) process_request /usr/local/lib/python3.8/dist-packages/keystonemiddleware/auth_token/__init__.py:407}}
Oct 04 05:24:20.881871 dv-cinder-849143-10-iscsi devstack@keystone.service[81480]: DEBUG keystone.server.flask.request_processing.req_logging [None req-7fb3a900-ca95-43ac-a3f2-8cb468eb2483 None admin] REQUEST_METHOD: `GET` {{(pid=81480) log_request_info /opt/stack/keystone/keystone/server/flask/request_processing/req_logging.py:27}}
Oct 04 05:24:20.882183 dv-cinder-849143-10-iscsi devstack@keystone.service[81480]: DEBUG keystone.server.flask.request_processing.req_logging [None req-7fb3a900-ca95-43ac-a3f2-8cb468eb2483 None admin] SCRIPT_NAME: `/identity` {{(pid=81480) log_request_info /opt/stack/keystone/keystone/server/flask/request_processing/req_logging.py:28}}
Oct 04 05:24:20.882465 dv-cinder-849143-10-iscsi devstack@keystone.service[81480]: DEBUG keystone.server.flask.request_processing.req_logging [None req-7fb3a900-ca95-43ac-a3f2-8cb468eb2483 None admin] PATH_INFO: `/v3/groups/4129d7a0f3ae4e28940f41fd1c1a8776` {{(pid=81480) log_request_info /opt/stack/keystone/keystone/server/flask/request_processing/req_logging.py:29}}
Oct 04 05:24:20.898646 dv-cinder-849143-10-iscsi devstack@keystone.service[81480]: DEBUG keystone.common.rbac_enforcer.enforcer [None req-7fb3a900-ca95-43ac-a3f2-8cb468eb2483 None admin] RBAC: Authorizing `identity:get_group(group_id=4129d7a0f3ae4e28940f41fd1c1a8776)` {{(pid=81480) enforce_call /opt/stack/keystone/keystone/common/rbac_enforcer/enforcer.py:449}}
Oct 04 05:24:20.900125 dv-cinder-849143-10-iscsi devstack@keystone.service[81480]: DEBUG keystone.common.rbac_enforcer.enforcer [None req-7fb3a900-ca95-43ac-a3f2-8cb468eb2483 None admin] RBAC: Authorization granted {{(pid=81480) enforce_call /opt/stack/keystone/keystone/common/rbac_enforcer/enforcer.py:457}}
Oct 04 05:24:20.903319 dv-cinder-849143-10-iscsi devstack@keystone.service[81480]: [pid: 81480|app: 0|req: 199/391] 10.222.0.26 () {56 vars in 1180 bytes} [Tue Oct 4 05:24:20 2022] GET /identity/v3/groups/4129d7a0f3ae4e28940f41fd1c1a8776 => generated 226 bytes in 305 msecs (HTTP/1.1 200) 5 headers in 177 bytes (1 switches on core 0)
Oct 04 05:24:20.908848 dv-cinder-849143-10-iscsi devstack@keystone.service[81480]: DEBUG keystone.server.flask.request_processing.middleware.auth_context [None req-7fb3a900-ca95-43ac-a3f2-8cb468eb2483 None admin] Authenticating user token {{(pid=81480) process_request /usr/local/lib/python3.8/dist-packages/keystonemiddleware/auth_token/__init__.py:407}}
Oct 04 05:24:21.092192 dv-cinder-849143-10-iscsi devstack@keystone.service[81481]: DEBUG keystone.server.flask.request_processing.middleware.auth_context [None req-f03925ad-ef1e-4990-9c65-9e4a18865082 None admin] Validating token access rules against request {{(pid=81481) validate_allowed_request /usr/local/lib/python3.8/dist-packages/keystonemiddleware/auth_token/__init__.py:545}}
Oct 04 05:24:21.120053 dv-cinder-849143-10-iscsi devstack@keystone.service[81480]: DEBUG keystone.server.flask.request_processing.middleware.auth_context [None req-7fb3a900-ca95-43ac-a3f2-8cb468eb2483 None admin] Validating token access rules against request {{(pid=81480) validate_allowed_request /usr/local/lib/python3.8/dist-packages/keystonemiddleware/auth_token/__init__.py:545}}
Oct 04 05:24:21.134675 dv-cinder-849143-10-iscsi devstack@keystone.service[81481]: DEBUG keystone.server.flask.request_processing.middleware.auth_context [None req-6a6ad1ac-e61f-4711-a487-d4db1b6ec60d None admin] RBAC: auth_context: {'token': , 'domain_id': None, 'trust_id': None, 'trustor_id': None, 'trustee_id': None, 'domain_name': None, 'group_ids': [], 'user_id': '4444aa1a4685411fad68fe8a8f2d8f11', 'user_domain_id': 'default', 'system_scope': 'all', 'project_id': None, 'project_domain_id': None, 'roles': ['admin', 'member', 'reader'], 'is_admin_project': True, 'service_user_id': None, 'service_user_domain_id': None, 'service_project_id': None, 'service_project_domain_id': None, 'service_roles': []} {{(pid=81481) fill_context /opt/stack/keystone/keystone/server/flask/request_processing/middleware/auth_context.py:478}}
Oct 04 05:24:21.135644 dv-cinder-849143-10-iscsi devstack@keystone.service[81481]: DEBUG keystone.server.flask.request_processing.req_logging [None req-6a6ad1ac-e61f-4711-a487-d4db1b6ec60d None admin] REQUEST_METHOD: `PUT` {{(pid=81481) log_request_info /opt/stack/keystone/keystone/server/flask/request_processing/req_logging.py:27}}
Oct 04 05:24:21.135951 dv-cinder-849143-10-iscsi devstack@keystone.service[81481]: DEBUG keystone.server.flask.request_processing.req_logging [None req-6a6ad1ac-e61f-4711-a487-d4db1b6ec60d None admin] SCRIPT_NAME: `/identity` {{(pid=81481) log_request_info /opt/stack/keystone/keystone/server/flask/request_processing/req_logging.py:28}}
Oct 04 05:24:21.136369 dv-cinder-849143-10-iscsi devstack@keystone.service[81481]: DEBUG keystone.server.flask.request_processing.req_logging [None req-6a6ad1ac-e61f-4711-a487-d4db1b6ec60d None admin] PATH_INFO: `/v3/projects/a0d3c9e097bf4d3ea90c631eadb9d0d9/groups/4129d7a0f3ae4e28940f41fd1c1a8776/roles/1e04fdc0cc334fd7a733a1490a194e37` {{(pid=81481) log_request_info /opt/stack/keystone/keystone/server/flask/request_processing/req_logging.py:29}}
Oct 04 05:24:21.138697 dv-cinder-849143-10-iscsi devstack@keystone.service[81481]: DEBUG keystone.common.rbac_enforcer.enforcer [None req-6a6ad1ac-e61f-4711-a487-d4db1b6ec60d None admin] RBAC: Authorizing `identity:create_grant(project_id=a0d3c9e097bf4d3ea90c631eadb9d0d9, group_id=4129d7a0f3ae4e28940f41fd1c1a8776, role_id=1e04fdc0cc334fd7a733a1490a194e37)` {{(pid=81481) enforce_call /opt/stack/keystone/keystone/common/rbac_enforcer/enforcer.py:449}}
Oct 04 05:24:21.140667 dv-cinder-849143-10-iscsi devstack@keystone.service[81481]: DEBUG keystone.common.rbac_enforcer.enforcer [None req-6a6ad1ac-e61f-4711-a487-d4db1b6ec60d None admin] RBAC: Authorization granted {{(pid=81481) enforce_call /opt/stack/keystone/keystone/common/rbac_enforcer/enforcer.py:457}}
Oct 04 05:24:21.169709 dv-cinder-849143-10-iscsi devstack@keystone.service[81480]: DEBUG keystone.server.flask.request_processing.middleware.auth_context [None req-cba2f261-c06c-4324-89f2-e7f33f4154ba None admin] RBAC: auth_context: {'token': , 'domain_id': None, 'trust_id': None, 'trustor_id': None, 'trustee_id': None, 'domain_name': None, 'group_ids': [], 'user_id': '4444aa1a4685411fad68fe8a8f2d8f11', 'user_domain_id': 'default', 'system_scope': 'all', 'project_id': None, 'project_domain_id': None, 'roles': ['admin', 'member', 'reader'], 'is_admin_project': True, 'service_user_id': None, 'service_user_domain_id': None, 'service_project_id': None, 'service_project_domain_id': None, 'service_roles': []} {{(pid=81480) fill_context /opt/stack/keystone/keystone/server/flask/request_processing/middleware/auth_context.py:478}}
Oct 04 05:24:21.170406 dv-cinder-849143-10-iscsi devstack@keystone.service[81480]: DEBUG keystone.server.flask.request_processing.req_logging [None req-cba2f261-c06c-4324-89f2-e7f33f4154ba None admin] REQUEST_METHOD: `GET` {{(pid=81480) log_request_info /opt/stack/keystone/keystone/server/flask/request_processing/req_logging.py:27}}
Oct 04 05:24:21.170741 dv-cinder-849143-10-iscsi devstack@keystone.service[81480]: DEBUG keystone.server.flask.request_processing.req_logging [None req-cba2f261-c06c-4324-89f2-e7f33f4154ba None admin] SCRIPT_NAME: `/identity` {{(pid=81480) log_request_info /opt/stack/keystone/keystone/server/flask/request_processing/req_logging.py:28}}
Oct 04 05:24:21.171024 dv-cinder-849143-10-iscsi devstack@keystone.service[81480]: DEBUG keystone.server.flask.request_processing.req_logging [None req-cba2f261-c06c-4324-89f2-e7f33f4154ba None admin] PATH_INFO: `/v3/projects/a0d3c9e097bf4d3ea90c631eadb9d0d9` {{(pid=81480) log_request_info /opt/stack/keystone/keystone/server/flask/request_processing/req_logging.py:29}}
Oct 04 05:24:21.172159 dv-cinder-849143-10-iscsi devstack@keystone.service[81480]: DEBUG keystone.common.rbac_enforcer.enforcer [None req-cba2f261-c06c-4324-89f2-e7f33f4154ba None admin] RBAC: Authorizing `identity:get_project(project_id=a0d3c9e097bf4d3ea90c631eadb9d0d9)` {{(pid=81480) enforce_call /opt/stack/keystone/keystone/common/rbac_enforcer/enforcer.py:449}}
Oct 04 05:24:21.173653 dv-cinder-849143-10-iscsi devstack@keystone.service[81480]: DEBUG keystone.common.rbac_enforcer.enforcer [None req-cba2f261-c06c-4324-89f2-e7f33f4154ba None admin] RBAC: Authorization granted {{(pid=81480) enforce_call /opt/stack/keystone/keystone/common/rbac_enforcer/enforcer.py:457}}
Oct 04 05:24:21.176365 dv-cinder-849143-10-iscsi devstack@keystone.service[81480]: [pid: 81480|app: 0|req: 200/392] 10.222.0.26 () {56 vars in 1186 bytes} [Tue Oct 4 05:24:20 2022] GET /identity/v3/projects/a0d3c9e097bf4d3ea90c631eadb9d0d9 => generated 298 bytes in 268 msecs (HTTP/1.1 200) 5 headers in 177 bytes (2 switches on core 0)
Oct 04 05:24:21.181726 dv-cinder-849143-10-iscsi devstack@keystone.service[81480]: DEBUG keystone.server.flask.request_processing.middleware.auth_context [None req-cba2f261-c06c-4324-89f2-e7f33f4154ba None admin] Authenticating user token {{(pid=81480) process_request /usr/local/lib/python3.8/dist-packages/keystonemiddleware/auth_token/__init__.py:407}}
Oct 04 05:24:21.211050 dv-cinder-849143-10-iscsi devstack@keystone.service[81480]: DEBUG dbcounter [-] [81480] Writing DB stats keystone:SELECT=100 {{(pid=81480) stat_writer /usr/local/lib/python3.8/dist-packages/dbcounter.py:114}}
Oct 04 05:24:21.224989 dv-cinder-849143-10-iscsi devstack@keystone.service[81481]: [pid: 81481|app: 0|req: 193/393] 10.222.0.26 () {58 vars in 1442 bytes} [Tue Oct 4 05:24:20 2022] PUT /identity/v3/projects/a0d3c9e097bf4d3ea90c631eadb9d0d9/groups/4129d7a0f3ae4e28940f41fd1c1a8776/roles/1e04fdc0cc334fd7a733a1490a194e37 => generated 0 bytes in 344 msecs (HTTP/1.1 204) 3 headers in 132 bytes (1 switches on core 0)
Oct 04 05:24:21.296397 dv-cinder-849143-10-iscsi devstack@keystone.service[81480]: DEBUG keystone.server.flask.request_processing.middleware.auth_context [None req-cba2f261-c06c-4324-89f2-e7f33f4154ba None admin] Validating token access rules against request {{(pid=81480) validate_allowed_request /usr/local/lib/python3.8/dist-packages/keystonemiddleware/auth_token/__init__.py:545}}
Oct 04 05:24:21.334640 dv-cinder-849143-10-iscsi devstack@keystone.service[81480]: DEBUG keystone.server.flask.request_processing.middleware.auth_context [None req-1998e1bc-175f-4014-9548-a1ea8c177169 None admin] RBAC: auth_context: {'token': , 'domain_id': None, 'trust_id': None, 'trustor_id': None, 'trustee_id': None, 'domain_name': None, 'group_ids': [], 'user_id': '4444aa1a4685411fad68fe8a8f2d8f11', 'user_domain_id': 'default', 'system_scope': 'all', 'project_id': None, 'project_domain_id': None, 'roles': ['admin', 'member', 'reader'], 'is_admin_project': True, 'service_user_id': None, 'service_user_domain_id': None, 'service_project_id': None, 'service_project_domain_id': None, 'service_roles': []} {{(pid=81480) fill_context /opt/stack/keystone/keystone/server/flask/request_processing/middleware/auth_context.py:478}}
Oct 04 05:24:21.335314 dv-cinder-849143-10-iscsi devstack@keystone.service[81480]: DEBUG keystone.server.flask.request_processing.req_logging [None req-1998e1bc-175f-4014-9548-a1ea8c177169 None admin] REQUEST_METHOD: `PUT` {{(pid=81480) log_request_info /opt/stack/keystone/keystone/server/flask/request_processing/req_logging.py:27}}
Oct 04 05:24:21.335595 dv-cinder-849143-10-iscsi devstack@keystone.service[81480]: DEBUG keystone.server.flask.request_processing.req_logging [None req-1998e1bc-175f-4014-9548-a1ea8c177169 None admin] SCRIPT_NAME: `/identity` {{(pid=81480) log_request_info /opt/stack/keystone/keystone/server/flask/request_processing/req_logging.py:28}}
Oct 04 05:24:21.335868 dv-cinder-849143-10-iscsi devstack@keystone.service[81480]: DEBUG keystone.server.flask.request_processing.req_logging [None req-1998e1bc-175f-4014-9548-a1ea8c177169 None admin] PATH_INFO: `/v3/projects/a0d3c9e097bf4d3ea90c631eadb9d0d9/groups/4129d7a0f3ae4e28940f41fd1c1a8776/roles/cae161e9c1b64656924448dd784ed4d1` {{(pid=81480) log_request_info /opt/stack/keystone/keystone/server/flask/request_processing/req_logging.py:29}}
Oct 04 05:24:21.338114 dv-cinder-849143-10-iscsi devstack@keystone.service[81480]: DEBUG keystone.common.rbac_enforcer.enforcer [None req-1998e1bc-175f-4014-9548-a1ea8c177169 None admin] RBAC: Authorizing `identity:create_grant(project_id=a0d3c9e097bf4d3ea90c631eadb9d0d9, group_id=4129d7a0f3ae4e28940f41fd1c1a8776, role_id=cae161e9c1b64656924448dd784ed4d1)` {{(pid=81480) enforce_call /opt/stack/keystone/keystone/common/rbac_enforcer/enforcer.py:449}}
Oct 04 05:24:21.339614 dv-cinder-849143-10-iscsi devstack@keystone.service[81480]: DEBUG keystone.common.rbac_enforcer.enforcer [None req-1998e1bc-175f-4014-9548-a1ea8c177169 None admin] RBAC: Authorization granted {{(pid=81480) enforce_call /opt/stack/keystone/keystone/common/rbac_enforcer/enforcer.py:457}}
Oct 04 05:24:21.427932 dv-cinder-849143-10-iscsi devstack@keystone.service[81480]: [pid: 81480|app: 0|req: 201/394] 10.222.0.26 () {58 vars in 1442 bytes} [Tue Oct 4 05:24:21 2022] PUT /identity/v3/projects/a0d3c9e097bf4d3ea90c631eadb9d0d9/groups/4129d7a0f3ae4e28940f41fd1c1a8776/roles/cae161e9c1b64656924448dd784ed4d1 => generated 0 bytes in 246 msecs (HTTP/1.1 204) 3 headers in 132 bytes (1 switches on core 0)
Oct 04 05:24:21.899795 dv-cinder-849143-10-iscsi devstack@keystone.service[81481]: DEBUG keystone.server.flask.request_processing.req_logging [None req-d99548b7-d5e6-4c16-a551-6b6d064a8edb None None] REQUEST_METHOD: `GET` {{(pid=81481) log_request_info /opt/stack/keystone/keystone/server/flask/request_processing/req_logging.py:27}}
Oct 04 05:24:21.900231 dv-cinder-849143-10-iscsi devstack@keystone.service[81481]: DEBUG keystone.server.flask.request_processing.req_logging [None req-d99548b7-d5e6-4c16-a551-6b6d064a8edb None None] SCRIPT_NAME: `/identity` {{(pid=81481) log_request_info /opt/stack/keystone/keystone/server/flask/request_processing/req_logging.py:28}}
Oct 04 05:24:21.900422 dv-cinder-849143-10-iscsi devstack@keystone.service[81481]: DEBUG keystone.server.flask.request_processing.req_logging [None req-d99548b7-d5e6-4c16-a551-6b6d064a8edb None None] PATH_INFO: `/` {{(pid=81481) log_request_info /opt/stack/keystone/keystone/server/flask/request_processing/req_logging.py:29}}
Oct 04 05:24:21.902107 dv-cinder-849143-10-iscsi devstack@keystone.service[81481]: [pid: 81481|app: 0|req: 194/395] 10.222.0.26 () {54 vars in 927 bytes} [Tue Oct 4 05:24:21 2022] GET /identity => generated 270 bytes in 3 msecs (HTTP/1.1 300) 6 headers in 234 bytes (1 switches on core 0)
Oct 04 05:24:21.907582 dv-cinder-849143-10-iscsi devstack@keystone.service[81480]: DEBUG keystone.server.flask.request_processing.req_logging [None req-505e3d2c-b41b-4fdb-979d-a77f8687fb6c None None] REQUEST_METHOD: `POST` {{(pid=81480) log_request_info /opt/stack/keystone/keystone/server/flask/request_processing/req_logging.py:27}}
Oct 04 05:24:21.908014 dv-cinder-849143-10-iscsi devstack@keystone.service[81480]: DEBUG keystone.server.flask.request_processing.req_logging [None req-505e3d2c-b41b-4fdb-979d-a77f8687fb6c None None] SCRIPT_NAME: `/identity` {{(pid=81480) log_request_info /opt/stack/keystone/keystone/server/flask/request_processing/req_logging.py:28}}
Oct 04 05:24:21.908205 dv-cinder-849143-10-iscsi devstack@keystone.service[81480]: DEBUG keystone.server.flask.request_processing.req_logging [None req-505e3d2c-b41b-4fdb-979d-a77f8687fb6c None None] PATH_INFO: `/v3/auth/tokens` {{(pid=81480) log_request_info /opt/stack/keystone/keystone/server/flask/request_processing/req_logging.py:29}}
Oct 04 05:24:21.928835 dv-cinder-849143-10-iscsi devstack@keystone.service[81480]: DEBUG keystone.auth.core [None req-505e3d2c-b41b-4fdb-979d-a77f8687fb6c None None] MFA Rules not processed for user `4444aa1a4685411fad68fe8a8f2d8f11`. Rule list: `[]` (Enabled: `True`). {{(pid=81480) check_auth_methods_against_rules /opt/stack/keystone/keystone/auth/core.py:438}}
Oct 04 05:24:21.930174 dv-cinder-849143-10-iscsi devstack@keystone.service[81480]: DEBUG keystone.common.fernet_utils [None req-505e3d2c-b41b-4fdb-979d-a77f8687fb6c None None] Loaded 2 Fernet keys from /etc/keystone/fernet-keys/, but `[fernet_tokens] max_active_keys = 3`; perhaps there have not been enough key rotations to reach `max_active_keys` yet? {{(pid=81480) load_keys /opt/stack/keystone/keystone/common/fernet_utils.py:286}}
Oct 04 05:24:22.015833 dv-cinder-849143-10-iscsi devstack@keystone.service[81480]: [pid: 81480|app: 0|req: 202/396] 10.222.0.26 () {58 vars in 1024 bytes} [Tue Oct 4 05:24:21 2022] POST /identity/v3/auth/tokens => generated 799 bytes in 109 msecs (HTTP/1.1 201) 6 headers in 363 bytes (1 switches on core 0)
Oct 04 05:24:22.366443 dv-cinder-849143-10-iscsi devstack@keystone.service[81481]: DEBUG keystone.server.flask.request_processing.middleware.auth_context [None req-d99548b7-d5e6-4c16-a551-6b6d064a8edb None None] Authenticating user token {{(pid=81481) process_request /usr/local/lib/python3.8/dist-packages/keystonemiddleware/auth_token/__init__.py:407}}
Oct 04 05:24:22.397143 dv-cinder-849143-10-iscsi devstack@keystone.service[81481]: DEBUG dbcounter [-] [81481] Writing DB stats keystone:SELECT=99,keystone:INSERT=1 {{(pid=81481) stat_writer /usr/local/lib/python3.8/dist-packages/dbcounter.py:114}}
Oct 04 05:24:22.498427 dv-cinder-849143-10-iscsi devstack@keystone.service[81481]: DEBUG keystone.server.flask.request_processing.middleware.auth_context [None req-d99548b7-d5e6-4c16-a551-6b6d064a8edb None None] Validating token access rules against request {{(pid=81481) validate_allowed_request /usr/local/lib/python3.8/dist-packages/keystonemiddleware/auth_token/__init__.py:545}}
Oct 04 05:24:22.540451 dv-cinder-849143-10-iscsi devstack@keystone.service[81481]: DEBUG keystone.server.flask.request_processing.middleware.auth_context [None req-a9e917b5-f15a-4886-ab22-429df5788e6e None admin] RBAC: auth_context: {'token': , 'domain_id': None, 'trust_id': None, 'trustor_id': None, 'trustee_id': None, 'domain_name': None, 'group_ids': [], 'user_id': '4444aa1a4685411fad68fe8a8f2d8f11', 'user_domain_id': 'default', 'system_scope': 'all', 'project_id': None, 'project_domain_id': None, 'roles': ['admin', 'member', 'reader'], 'is_admin_project': True, 'service_user_id': None, 'service_user_domain_id': None, 'service_project_id': None, 'service_project_domain_id': None, 'service_roles': []} {{(pid=81481) fill_context /opt/stack/keystone/keystone/server/flask/request_processing/middleware/auth_context.py:478}}
Oct 04 05:24:22.541096 dv-cinder-849143-10-iscsi devstack@keystone.service[81481]: DEBUG keystone.server.flask.request_processing.req_logging [None req-a9e917b5-f15a-4886-ab22-429df5788e6e None admin] REQUEST_METHOD: `GET` {{(pid=81481) log_request_info /opt/stack/keystone/keystone/server/flask/request_processing/req_logging.py:27}}
Oct 04 05:24:22.541375 dv-cinder-849143-10-iscsi devstack@keystone.service[81481]: DEBUG keystone.server.flask.request_processing.req_logging [None req-a9e917b5-f15a-4886-ab22-429df5788e6e None admin] SCRIPT_NAME: `/identity` {{(pid=81481) log_request_info /opt/stack/keystone/keystone/server/flask/request_processing/req_logging.py:28}}
Oct 04 05:24:22.541644 dv-cinder-849143-10-iscsi devstack@keystone.service[81481]: DEBUG keystone.server.flask.request_processing.req_logging [None req-a9e917b5-f15a-4886-ab22-429df5788e6e None admin] PATH_INFO: `/v3/roles/member` {{(pid=81481) log_request_info /opt/stack/keystone/keystone/server/flask/request_processing/req_logging.py:29}}
Oct 04 05:24:22.555669 dv-cinder-849143-10-iscsi devstack@keystone.service[81481]: DEBUG keystone.common.rbac_enforcer.enforcer [None req-a9e917b5-f15a-4886-ab22-429df5788e6e None admin] Extracting inferred target data resulted in "NOT FOUND (404)". {{(pid=81481) enforce_call /opt/stack/keystone/keystone/common/rbac_enforcer/enforcer.py:409}}
Oct 04 05:24:22.560601 dv-cinder-849143-10-iscsi devstack@keystone.service[81481]: ERROR keystone.server.flask.application [None req-a9e917b5-f15a-4886-ab22-429df5788e6e None admin] Could not find role: member.: keystone.exception.RoleNotFound: Could not find role: member.
Oct 04 05:24:22.560601 dv-cinder-849143-10-iscsi devstack@keystone.service[81481]: ERROR keystone.server.flask.application
Traceback (most recent call last):
Oct 04 05:24:22.560601 dv-cinder-849143-10-iscsi devstack@keystone.service[81481]: ERROR keystone.server.flask.application
File "/usr/local/lib/python3.8/dist-packages/flask/app.py", line 1820, in full_dispatch_request
Oct 04 05:24:22.560601 dv-cinder-849143-10-iscsi devstack@keystone.service[81481]: ERROR keystone.server.flask.application rv = self.dispatch_request()
Oct 04 05:24:22.560601 dv-cinder-849143-10-iscsi devstack@keystone.service[81481]: ERROR keystone.server.flask.application
File "/usr/local/lib/python3.8/dist-packages/flask/app.py", line 1796, in dispatch_request
Oct 04 05:24:22.560601 dv-cinder-849143-10-iscsi devstack@keystone.service[81481]: ERROR keystone.server.flask.application return self.ensure_sync(self.view_functions[rule.endpoint])(**view_args)
Oct 04 05:24:22.560601 dv-cinder-849143-10-iscsi devstack@keystone.service[81481]: ERROR keystone.server.flask.application
File "/usr/local/lib/python3.8/dist-packages/flask_restful/__init__.py", line 467, in wrapper
Oct 04 05:24:22.560601 dv-cinder-849143-10-iscsi devstack@keystone.service[81481]: ERROR keystone.server.flask.application resp = resource(*args, **kwargs)
Oct 04 05:24:22.560601 dv-cinder-849143-10-iscsi devstack@keystone.service[81481]: ERROR keystone.server.flask.application
File "/usr/local/lib/python3.8/dist-packages/flask/views.py", line 107, in view
Oct 04 05:24:22.560601 dv-cinder-849143-10-iscsi devstack@keystone.service[81481]: ERROR keystone.server.flask.application return current_app.ensure_sync(self.dispatch_request)(**kwargs)
Oct 04 05:24:22.560601 dv-cinder-849143-10-iscsi devstack@keystone.service[81481]: ERROR keystone.server.flask.application
File "/usr/local/lib/python3.8/dist-packages/flask_restful/__init__.py", line 582, in dispatch_request
Oct 04 05:24:22.560601 dv-cinder-849143-10-iscsi devstack@keystone.service[81481]: ERROR keystone.server.flask.application resp = meth(*args, **kwargs)
Oct 04 05:24:22.560601 dv-cinder-849143-10-iscsi devstack@keystone.service[81481]: ERROR keystone.server.flask.application
File "/opt/stack/keystone/keystone/api/roles.py", line 50, in get
Oct 04 05:24:22.560601 dv-cinder-849143-10-iscsi devstack@keystone.service[81481]: ERROR keystone.server.flask.application return self._get_role(role_id)
Oct 04 05:24:22.560601 dv-cinder-849143-10-iscsi devstack@keystone.service[81481]: ERROR keystone.server.flask.application
File "/opt/stack/keystone/keystone/api/roles.py", line 70, in _get_role
Oct 04 05:24:22.560601 dv-cinder-849143-10-iscsi devstack@keystone.service[81481]: ERROR keystone.server.flask.application ENFORCER.enforce_call(action='identity:get_role')
Oct 04 05:24:22.561534 dv-cinder-849143-10-iscsi devstack@keystone.service[81481]: ERROR keystone.server.flask.application
File "/opt/stack/keystone/keystone/common/rbac_enforcer/enforcer.py", line 402, in enforce_call
Oct 04 05:24:22.561534 dv-cinder-849143-10-iscsi devstack@keystone.service[81481]: ERROR keystone.server.flask.application policy_dict.update(cls._extract_member_target_data(
Oct 04 05:24:22.561534 dv-cinder-849143-10-iscsi devstack@keystone.service[81481]: ERROR keystone.server.flask.application
File "/opt/stack/keystone/keystone/common/rbac_enforcer/enforcer.py", line 234, in _extract_member_target_data
Oct 04 05:24:22.561534 dv-cinder-849143-10-iscsi devstack@keystone.service[81481]: ERROR keystone.server.flask.application member_name: func(flask.request.view_args[key])
Oct 04 05:24:22.561534 dv-cinder-849143-10-iscsi devstack@keystone.service[81481]: ERROR keystone.server.flask.application
File "/opt/stack/keystone/keystone/common/manager.py", line 115, in wrapped
Oct 04 05:24:22.561534 dv-cinder-849143-10-iscsi devstack@keystone.service[81481]: ERROR keystone.server.flask.application __ret_val = __f(*args, **kwargs)
Oct 04 05:24:22.561534 dv-cinder-849143-10-iscsi devstack@keystone.service[81481]: ERROR keystone.server.flask.application
File "/usr/local/lib/python3.8/dist-packages/decorator.py", line 232, in fun
Oct 04 05:24:22.561534 dv-cinder-849143-10-iscsi devstack@keystone.service[81481]: ERROR keystone.server.flask.application return caller(func, *(extras + args), **kw)
Oct 04 05:24:22.561534 dv-cinder-849143-10-iscsi devstack@keystone.service[81481]: ERROR keystone.server.flask.application
File "/usr/local/lib/python3.8/dist-packages/dogpile/cache/region.py", line 1577, in get_or_create_for_user_func
Oct 04 05:24:22.561534 dv-cinder-849143-10-iscsi devstack@keystone.service[81481]: ERROR keystone.server.flask.application return self.get_or_create(
Oct 04 05:24:22.561534 dv-cinder-849143-10-iscsi devstack@keystone.service[81481]: ERROR keystone.server.flask.application
File "/usr/local/lib/python3.8/dist-packages/dogpile/cache/region.py", line 1042, in get_or_create
Oct 04 05:24:22.561534 dv-cinder-849143-10-iscsi devstack@keystone.service[81481]: ERROR keystone.server.flask.application with Lock(
Oct 04 05:24:22.561534 dv-cinder-849143-10-iscsi devstack@keystone.service[81481]: ERROR keystone.server.flask.application
File "/usr/local/lib/python3.8/dist-packages/dogpile/lock.py", line 185, in __enter__
Oct 04 05:24:22.561534 dv-cinder-849143-10-iscsi devstack@keystone.service[81481]: ERROR keystone.server.flask.application return self._enter()
Oct 04 05:24:22.561534 dv-cinder-849143-10-iscsi devstack@keystone.service[81481]: ERROR keystone.server.flask.application
File "/usr/local/lib/python3.8/dist-packages/dogpile/lock.py", line 94, in _enter
Oct 04 05:24:22.561534 dv-cinder-849143-10-iscsi devstack@keystone.service[81481]: ERROR keystone.server.flask.application generated = self._enter_create(value, createdtime)
Oct 04 05:24:22.562401 dv-cinder-849143-10-iscsi devstack@keystone.service[81481]: ERROR keystone.server.flask.application
File "/usr/local/lib/python3.8/dist-packages/dogpile/lock.py", line 178, in _enter_create
Oct 04 05:24:22.562401 dv-cinder-849143-10-iscsi devstack@keystone.service[81481]: ERROR keystone.server.flask.application return self.creator()
Oct 04 05:24:22.562401 dv-cinder-849143-10-iscsi devstack@keystone.service[81481]: ERROR keystone.server.flask.application
File "/usr/local/lib/python3.8/dist-packages/dogpile/cache/region.py", line 995, in gen_value
Oct 04 05:24:22.562401 dv-cinder-849143-10-iscsi devstack@keystone.service[81481]: ERROR keystone.server.flask.application created_value = creator(
Oct 04 05:24:22.562401 dv-cinder-849143-10-iscsi devstack@keystone.service[81481]: ERROR keystone.server.flask.application
File "/opt/stack/keystone/keystone/assignment/core.py", line 1276, in get_role
Oct 04 05:24:22.562401 dv-cinder-849143-10-iscsi devstack@keystone.service[81481]: ERROR keystone.server.flask.application return self.driver.get_role(role_id)
Oct 04 05:24:22.562401 dv-cinder-849143-10-iscsi devstack@keystone.service[81481]: ERROR keystone.server.flask.application
File "/opt/stack/keystone/keystone/assignment/role_backends/sql.py", line 70, in get_role
Oct 04 05:24:22.562401 dv-cinder-849143-10-iscsi devstack@keystone.service[81481]: ERROR keystone.server.flask.application return self._get_role(session, role_id).to_dict()
Oct 04 05:24:22.562401 dv-cinder-849143-10-iscsi devstack@keystone.service[81481]: ERROR keystone.server.flask.application
File "/opt/stack/keystone/keystone/assignment/role_backends/sql.py", line 65, in _get_role
Oct 04 05:24:22.562401 dv-cinder-849143-10-iscsi devstack@keystone.service[81481]: ERROR keystone.server.flask.application raise exception.RoleNotFound(role_id=role_id)
Oct 04 05:24:22.562401 dv-cinder-849143-10-iscsi devstack@keystone.service[81481]: ERROR keystone.server.flask.application keystone.exception.RoleNotFound: Could not find role: member.
Oct 04 05:24:22.562401 dv-cinder-849143-10-iscsi devstack@keystone.service[81481]: ERROR keystone.server.flask.application
Oct 04 05:24:22.563043 dv-cinder-849143-10-iscsi devstack@keystone.service[81481]: [pid: 81481|app: 0|req: 195/397] 10.222.0.26 () {56 vars in 1099 bytes} [Tue Oct 4 05:24:22 2022] GET /identity/v3/roles/member => generated 84 bytes in 196 msecs (HTTP/1.1 404) 5 headers in 183 bytes (1 switches on core 0)
Oct 04 05:24:22.568761 dv-cinder-849143-10-iscsi devstack@keystone.service[81480]: DEBUG keystone.server.flask.request_processing.middleware.auth_context [None req-505e3d2c-b41b-4fdb-979d-a77f8687fb6c None None] Authenticating user token {{(pid=81480) process_request /usr/local/lib/python3.8/dist-packages/keystonemiddleware/auth_token/__init__.py:407}}
Oct 04 05:24:22.584567 dv-cinder-849143-10-iscsi devstack@keystone.service[81480]: DEBUG dbcounter [-] [81480] Writing DB stats keystone:SELECT=99,keystone:INSERT=1 {{(pid=81480) stat_writer /usr/local/lib/python3.8/dist-packages/dbcounter.py:114}}
Oct 04 05:24:22.597904 dv-cinder-849143-10-iscsi devstack@keystone.service[81481]: DEBUG keystone.server.flask.request_processing.req_logging [None req-c42a4bd5-2dbe-4af5-97c2-7477de964177 None None] REQUEST_METHOD: `GET` {{(pid=81481) log_request_info /opt/stack/keystone/keystone/server/flask/request_processing/req_logging.py:27}}
Oct 04 05:24:22.598264 dv-cinder-849143-10-iscsi devstack@keystone.service[81481]: DEBUG keystone.server.flask.request_processing.req_logging [None req-c42a4bd5-2dbe-4af5-97c2-7477de964177 None None] SCRIPT_NAME: `/identity` {{(pid=81481) log_request_info /opt/stack/keystone/keystone/server/flask/request_processing/req_logging.py:28}}
Oct 04 05:24:22.598479 dv-cinder-849143-10-iscsi devstack@keystone.service[81481]: DEBUG keystone.server.flask.request_processing.req_logging [None req-c42a4bd5-2dbe-4af5-97c2-7477de964177 None None] PATH_INFO: `/` {{(pid=81481) log_request_info /opt/stack/keystone/keystone/server/flask/request_processing/req_logging.py:29}}
Oct 04 05:24:22.599832 dv-cinder-849143-10-iscsi devstack@keystone.service[81481]: [pid: 81481|app: 0|req: 196/398] 10.222.0.26 () {54 vars in 927 bytes} [Tue Oct 4 05:24:22 2022] GET /identity => generated 270 bytes in 4 msecs (HTTP/1.1 300) 6 headers in 234 bytes (2 switches on core 0)
Oct 04 05:24:22.607010 dv-cinder-849143-10-iscsi devstack@keystone.service[81481]: DEBUG keystone.server.flask.request_processing.req_logging [None req-d5c98ae9-54dd-49d8-a0e3-7c5d17ed3317 None None] REQUEST_METHOD: `POST` {{(pid=81481) log_request_info /opt/stack/keystone/keystone/server/flask/request_processing/req_logging.py:27}}
Oct 04 05:24:22.607756 dv-cinder-849143-10-iscsi devstack@keystone.service[81481]: DEBUG keystone.server.flask.request_processing.req_logging [None req-d5c98ae9-54dd-49d8-a0e3-7c5d17ed3317 None None] SCRIPT_NAME: `/identity` {{(pid=81481) log_request_info /opt/stack/keystone/keystone/server/flask/request_processing/req_logging.py:28}}
Oct 04 05:24:22.608206 dv-cinder-849143-10-iscsi devstack@keystone.service[81481]: DEBUG keystone.server.flask.request_processing.req_logging [None req-d5c98ae9-54dd-49d8-a0e3-7c5d17ed3317 None None] PATH_INFO: `/v3/auth/tokens` {{(pid=81481) log_request_info /opt/stack/keystone/keystone/server/flask/request_processing/req_logging.py:29}}
Oct 04 05:24:22.631196 dv-cinder-849143-10-iscsi devstack@keystone.service[81481]: DEBUG keystone.auth.core [None req-d5c98ae9-54dd-49d8-a0e3-7c5d17ed3317 None None] MFA Rules not processed for user `4444aa1a4685411fad68fe8a8f2d8f11`. Rule list: `[]` (Enabled: `True`). {{(pid=81481) check_auth_methods_against_rules /opt/stack/keystone/keystone/auth/core.py:438}}
Oct 04 05:24:22.632709 dv-cinder-849143-10-iscsi devstack@keystone.service[81481]: DEBUG keystone.common.fernet_utils [None req-d5c98ae9-54dd-49d8-a0e3-7c5d17ed3317 None None] Loaded 2 Fernet keys from /etc/keystone/fernet-keys/, but `[fernet_tokens] max_active_keys = 3`; perhaps there have not been enough key rotations to reach `max_active_keys` yet? {{(pid=81481) load_keys /opt/stack/keystone/keystone/common/fernet_utils.py:286}}
Oct 04 05:24:22.694699 dv-cinder-849143-10-iscsi devstack@keystone.service[81480]: DEBUG keystone.server.flask.request_processing.middleware.auth_context [None req-505e3d2c-b41b-4fdb-979d-a77f8687fb6c None None] Validating token access rules against request {{(pid=81480) validate_allowed_request /usr/local/lib/python3.8/dist-packages/keystonemiddleware/auth_token/__init__.py:545}}
Oct 04 05:24:22.728513 dv-cinder-849143-10-iscsi devstack@keystone.service[81481]: [pid: 81481|app: 0|req: 197/399] 10.222.0.26 () {58 vars in 1024 bytes} [Tue Oct 4 05:24:22 2022] POST /identity/v3/auth/tokens => generated 799 bytes in 123 msecs (HTTP/1.1 201) 6 headers in 363 bytes (2 switches on core 0)
Oct 04 05:24:22.730739 dv-cinder-849143-10-iscsi devstack@keystone.service[81481]: DEBUG keystone.server.flask.request_processing.req_logging [None req-2b843aa7-657a-431b-a2e1-46d620ba533f None None] REQUEST_METHOD: `GET` {{(pid=81481) log_request_info /opt/stack/keystone/keystone/server/flask/request_processing/req_logging.py:27}}
