Jul 19 15:32:01.103330 dv-cinder-849022-3-smb devstack@keystone.service[86872]: DEBUG dbcounter [-] [86872] Writing DB stats keystone:SELECT=100 {{(pid=86872) stat_writer /usr/local/lib/python3.8/dist-packages/dbcounter.py:114}}
Jul 19 15:32:01.121524 dv-cinder-849022-3-smb devstack@keystone.service[86872]: DEBUG keystone.server.flask.request_processing.middleware.auth_context [None req-82c521a2-c63a-4feb-bb07-6709f4344dc2 None admin] Validating token access rules against request {{(pid=86872) validate_allowed_request /usr/local/lib/python3.8/dist-packages/keystonemiddleware/auth_token/__init__.py:545}}
Jul 19 15:32:01.154925 dv-cinder-849022-3-smb devstack@keystone.service[86871]: DEBUG keystone.common.rbac_enforcer.enforcer [None req-dd0f22b7-71de-4f17-aa07-3f02d2cd0425 None admin] RBAC: Authorizing `identity:validate_token()` {{(pid=86871) enforce_call /opt/stack/keystone/keystone/common/rbac_enforcer/enforcer.py:449}}
Jul 19 15:32:01.155739 dv-cinder-849022-3-smb devstack@keystone.service[86872]: DEBUG keystone.server.flask.request_processing.middleware.auth_context [None req-966a30c8-8e4f-4f0a-b30f-d6994df960a9 None admin] RBAC: auth_context: {'token': , 'domain_id': None, 'trust_id': None, 'trustor_id': None, 'trustee_id': None, 'domain_name': None, 'group_ids': [], 'user_id': '2de303db4db94b0b916a461fb7ac1cb1', 'user_domain_id': 'default', 'system_scope': 'all', 'project_id': None, 'project_domain_id': None, 'roles': ['admin', 'member', 'reader'], 'is_admin_project': True, 'service_user_id': None, 'service_user_domain_id': None, 'service_project_id': None, 'service_project_domain_id': None, 'service_roles': []} {{(pid=86872) fill_context /opt/stack/keystone/keystone/server/flask/request_processing/middleware/auth_context.py:478}}
Jul 19 15:32:01.156419 dv-cinder-849022-3-smb devstack@keystone.service[86872]: DEBUG keystone.server.flask.request_processing.req_logging [None req-966a30c8-8e4f-4f0a-b30f-d6994df960a9 None admin] REQUEST_METHOD: `GET` {{(pid=86872) log_request_info /opt/stack/keystone/keystone/server/flask/request_processing/req_logging.py:27}}
Jul 19 15:32:01.156519 dv-cinder-849022-3-smb devstack@keystone.service[86871]: DEBUG keystone.common.rbac_enforcer.enforcer [None req-dd0f22b7-71de-4f17-aa07-3f02d2cd0425 None admin] RBAC: Authorization granted {{(pid=86871) enforce_call /opt/stack/keystone/keystone/common/rbac_enforcer/enforcer.py:457}}
Jul 19 15:32:01.156705 dv-cinder-849022-3-smb devstack@keystone.service[86872]: DEBUG keystone.server.flask.request_processing.req_logging [None req-966a30c8-8e4f-4f0a-b30f-d6994df960a9 None admin] SCRIPT_NAME: `/identity` {{(pid=86872) log_request_info /opt/stack/keystone/keystone/server/flask/request_processing/req_logging.py:28}}
Jul 19 15:32:01.156985 dv-cinder-849022-3-smb devstack@keystone.service[86872]: DEBUG keystone.server.flask.request_processing.req_logging [None req-966a30c8-8e4f-4f0a-b30f-d6994df960a9 None admin] PATH_INFO: `/v3/roles` {{(pid=86872) log_request_info /opt/stack/keystone/keystone/server/flask/request_processing/req_logging.py:29}}
Jul 19 15:32:01.157745 dv-cinder-849022-3-smb devstack@keystone.service[86872]: DEBUG keystone.common.rbac_enforcer.enforcer [None req-966a30c8-8e4f-4f0a-b30f-d6994df960a9 None admin] RBAC: Adding query filter params (name=admin) {{(pid=86872) _extract_filter_values /opt/stack/keystone/keystone/common/rbac_enforcer/enforcer.py:167}}
Jul 19 15:32:01.158054 dv-cinder-849022-3-smb devstack@keystone.service[86872]: DEBUG keystone.common.rbac_enforcer.enforcer [None req-966a30c8-8e4f-4f0a-b30f-d6994df960a9 None admin] RBAC: Authorizing `identity:list_roles()` {{(pid=86872) enforce_call /opt/stack/keystone/keystone/common/rbac_enforcer/enforcer.py:449}}
Jul 19 15:32:01.159480 dv-cinder-849022-3-smb devstack@keystone.service[86872]: DEBUG keystone.common.rbac_enforcer.enforcer [None req-966a30c8-8e4f-4f0a-b30f-d6994df960a9 None admin] RBAC: Authorization granted {{(pid=86872) enforce_call /opt/stack/keystone/keystone/common/rbac_enforcer/enforcer.py:457}}
Jul 19 15:32:01.171435 dv-cinder-849022-3-smb devstack@keystone.service[86872]: [pid: 86872|app: 0|req: 7/15] 10.222.0.66 () {56 vars in 1099 bytes} [Tue Jul 19 15:32:01 2022] GET /identity/v3/roles?name=admin => generated 339 bytes in 153 msecs (HTTP/1.1 200) 5 headers in 177 bytes (1 switches on core 0)
Jul 19 15:32:01.176989 dv-cinder-849022-3-smb devstack@keystone.service[86872]: DEBUG keystone.server.flask.request_processing.middleware.auth_context [None req-966a30c8-8e4f-4f0a-b30f-d6994df960a9 None admin] Authenticating user token {{(pid=86872) process_request /usr/local/lib/python3.8/dist-packages/keystonemiddleware/auth_token/__init__.py:407}}
Jul 19 15:32:01.254465 dv-cinder-849022-3-smb devstack@keystone.service[86871]: [pid: 86871|app: 0|req: 9/16] 10.222.0.66 () {58 vars in 1282 bytes} [Tue Jul 19 15:32:00 2022] GET /identity/v3/auth/tokens => generated 799 bytes in 310 msecs (HTTP/1.1 200) 6 headers in 358 bytes (2 switches on core 0)
Jul 19 15:32:01.260642 dv-cinder-849022-3-smb devstack@keystone.service[86871]: DEBUG keystone.server.flask.request_processing.middleware.auth_context [None req-dd0f22b7-71de-4f17-aa07-3f02d2cd0425 None admin] Authenticating user token {{(pid=86871) process_request /usr/local/lib/python3.8/dist-packages/keystonemiddleware/auth_token/__init__.py:407}}
Jul 19 15:32:01.263394 dv-cinder-849022-3-smb devstack@keystone.service[86871]: DEBUG dbcounter [-] [86871] Writing DB stats keystone:SELECT=100 {{(pid=86871) stat_writer /usr/local/lib/python3.8/dist-packages/dbcounter.py:114}}
Jul 19 15:32:01.276632 dv-cinder-849022-3-smb devstack@keystone.service[86872]: DEBUG keystone.server.flask.request_processing.middleware.auth_context [None req-966a30c8-8e4f-4f0a-b30f-d6994df960a9 None admin] Validating token access rules against request {{(pid=86872) validate_allowed_request /usr/local/lib/python3.8/dist-packages/keystonemiddleware/auth_token/__init__.py:545}}
Jul 19 15:32:01.311809 dv-cinder-849022-3-smb devstack@keystone.service[86872]: DEBUG keystone.server.flask.request_processing.middleware.auth_context [None req-6a1d652d-630c-4c22-aae4-8d087b453fb4 None admin] RBAC: auth_context: {'token': , 'domain_id': None, 'trust_id': None, 'trustor_id': None, 'trustee_id': None, 'domain_name': None, 'group_ids': [], 'user_id': '2de303db4db94b0b916a461fb7ac1cb1', 'user_domain_id': 'default', 'system_scope': 'all', 'project_id': None, 'project_domain_id': None, 'roles': ['admin', 'member', 'reader'], 'is_admin_project': True, 'service_user_id': None, 'service_user_domain_id': None, 'service_project_id': None, 'service_project_domain_id': None, 'service_roles': []} {{(pid=86872) fill_context /opt/stack/keystone/keystone/server/flask/request_processing/middleware/auth_context.py:478}}
Jul 19 15:32:01.312693 dv-cinder-849022-3-smb devstack@keystone.service[86872]: DEBUG keystone.server.flask.request_processing.req_logging [None req-6a1d652d-630c-4c22-aae4-8d087b453fb4 None admin] REQUEST_METHOD: `GET` {{(pid=86872) log_request_info /opt/stack/keystone/keystone/server/flask/request_processing/req_logging.py:27}}
Jul 19 15:32:01.312977 dv-cinder-849022-3-smb devstack@keystone.service[86872]: DEBUG keystone.server.flask.request_processing.req_logging [None req-6a1d652d-630c-4c22-aae4-8d087b453fb4 None admin] SCRIPT_NAME: `/identity` {{(pid=86872) log_request_info /opt/stack/keystone/keystone/server/flask/request_processing/req_logging.py:28}}
Jul 19 15:32:01.313248 dv-cinder-849022-3-smb devstack@keystone.service[86872]: DEBUG keystone.server.flask.request_processing.req_logging [None req-6a1d652d-630c-4c22-aae4-8d087b453fb4 None admin] PATH_INFO: `/v3/users/2de303db4db94b0b916a461fb7ac1cb1` {{(pid=86872) log_request_info /opt/stack/keystone/keystone/server/flask/request_processing/req_logging.py:29}}
Jul 19 15:32:01.314489 dv-cinder-849022-3-smb devstack@keystone.service[86872]: DEBUG keystone.common.rbac_enforcer.enforcer [None req-6a1d652d-630c-4c22-aae4-8d087b453fb4 None admin] RBAC: Authorizing `identity:get_user(user_id=2de303db4db94b0b916a461fb7ac1cb1)` {{(pid=86872) enforce_call /opt/stack/keystone/keystone/common/rbac_enforcer/enforcer.py:449}}
Jul 19 15:32:01.316034 dv-cinder-849022-3-smb devstack@keystone.service[86872]: DEBUG keystone.common.rbac_enforcer.enforcer [None req-6a1d652d-630c-4c22-aae4-8d087b453fb4 None admin] RBAC: Authorization granted {{(pid=86872) enforce_call /opt/stack/keystone/keystone/common/rbac_enforcer/enforcer.py:457}}
Jul 19 15:32:01.322056 dv-cinder-849022-3-smb devstack@keystone.service[86872]: [pid: 86872|app: 0|req: 8/17] 10.222.0.66 () {56 vars in 1177 bytes} [Tue Jul 19 15:32:01 2022] GET /identity/v3/users/2de303db4db94b0b916a461fb7ac1cb1 => generated 247 bytes in 141 msecs (HTTP/1.1 200) 5 headers in 177 bytes (2 switches on core 0)
Jul 19 15:32:01.323258 dv-cinder-849022-3-smb devstack@keystone.service[86872]: DEBUG keystone.server.flask.request_processing.middleware.auth_context [None req-6a1d652d-630c-4c22-aae4-8d087b453fb4 None admin] Authenticating user token {{(pid=86872) process_request /usr/local/lib/python3.8/dist-packages/keystonemiddleware/auth_token/__init__.py:407}}
Jul 19 15:32:01.339136 dv-cinder-849022-3-smb devstack@keystone.service[86872]: DEBUG dbcounter [-] [86872] Writing DB stats keystone:SELECT=100 {{(pid=86872) stat_writer /usr/local/lib/python3.8/dist-packages/dbcounter.py:114}}
Jul 19 15:32:01.359423 dv-cinder-849022-3-smb devstack@keystone.service[86871]: DEBUG keystone.server.flask.request_processing.middleware.auth_context [None req-dd0f22b7-71de-4f17-aa07-3f02d2cd0425 None admin] Validating token access rules against request {{(pid=86871) validate_allowed_request /usr/local/lib/python3.8/dist-packages/keystonemiddleware/auth_token/__init__.py:545}}
Jul 19 15:32:01.392286 dv-cinder-849022-3-smb devstack@keystone.service[86871]: DEBUG keystone.server.flask.request_processing.middleware.auth_context [None req-e9eb0d33-34b4-44c5-b9db-b8a8bc181ad3 None admin] RBAC: auth_context: {'token': , 'domain_id': None, 'trust_id': None, 'trustor_id': None, 'trustee_id': None, 'domain_name': None, 'group_ids': [], 'user_id': '2de303db4db94b0b916a461fb7ac1cb1', 'user_domain_id': 'default', 'system_scope': 'all', 'project_id': None, 'project_domain_id': None, 'roles': ['admin', 'member', 'reader'], 'is_admin_project': True, 'service_user_id': None, 'service_user_domain_id': None, 'service_project_id': None, 'service_project_domain_id': None, 'service_roles': []} {{(pid=86871) fill_context /opt/stack/keystone/keystone/server/flask/request_processing/middleware/auth_context.py:478}}
Jul 19 15:32:01.393086 dv-cinder-849022-3-smb devstack@keystone.service[86871]: DEBUG keystone.server.flask.request_processing.req_logging [None req-e9eb0d33-34b4-44c5-b9db-b8a8bc181ad3 None admin] REQUEST_METHOD: `GET` {{(pid=86871) log_request_info /opt/stack/keystone/keystone/server/flask/request_processing/req_logging.py:27}}
Jul 19 15:32:01.393372 dv-cinder-849022-3-smb devstack@keystone.service[86871]: DEBUG keystone.server.flask.request_processing.req_logging [None req-e9eb0d33-34b4-44c5-b9db-b8a8bc181ad3 None admin] SCRIPT_NAME: `/identity` {{(pid=86871) log_request_info /opt/stack/keystone/keystone/server/flask/request_processing/req_logging.py:28}}
Jul 19 15:32:01.393644 dv-cinder-849022-3-smb devstack@keystone.service[86871]: DEBUG keystone.server.flask.request_processing.req_logging [None req-e9eb0d33-34b4-44c5-b9db-b8a8bc181ad3 None admin] PATH_INFO: `/v3/domains/Default` {{(pid=86871) log_request_info /opt/stack/keystone/keystone/server/flask/request_processing/req_logging.py:29}}
Jul 19 15:32:01.412420 dv-cinder-849022-3-smb devstack@keystone.service[86871]: DEBUG keystone.common.rbac_enforcer.enforcer [None req-e9eb0d33-34b4-44c5-b9db-b8a8bc181ad3 None admin] RBAC: Authorizing `identity:get_domain(domain_id=Default)` {{(pid=86871) enforce_call /opt/stack/keystone/keystone/common/rbac_enforcer/enforcer.py:449}}
Jul 19 15:32:01.413907 dv-cinder-849022-3-smb devstack@keystone.service[86871]: DEBUG keystone.common.rbac_enforcer.enforcer [None req-e9eb0d33-34b4-44c5-b9db-b8a8bc181ad3 None admin] RBAC: Authorization granted {{(pid=86871) enforce_call /opt/stack/keystone/keystone/common/rbac_enforcer/enforcer.py:457}}
Jul 19 15:32:01.422675 dv-cinder-849022-3-smb devstack@keystone.service[86872]: DEBUG keystone.server.flask.request_processing.middleware.auth_context [None req-6a1d652d-630c-4c22-aae4-8d087b453fb4 None admin] Validating token access rules against request {{(pid=86872) validate_allowed_request /usr/local/lib/python3.8/dist-packages/keystonemiddleware/auth_token/__init__.py:545}}
Jul 19 15:32:01.436555 dv-cinder-849022-3-smb devstack@keystone.service[86871]: ERROR keystone.server.flask.application [None req-e9eb0d33-34b4-44c5-b9db-b8a8bc181ad3 None admin] Could not find domain: Default.: keystone.exception.DomainNotFound: Could not find domain: Default.
Jul 19 15:32:01.436555 dv-cinder-849022-3-smb devstack@keystone.service[86871]: ERROR keystone.server.flask.application
Traceback (most recent call last):
Jul 19 15:32:01.436555 dv-cinder-849022-3-smb devstack@keystone.service[86871]: ERROR keystone.server.flask.application
File "/usr/local/lib/python3.8/dist-packages/flask/app.py", line 1523, in full_dispatch_request
Jul 19 15:32:01.436555 dv-cinder-849022-3-smb devstack@keystone.service[86871]: ERROR keystone.server.flask.application rv = self.dispatch_request()
Jul 19 15:32:01.436555 dv-cinder-849022-3-smb devstack@keystone.service[86871]: ERROR keystone.server.flask.application
File "/usr/local/lib/python3.8/dist-packages/flask/app.py", line 1509, in dispatch_request
Jul 19 15:32:01.436555 dv-cinder-849022-3-smb devstack@keystone.service[86871]: ERROR keystone.server.flask.application return self.ensure_sync(self.view_functions[rule.endpoint])(**req.view_args)
Jul 19 15:32:01.436555 dv-cinder-849022-3-smb devstack@keystone.service[86871]: ERROR keystone.server.flask.application
File "/usr/local/lib/python3.8/dist-packages/flask_restful/__init__.py", line 467, in wrapper
Jul 19 15:32:01.436555 dv-cinder-849022-3-smb devstack@keystone.service[86871]: ERROR keystone.server.flask.application resp = resource(*args, **kwargs)
Jul 19 15:32:01.436555 dv-cinder-849022-3-smb devstack@keystone.service[86871]: ERROR keystone.server.flask.application
File "/usr/local/lib/python3.8/dist-packages/flask/views.py", line 84, in view
Jul 19 15:32:01.436555 dv-cinder-849022-3-smb devstack@keystone.service[86871]: ERROR keystone.server.flask.application return current_app.ensure_sync(self.dispatch_request)(*args, **kwargs)
Jul 19 15:32:01.436555 dv-cinder-849022-3-smb devstack@keystone.service[86871]: ERROR keystone.server.flask.application
File "/usr/local/lib/python3.8/dist-packages/flask_restful/__init__.py", line 582, in dispatch_request
Jul 19 15:32:01.436555 dv-cinder-849022-3-smb devstack@keystone.service[86871]: ERROR keystone.server.flask.application resp = meth(*args, **kwargs)
Jul 19 15:32:01.436555 dv-cinder-849022-3-smb devstack@keystone.service[86871]: ERROR keystone.server.flask.application
File "/opt/stack/keystone/keystone/api/domains.py", line 89, in get
Jul 19 15:32:01.436555 dv-cinder-849022-3-smb devstack@keystone.service[86871]: ERROR keystone.server.flask.application return self._get_domain(domain_id)
Jul 19 15:32:01.436555 dv-cinder-849022-3-smb devstack@keystone.service[86871]: ERROR keystone.server.flask.application
File "/opt/stack/keystone/keystone/api/domains.py", line 97, in _get_domain
Jul 19 15:32:01.437430 dv-cinder-849022-3-smb devstack@keystone.service[86871]: ERROR keystone.server.flask.application domain = PROVIDERS.resource_api.get_domain(domain_id)
Jul 19 15:32:01.437430 dv-cinder-849022-3-smb devstack@keystone.service[86871]: ERROR keystone.server.flask.application
File "/opt/stack/keystone/keystone/common/manager.py", line 115, in wrapped
Jul 19 15:32:01.437430 dv-cinder-849022-3-smb devstack@keystone.service[86871]: ERROR keystone.server.flask.application __ret_val = __f(*args, **kwargs)
Jul 19 15:32:01.437430 dv-cinder-849022-3-smb devstack@keystone.service[86871]: ERROR keystone.server.flask.application
File "/usr/local/lib/python3.8/dist-packages/decorator.py", line 232, in fun
Jul 19 15:32:01.437430 dv-cinder-849022-3-smb devstack@keystone.service[86871]: ERROR keystone.server.flask.application return caller(func, *(extras + args), **kw)
Jul 19 15:32:01.437430 dv-cinder-849022-3-smb devstack@keystone.service[86871]: ERROR keystone.server.flask.application
File "/usr/local/lib/python3.8/dist-packages/dogpile/cache/region.py", line 1577, in get_or_create_for_user_func
Jul 19 15:32:01.437430 dv-cinder-849022-3-smb devstack@keystone.service[86871]: ERROR keystone.server.flask.application return self.get_or_create(
Jul 19 15:32:01.437430 dv-cinder-849022-3-smb devstack@keystone.service[86871]: ERROR keystone.server.flask.application
File "/usr/local/lib/python3.8/dist-packages/dogpile/cache/region.py", line 1042, in get_or_create
Jul 19 15:32:01.437430 dv-cinder-849022-3-smb devstack@keystone.service[86871]: ERROR keystone.server.flask.application with Lock(
Jul 19 15:32:01.437430 dv-cinder-849022-3-smb devstack@keystone.service[86871]: ERROR keystone.server.flask.application
File "/usr/local/lib/python3.8/dist-packages/dogpile/lock.py", line 185, in __enter__
Jul 19 15:32:01.437430 dv-cinder-849022-3-smb devstack@keystone.service[86871]: ERROR keystone.server.flask.application return self._enter()
Jul 19 15:32:01.437430 dv-cinder-849022-3-smb devstack@keystone.service[86871]: ERROR keystone.server.flask.application
File "/usr/local/lib/python3.8/dist-packages/dogpile/lock.py", line 94, in _enter
Jul 19 15:32:01.437430 dv-cinder-849022-3-smb devstack@keystone.service[86871]: ERROR keystone.server.flask.application generated = self._enter_create(value, createdtime)
Jul 19 15:32:01.437430 dv-cinder-849022-3-smb devstack@keystone.service[86871]: ERROR keystone.server.flask.application
File "/usr/local/lib/python3.8/dist-packages/dogpile/lock.py", line 178, in _enter_create
Jul 19 15:32:01.437430 dv-cinder-849022-3-smb devstack@keystone.service[86871]: ERROR keystone.server.flask.application return self.creator()
Jul 19 15:32:01.437430 dv-cinder-849022-3-smb devstack@keystone.service[86871]: ERROR keystone.server.flask.application
File "/usr/local/lib/python3.8/dist-packages/dogpile/cache/region.py", line 995, in gen_value
Jul 19 15:32:01.437430 dv-cinder-849022-3-smb devstack@keystone.service[86871]: ERROR keystone.server.flask.application created_value = creator(
Jul 19 15:32:01.438225 dv-cinder-849022-3-smb devstack@keystone.service[86871]: ERROR keystone.server.flask.application
File "/opt/stack/keystone/keystone/resource/core.py", line 716, in get_domain
Jul 19 15:32:01.438225 dv-cinder-849022-3-smb devstack@keystone.service[86871]: ERROR keystone.server.flask.application raise exception.DomainNotFound(domain_id=domain_id)
Jul 19 15:32:01.438225 dv-cinder-849022-3-smb devstack@keystone.service[86871]: ERROR keystone.server.flask.application keystone.exception.DomainNotFound: Could not find domain: Default.
Jul 19 15:32:01.438225 dv-cinder-849022-3-smb devstack@keystone.service[86871]: ERROR keystone.server.flask.application
Jul 19 15:32:01.438225 dv-cinder-849022-3-smb devstack@keystone.service[86871]: [pid: 86871|app: 0|req: 10/18] 10.222.0.66 () {56 vars in 1108 bytes} [Tue Jul 19 15:32:01 2022] GET /identity/v3/domains/Default => generated 87 bytes in 178 msecs (HTTP/1.1 404) 5 headers in 183 bytes (2 switches on core 0)
Jul 19 15:32:01.443617 dv-cinder-849022-3-smb devstack@keystone.service[86871]: DEBUG keystone.server.flask.request_processing.middleware.auth_context [None req-e9eb0d33-34b4-44c5-b9db-b8a8bc181ad3 None admin] Authenticating user token {{(pid=86871) process_request /usr/local/lib/python3.8/dist-packages/keystonemiddleware/auth_token/__init__.py:407}}
Jul 19 15:32:01.456070 dv-cinder-849022-3-smb devstack@keystone.service[86872]: DEBUG keystone.server.flask.request_processing.middleware.auth_context [None req-2c0db942-7c97-461e-9cf6-146036f95bd4 None admin] RBAC: auth_context: {'token': , 'domain_id': None, 'trust_id': None, 'trustor_id': None, 'trustee_id': None, 'domain_name': None, 'group_ids': [], 'user_id': '2de303db4db94b0b916a461fb7ac1cb1', 'user_domain_id': 'default', 'system_scope': 'all', 'project_id': None, 'project_domain_id': None, 'roles': ['admin', 'member', 'reader'], 'is_admin_project': True, 'service_user_id': None, 'service_user_domain_id': None, 'service_project_id': None, 'service_project_domain_id': None, 'service_roles': []} {{(pid=86872) fill_context /opt/stack/keystone/keystone/server/flask/request_processing/middleware/auth_context.py:478}}
Jul 19 15:32:01.456878 dv-cinder-849022-3-smb devstack@keystone.service[86872]: DEBUG keystone.server.flask.request_processing.req_logging [None req-2c0db942-7c97-461e-9cf6-146036f95bd4 None admin] REQUEST_METHOD: `GET` {{(pid=86872) log_request_info /opt/stack/keystone/keystone/server/flask/request_processing/req_logging.py:27}}
Jul 19 15:32:01.457161 dv-cinder-849022-3-smb devstack@keystone.service[86872]: DEBUG keystone.server.flask.request_processing.req_logging [None req-2c0db942-7c97-461e-9cf6-146036f95bd4 None admin] SCRIPT_NAME: `/identity` {{(pid=86872) log_request_info /opt/stack/keystone/keystone/server/flask/request_processing/req_logging.py:28}}
Jul 19 15:32:01.457438 dv-cinder-849022-3-smb devstack@keystone.service[86872]: DEBUG keystone.server.flask.request_processing.req_logging [None req-2c0db942-7c97-461e-9cf6-146036f95bd4 None admin] PATH_INFO: `/v3/domains/default` {{(pid=86872) log_request_info /opt/stack/keystone/keystone/server/flask/request_processing/req_logging.py:29}}
Jul 19 15:32:01.458656 dv-cinder-849022-3-smb devstack@keystone.service[86872]: DEBUG keystone.common.rbac_enforcer.enforcer [None req-2c0db942-7c97-461e-9cf6-146036f95bd4 None admin] RBAC: Authorizing `identity:get_domain(domain_id=default)` {{(pid=86872) enforce_call /opt/stack/keystone/keystone/common/rbac_enforcer/enforcer.py:449}}
Jul 19 15:32:01.460570 dv-cinder-849022-3-smb devstack@keystone.service[86872]: DEBUG keystone.common.rbac_enforcer.enforcer [None req-2c0db942-7c97-461e-9cf6-146036f95bd4 None admin] RBAC: Authorization granted {{(pid=86872) enforce_call /opt/stack/keystone/keystone/common/rbac_enforcer/enforcer.py:457}}
Jul 19 15:32:01.462193 dv-cinder-849022-3-smb devstack@keystone.service[86872]: [pid: 86872|app: 0|req: 9/19] 10.222.0.66 () {56 vars in 1108 bytes} [Tue Jul 19 15:32:01 2022] GET /identity/v3/domains/default => generated 199 bytes in 139 msecs (HTTP/1.1 200) 5 headers in 177 bytes (1 switches on core 0)
Jul 19 15:32:01.467944 dv-cinder-849022-3-smb devstack@keystone.service[86872]: DEBUG keystone.server.flask.request_processing.middleware.auth_context [None req-2c0db942-7c97-461e-9cf6-146036f95bd4 None admin] Authenticating user token {{(pid=86872) process_request /usr/local/lib/python3.8/dist-packages/keystonemiddleware/auth_token/__init__.py:407}}
Jul 19 15:32:01.503844 dv-cinder-849022-3-smb devstack@keystone.service[86871]: DEBUG dbcounter [-] [86871] Writing DB stats keystone:SELECT=100 {{(pid=86871) stat_writer /usr/local/lib/python3.8/dist-packages/dbcounter.py:114}}
Jul 19 15:32:01.546627 dv-cinder-849022-3-smb devstack@keystone.service[86872]: DEBUG dbcounter [-] [86872] Writing DB stats keystone:SELECT=100 {{(pid=86872) stat_writer /usr/local/lib/python3.8/dist-packages/dbcounter.py:114}}
Jul 19 15:32:01.549134 dv-cinder-849022-3-smb devstack@keystone.service[86871]: DEBUG keystone.server.flask.request_processing.middleware.auth_context [None req-e9eb0d33-34b4-44c5-b9db-b8a8bc181ad3 None admin] Validating token access rules against request {{(pid=86871) validate_allowed_request /usr/local/lib/python3.8/dist-packages/keystonemiddleware/auth_token/__init__.py:545}}
Jul 19 15:32:01.566669 dv-cinder-849022-3-smb devstack@keystone.service[86872]: DEBUG keystone.server.flask.request_processing.middleware.auth_context [None req-2c0db942-7c97-461e-9cf6-146036f95bd4 None admin] Validating token access rules against request {{(pid=86872) validate_allowed_request /usr/local/lib/python3.8/dist-packages/keystonemiddleware/auth_token/__init__.py:545}}
Jul 19 15:32:01.582207 dv-cinder-849022-3-smb devstack@keystone.service[86871]: DEBUG keystone.server.flask.request_processing.middleware.auth_context [None req-64f23e27-038f-4454-bd05-ca25bd6a6f03 None admin] RBAC: auth_context: {'token': , 'domain_id': None, 'trust_id': None, 'trustor_id': None, 'trustee_id': None, 'domain_name': None, 'group_ids': [], 'user_id': '2de303db4db94b0b916a461fb7ac1cb1', 'user_domain_id': 'default', 'system_scope': 'all', 'project_id': None, 'project_domain_id': None, 'roles': ['admin', 'member', 'reader'], 'is_admin_project': True, 'service_user_id': None, 'service_user_domain_id': None, 'service_project_id': None, 'service_project_domain_id': None, 'service_roles': []} {{(pid=86871) fill_context /opt/stack/keystone/keystone/server/flask/request_processing/middleware/auth_context.py:478}}
Jul 19 15:32:01.582908 dv-cinder-849022-3-smb devstack@keystone.service[86871]: DEBUG keystone.server.flask.request_processing.req_logging [None req-64f23e27-038f-4454-bd05-ca25bd6a6f03 None admin] REQUEST_METHOD: `GET` {{(pid=86871) log_request_info /opt/stack/keystone/keystone/server/flask/request_processing/req_logging.py:27}}
Jul 19 15:32:01.583199 dv-cinder-849022-3-smb devstack@keystone.service[86871]: DEBUG keystone.server.flask.request_processing.req_logging [None req-64f23e27-038f-4454-bd05-ca25bd6a6f03 None admin] SCRIPT_NAME: `/identity` {{(pid=86871) log_request_info /opt/stack/keystone/keystone/server/flask/request_processing/req_logging.py:28}}
Jul 19 15:32:01.583522 dv-cinder-849022-3-smb devstack@keystone.service[86871]: DEBUG keystone.server.flask.request_processing.req_logging [None req-64f23e27-038f-4454-bd05-ca25bd6a6f03 None admin] PATH_INFO: `/v3/domains` {{(pid=86871) log_request_info /opt/stack/keystone/keystone/server/flask/request_processing/req_logging.py:29}}
Jul 19 15:32:01.584571 dv-cinder-849022-3-smb devstack@keystone.service[86871]: DEBUG keystone.common.rbac_enforcer.enforcer [None req-64f23e27-038f-4454-bd05-ca25bd6a6f03 None admin] RBAC: Adding query filter params (name=Default) {{(pid=86871) _extract_filter_values /opt/stack/keystone/keystone/common/rbac_enforcer/enforcer.py:167}}
Jul 19 15:32:01.584881 dv-cinder-849022-3-smb devstack@keystone.service[86871]: DEBUG keystone.common.rbac_enforcer.enforcer [None req-64f23e27-038f-4454-bd05-ca25bd6a6f03 None admin] RBAC: Authorizing `identity:list_domains()` {{(pid=86871) enforce_call /opt/stack/keystone/keystone/common/rbac_enforcer/enforcer.py:449}}
Jul 19 15:32:01.586286 dv-cinder-849022-3-smb devstack@keystone.service[86871]: DEBUG keystone.common.rbac_enforcer.enforcer [None req-64f23e27-038f-4454-bd05-ca25bd6a6f03 None admin] RBAC: Authorization granted {{(pid=86871) enforce_call /opt/stack/keystone/keystone/common/rbac_enforcer/enforcer.py:457}}
Jul 19 15:32:01.600894 dv-cinder-849022-3-smb devstack@keystone.service[86872]: DEBUG keystone.server.flask.request_processing.middleware.auth_context [None req-569f788a-20e5-4cf6-b743-a5390ae06efe None admin] RBAC: auth_context: {'token': , 'domain_id': None, 'trust_id': None, 'trustor_id': None, 'trustee_id': None, 'domain_name': None, 'group_ids': [], 'user_id': '2de303db4db94b0b916a461fb7ac1cb1', 'user_domain_id': 'default', 'system_scope': 'all', 'project_id': None, 'project_domain_id': None, 'roles': ['admin', 'member', 'reader'], 'is_admin_project': True, 'service_user_id': None, 'service_user_domain_id': None, 'service_project_id': None, 'service_project_domain_id': None, 'service_roles': []} {{(pid=86872) fill_context /opt/stack/keystone/keystone/server/flask/request_processing/middleware/auth_context.py:478}}
Jul 19 15:32:01.601628 dv-cinder-849022-3-smb devstack@keystone.service[86872]: DEBUG keystone.server.flask.request_processing.req_logging [None req-569f788a-20e5-4cf6-b743-a5390ae06efe None admin] REQUEST_METHOD: `GET` {{(pid=86872) log_request_info /opt/stack/keystone/keystone/server/flask/request_processing/req_logging.py:27}}
Jul 19 15:32:01.601911 dv-cinder-849022-3-smb devstack@keystone.service[86872]: DEBUG keystone.server.flask.request_processing.req_logging [None req-569f788a-20e5-4cf6-b743-a5390ae06efe None admin] SCRIPT_NAME: `/identity` {{(pid=86872) log_request_info /opt/stack/keystone/keystone/server/flask/request_processing/req_logging.py:28}}
Jul 19 15:32:01.602180 dv-cinder-849022-3-smb devstack@keystone.service[86872]: DEBUG keystone.server.flask.request_processing.req_logging [None req-569f788a-20e5-4cf6-b743-a5390ae06efe None admin] PATH_INFO: `/v3/role_assignments` {{(pid=86872) log_request_info /opt/stack/keystone/keystone/server/flask/request_processing/req_logging.py:29}}
Jul 19 15:32:01.603067 dv-cinder-849022-3-smb devstack@keystone.service[86872]: DEBUG keystone.common.rbac_enforcer.enforcer [None req-569f788a-20e5-4cf6-b743-a5390ae06efe None admin] RBAC: Adding query filter params (role.id=f8cfc5c113ef45239f2cecdeffb8285a, scope.domain.id=default, user.id=2de303db4db94b0b916a461fb7ac1cb1) {{(pid=86872) _extract_filter_values /opt/stack/keystone/keystone/common/rbac_enforcer/enforcer.py:167}}
Jul 19 15:32:01.603380 dv-cinder-849022-3-smb devstack@keystone.service[86872]: DEBUG keystone.common.rbac_enforcer.enforcer [None req-569f788a-20e5-4cf6-b743-a5390ae06efe None admin] RBAC: Authorizing `identity:list_role_assignments()` {{(pid=86872) enforce_call /opt/stack/keystone/keystone/common/rbac_enforcer/enforcer.py:449}}
Jul 19 15:32:01.603721 dv-cinder-849022-3-smb devstack@keystone.service[86871]: [pid: 86871|app: 0|req: 11/20] 10.222.0.66 () {56 vars in 1109 bytes} [Tue Jul 19 15:32:01 2022] GET /identity/v3/domains?name=Default => generated 308 bytes in 160 msecs (HTTP/1.1 200) 5 headers in 177 bytes (2 switches on core 0)
Jul 19 15:32:01.604829 dv-cinder-849022-3-smb devstack@keystone.service[86872]: DEBUG keystone.common.rbac_enforcer.enforcer [None req-569f788a-20e5-4cf6-b743-a5390ae06efe None admin] RBAC: Authorization granted {{(pid=86872) enforce_call /opt/stack/keystone/keystone/common/rbac_enforcer/enforcer.py:457}}
Jul 19 15:32:01.612509 dv-cinder-849022-3-smb devstack@keystone.service[86872]: [pid: 86872|app: 0|req: 10/21] 10.222.0.66 () {56 vars in 1322 bytes} [Tue Jul 19 15:32:01 2022] GET /identity/v3/role_assignments?user.id=2de303db4db94b0b916a461fb7ac1cb1&scope.domain.id=default&role.id=f8cfc5c113ef45239f2cecdeffb8285a => generated 233 bytes in 145 msecs (HTTP/1.1 200) 5 headers in 177 bytes (1 switches on core 0)
Jul 19 15:32:04.075661 dv-cinder-849022-3-smb devstack@keystone.service[86871]: DEBUG keystone.server.flask.request_processing.req_logging [None req-8d4ed0d5-e7a2-4b5e-a2e1-c62c7fa046a0 None None] REQUEST_METHOD: `GET` {{(pid=86871) log_request_info /opt/stack/keystone/keystone/server/flask/request_processing/req_logging.py:27}}
Jul 19 15:32:04.076714 dv-cinder-849022-3-smb devstack@keystone.service[86871]: DEBUG keystone.server.flask.request_processing.req_logging [None req-8d4ed0d5-e7a2-4b5e-a2e1-c62c7fa046a0 None None] SCRIPT_NAME: `/identity` {{(pid=86871) log_request_info /opt/stack/keystone/keystone/server/flask/request_processing/req_logging.py:28}}
Jul 19 15:32:04.077208 dv-cinder-849022-3-smb devstack@keystone.service[86871]: DEBUG keystone.server.flask.request_processing.req_logging [None req-8d4ed0d5-e7a2-4b5e-a2e1-c62c7fa046a0 None None] PATH_INFO: `/` {{(pid=86871) log_request_info /opt/stack/keystone/keystone/server/flask/request_processing/req_logging.py:29}}
Jul 19 15:32:04.078858 dv-cinder-849022-3-smb devstack@keystone.service[86871]: [pid: 86871|app: 0|req: 12/22] 10.222.0.66 () {54 vars in 926 bytes} [Tue Jul 19 15:32:04 2022] GET /identity => generated 270 bytes in 4 msecs (HTTP/1.1 300) 6 headers in 234 bytes (1 switches on core 0)
Jul 19 15:32:04.086287 dv-cinder-849022-3-smb devstack@keystone.service[86872]: DEBUG keystone.server.flask.request_processing.req_logging [None req-57c9856c-de4f-460f-b27a-ba8bc0b0404f None None] REQUEST_METHOD: `POST` {{(pid=86872) log_request_info /opt/stack/keystone/keystone/server/flask/request_processing/req_logging.py:27}}
Jul 19 15:32:04.087174 dv-cinder-849022-3-smb devstack@keystone.service[86872]: DEBUG keystone.server.flask.request_processing.req_logging [None req-57c9856c-de4f-460f-b27a-ba8bc0b0404f None None] SCRIPT_NAME: `/identity` {{(pid=86872) log_request_info /opt/stack/keystone/keystone/server/flask/request_processing/req_logging.py:28}}
Jul 19 15:32:04.087670 dv-cinder-849022-3-smb devstack@keystone.service[86872]: DEBUG keystone.server.flask.request_processing.req_logging [None req-57c9856c-de4f-460f-b27a-ba8bc0b0404f None None] PATH_INFO: `/v3/auth/tokens` {{(pid=86872) log_request_info /opt/stack/keystone/keystone/server/flask/request_processing/req_logging.py:29}}
Jul 19 15:32:04.119711 dv-cinder-849022-3-smb devstack@keystone.service[86872]: DEBUG keystone.auth.core [None req-57c9856c-de4f-460f-b27a-ba8bc0b0404f None None] MFA Rules not processed for user `2de303db4db94b0b916a461fb7ac1cb1`. Rule list: `[]` (Enabled: `True`). {{(pid=86872) check_auth_methods_against_rules /opt/stack/keystone/keystone/auth/core.py:438}}
Jul 19 15:32:04.121255 dv-cinder-849022-3-smb devstack@keystone.service[86872]: DEBUG keystone.common.fernet_utils [None req-57c9856c-de4f-460f-b27a-ba8bc0b0404f None None] Loaded 2 Fernet keys from /etc/keystone/fernet-keys/, but `[fernet_tokens] max_active_keys = 3`; perhaps there have not been enough key rotations to reach `max_active_keys` yet? {{(pid=86872) load_keys /opt/stack/keystone/keystone/common/fernet_utils.py:286}}
Jul 19 15:32:04.152264 dv-cinder-849022-3-smb devstack@keystone.service[86871]: DEBUG keystone.server.flask.request_processing.req_logging [None req-d56ce9ef-6f1c-4837-b3ad-4f97eec44866 None None] REQUEST_METHOD: `GET` {{(pid=86871) log_request_info /opt/stack/keystone/keystone/server/flask/request_processing/req_logging.py:27}}
Jul 19 15:32:04.152863 dv-cinder-849022-3-smb devstack@keystone.service[86871]: DEBUG keystone.server.flask.request_processing.req_logging [None req-d56ce9ef-6f1c-4837-b3ad-4f97eec44866 None None] SCRIPT_NAME: `/identity` {{(pid=86871) log_request_info /opt/stack/keystone/keystone/server/flask/request_processing/req_logging.py:28}}
Jul 19 15:32:04.153340 dv-cinder-849022-3-smb devstack@keystone.service[86871]: DEBUG keystone.server.flask.request_processing.req_logging [None req-d56ce9ef-6f1c-4837-b3ad-4f97eec44866 None None] PATH_INFO: `/` {{(pid=86871) log_request_info /opt/stack/keystone/keystone/server/flask/request_processing/req_logging.py:29}}
Jul 19 15:32:04.154970 dv-cinder-849022-3-smb devstack@keystone.service[86871]: [pid: 86871|app: 0|req: 13/23] 10.222.0.66 () {54 vars in 926 bytes} [Tue Jul 19 15:32:04 2022] GET /identity => generated 270 bytes in 4 msecs (HTTP/1.1 300) 6 headers in 234 bytes (2 switches on core 0)
Jul 19 15:32:04.159788 dv-cinder-849022-3-smb devstack@keystone.service[86871]: DEBUG keystone.server.flask.request_processing.req_logging [None req-c2ad583d-01cf-4d32-986e-73d0ba22b898 None None] REQUEST_METHOD: `POST` {{(pid=86871) log_request_info /opt/stack/keystone/keystone/server/flask/request_processing/req_logging.py:27}}
Jul 19 15:32:04.160075 dv-cinder-849022-3-smb devstack@keystone.service[86871]: DEBUG keystone.server.flask.request_processing.req_logging [None req-c2ad583d-01cf-4d32-986e-73d0ba22b898 None None] SCRIPT_NAME: `/identity` {{(pid=86871) log_request_info /opt/stack/keystone/keystone/server/flask/request_processing/req_logging.py:28}}
Jul 19 15:32:04.160354 dv-cinder-849022-3-smb devstack@keystone.service[86871]: DEBUG keystone.server.flask.request_processing.req_logging [None req-c2ad583d-01cf-4d32-986e-73d0ba22b898 None None] PATH_INFO: `/v3/auth/tokens` {{(pid=86871) log_request_info /opt/stack/keystone/keystone/server/flask/request_processing/req_logging.py:29}}
Jul 19 15:32:04.187697 dv-cinder-849022-3-smb devstack@keystone.service[86871]: DEBUG keystone.auth.core [None req-c2ad583d-01cf-4d32-986e-73d0ba22b898 None None] MFA Rules not processed for user `2de303db4db94b0b916a461fb7ac1cb1`. Rule list: `[]` (Enabled: `True`). {{(pid=86871) check_auth_methods_against_rules /opt/stack/keystone/keystone/auth/core.py:438}}
Jul 19 15:32:04.188921 dv-cinder-849022-3-smb devstack@keystone.service[86871]: DEBUG keystone.common.fernet_utils [None req-c2ad583d-01cf-4d32-986e-73d0ba22b898 None None] Loaded 2 Fernet keys from /etc/keystone/fernet-keys/, but `[fernet_tokens] max_active_keys = 3`; perhaps there have not been enough key rotations to reach `max_active_keys` yet? {{(pid=86871) load_keys /opt/stack/keystone/keystone/common/fernet_utils.py:286}}
Jul 19 15:32:04.276229 dv-cinder-849022-3-smb devstack@keystone.service[86872]: [pid: 86872|app: 0|req: 11/24] 10.222.0.66 () {58 vars in 1023 bytes} [Tue Jul 19 15:32:04 2022] POST /identity/v3/auth/tokens => generated 799 bytes in 191 msecs (HTTP/1.1 201) 6 headers in 363 bytes (1 switches on core 0)
Jul 19 15:32:04.362181 dv-cinder-849022-3-smb devstack@keystone.service[86872]: DEBUG keystone.server.flask.request_processing.middleware.auth_context [None req-57c9856c-de4f-460f-b27a-ba8bc0b0404f None None] Authenticating user token {{(pid=86872) process_request /usr/local/lib/python3.8/dist-packages/keystonemiddleware/auth_token/__init__.py:407}}
Jul 19 15:32:04.381028 dv-cinder-849022-3-smb devstack@keystone.service[86871]: [pid: 86871|app: 0|req: 14/25] 10.222.0.66 () {58 vars in 1023 bytes} [Tue Jul 19 15:32:04 2022] POST /identity/v3/auth/tokens => generated 799 bytes in 222 msecs (HTTP/1.1 201) 6 headers in 363 bytes (2 switches on core 0)
Jul 19 15:32:04.408603 dv-cinder-849022-3-smb devstack@keystone.service[86871]: DEBUG keystone.server.flask.request_processing.middleware.auth_context [None req-c2ad583d-01cf-4d32-986e-73d0ba22b898 None None] Authenticating user token {{(pid=86871) process_request /usr/local/lib/python3.8/dist-packages/keystonemiddleware/auth_token/__init__.py:407}}
Jul 19 15:32:04.519649 dv-cinder-849022-3-smb devstack@keystone.service[86871]: DEBUG dbcounter [-] [86871] Writing DB stats keystone:SELECT=100 {{(pid=86871) stat_writer /usr/local/lib/python3.8/dist-packages/dbcounter.py:114}}
Jul 19 15:32:04.533647 dv-cinder-849022-3-smb devstack@keystone.service[86872]: DEBUG dbcounter [-] [86872] Writing DB stats keystone:SELECT=100 {{(pid=86872) stat_writer /usr/local/lib/python3.8/dist-packages/dbcounter.py:114}}
Jul 19 15:32:04.563037 dv-cinder-849022-3-smb devstack@keystone.service[86872]: DEBUG keystone.server.flask.request_processing.middleware.auth_context [None req-57c9856c-de4f-460f-b27a-ba8bc0b0404f None None] Validating token access rules against request {{(pid=86872) validate_allowed_request /usr/local/lib/python3.8/dist-packages/keystonemiddleware/auth_token/__init__.py:545}}
Jul 19 15:32:04.622831 dv-cinder-849022-3-smb devstack@keystone.service[86871]: DEBUG keystone.server.flask.request_processing.middleware.auth_context [None req-c2ad583d-01cf-4d32-986e-73d0ba22b898 None None] Validating token access rules against request {{(pid=86871) validate_allowed_request /usr/local/lib/python3.8/dist-packages/keystonemiddleware/auth_token/__init__.py:545}}
Jul 19 15:32:04.657977 dv-cinder-849022-3-smb devstack@keystone.service[86871]: DEBUG keystone.server.flask.request_processing.middleware.auth_context [None req-c8e63ff8-c7ba-47a7-a462-fc190e342bf0 None admin] RBAC: auth_context: {'token': , 'domain_id': None, 'trust_id': None, 'trustor_id': None, 'trustee_id': None, 'domain_name': None, 'group_ids': [], 'user_id': '2de303db4db94b0b916a461fb7ac1cb1', 'user_domain_id': 'default', 'system_scope': 'all', 'project_id': None, 'project_domain_id': None, 'roles': ['admin', 'member', 'reader'], 'is_admin_project': True, 'service_user_id': None, 'service_user_domain_id': None, 'service_project_id': None, 'service_project_domain_id': None, 'service_roles': []} {{(pid=86871) fill_context /opt/stack/keystone/keystone/server/flask/request_processing/middleware/auth_context.py:478}}
Jul 19 15:32:04.659088 dv-cinder-849022-3-smb devstack@keystone.service[86871]: DEBUG keystone.server.flask.request_processing.req_logging [None req-c8e63ff8-c7ba-47a7-a462-fc190e342bf0 None admin] REQUEST_METHOD: `GET` {{(pid=86871) log_request_info /opt/stack/keystone/keystone/server/flask/request_processing/req_logging.py:27}}
Jul 19 15:32:04.659526 dv-cinder-849022-3-smb devstack@keystone.service[86871]: DEBUG keystone.server.flask.request_processing.req_logging [None req-c8e63ff8-c7ba-47a7-a462-fc190e342bf0 None admin] SCRIPT_NAME: `/identity` {{(pid=86871) log_request_info /opt/stack/keystone/keystone/server/flask/request_processing/req_logging.py:28}}
Jul 19 15:32:04.659933 dv-cinder-849022-3-smb devstack@keystone.service[86871]: DEBUG keystone.server.flask.request_processing.req_logging [None req-c8e63ff8-c7ba-47a7-a462-fc190e342bf0 None admin] PATH_INFO: `/v3/domains/Default` {{(pid=86871) log_request_info /opt/stack/keystone/keystone/server/flask/request_processing/req_logging.py:29}}
Jul 19 15:32:04.671395 dv-cinder-849022-3-smb devstack@keystone.service[86871]: DEBUG keystone.common.rbac_enforcer.enforcer [None req-c8e63ff8-c7ba-47a7-a462-fc190e342bf0 None admin] RBAC: Authorizing `identity:get_domain(domain_id=Default)` {{(pid=86871) enforce_call /opt/stack/keystone/keystone/common/rbac_enforcer/enforcer.py:449}}
Jul 19 15:32:04.673121 dv-cinder-849022-3-smb devstack@keystone.service[86871]: DEBUG keystone.common.rbac_enforcer.enforcer [None req-c8e63ff8-c7ba-47a7-a462-fc190e342bf0 None admin] RBAC: Authorization granted {{(pid=86871) enforce_call /opt/stack/keystone/keystone/common/rbac_enforcer/enforcer.py:457}}
Jul 19 15:32:04.692595 dv-cinder-849022-3-smb devstack@keystone.service[86871]: ERROR keystone.server.flask.application [None req-c8e63ff8-c7ba-47a7-a462-fc190e342bf0 None admin] Could not find domain: Default.: keystone.exception.DomainNotFound: Could not find domain: Default.
Jul 19 15:32:04.692595 dv-cinder-849022-3-smb devstack@keystone.service[86871]: ERROR keystone.server.flask.application
Traceback (most recent call last):
Jul 19 15:32:04.692595 dv-cinder-849022-3-smb devstack@keystone.service[86871]: ERROR keystone.server.flask.application
File "/usr/local/lib/python3.8/dist-packages/flask/app.py", line 1523, in full_dispatch_request
Jul 19 15:32:04.692595 dv-cinder-849022-3-smb devstack@keystone.service[86871]: ERROR keystone.server.flask.application rv = self.dispatch_request()
Jul 19 15:32:04.692595 dv-cinder-849022-3-smb devstack@keystone.service[86871]: ERROR keystone.server.flask.application
File "/usr/local/lib/python3.8/dist-packages/flask/app.py", line 1509, in dispatch_request
Jul 19 15:32:04.692595 dv-cinder-849022-3-smb devstack@keystone.service[86871]: ERROR keystone.server.flask.application return self.ensure_sync(self.view_functions[rule.endpoint])(**req.view_args)
Jul 19 15:32:04.692595 dv-cinder-849022-3-smb devstack@keystone.service[86871]: ERROR keystone.server.flask.application
File "/usr/local/lib/python3.8/dist-packages/flask_restful/__init__.py", line 467, in wrapper
Jul 19 15:32:04.692595 dv-cinder-849022-3-smb devstack@keystone.service[86871]: ERROR keystone.server.flask.application resp = resource(*args, **kwargs)
Jul 19 15:32:04.692595 dv-cinder-849022-3-smb devstack@keystone.service[86871]: ERROR keystone.server.flask.application
File "/usr/local/lib/python3.8/dist-packages/flask/views.py", line 84, in view
Jul 19 15:32:04.692595 dv-cinder-849022-3-smb devstack@keystone.service[86871]: ERROR keystone.server.flask.application return current_app.ensure_sync(self.dispatch_request)(*args, **kwargs)
Jul 19 15:32:04.692595 dv-cinder-849022-3-smb devstack@keystone.service[86871]: ERROR keystone.server.flask.application
File "/usr/local/lib/python3.8/dist-packages/flask_restful/__init__.py", line 582, in dispatch_request
Jul 19 15:32:04.692595 dv-cinder-849022-3-smb devstack@keystone.service[86871]: ERROR keystone.server.flask.application resp = meth(*args, **kwargs)
Jul 19 15:32:04.692595 dv-cinder-849022-3-smb devstack@keystone.service[86871]: ERROR keystone.server.flask.application
File "/opt/stack/keystone/keystone/api/domains.py", line 89, in get
Jul 19 15:32:04.692595 dv-cinder-849022-3-smb devstack@keystone.service[86871]: ERROR keystone.server.flask.application return self._get_domain(domain_id)
Jul 19 15:32:04.692595 dv-cinder-849022-3-smb devstack@keystone.service[86871]: ERROR keystone.server.flask.application
File "/opt/stack/keystone/keystone/api/domains.py", line 97, in _get_domain
Jul 19 15:32:04.693570 dv-cinder-849022-3-smb devstack@keystone.service[86871]: ERROR keystone.server.flask.application domain = PROVIDERS.resource_api.get_domain(domain_id)
Jul 19 15:32:04.693570 dv-cinder-849022-3-smb devstack@keystone.service[86871]: ERROR keystone.server.flask.application
File "/opt/stack/keystone/keystone/common/manager.py", line 115, in wrapped
Jul 19 15:32:04.693570 dv-cinder-849022-3-smb devstack@keystone.service[86871]: ERROR keystone.server.flask.application __ret_val = __f(*args, **kwargs)
Jul 19 15:32:04.693570 dv-cinder-849022-3-smb devstack@keystone.service[86871]: ERROR keystone.server.flask.application
File "/usr/local/lib/python3.8/dist-packages/decorator.py", line 232, in fun
Jul 19 15:32:04.693570 dv-cinder-849022-3-smb devstack@keystone.service[86871]: ERROR keystone.server.flask.application return caller(func, *(extras + args), **kw)
Jul 19 15:32:04.693570 dv-cinder-849022-3-smb devstack@keystone.service[86871]: ERROR keystone.server.flask.application
File "/usr/local/lib/python3.8/dist-packages/dogpile/cache/region.py", line 1577, in get_or_create_for_user_func
Jul 19 15:32:04.693570 dv-cinder-849022-3-smb devstack@keystone.service[86871]: ERROR keystone.server.flask.application return self.get_or_create(
Jul 19 15:32:04.693570 dv-cinder-849022-3-smb devstack@keystone.service[86871]: ERROR keystone.server.flask.application
File "/usr/local/lib/python3.8/dist-packages/dogpile/cache/region.py", line 1042, in get_or_create
Jul 19 15:32:04.693570 dv-cinder-849022-3-smb devstack@keystone.service[86871]: ERROR keystone.server.flask.application with Lock(
Jul 19 15:32:04.693570 dv-cinder-849022-3-smb devstack@keystone.service[86871]: ERROR keystone.server.flask.application
File "/usr/local/lib/python3.8/dist-packages/dogpile/lock.py", line 185, in __enter__
Jul 19 15:32:04.693570 dv-cinder-849022-3-smb devstack@keystone.service[86871]: ERROR keystone.server.flask.application return self._enter()
Jul 19 15:32:04.693570 dv-cinder-849022-3-smb devstack@keystone.service[86871]: ERROR keystone.server.flask.application
File "/usr/local/lib/python3.8/dist-packages/dogpile/lock.py", line 94, in _enter
Jul 19 15:32:04.693570 dv-cinder-849022-3-smb devstack@keystone.service[86871]: ERROR keystone.server.flask.application generated = self._enter_create(value, createdtime)
Jul 19 15:32:04.693570 dv-cinder-849022-3-smb devstack@keystone.service[86871]: ERROR keystone.server.flask.application
File "/usr/local/lib/python3.8/dist-packages/dogpile/lock.py", line 178, in _enter_create
Jul 19 15:32:04.693570 dv-cinder-849022-3-smb devstack@keystone.service[86871]: ERROR keystone.server.flask.application return self.creator()
Jul 19 15:32:04.693570 dv-cinder-849022-3-smb devstack@keystone.service[86871]: ERROR keystone.server.flask.application
File "/usr/local/lib/python3.8/dist-packages/dogpile/cache/region.py", line 995, in gen_value
Jul 19 15:32:04.693570 dv-cinder-849022-3-smb devstack@keystone.service[86871]: ERROR keystone.server.flask.application created_value = creator(
Jul 19 15:32:04.694479 dv-cinder-849022-3-smb devstack@keystone.service[86871]: ERROR keystone.server.flask.application
File "/opt/stack/keystone/keystone/resource/core.py", line 716, in get_domain
Jul 19 15:32:04.694479 dv-cinder-849022-3-smb devstack@keystone.service[86871]: ERROR keystone.server.flask.application raise exception.DomainNotFound(domain_id=domain_id)
Jul 19 15:32:04.694479 dv-cinder-849022-3-smb devstack@keystone.service[86871]: ERROR keystone.server.flask.application keystone.exception.DomainNotFound: Could not find domain: Default.
Jul 19 15:32:04.694479 dv-cinder-849022-3-smb devstack@keystone.service[86871]: ERROR keystone.server.flask.application
Jul 19 15:32:04.696495 dv-cinder-849022-3-smb devstack@keystone.service[86871]: [pid: 86871|app: 0|req: 15/26] 10.222.0.66 () {56 vars in 1108 bytes} [Tue Jul 19 15:32:04 2022] GET /identity/v3/domains/Default => generated 87 bytes in 289 msecs (HTTP/1.1 404) 5 headers in 183 bytes (1 switches on core 0)
Jul 19 15:32:04.697777 dv-cinder-849022-3-smb devstack@keystone.service[86872]: DEBUG keystone.server.flask.request_processing.middleware.auth_context [None req-9d566ab0-1c9c-46ec-b644-af59f8c88357 None admin] RBAC: auth_context: {'token': , 'domain_id': None, 'trust_id': None, 'trustor_id': None, 'trustee_id': None, 'domain_name': None, 'group_ids': [], 'user_id': '2de303db4db94b0b916a461fb7ac1cb1', 'user_domain_id': 'default', 'system_scope': 'all', 'project_id': None, 'project_domain_id': None, 'roles': ['admin', 'member', 'reader'], 'is_admin_project': True, 'service_user_id': None, 'service_user_domain_id': None, 'service_project_id': None, 'service_project_domain_id': None, 'service_roles': []} {{(pid=86872) fill_context /opt/stack/keystone/keystone/server/flask/request_processing/middleware/auth_context.py:478}}
Jul 19 15:32:04.702654 dv-cinder-849022-3-smb devstack@keystone.service[86871]: DEBUG keystone.server.flask.request_processing.req_logging [None req-ab62c7cd-e9cc-4208-bcb6-d130abfc5480 None None] REQUEST_METHOD: `GET` {{(pid=86871) log_request_info /opt/stack/keystone/keystone/server/flask/request_processing/req_logging.py:27}}
