Jul 14 12:09:27.410040 dv-cinder-848900-3-smb devstack@c-api.service[110983]: DEBUG cinder.volume.api [None req-f0488911-88aa-4f98-91c1-dd176232499f tempest-VolumeRetypeWithoutMigrationTest-1119587604 tempest-VolumeRetypeWithoutMigrationTest-1119587604-project] Task 'cinder.volume.flows.api.create_volume.QuotaCommitTask;volume:create' (66995c2c-db61-4df7-bf63-39ead77ffbad) transitioned into state 'SUCCESS' from state 'RUNNING' with result '{'volume_properties': VolumeProperties(attach_status='detached',availability_zone='nova',cgsnapshot_id=None,consistencygroup_id=None,display_description=None,display_name='tempest-VolumeRetypeWithoutMigrationTest-Volume-304762393',encryption_key_id=None,group_id=None,group_type_id=,metadata={},multiattach=False,project_id='ee6b818bdc0f43a9a0e06577c01dd383',qos_specs=None,replication_status=,reservations=['078a5c2a-a1cc-4447-a979-439e9e74b08a','ee12533b-2616-49ba-8fb6-04475a660caa','449c9e55-124a-4fd7-8e13-7a0272dec85a','2c4ee6c1-b5bb-4612-ae9f-2f920706112e'],size=1,snapshot_id=None,source_replicaid=,source_volid=None,status='creating',user_id='6c3ffe86a9174f08bb6287d5b8d50d77',volume_type_id=735d0cb0-bd99-4676-8190-1a1ff1840dcb)}' {{(pid=110983) _task_receiver /usr/local/lib/python3.8/dist-packages/taskflow/listeners/logging.py:178}}
Jul 14 12:09:27.419621 dv-cinder-848900-3-smb devstack@c-api.service[110983]: DEBUG cinder.volume.api [None req-f0488911-88aa-4f98-91c1-dd176232499f tempest-VolumeRetypeWithoutMigrationTest-1119587604 tempest-VolumeRetypeWithoutMigrationTest-1119587604-project] Task 'cinder.volume.flows.api.create_volume.VolumeCastTask;volume:create' (ae191746-66c9-4d75-89fd-8b553847dcda) transitioned into state 'RUNNING' from state 'PENDING' {{(pid=110983) _task_receiver /usr/local/lib/python3.8/dist-packages/taskflow/listeners/logging.py:190}}
Jul 14 12:09:27.446284 dv-cinder-848900-3-smb devstack@c-api.service[110983]: DEBUG cinder.volume.api [None req-f0488911-88aa-4f98-91c1-dd176232499f tempest-VolumeRetypeWithoutMigrationTest-1119587604 tempest-VolumeRetypeWithoutMigrationTest-1119587604-project] Task 'cinder.volume.flows.api.create_volume.VolumeCastTask;volume:create' (ae191746-66c9-4d75-89fd-8b553847dcda) transitioned into state 'SUCCESS' from state 'RUNNING' with result 'None' {{(pid=110983) _task_receiver /usr/local/lib/python3.8/dist-packages/taskflow/listeners/logging.py:178}}
Jul 14 12:09:27.451064 dv-cinder-848900-3-smb devstack@c-api.service[110983]: DEBUG cinder.volume.api [None req-f0488911-88aa-4f98-91c1-dd176232499f tempest-VolumeRetypeWithoutMigrationTest-1119587604 tempest-VolumeRetypeWithoutMigrationTest-1119587604-project] Flow 'volume_create_api' (01d95227-d1b3-4813-b9a7-ca648af57407) transitioned into state 'SUCCESS' from state 'RUNNING' {{(pid=110983) _flow_receiver /usr/local/lib/python3.8/dist-packages/taskflow/listeners/logging.py:141}}
Jul 14 12:09:27.452500 dv-cinder-848900-3-smb devstack@c-api.service[110983]: INFO cinder.volume.api [None req-f0488911-88aa-4f98-91c1-dd176232499f tempest-VolumeRetypeWithoutMigrationTest-1119587604 tempest-VolumeRetypeWithoutMigrationTest-1119587604-project] Create volume request issued successfully.
Jul 14 12:09:27.454248 dv-cinder-848900-3-smb devstack@c-api.service[110983]: INFO cinder.api.openstack.wsgi [None req-f0488911-88aa-4f98-91c1-dd176232499f tempest-VolumeRetypeWithoutMigrationTest-1119587604 tempest-VolumeRetypeWithoutMigrationTest-1119587604-project] http://10.222.0.79/volume/v3/ee6b818bdc0f43a9a0e06577c01dd383/volumes returned with HTTP 202
Jul 14 12:09:27.464055 dv-cinder-848900-3-smb devstack@c-api.service[110983]: [pid: 110983|app: 0|req: 129/240] 10.222.0.79 () {60 vars in 1235 bytes} [Thu Jul 14 12:09:26 2022] POST /volume/v3/ee6b818bdc0f43a9a0e06577c01dd383/volumes => generated 833 bytes in 772 msecs (HTTP/1.1 202) 7 headers in 291 bytes (1 switches on core 0)
Jul 14 12:09:27.466303 dv-cinder-848900-3-smb devstack@c-api.service[110982]: DEBUG cinder.api.middleware.request_id [None req-12ac9410-52dd-437a-8e49-ba54af9f669e None None] RequestId filter calling following filter/app {{(pid=110982) _context_setter /opt/stack/cinder/cinder/api/middleware/request_id.py:62}}
Jul 14 12:09:27.472935 dv-cinder-848900-3-smb devstack@c-api.service[110982]: INFO cinder.api.openstack.wsgi [None req-12ac9410-52dd-437a-8e49-ba54af9f669e tempest-VolumeRetypeWithoutMigrationTest-1119587604 tempest-VolumeRetypeWithoutMigrationTest-1119587604-project] GET http://10.222.0.79/volume/v3/ee6b818bdc0f43a9a0e06577c01dd383/volumes/5a205402-4364-4ed8-bbde-4320eee1252b
Jul 14 12:09:27.473448 dv-cinder-848900-3-smb devstack@c-api.service[110982]: DEBUG cinder.api.openstack.wsgi [None req-12ac9410-52dd-437a-8e49-ba54af9f669e tempest-VolumeRetypeWithoutMigrationTest-1119587604 tempest-VolumeRetypeWithoutMigrationTest-1119587604-project] Empty body provided in request {{(pid=110982) get_body /opt/stack/cinder/cinder/api/openstack/wsgi.py:715}}
Jul 14 12:09:27.474005 dv-cinder-848900-3-smb devstack@c-api.service[110982]: DEBUG cinder.api.openstack.wsgi [None req-12ac9410-52dd-437a-8e49-ba54af9f669e tempest-VolumeRetypeWithoutMigrationTest-1119587604 tempest-VolumeRetypeWithoutMigrationTest-1119587604-project] Calling method 'show' {{(pid=110982) _process_stack /opt/stack/cinder/cinder/api/openstack/wsgi.py:868}}
Jul 14 12:09:27.497899 dv-cinder-848900-3-smb devstack@c-api.service[110982]: /usr/local/lib/python3.8/dist-packages/oslo_context/context.py:100: DeprecationWarning: Policy enforcement is depending on the value of is_admin. This key is deprecated. Please update your policy file to use the standard policy values.
Jul 14 12:09:27.497899 dv-cinder-848900-3-smb devstack@c-api.service[110982]: warnings.warn('Policy enforcement is depending on the value of '
Jul 14 12:09:27.509371 dv-cinder-848900-3-smb devstack@c-api.service[110982]: INFO cinder.volume.api [None req-12ac9410-52dd-437a-8e49-ba54af9f669e tempest-VolumeRetypeWithoutMigrationTest-1119587604 tempest-VolumeRetypeWithoutMigrationTest-1119587604-project] Volume info retrieved successfully.
Jul 14 12:09:27.525447 dv-cinder-848900-3-smb devstack@c-api.service[110982]: INFO cinder.api.openstack.wsgi [None req-12ac9410-52dd-437a-8e49-ba54af9f669e tempest-VolumeRetypeWithoutMigrationTest-1119587604 tempest-VolumeRetypeWithoutMigrationTest-1119587604-project] http://10.222.0.79/volume/v3/ee6b818bdc0f43a9a0e06577c01dd383/volumes/5a205402-4364-4ed8-bbde-4320eee1252b returned with HTTP 200
Jul 14 12:09:27.527613 dv-cinder-848900-3-smb devstack@c-api.service[110982]: [pid: 110982|app: 0|req: 112/241] 10.222.0.79 () {58 vars in 1324 bytes} [Thu Jul 14 12:09:27 2022] GET /volume/v3/ee6b818bdc0f43a9a0e06577c01dd383/volumes/5a205402-4364-4ed8-bbde-4320eee1252b => generated 901 bytes in 62 msecs (HTTP/1.1 200) 7 headers in 285 bytes (1 switches on core 0)
Jul 14 12:09:27.872056 dv-cinder-848900-3-smb devstack@c-api.service[110983]: DEBUG cinder.api.middleware.request_id [None req-8f355355-5210-4a6d-ab12-2ff6b365367d None None] RequestId filter calling following filter/app {{(pid=110983) _context_setter /opt/stack/cinder/cinder/api/middleware/request_id.py:62}}
Jul 14 12:09:28.067207 dv-cinder-848900-3-smb devstack@c-api.service[110982]: DEBUG cinder.api.middleware.request_id [None req-1448bca0-df9d-4f1f-aafe-b7b2604da1b3 None None] RequestId filter calling following filter/app {{(pid=110982) _context_setter /opt/stack/cinder/cinder/api/middleware/request_id.py:62}}
Jul 14 12:09:28.070933 dv-cinder-848900-3-smb devstack@c-api.service[110982]: INFO cinder.api.openstack.wsgi [None req-1448bca0-df9d-4f1f-aafe-b7b2604da1b3 tempest-DeleteServersTestJSON-814972601 tempest-DeleteServersTestJSON-814972601-project] POST http://10.222.0.79/volume/v3/b47b25a5f0184af3adbd6ee26f43e7ce/volumes
Jul 14 12:09:28.071601 dv-cinder-848900-3-smb devstack@c-api.service[110982]: DEBUG cinder.api.openstack.wsgi [None req-1448bca0-df9d-4f1f-aafe-b7b2604da1b3 tempest-DeleteServersTestJSON-814972601 tempest-DeleteServersTestJSON-814972601-project] Action: 'create', calling method: create, body: {"volume": {"size": 1, "display_name": "tempest-DeleteServersTestJSON-volume-1414846149"}} {{(pid=110982) _process_stack /opt/stack/cinder/cinder/api/openstack/wsgi.py:866}}
Jul 14 12:09:28.072607 dv-cinder-848900-3-smb devstack@c-api.service[110982]: DEBUG cinder.api.v3.volumes [None req-1448bca0-df9d-4f1f-aafe-b7b2604da1b3 tempest-DeleteServersTestJSON-814972601 tempest-DeleteServersTestJSON-814972601-project] Create volume request body: {'volume': {'size': 1, 'display_name': 'tempest-DeleteServersTestJSON-volume-1414846149'}} {{(pid=110982) create /opt/stack/cinder/cinder/api/v3/volumes.py:298}}
Jul 14 12:09:28.072889 dv-cinder-848900-3-smb devstack@c-api.service[110982]: INFO cinder.api.v3.volumes [None req-1448bca0-df9d-4f1f-aafe-b7b2604da1b3 tempest-DeleteServersTestJSON-814972601 tempest-DeleteServersTestJSON-814972601-project] Create volume of 1 GB
Jul 14 12:09:28.085478 dv-cinder-848900-3-smb devstack@c-api.service[110982]: INFO cinder.volume.api [None req-1448bca0-df9d-4f1f-aafe-b7b2604da1b3 tempest-DeleteServersTestJSON-814972601 tempest-DeleteServersTestJSON-814972601-project] Availability Zones retrieved successfully.
Jul 14 12:09:28.088809 dv-cinder-848900-3-smb devstack@c-api.service[110983]: INFO cinder.api.openstack.wsgi [None req-8f355355-5210-4a6d-ab12-2ff6b365367d tempest-VolumeQuotasAdminTestJSON-1600136147 tempest-VolumeQuotasAdminTestJSON-1600136147-project-admin] GET http://10.222.0.79/volume/v3/63a9a594be64400ba2b9d28689b08393/os-quota-sets/4fca784997a445da93bf6b1fc0cdbc3f
Jul 14 12:09:28.089460 dv-cinder-848900-3-smb devstack@c-api.service[110983]: DEBUG cinder.api.openstack.wsgi [None req-8f355355-5210-4a6d-ab12-2ff6b365367d tempest-VolumeQuotasAdminTestJSON-1600136147 tempest-VolumeQuotasAdminTestJSON-1600136147-project-admin] Empty body provided in request {{(pid=110983) get_body /opt/stack/cinder/cinder/api/openstack/wsgi.py:715}}
Jul 14 12:09:28.090282 dv-cinder-848900-3-smb devstack@c-api.service[110983]: DEBUG cinder.api.openstack.wsgi [None req-8f355355-5210-4a6d-ab12-2ff6b365367d tempest-VolumeQuotasAdminTestJSON-1600136147 tempest-VolumeQuotasAdminTestJSON-1600136147-project-admin] Calling method 'show' {{(pid=110983) _process_stack /opt/stack/cinder/cinder/api/openstack/wsgi.py:868}}
Jul 14 12:09:28.091434 dv-cinder-848900-3-smb devstack@c-api.service[110983]: /usr/local/lib/python3.8/dist-packages/oslo_context/context.py:100: DeprecationWarning: Policy enforcement is depending on the value of is_admin. This key is deprecated. Please update your policy file to use the standard policy values.
Jul 14 12:09:28.091434 dv-cinder-848900-3-smb devstack@c-api.service[110983]: warnings.warn('Policy enforcement is depending on the value of '
Jul 14 12:09:28.125484 dv-cinder-848900-3-smb devstack@c-api.service[110982]: DEBUG cinder.volume.api [None req-1448bca0-df9d-4f1f-aafe-b7b2604da1b3 tempest-DeleteServersTestJSON-814972601 tempest-DeleteServersTestJSON-814972601-project] Flow 'volume_create_api' (7f840c21-54ab-4c19-8b8b-b0ece7321da9) transitioned into state 'RUNNING' from state 'PENDING' {{(pid=110982) _flow_receiver /usr/local/lib/python3.8/dist-packages/taskflow/listeners/logging.py:141}}
Jul 14 12:09:28.132854 dv-cinder-848900-3-smb devstack@c-api.service[110983]: WARNING cinder.quota [None req-8f355355-5210-4a6d-ab12-2ff6b365367d tempest-VolumeQuotasAdminTestJSON-1600136147 tempest-VolumeQuotasAdminTestJSON-1600136147-project-admin] Deprecated: Default quota for resource: volumes_volume-type-2 is set by the default quota flag: quota_volumes_volume-type-2, it is now deprecated. Please use the default quota class for default quota.
Jul 14 12:09:28.133660 dv-cinder-848900-3-smb devstack@c-api.service[110983]: WARNING cinder.quota [None req-8f355355-5210-4a6d-ab12-2ff6b365367d tempest-VolumeQuotasAdminTestJSON-1600136147 tempest-VolumeQuotasAdminTestJSON-1600136147-project-admin] Deprecated: Default quota for resource: gigabytes_volume-type-2 is set by the default quota flag: quota_gigabytes_volume-type-2, it is now deprecated. Please use the default quota class for default quota.
Jul 14 12:09:28.134423 dv-cinder-848900-3-smb devstack@c-api.service[110983]: WARNING cinder.quota [None req-8f355355-5210-4a6d-ab12-2ff6b365367d tempest-VolumeQuotasAdminTestJSON-1600136147 tempest-VolumeQuotasAdminTestJSON-1600136147-project-admin] Deprecated: Default quota for resource: snapshots_volume-type-2 is set by the default quota flag: quota_snapshots_volume-type-2, it is now deprecated. Please use the default quota class for default quota.
Jul 14 12:09:28.138292 dv-cinder-848900-3-smb devstack@c-api.service[110982]: DEBUG cinder.volume.api [None req-1448bca0-df9d-4f1f-aafe-b7b2604da1b3 tempest-DeleteServersTestJSON-814972601 tempest-DeleteServersTestJSON-814972601-project] Task 'cinder.volume.flows.api.create_volume.ExtractVolumeRequestTask;volume:create' (2538eedd-543b-4959-a8d3-806f2d7d6674) transitioned into state 'RUNNING' from state 'PENDING' {{(pid=110982) _task_receiver /usr/local/lib/python3.8/dist-packages/taskflow/listeners/logging.py:190}}
Jul 14 12:09:28.141526 dv-cinder-848900-3-smb devstack@c-api.service[110983]: WARNING cinder.quota [None req-8f355355-5210-4a6d-ab12-2ff6b365367d tempest-VolumeQuotasAdminTestJSON-1600136147 tempest-VolumeQuotasAdminTestJSON-1600136147-project-admin] Deprecated: Default quota for resource: snapshots_volume-type-1 is set by the default quota flag: quota_snapshots_volume-type-1, it is now deprecated. Please use the default quota class for default quota.
Jul 14 12:09:28.144414 dv-cinder-848900-3-smb devstack@c-api.service[110982]: DEBUG cinder.volume.flows.api.create_volume [None req-1448bca0-df9d-4f1f-aafe-b7b2604da1b3 tempest-DeleteServersTestJSON-814972601 tempest-DeleteServersTestJSON-814972601-project] Validating volume size '1' using validate_int {{(pid=110982) _extract_size /opt/stack/cinder/cinder/volume/flows/api/create_volume.py:228}}
Jul 14 12:09:28.145428 dv-cinder-848900-3-smb devstack@c-api.service[110983]: WARNING cinder.quota [None req-8f355355-5210-4a6d-ab12-2ff6b365367d tempest-VolumeQuotasAdminTestJSON-1600136147 tempest-VolumeQuotasAdminTestJSON-1600136147-project-admin] Deprecated: Default quota for resource: snapshots_tempest-GroupSnapshotsTest-volume-type-1180766552 is set by the default quota flag: quota_snapshots_tempest-GroupSnapshotsTest-volume-type-1180766552, it is now deprecated. Please use the default quota class for default quota.
Jul 14 12:09:28.162031 dv-cinder-848900-3-smb devstack@c-api.service[110982]: DEBUG dbcounter [-] [110982] Writing DB stats cinder:SELECT=97,cinder:INSERT=1,cinder:UPDATE=2 {{(pid=110982) stat_writer /usr/local/lib/python3.8/dist-packages/dbcounter.py:114}}
Jul 14 12:09:28.177565 dv-cinder-848900-3-smb devstack@c-api.service[110983]: INFO cinder.api.openstack.wsgi [None req-8f355355-5210-4a6d-ab12-2ff6b365367d tempest-VolumeQuotasAdminTestJSON-1600136147 tempest-VolumeQuotasAdminTestJSON-1600136147-project-admin] http://10.222.0.79/volume/v3/63a9a594be64400ba2b9d28689b08393/os-quota-sets/4fca784997a445da93bf6b1fc0cdbc3f returned with HTTP 200
Jul 14 12:09:28.190170 dv-cinder-848900-3-smb devstack@c-api.service[110983]: [pid: 110983|app: 0|req: 130/242] 10.222.0.79 () {58 vars in 1330 bytes} [Thu Jul 14 12:09:27 2022] GET /volume/v3/63a9a594be64400ba2b9d28689b08393/os-quota-sets/4fca784997a445da93bf6b1fc0cdbc3f => generated 742 bytes in 320 msecs (HTTP/1.1 200) 7 headers in 285 bytes (2 switches on core 0)
Jul 14 12:09:28.192516 dv-cinder-848900-3-smb devstack@c-api.service[110983]: DEBUG cinder.api.middleware.request_id [None req-b6040c00-9d91-48b1-83d9-987231210959 None None] RequestId filter calling following filter/app {{(pid=110983) _context_setter /opt/stack/cinder/cinder/api/middleware/request_id.py:62}}
Jul 14 12:09:28.196825 dv-cinder-848900-3-smb devstack@c-api.service[110983]: INFO cinder.api.openstack.wsgi [None req-b6040c00-9d91-48b1-83d9-987231210959 tempest-GroupSnapshotsTest-2050219654 tempest-GroupSnapshotsTest-2050219654-project] GET http://10.222.0.79/volume/v3/4da49006c836483995ed1e860a95c398/snapshots/6de7ad25-7df8-4278-ae5d-df442eedec5c
Jul 14 12:09:28.197284 dv-cinder-848900-3-smb devstack@c-api.service[110983]: DEBUG cinder.api.openstack.wsgi [None req-b6040c00-9d91-48b1-83d9-987231210959 tempest-GroupSnapshotsTest-2050219654 tempest-GroupSnapshotsTest-2050219654-project] Empty body provided in request {{(pid=110983) get_body /opt/stack/cinder/cinder/api/openstack/wsgi.py:715}}
Jul 14 12:09:28.198523 dv-cinder-848900-3-smb devstack@c-api.service[110983]: DEBUG cinder.api.openstack.wsgi [None req-b6040c00-9d91-48b1-83d9-987231210959 tempest-GroupSnapshotsTest-2050219654 tempest-GroupSnapshotsTest-2050219654-project] Calling method 'show' {{(pid=110983) _process_stack /opt/stack/cinder/cinder/api/openstack/wsgi.py:868}}
Jul 14 12:09:28.210955 dv-cinder-848900-3-smb devstack@c-api.service[110983]: INFO cinder.api.openstack.wsgi [None req-b6040c00-9d91-48b1-83d9-987231210959 tempest-GroupSnapshotsTest-2050219654 tempest-GroupSnapshotsTest-2050219654-project] http://10.222.0.79/volume/v3/4da49006c836483995ed1e860a95c398/snapshots/6de7ad25-7df8-4278-ae5d-df442eedec5c returned with HTTP 404
Jul 14 12:09:28.215757 dv-cinder-848900-3-smb devstack@c-api.service[110983]: [pid: 110983|app: 0|req: 131/243] 10.222.0.79 () {58 vars in 1330 bytes} [Thu Jul 14 12:09:28 2022] GET /volume/v3/4da49006c836483995ed1e860a95c398/snapshots/6de7ad25-7df8-4278-ae5d-df442eedec5c => generated 111 bytes in 25 msecs (HTTP/1.1 404) 7 headers in 292 bytes (1 switches on core 0)
Jul 14 12:09:28.217930 dv-cinder-848900-3-smb devstack@c-api.service[110983]: DEBUG cinder.api.middleware.request_id [None req-a9d95e45-418d-4aae-8ddd-d3bfdc884bd0 None None] RequestId filter calling following filter/app {{(pid=110983) _context_setter /opt/stack/cinder/cinder/api/middleware/request_id.py:62}}
Jul 14 12:09:28.219105 dv-cinder-848900-3-smb devstack@c-api.service[110982]: DEBUG cinder.volume.api [None req-1448bca0-df9d-4f1f-aafe-b7b2604da1b3 tempest-DeleteServersTestJSON-814972601 tempest-DeleteServersTestJSON-814972601-project] Task 'cinder.volume.flows.api.create_volume.ExtractVolumeRequestTask;volume:create' (2538eedd-543b-4959-a8d3-806f2d7d6674) transitioned into state 'SUCCESS' from state 'RUNNING' with result '{'size': 1, 'snapshot_id': None, 'source_volid': None, 'volume_type': VolumeType(created_at=2022-07-14T11:58:09Z,deleted=False,deleted_at=None,description='Default Volume Type',extra_specs={},id=9d8b27be-c349-4e26-829b-7fd4b0a8163c,is_public=True,name='__DEFAULT__',projects=[],qos_specs=,qos_specs_id=None,updated_at=2022-07-14T11:58:09Z), 'volume_type_id': '9d8b27be-c349-4e26-829b-7fd4b0a8163c', 'encryption_key_id': None, 'qos_specs': None, 'consistencygroup_id': None, 'cgsnapshot_id': None, 'group_id': None, 'replication_status': 'disabled', 'refresh_az': False, 'backup_id': None, 'multiattach': False, 'availability_zones': ['nova']}' {{(pid=110982) _task_receiver /usr/local/lib/python3.8/dist-packages/taskflow/listeners/logging.py:178}}
Jul 14 12:09:28.221102 dv-cinder-848900-3-smb devstack@c-api.service[110982]: DEBUG cinder.volume.api [None req-1448bca0-df9d-4f1f-aafe-b7b2604da1b3 tempest-DeleteServersTestJSON-814972601 tempest-DeleteServersTestJSON-814972601-project] Task 'cinder.volume.flows.api.create_volume.QuotaReserveTask;volume:create' (2828a70a-d397-486f-a657-a7290ffd1fc3) transitioned into state 'RUNNING' from state 'PENDING' {{(pid=110982) _task_receiver /usr/local/lib/python3.8/dist-packages/taskflow/listeners/logging.py:190}}
Jul 14 12:09:28.223850 dv-cinder-848900-3-smb devstack@c-api.service[110983]: INFO cinder.api.openstack.wsgi [None req-a9d95e45-418d-4aae-8ddd-d3bfdc884bd0 tempest-VolumeQuotasAdminTestJSON-1600136147 tempest-VolumeQuotasAdminTestJSON-1600136147-project-admin] GET http://10.222.0.79/volume/v3/63a9a594be64400ba2b9d28689b08393/os-quota-sets/4fca784997a445da93bf6b1fc0cdbc3f/defaults
Jul 14 12:09:28.224701 dv-cinder-848900-3-smb devstack@c-api.service[110983]: DEBUG cinder.api.openstack.wsgi [None req-a9d95e45-418d-4aae-8ddd-d3bfdc884bd0 tempest-VolumeQuotasAdminTestJSON-1600136147 tempest-VolumeQuotasAdminTestJSON-1600136147-project-admin] Empty body provided in request {{(pid=110983) get_body /opt/stack/cinder/cinder/api/openstack/wsgi.py:715}}
Jul 14 12:09:28.225328 dv-cinder-848900-3-smb devstack@c-api.service[110983]: DEBUG cinder.api.openstack.wsgi [None req-a9d95e45-418d-4aae-8ddd-d3bfdc884bd0 tempest-VolumeQuotasAdminTestJSON-1600136147 tempest-VolumeQuotasAdminTestJSON-1600136147-project-admin] Calling method 'defaults' {{(pid=110983) _process_stack /opt/stack/cinder/cinder/api/openstack/wsgi.py:868}}
Jul 14 12:09:28.251808 dv-cinder-848900-3-smb devstack@c-api.service[110983]: INFO cinder.api.openstack.wsgi [None req-a9d95e45-418d-4aae-8ddd-d3bfdc884bd0 tempest-VolumeQuotasAdminTestJSON-1600136147 tempest-VolumeQuotasAdminTestJSON-1600136147-project-admin] http://10.222.0.79/volume/v3/63a9a594be64400ba2b9d28689b08393/os-quota-sets/4fca784997a445da93bf6b1fc0cdbc3f/defaults returned with HTTP 200
Jul 14 12:09:28.257959 dv-cinder-848900-3-smb devstack@c-api.service[110983]: [pid: 110983|app: 0|req: 132/244] 10.222.0.79 () {58 vars in 1357 bytes} [Thu Jul 14 12:09:28 2022] GET /volume/v3/63a9a594be64400ba2b9d28689b08393/os-quota-sets/4fca784997a445da93bf6b1fc0cdbc3f/defaults => generated 742 bytes in 41 msecs (HTTP/1.1 200) 7 headers in 285 bytes (1 switches on core 0)
Jul 14 12:09:28.259979 dv-cinder-848900-3-smb devstack@c-api.service[110983]: DEBUG cinder.api.middleware.request_id [None req-57b2ea7d-4701-4101-b555-5b7c69bcd862 None None] RequestId filter calling following filter/app {{(pid=110983) _context_setter /opt/stack/cinder/cinder/api/middleware/request_id.py:62}}
Jul 14 12:09:28.265592 dv-cinder-848900-3-smb devstack@c-api.service[110983]: INFO cinder.api.openstack.wsgi [None req-57b2ea7d-4701-4101-b555-5b7c69bcd862 tempest-GroupSnapshotsTest-2050219654 tempest-GroupSnapshotsTest-2050219654-project] GET http://10.222.0.79/volume/v3/4da49006c836483995ed1e860a95c398/group_snapshots/31288863-1018-4f2b-b769-6e43da37088d
Jul 14 12:09:28.266361 dv-cinder-848900-3-smb devstack@c-api.service[110983]: DEBUG cinder.api.openstack.wsgi [None req-57b2ea7d-4701-4101-b555-5b7c69bcd862 tempest-GroupSnapshotsTest-2050219654 tempest-GroupSnapshotsTest-2050219654-project] Empty body provided in request {{(pid=110983) get_body /opt/stack/cinder/cinder/api/openstack/wsgi.py:715}}
Jul 14 12:09:28.266979 dv-cinder-848900-3-smb devstack@c-api.service[110983]: DEBUG cinder.api.openstack.wsgi [None req-57b2ea7d-4701-4101-b555-5b7c69bcd862 tempest-GroupSnapshotsTest-2050219654 tempest-GroupSnapshotsTest-2050219654-project] Calling method 'version_select' {{(pid=110983) _process_stack /opt/stack/cinder/cinder/api/openstack/wsgi.py:868}}
Jul 14 12:09:28.267490 dv-cinder-848900-3-smb devstack@c-api.service[110983]: DEBUG cinder.api.v3.group_snapshots [None req-57b2ea7d-4701-4101-b555-5b7c69bcd862 tempest-GroupSnapshotsTest-2050219654 tempest-GroupSnapshotsTest-2050219654-project] show called for member 31288863-1018-4f2b-b769-6e43da37088d {{(pid=110983) show /opt/stack/cinder/cinder/api/v3/group_snapshots.py:58}}
Jul 14 12:09:28.275605 dv-cinder-848900-3-smb devstack@c-api.service[110983]: INFO cinder.api.openstack.wsgi [None req-57b2ea7d-4701-4101-b555-5b7c69bcd862 tempest-GroupSnapshotsTest-2050219654 tempest-GroupSnapshotsTest-2050219654-project] http://10.222.0.79/volume/v3/4da49006c836483995ed1e860a95c398/group_snapshots/31288863-1018-4f2b-b769-6e43da37088d returned with HTTP 404
Jul 14 12:09:28.276855 dv-cinder-848900-3-smb devstack@c-api.service[110983]: [pid: 110983|app: 0|req: 133/245] 10.222.0.79 () {60 vars in 1389 bytes} [Thu Jul 14 12:09:28 2022] GET /volume/v3/4da49006c836483995ed1e860a95c398/group_snapshots/31288863-1018-4f2b-b769-6e43da37088d => generated 116 bytes in 18 msecs (HTTP/1.1 404) 7 headers in 293 bytes (1 switches on core 0)
Jul 14 12:09:28.284106 dv-cinder-848900-3-smb devstack@c-api.service[110983]: DEBUG cinder.api.middleware.request_id [None req-ed039ea2-15a2-420c-8c25-896c462c3905 None None] RequestId filter calling following filter/app {{(pid=110983) _context_setter /opt/stack/cinder/cinder/api/middleware/request_id.py:62}}
Jul 14 12:09:28.290368 dv-cinder-848900-3-smb devstack@c-api.service[110983]: INFO cinder.api.openstack.wsgi [None req-ed039ea2-15a2-420c-8c25-896c462c3905 tempest-VolumeQuotasAdminTestJSON-1600136147 tempest-VolumeQuotasAdminTestJSON-1600136147-project-admin] PUT http://10.222.0.79/volume/v3/63a9a594be64400ba2b9d28689b08393/os-quota-sets/4fca784997a445da93bf6b1fc0cdbc3f
Jul 14 12:09:28.292041 dv-cinder-848900-3-smb devstack@c-api.service[110983]: DEBUG cinder.api.openstack.wsgi [None req-ed039ea2-15a2-420c-8c25-896c462c3905 tempest-VolumeQuotasAdminTestJSON-1600136147 tempest-VolumeQuotasAdminTestJSON-1600136147-project-admin] Action: 'update', calling method: update, body: {"quota_set": {"volumes": 15}} {{(pid=110983) _process_stack /opt/stack/cinder/cinder/api/openstack/wsgi.py:866}}
Jul 14 12:09:28.384212 dv-cinder-848900-3-smb devstack@c-api.service[110982]: DEBUG cinder.quota [None req-1448bca0-df9d-4f1f-aafe-b7b2604da1b3 tempest-DeleteServersTestJSON-814972601 tempest-DeleteServersTestJSON-814972601-project] Created reservations ['46d52e93-407a-4578-a0d7-b83896bec747', 'bcfe8f31-b6f0-4c9c-b24b-cc3d0b0af05a', '46d03ed7-4f2d-4a1b-9f4c-ed27686da159', 'b37664fc-f7f2-4e79-9700-cb2549f09dbc'] {{(pid=110982) reserve /opt/stack/cinder/cinder/quota.py:755}}
Jul 14 12:09:28.386668 dv-cinder-848900-3-smb devstack@c-api.service[110982]: DEBUG cinder.volume.api [None req-1448bca0-df9d-4f1f-aafe-b7b2604da1b3 tempest-DeleteServersTestJSON-814972601 tempest-DeleteServersTestJSON-814972601-project] Task 'cinder.volume.flows.api.create_volume.QuotaReserveTask;volume:create' (2828a70a-d397-486f-a657-a7290ffd1fc3) transitioned into state 'SUCCESS' from state 'RUNNING' with result '{'reservations': ['46d52e93-407a-4578-a0d7-b83896bec747', 'bcfe8f31-b6f0-4c9c-b24b-cc3d0b0af05a', '46d03ed7-4f2d-4a1b-9f4c-ed27686da159', 'b37664fc-f7f2-4e79-9700-cb2549f09dbc']}' {{(pid=110982) _task_receiver /usr/local/lib/python3.8/dist-packages/taskflow/listeners/logging.py:178}}
Jul 14 12:09:28.392764 dv-cinder-848900-3-smb devstack@c-api.service[110982]: DEBUG cinder.volume.api [None req-1448bca0-df9d-4f1f-aafe-b7b2604da1b3 tempest-DeleteServersTestJSON-814972601 tempest-DeleteServersTestJSON-814972601-project] Task 'cinder.volume.flows.api.create_volume.EntryCreateTask;volume:create' (9a415494-c8fd-4694-9328-2d5f41d81c91) transitioned into state 'RUNNING' from state 'PENDING' {{(pid=110982) _task_receiver /usr/local/lib/python3.8/dist-packages/taskflow/listeners/logging.py:190}}
Jul 14 12:09:28.408180 dv-cinder-848900-3-smb devstack@c-api.service[110983]: DEBUG dbcounter [-] [110983] Writing DB stats cinder:SELECT=77,cinder:INSERT=11,cinder:UPDATE=12 {{(pid=110983) stat_writer /usr/local/lib/python3.8/dist-packages/dbcounter.py:114}}
Jul 14 12:09:28.416318 dv-cinder-848900-3-smb devstack@c-api.service[110983]: INFO cinder.api.openstack.wsgi [None req-ed039ea2-15a2-420c-8c25-896c462c3905 tempest-VolumeQuotasAdminTestJSON-1600136147 tempest-VolumeQuotasAdminTestJSON-1600136147-project-admin] http://10.222.0.79/volume/v3/63a9a594be64400ba2b9d28689b08393/os-quota-sets/4fca784997a445da93bf6b1fc0cdbc3f returned with HTTP 200
Jul 14 12:09:28.420288 dv-cinder-848900-3-smb devstack@c-api.service[110983]: [pid: 110983|app: 0|req: 134/246] 10.222.0.79 () {60 vars in 1350 bytes} [Thu Jul 14 12:09:28 2022] PUT /volume/v3/63a9a594be64400ba2b9d28689b08393/os-quota-sets/4fca784997a445da93bf6b1fc0cdbc3f => generated 700 bytes in 137 msecs (HTTP/1.1 200) 7 headers in 285 bytes (1 switches on core 0)
Jul 14 12:09:28.422039 dv-cinder-848900-3-smb devstack@c-api.service[110983]: DEBUG cinder.api.middleware.request_id [None req-303293e0-0570-435e-88e4-adadb60efe78 None None] RequestId filter calling following filter/app {{(pid=110983) _context_setter /opt/stack/cinder/cinder/api/middleware/request_id.py:62}}
Jul 14 12:09:28.431801 dv-cinder-848900-3-smb devstack@c-api.service[110983]: INFO cinder.api.openstack.wsgi [None req-303293e0-0570-435e-88e4-adadb60efe78 tempest-GroupSnapshotsTest-2050219654 tempest-GroupSnapshotsTest-2050219654-project] GET http://10.222.0.79/volume/v3/4da49006c836483995ed1e860a95c398/volumes/detail
Jul 14 12:09:28.432300 dv-cinder-848900-3-smb devstack@c-api.service[110983]: DEBUG cinder.api.openstack.wsgi [None req-303293e0-0570-435e-88e4-adadb60efe78 tempest-GroupSnapshotsTest-2050219654 tempest-GroupSnapshotsTest-2050219654-project] Empty body provided in request {{(pid=110983) get_body /opt/stack/cinder/cinder/api/openstack/wsgi.py:715}}
Jul 14 12:09:28.444926 dv-cinder-848900-3-smb devstack@c-api.service[110983]: DEBUG cinder.api.openstack.wsgi [None req-303293e0-0570-435e-88e4-adadb60efe78 tempest-GroupSnapshotsTest-2050219654 tempest-GroupSnapshotsTest-2050219654-project] Calling method 'detail' {{(pid=110983) _process_stack /opt/stack/cinder/cinder/api/openstack/wsgi.py:868}}
Jul 14 12:09:28.445845 dv-cinder-848900-3-smb devstack@c-api.service[110983]: DEBUG cinder.api.api_utils [None req-303293e0-0570-435e-88e4-adadb60efe78 tempest-GroupSnapshotsTest-2050219654 tempest-GroupSnapshotsTest-2050219654-project] Removing options '' from query. {{(pid=110983) remove_invalid_filter_options /opt/stack/cinder/cinder/api/api_utils.py:83}}
Jul 14 12:09:28.453324 dv-cinder-848900-3-smb devstack@c-api.service[110983]: DEBUG cinder.volume.api [None req-303293e0-0570-435e-88e4-adadb60efe78 tempest-GroupSnapshotsTest-2050219654 tempest-GroupSnapshotsTest-2050219654-project] Searching by: MultiDict([('no_migration_targets', True)]). {{(pid=110983) get_all /opt/stack/cinder/cinder/volume/api.py:664}}
Jul 14 12:09:28.456892 dv-cinder-848900-3-smb devstack@c-api.service[110982]: DEBUG cinder.volume.api [None req-1448bca0-df9d-4f1f-aafe-b7b2604da1b3 tempest-DeleteServersTestJSON-814972601 tempest-DeleteServersTestJSON-814972601-project] Task 'cinder.volume.flows.api.create_volume.EntryCreateTask;volume:create' (9a415494-c8fd-4694-9328-2d5f41d81c91) transitioned into state 'SUCCESS' from state 'RUNNING' with result '{'volume_id': '66cf8289-b6fd-4d70-bf5f-295db956acca', 'volume_properties': VolumeProperties(attach_status='detached',availability_zone='nova',cgsnapshot_id=None,consistencygroup_id=None,display_description=None,display_name='tempest-DeleteServersTestJSON-volume-1414846149',encryption_key_id=None,group_id=None,group_type_id=,metadata={},multiattach=False,project_id='b47b25a5f0184af3adbd6ee26f43e7ce',qos_specs=None,replication_status=,reservations=['46d52e93-407a-4578-a0d7-b83896bec747','bcfe8f31-b6f0-4c9c-b24b-cc3d0b0af05a','46d03ed7-4f2d-4a1b-9f4c-ed27686da159','b37664fc-f7f2-4e79-9700-cb2549f09dbc'],size=1,snapshot_id=None,source_replicaid=,source_volid=None,status='creating',user_id='8445dcc0f7e942cf8a6a36c750653312',volume_type_id=9d8b27be-c349-4e26-829b-7fd4b0a8163c), 'volume': Volume(_name_id=None,admin_metadata=,attach_status='detached',availability_zone='nova',bootable=False,cluster=,cluster_name=None,consistencygroup=,consistencygroup_id=None,created_at=2022-07-14T12:09:28Z,deleted=False,deleted_at=None,display_description=None,display_name='tempest-DeleteServersTestJSON-volume-1414846149',ec2_id=None,encryption_key_id=None,glance_metadata=,group=,group_id=None,host=None,id=66cf8289-b6fd-4d70-bf5f-295db956acca,launched_at=None,metadata={},migration_status=None,multiattach=False,previous_status=None,project_id='b47b25a5f0184af3adbd6ee26f43e7ce',provider_auth=None,provider_geometry=None,provider_id=None,provider_location=None,replication_driver_data=None,replication_extended_status=None,replication_status=None,scheduled_at=None,service_uuid=None,shared_targets=True,size=1,snapshot_id=None,snapshots=,source_volid=None,status='creating',terminated_at=None,updated_at=None,use_quota=True,user_id='8445dcc0f7e942cf8a6a36c750653312',volume_attachment=VolumeAttachmentList,volume_type=VolumeType(9d8b27be-c349-4e26-829b-7fd4b0a8163c),volume_type_id=9d8b27be-c349-4e26-829b-7fd4b0a8163c)}' {{(pid=110982) _task_receiver /usr/local/lib/python3.8/dist-packages/taskflow/listeners/logging.py:178}}
Jul 14 12:09:28.463028 dv-cinder-848900-3-smb devstack@c-api.service[110982]: DEBUG cinder.volume.api [None req-1448bca0-df9d-4f1f-aafe-b7b2604da1b3 tempest-DeleteServersTestJSON-814972601 tempest-DeleteServersTestJSON-814972601-project] Task 'cinder.volume.flows.api.create_volume.QuotaCommitTask;volume:create' (0b33ecb1-efc6-41c6-926e-80585c9cdc1a) transitioned into state 'RUNNING' from state 'PENDING' {{(pid=110982) _task_receiver /usr/local/lib/python3.8/dist-packages/taskflow/listeners/logging.py:190}}
Jul 14 12:09:28.514252 dv-cinder-848900-3-smb devstack@c-api.service[110982]: DEBUG cinder.volume.api [None req-1448bca0-df9d-4f1f-aafe-b7b2604da1b3 tempest-DeleteServersTestJSON-814972601 tempest-DeleteServersTestJSON-814972601-project] Task 'cinder.volume.flows.api.create_volume.QuotaCommitTask;volume:create' (0b33ecb1-efc6-41c6-926e-80585c9cdc1a) transitioned into state 'SUCCESS' from state 'RUNNING' with result '{'volume_properties': VolumeProperties(attach_status='detached',availability_zone='nova',cgsnapshot_id=None,consistencygroup_id=None,display_description=None,display_name='tempest-DeleteServersTestJSON-volume-1414846149',encryption_key_id=None,group_id=None,group_type_id=,metadata={},multiattach=False,project_id='b47b25a5f0184af3adbd6ee26f43e7ce',qos_specs=None,replication_status=,reservations=['46d52e93-407a-4578-a0d7-b83896bec747','bcfe8f31-b6f0-4c9c-b24b-cc3d0b0af05a','46d03ed7-4f2d-4a1b-9f4c-ed27686da159','b37664fc-f7f2-4e79-9700-cb2549f09dbc'],size=1,snapshot_id=None,source_replicaid=,source_volid=None,status='creating',user_id='8445dcc0f7e942cf8a6a36c750653312',volume_type_id=9d8b27be-c349-4e26-829b-7fd4b0a8163c)}' {{(pid=110982) _task_receiver /usr/local/lib/python3.8/dist-packages/taskflow/listeners/logging.py:178}}
Jul 14 12:09:28.516565 dv-cinder-848900-3-smb devstack@c-api.service[110982]: DEBUG cinder.volume.api [None req-1448bca0-df9d-4f1f-aafe-b7b2604da1b3 tempest-DeleteServersTestJSON-814972601 tempest-DeleteServersTestJSON-814972601-project] Task 'cinder.volume.flows.api.create_volume.VolumeCastTask;volume:create' (8e0b1150-f4ec-4426-9cf1-5ef93982395a) transitioned into state 'RUNNING' from state 'PENDING' {{(pid=110982) _task_receiver /usr/local/lib/python3.8/dist-packages/taskflow/listeners/logging.py:190}}
Jul 14 12:09:28.528911 dv-cinder-848900-3-smb devstack@c-api.service[110983]: INFO cinder.volume.api [None req-303293e0-0570-435e-88e4-adadb60efe78 tempest-GroupSnapshotsTest-2050219654 tempest-GroupSnapshotsTest-2050219654-project] Get all volumes completed successfully.
Jul 14 12:09:28.531752 dv-cinder-848900-3-smb devstack@c-api.service[110983]: WARNING stevedore.named [None req-303293e0-0570-435e-88e4-adadb60efe78 tempest-GroupSnapshotsTest-2050219654 tempest-GroupSnapshotsTest-2050219654-project] Could not load cinder.keymgr.conf_key_mgr.ConfKeyManager
Jul 14 12:09:28.532318 dv-cinder-848900-3-smb devstack@c-api.service[110983]: WARNING castellan.key_manager [None req-303293e0-0570-435e-88e4-adadb60efe78 tempest-GroupSnapshotsTest-2050219654 tempest-GroupSnapshotsTest-2050219654-project] Deprecation Warning : cinder.keymgr.conf_key_mgr.ConfKeyManager is not a stevedore based driver, trying to load it as a class: stevedore.exception.NoMatches: No 'castellan.drivers' driver found, looking for 'cinder.keymgr.conf_key_mgr.ConfKeyManager'
Jul 14 12:09:28.546358 dv-cinder-848900-3-smb devstack@c-api.service[110983]: DEBUG oslo_db.sqlalchemy.engines [None req-303293e0-0570-435e-88e4-adadb60efe78 tempest-GroupSnapshotsTest-2050219654 tempest-GroupSnapshotsTest-2050219654-project] MySQL server mode set to STRICT_TRANS_TABLES,STRICT_ALL_TABLES,NO_ZERO_IN_DATE,NO_ZERO_DATE,ERROR_FOR_DIVISION_BY_ZERO,TRADITIONAL,NO_ENGINE_SUBSTITUTION {{(pid=110983) _check_effective_sql_mode /usr/local/lib/python3.8/dist-packages/oslo_db/sqlalchemy/engines.py:314}}
Jul 14 12:09:28.549802 dv-cinder-848900-3-smb devstack@c-api.service[110982]: DEBUG cinder.volume.api [None req-1448bca0-df9d-4f1f-aafe-b7b2604da1b3 tempest-DeleteServersTestJSON-814972601 tempest-DeleteServersTestJSON-814972601-project] Task 'cinder.volume.flows.api.create_volume.VolumeCastTask;volume:create' (8e0b1150-f4ec-4426-9cf1-5ef93982395a) transitioned into state 'SUCCESS' from state 'RUNNING' with result 'None' {{(pid=110982) _task_receiver /usr/local/lib/python3.8/dist-packages/taskflow/listeners/logging.py:178}}
Jul 14 12:09:28.553062 dv-cinder-848900-3-smb devstack@c-api.service[110982]: DEBUG cinder.volume.api [None req-1448bca0-df9d-4f1f-aafe-b7b2604da1b3 tempest-DeleteServersTestJSON-814972601 tempest-DeleteServersTestJSON-814972601-project] Flow 'volume_create_api' (7f840c21-54ab-4c19-8b8b-b0ece7321da9) transitioned into state 'SUCCESS' from state 'RUNNING' {{(pid=110982) _flow_receiver /usr/local/lib/python3.8/dist-packages/taskflow/listeners/logging.py:141}}
Jul 14 12:09:28.555116 dv-cinder-848900-3-smb devstack@c-api.service[110982]: INFO cinder.volume.api [None req-1448bca0-df9d-4f1f-aafe-b7b2604da1b3 tempest-DeleteServersTestJSON-814972601 tempest-DeleteServersTestJSON-814972601-project] Create volume request issued successfully.
Jul 14 12:09:28.556995 dv-cinder-848900-3-smb devstack@c-api.service[110982]: INFO cinder.api.openstack.wsgi [None req-1448bca0-df9d-4f1f-aafe-b7b2604da1b3 tempest-DeleteServersTestJSON-814972601 tempest-DeleteServersTestJSON-814972601-project] http://10.222.0.79/volume/v3/b47b25a5f0184af3adbd6ee26f43e7ce/volumes returned with HTTP 202
Jul 14 12:09:28.558125 dv-cinder-848900-3-smb devstack@c-api.service[110982]: [pid: 110982|app: 0|req: 113/247] 10.222.0.79 () {60 vars in 1234 bytes} [Thu Jul 14 12:09:28 2022] POST /volume/v3/b47b25a5f0184af3adbd6ee26f43e7ce/volumes => generated 821 bytes in 492 msecs (HTTP/1.1 202) 7 headers in 291 bytes (1 switches on core 0)
Jul 14 12:09:28.559656 dv-cinder-848900-3-smb devstack@c-api.service[110982]: DEBUG cinder.api.middleware.request_id [None req-7c9b5de7-27f6-404f-b458-8df3c26516a5 None None] RequestId filter calling following filter/app {{(pid=110982) _context_setter /opt/stack/cinder/cinder/api/middleware/request_id.py:62}}
Jul 14 12:09:28.571508 dv-cinder-848900-3-smb devstack@c-api.service[110983]: /usr/local/lib/python3.8/dist-packages/oslo_context/context.py:100: DeprecationWarning: Policy enforcement is depending on the value of is_admin. This key is deprecated. Please update your policy file to use the standard policy values.
Jul 14 12:09:28.571508 dv-cinder-848900-3-smb devstack@c-api.service[110983]: warnings.warn('Policy enforcement is depending on the value of '
Jul 14 12:09:28.573520 dv-cinder-848900-3-smb devstack@c-api.service[110982]: INFO cinder.api.openstack.wsgi [None req-7c9b5de7-27f6-404f-b458-8df3c26516a5 tempest-VolumeQuotasAdminTestJSON-1600136147 tempest-VolumeQuotasAdminTestJSON-1600136147-project-admin] DELETE http://10.222.0.79/volume/v3/63a9a594be64400ba2b9d28689b08393/os-quota-sets/4fca784997a445da93bf6b1fc0cdbc3f
Jul 14 12:09:28.574200 dv-cinder-848900-3-smb devstack@c-api.service[110982]: DEBUG cinder.api.openstack.wsgi [None req-7c9b5de7-27f6-404f-b458-8df3c26516a5 tempest-VolumeQuotasAdminTestJSON-1600136147 tempest-VolumeQuotasAdminTestJSON-1600136147-project-admin] Empty body provided in request {{(pid=110982) get_body /opt/stack/cinder/cinder/api/openstack/wsgi.py:715}}
Jul 14 12:09:28.574455 dv-cinder-848900-3-smb devstack@c-api.service[110982]: DEBUG cinder.api.openstack.wsgi [None req-7c9b5de7-27f6-404f-b458-8df3c26516a5 tempest-VolumeQuotasAdminTestJSON-1600136147 tempest-VolumeQuotasAdminTestJSON-1600136147-project-admin] Calling method 'delete' {{(pid=110982) _process_stack /opt/stack/cinder/cinder/api/openstack/wsgi.py:868}}
Jul 14 12:09:28.575188 dv-cinder-848900-3-smb devstack@c-api.service[110982]: /usr/local/lib/python3.8/dist-packages/oslo_context/context.py:100: DeprecationWarning: Policy enforcement is depending on the value of is_admin. This key is deprecated. Please update your policy file to use the standard policy values.
Jul 14 12:09:28.575188 dv-cinder-848900-3-smb devstack@c-api.service[110982]: warnings.warn('Policy enforcement is depending on the value of '
Jul 14 12:09:28.595797 dv-cinder-848900-3-smb devstack@c-api.service[110983]: INFO cinder.api.openstack.wsgi [None req-303293e0-0570-435e-88e4-adadb60efe78 tempest-GroupSnapshotsTest-2050219654 tempest-GroupSnapshotsTest-2050219654-project] http://10.222.0.79/volume/v3/4da49006c836483995ed1e860a95c398/volumes/detail returned with HTTP 200
Jul 14 12:09:28.610538 dv-cinder-848900-3-smb devstack@c-api.service[110983]: [pid: 110983|app: 0|req: 135/248] 10.222.0.79 () {60 vars in 1275 bytes} [Thu Jul 14 12:09:28 2022] GET /volume/v3/4da49006c836483995ed1e860a95c398/volumes/detail => generated 1004 bytes in 189 msecs (HTTP/1.1 200) 7 headers in 287 bytes (1 switches on core 0)
Jul 14 12:09:28.612158 dv-cinder-848900-3-smb devstack@c-api.service[110983]: DEBUG cinder.api.middleware.request_id [None req-018364b2-9210-49f2-8da5-4c8a3a5e3b87 None None] RequestId filter calling following filter/app {{(pid=110983) _context_setter /opt/stack/cinder/cinder/api/middleware/request_id.py:62}}
Jul 14 12:09:28.616530 dv-cinder-848900-3-smb devstack@c-api.service[110983]: INFO cinder.api.openstack.wsgi [None req-018364b2-9210-49f2-8da5-4c8a3a5e3b87 tempest-VolumeRetypeWithoutMigrationTest-1119587604 tempest-VolumeRetypeWithoutMigrationTest-1119587604-project] GET http://10.222.0.79/volume/v3/ee6b818bdc0f43a9a0e06577c01dd383/volumes/5a205402-4364-4ed8-bbde-4320eee1252b
Jul 14 12:09:28.617374 dv-cinder-848900-3-smb devstack@c-api.service[110983]: DEBUG cinder.api.openstack.wsgi [None req-018364b2-9210-49f2-8da5-4c8a3a5e3b87 tempest-VolumeRetypeWithoutMigrationTest-1119587604 tempest-VolumeRetypeWithoutMigrationTest-1119587604-project] Empty body provided in request {{(pid=110983) get_body /opt/stack/cinder/cinder/api/openstack/wsgi.py:715}}
Jul 14 12:09:28.617374 dv-cinder-848900-3-smb devstack@c-api.service[110983]: DEBUG cinder.api.openstack.wsgi [None req-018364b2-9210-49f2-8da5-4c8a3a5e3b87 tempest-VolumeRetypeWithoutMigrationTest-1119587604 tempest-VolumeRetypeWithoutMigrationTest-1119587604-project] Calling method 'show' {{(pid=110983) _process_stack /opt/stack/cinder/cinder/api/openstack/wsgi.py:868}}
Jul 14 12:09:28.619735 dv-cinder-848900-3-smb devstack@c-api.service[110982]: INFO cinder.api.openstack.wsgi [None req-7c9b5de7-27f6-404f-b458-8df3c26516a5 tempest-VolumeQuotasAdminTestJSON-1600136147 tempest-VolumeQuotasAdminTestJSON-1600136147-project-admin] http://10.222.0.79/volume/v3/63a9a594be64400ba2b9d28689b08393/os-quota-sets/4fca784997a445da93bf6b1fc0cdbc3f returned with HTTP 200
Jul 14 12:09:28.620571 dv-cinder-848900-3-smb devstack@c-api.service[110982]: [pid: 110982|app: 0|req: 114/249] 10.222.0.79 () {58 vars in 1333 bytes} [Thu Jul 14 12:09:28 2022] DELETE /volume/v3/63a9a594be64400ba2b9d28689b08393/os-quota-sets/4fca784997a445da93bf6b1fc0cdbc3f => generated 0 bytes in 62 msecs (HTTP/1.1 200) 7 headers in 283 bytes (1 switches on core 0)
Jul 14 12:09:28.622025 dv-cinder-848900-3-smb devstack@c-api.service[110982]: DEBUG cinder.api.middleware.request_id [None req-2d36ec13-1136-4cb4-8abc-1e0e161bb730 None None] RequestId filter calling following filter/app {{(pid=110982) _context_setter /opt/stack/cinder/cinder/api/middleware/request_id.py:62}}
Jul 14 12:09:28.625535 dv-cinder-848900-3-smb devstack@c-api.service[110982]: INFO cinder.api.openstack.wsgi [None req-2d36ec13-1136-4cb4-8abc-1e0e161bb730 tempest-DeleteServersTestJSON-814972601 tempest-DeleteServersTestJSON-814972601-project] GET http://10.222.0.79/volume/v3/b47b25a5f0184af3adbd6ee26f43e7ce/volumes/66cf8289-b6fd-4d70-bf5f-295db956acca
Jul 14 12:09:28.625940 dv-cinder-848900-3-smb devstack@c-api.service[110982]: DEBUG cinder.api.openstack.wsgi [None req-2d36ec13-1136-4cb4-8abc-1e0e161bb730 tempest-DeleteServersTestJSON-814972601 tempest-DeleteServersTestJSON-814972601-project] Empty body provided in request {{(pid=110982) get_body /opt/stack/cinder/cinder/api/openstack/wsgi.py:715}}
Jul 14 12:09:28.626393 dv-cinder-848900-3-smb devstack@c-api.service[110982]: DEBUG cinder.api.openstack.wsgi [None req-2d36ec13-1136-4cb4-8abc-1e0e161bb730 tempest-DeleteServersTestJSON-814972601 tempest-DeleteServersTestJSON-814972601-project] Calling method 'show' {{(pid=110982) _process_stack /opt/stack/cinder/cinder/api/openstack/wsgi.py:868}}
Jul 14 12:09:28.673054 dv-cinder-848900-3-smb devstack@c-api.service[110983]: /usr/local/lib/python3.8/dist-packages/oslo_context/context.py:100: DeprecationWarning: Policy enforcement is depending on the value of is_admin. This key is deprecated. Please update your policy file to use the standard policy values.
Jul 14 12:09:28.673054 dv-cinder-848900-3-smb devstack@c-api.service[110983]: warnings.warn('Policy enforcement is depending on the value of '
Jul 14 12:09:28.703184 dv-cinder-848900-3-smb devstack@c-api.service[110983]: INFO cinder.volume.api [None req-018364b2-9210-49f2-8da5-4c8a3a5e3b87 tempest-VolumeRetypeWithoutMigrationTest-1119587604 tempest-VolumeRetypeWithoutMigrationTest-1119587604-project] Volume info retrieved successfully.
Jul 14 12:09:28.727428 dv-cinder-848900-3-smb devstack@c-api.service[110983]: INFO cinder.api.openstack.wsgi [None req-018364b2-9210-49f2-8da5-4c8a3a5e3b87 tempest-VolumeRetypeWithoutMigrationTest-1119587604 tempest-VolumeRetypeWithoutMigrationTest-1119587604-project] http://10.222.0.79/volume/v3/ee6b818bdc0f43a9a0e06577c01dd383/volumes/5a205402-4364-4ed8-bbde-4320eee1252b returned with HTTP 200
Jul 14 12:09:28.729143 dv-cinder-848900-3-smb devstack@c-api.service[110983]: [pid: 110983|app: 0|req: 136/250] 10.222.0.79 () {58 vars in 1324 bytes} [Thu Jul 14 12:09:28 2022] GET /volume/v3/ee6b818bdc0f43a9a0e06577c01dd383/volumes/5a205402-4364-4ed8-bbde-4320eee1252b => generated 926 bytes in 118 msecs (HTTP/1.1 200) 7 headers in 285 bytes (1 switches on core 0)
Jul 14 12:09:28.730403 dv-cinder-848900-3-smb devstack@c-api.service[110983]: DEBUG cinder.api.middleware.request_id [None req-76c4fecb-bae5-4cd6-bb6b-bfe4c386f8bd None None] RequestId filter calling following filter/app {{(pid=110983) _context_setter /opt/stack/cinder/cinder/api/middleware/request_id.py:62}}
Jul 14 12:09:28.741610 dv-cinder-848900-3-smb devstack@c-api.service[110983]: INFO cinder.api.openstack.wsgi [None req-76c4fecb-bae5-4cd6-bb6b-bfe4c386f8bd tempest-GroupSnapshotsTest-2050219654 tempest-GroupSnapshotsTest-2050219654-project] POST http://10.222.0.79/volume/v3/4da49006c836483995ed1e860a95c398/groups/c576464e-a655-45dc-9d3f-01fa60220d64/action
Jul 14 12:09:28.747124 dv-cinder-848900-3-smb devstack@c-api.service[110983]: DEBUG cinder.api.openstack.wsgi [None req-76c4fecb-bae5-4cd6-bb6b-bfe4c386f8bd tempest-GroupSnapshotsTest-2050219654 tempest-GroupSnapshotsTest-2050219654-project] Action body: b'{"delete": {"delete-volumes": true}}' {{(pid=110983) get_method /opt/stack/cinder/cinder/api/openstack/wsgi.py:983}}
Jul 14 12:09:28.747458 dv-cinder-848900-3-smb devstack@c-api.service[110983]: DEBUG cinder.api.openstack.wsgi [None req-76c4fecb-bae5-4cd6-bb6b-bfe4c386f8bd tempest-GroupSnapshotsTest-2050219654 tempest-GroupSnapshotsTest-2050219654-project] Action: 'action', calling method: delete_group, body: {"delete": {"delete-volumes": true}} {{(pid=110983) _process_stack /opt/stack/cinder/cinder/api/openstack/wsgi.py:866}}
Jul 14 12:09:28.748904 dv-cinder-848900-3-smb devstack@c-api.service[110983]: DEBUG cinder.api.v3.groups [None req-76c4fecb-bae5-4cd6-bb6b-bfe4c386f8bd tempest-GroupSnapshotsTest-2050219654 tempest-GroupSnapshotsTest-2050219654-project] delete called for group c576464e-a655-45dc-9d3f-01fa60220d64 {{(pid=110983) _delete /opt/stack/cinder/cinder/api/v3/groups.py:117}}
Jul 14 12:09:28.749190 dv-cinder-848900-3-smb devstack@c-api.service[110983]: INFO cinder.api.v3.groups [None req-76c4fecb-bae5-4cd6-bb6b-bfe4c386f8bd tempest-GroupSnapshotsTest-2050219654 tempest-GroupSnapshotsTest-2050219654-project] Delete group with id: c576464e-a655-45dc-9d3f-01fa60220d64
Jul 14 12:09:28.764986 dv-cinder-848900-3-smb devstack@c-api.service[110983]: /usr/local/lib/python3.8/dist-packages/oslo_context/context.py:100: DeprecationWarning: Policy enforcement is depending on the value of is_admin. This key is deprecated. Please update your policy file to use the standard policy values.
Jul 14 12:09:28.764986 dv-cinder-848900-3-smb devstack@c-api.service[110983]: warnings.warn('Policy enforcement is depending on the value of '
Jul 14 12:09:28.861103 dv-cinder-848900-3-smb devstack@c-api.service[110983]: INFO cinder.api.openstack.wsgi [None req-76c4fecb-bae5-4cd6-bb6b-bfe4c386f8bd tempest-GroupSnapshotsTest-2050219654 tempest-GroupSnapshotsTest-2050219654-project] http://10.222.0.79/volume/v3/4da49006c836483995ed1e860a95c398/groups/c576464e-a655-45dc-9d3f-01fa60220d64/action returned with HTTP 202
Jul 14 12:09:28.862132 dv-cinder-848900-3-smb devstack@c-api.service[110983]: [pid: 110983|app: 0|req: 137/251] 10.222.0.79 () {62 vars in 1404 bytes} [Thu Jul 14 12:09:28 2022] POST /volume/v3/4da49006c836483995ed1e860a95c398/groups/c576464e-a655-45dc-9d3f-01fa60220d64/action => generated 0 bytes in 132 msecs (HTTP/1.1 202) 6 headers in 234 bytes (1 switches on core 0)
Jul 14 12:09:28.867406 dv-cinder-848900-3-smb devstack@c-api.service[110983]: DEBUG cinder.api.middleware.request_id [None req-9f27d953-62f4-4b3a-882f-37d8814d72bb None None] RequestId filter calling following filter/app {{(pid=110983) _context_setter /opt/stack/cinder/cinder/api/middleware/request_id.py:62}}
