Aug 24 14:58:39.464532 dv-cinder-848899-4-smb devstack@placement-api.service[113904]: INFO placement.requestlog [req-55b7aec8-5a9d-4197-ac0c-ba890d78d812 req-7a84c29e-2949-4f94-93db-7bb4d4587763 service placement] 10.222.0.47 "PUT /placement/allocations/3b4e6859-1446-48b1-9a06-ea90a9a84025" status: 204 len: 0 microversion: 1.36
Aug 24 14:58:39.472318 dv-cinder-848899-4-smb devstack@placement-api.service[113904]: [pid: 113904|app: 0|req: 36/69] 10.222.0.47 () {64 vars in 1433 bytes} [Wed Aug 24 14:58:39 2022] PUT /placement/allocations/3b4e6859-1446-48b1-9a06-ea90a9a84025 => generated 0 bytes in 428 msecs (HTTP/1.1 204) 5 headers in 199 bytes (2 switches on core 0)
Aug 24 14:58:40.808917 dv-cinder-848899-4-smb devstack@placement-api.service[113903]: DEBUG placement.requestlog [req-c7245c59-2ded-4a97-bc2e-e235c25289ad req-c4cd7bfb-7f9b-4720-9b3b-f1eae1a5f448 None None] Starting request: 10.222.0.47 "GET /placement/allocation_candidates?limit=1000&resources=DISK_GB%3A1%2CMEMORY_MB%3A1024%2CVCPU%3A1&root_required=%21COMPUTE_STATUS_DISABLED" {{(pid=113903) __call__ /opt/stack/placement/placement/requestlog.py:55}}
Aug 24 14:58:40.859842 dv-cinder-848899-4-smb devstack@placement-api.service[113903]: DEBUG placement.objects.research_context [req-c7245c59-2ded-4a97-bc2e-e235c25289ad req-c4cd7bfb-7f9b-4720-9b3b-f1eae1a5f448 service placement] getting providers with 1 DISK_GB {{(pid=113903) __init__ /opt/stack/placement/placement/objects/research_context.py:136}}
Aug 24 14:58:40.868168 dv-cinder-848899-4-smb devstack@placement-api.service[113903]: DEBUG placement.objects.research_context [req-c7245c59-2ded-4a97-bc2e-e235c25289ad req-c4cd7bfb-7f9b-4720-9b3b-f1eae1a5f448 service placement] getting providers with 1024 MEMORY_MB {{(pid=113903) __init__ /opt/stack/placement/placement/objects/research_context.py:136}}
Aug 24 14:58:40.875210 dv-cinder-848899-4-smb devstack@placement-api.service[113903]: DEBUG placement.objects.research_context [req-c7245c59-2ded-4a97-bc2e-e235c25289ad req-c4cd7bfb-7f9b-4720-9b3b-f1eae1a5f448 service placement] getting providers with 1 VCPU {{(pid=113903) __init__ /opt/stack/placement/placement/objects/research_context.py:136}}
Aug 24 14:58:40.882439 dv-cinder-848899-4-smb devstack@placement-api.service[113903]: DEBUG placement.objects.research_context [req-c7245c59-2ded-4a97-bc2e-e235c25289ad req-c4cd7bfb-7f9b-4720-9b3b-f1eae1a5f448 service placement] found 1 providers with available 1 DISK_GB {{(pid=113903) get_provider_ids_matching /opt/stack/placement/placement/objects/research_context.py:563}}
Aug 24 14:58:40.883155 dv-cinder-848899-4-smb devstack@placement-api.service[113903]: DEBUG placement.objects.research_context [req-c7245c59-2ded-4a97-bc2e-e235c25289ad req-c4cd7bfb-7f9b-4720-9b3b-f1eae1a5f448 service placement] found 1 providers with available 1024 MEMORY_MB {{(pid=113903) get_provider_ids_matching /opt/stack/placement/placement/objects/research_context.py:563}}
Aug 24 14:58:40.883596 dv-cinder-848899-4-smb devstack@placement-api.service[113903]: DEBUG placement.objects.research_context [req-c7245c59-2ded-4a97-bc2e-e235c25289ad req-c4cd7bfb-7f9b-4720-9b3b-f1eae1a5f448 service placement] found 1 providers after filtering by previous result {{(pid=113903) get_provider_ids_matching /opt/stack/placement/placement/objects/research_context.py:594}}
Aug 24 14:58:40.884016 dv-cinder-848899-4-smb devstack@placement-api.service[113903]: DEBUG placement.objects.research_context [req-c7245c59-2ded-4a97-bc2e-e235c25289ad req-c4cd7bfb-7f9b-4720-9b3b-f1eae1a5f448 service placement] found 1 providers with available 1 VCPU {{(pid=113903) get_provider_ids_matching /opt/stack/placement/placement/objects/research_context.py:563}}
Aug 24 14:58:40.884756 dv-cinder-848899-4-smb devstack@placement-api.service[113903]: DEBUG placement.objects.research_context [req-c7245c59-2ded-4a97-bc2e-e235c25289ad req-c4cd7bfb-7f9b-4720-9b3b-f1eae1a5f448 service placement] found 1 providers after filtering by previous result {{(pid=113903) get_provider_ids_matching /opt/stack/placement/placement/objects/research_context.py:594}}
Aug 24 14:58:40.898170 dv-cinder-848899-4-smb devstack@placement-api.service[113903]: DEBUG placement.objects.allocation_candidate [req-c7245c59-2ded-4a97-bc2e-e235c25289ad req-c4cd7bfb-7f9b-4720-9b3b-f1eae1a5f448 service placement] RequestGroup(use_same_provider=False, resources={DISK_GB:1, MEMORY_MB:1024, VCPU:1}, traits=(), aggregates=[]) (suffix '') returned 1 matches {{(pid=113903) _get_by_requests /opt/stack/placement/placement/objects/allocation_candidate.py:156}}
Aug 24 14:58:40.898546 dv-cinder-848899-4-smb devstack@placement-api.service[113903]: DEBUG placement.objects.allocation_candidate [req-c7245c59-2ded-4a97-bc2e-e235c25289ad req-c4cd7bfb-7f9b-4720-9b3b-f1eae1a5f448 service placement] Merging candidates yields 1 allocation requests and 1 provider summaries {{(pid=113903) _merge_candidates /opt/stack/placement/placement/objects/allocation_candidate.py:809}}
Aug 24 14:58:40.900216 dv-cinder-848899-4-smb devstack@placement-api.service[113903]: INFO placement.requestlog [req-c7245c59-2ded-4a97-bc2e-e235c25289ad req-c4cd7bfb-7f9b-4720-9b3b-f1eae1a5f448 service placement] 10.222.0.47 "GET /placement/allocation_candidates?limit=1000&resources=DISK_GB%3A1%2CMEMORY_MB%3A1024%2CVCPU%3A1&root_required=%21COMPUTE_STATUS_DISABLED" status: 200 len: 767 microversion: 1.36
Aug 24 14:58:40.900586 dv-cinder-848899-4-smb devstack@placement-api.service[113903]: [pid: 113903|app: 0|req: 34/70] 10.222.0.47 () {60 vars in 1506 bytes} [Wed Aug 24 14:58:40 2022] GET /placement/allocation_candidates?limit=1000&resources=DISK_GB%3A1%2CMEMORY_MB%3A1024%2CVCPU%3A1&root_required=%21COMPUTE_STATUS_DISABLED => generated 767 bytes in 92 msecs (HTTP/1.1 200) 8 headers in 296 bytes (1 switches on core 0)
Aug 24 14:58:40.965223 dv-cinder-848899-4-smb devstack@placement-api.service[113904]: DEBUG placement.requestlog [req-c7245c59-2ded-4a97-bc2e-e235c25289ad req-de53a1b7-0717-4f01-87fc-d48a7625ae7f None None] Starting request: 10.222.0.47 "GET /placement/allocations/b7e0f45a-240b-4ec7-ae98-55756ef1fb77" {{(pid=113904) __call__ /opt/stack/placement/placement/requestlog.py:55}}
Aug 24 14:58:40.978488 dv-cinder-848899-4-smb devstack@placement-api.service[113904]: INFO placement.requestlog [req-c7245c59-2ded-4a97-bc2e-e235c25289ad req-de53a1b7-0717-4f01-87fc-d48a7625ae7f service placement] 10.222.0.47 "GET /placement/allocations/b7e0f45a-240b-4ec7-ae98-55756ef1fb77" status: 200 len: 19 microversion: 1.28
Aug 24 14:58:40.979326 dv-cinder-848899-4-smb devstack@placement-api.service[113904]: [pid: 113904|app: 0|req: 37/71] 10.222.0.47 () {60 vars in 1380 bytes} [Wed Aug 24 14:58:40 2022] GET /placement/allocations/b7e0f45a-240b-4ec7-ae98-55756ef1fb77 => generated 19 bytes in 14 msecs (HTTP/1.1 200) 8 headers in 295 bytes (1 switches on core 0)
Aug 24 14:58:40.987632 dv-cinder-848899-4-smb devstack@placement-api.service[113903]: DEBUG placement.requestlog [req-c7245c59-2ded-4a97-bc2e-e235c25289ad req-24bb4ae8-cb56-4253-b11f-dc2c3726d7a3 None None] Starting request: 10.222.0.47 "PUT /placement/allocations/b7e0f45a-240b-4ec7-ae98-55756ef1fb77" {{(pid=113903) __call__ /opt/stack/placement/placement/requestlog.py:55}}
Aug 24 14:58:41.159565 dv-cinder-848899-4-smb devstack@placement-api.service[113903]: DEBUG dbcounter [-] [113903] Writing DB stats placement:SELECT=79,placement:INSERT=13,placement:DELETE=4,placement:UPDATE=4 {{(pid=113903) stat_writer /usr/local/lib/python3.8/dist-packages/dbcounter.py:114}}
Aug 24 14:58:41.413152 dv-cinder-848899-4-smb devstack@placement-api.service[113903]: DEBUG placement.handlers.allocation [req-c7245c59-2ded-4a97-bc2e-e235c25289ad req-24bb4ae8-cb56-4253-b11f-dc2c3726d7a3 service placement] Successfully wrote allocations [, , ] {{(pid=113903) _update_consumers_and_create_allocations /opt/stack/placement/placement/handlers/allocation.py:462}}
Aug 24 14:58:41.499706 dv-cinder-848899-4-smb devstack@placement-api.service[113903]: INFO placement.requestlog [req-c7245c59-2ded-4a97-bc2e-e235c25289ad req-24bb4ae8-cb56-4253-b11f-dc2c3726d7a3 service placement] 10.222.0.47 "PUT /placement/allocations/b7e0f45a-240b-4ec7-ae98-55756ef1fb77" status: 204 len: 0 microversion: 1.36
Aug 24 14:58:41.500106 dv-cinder-848899-4-smb devstack@placement-api.service[113903]: [pid: 113903|app: 0|req: 35/72] 10.222.0.47 () {64 vars in 1433 bytes} [Wed Aug 24 14:58:40 2022] PUT /placement/allocations/b7e0f45a-240b-4ec7-ae98-55756ef1fb77 => generated 0 bytes in 513 msecs (HTTP/1.1 204) 5 headers in 199 bytes (2 switches on core 0)
Aug 24 14:58:46.950079 dv-cinder-848899-4-smb devstack@placement-api.service[113904]: DEBUG placement.requestlog [req-0949ad3b-3268-43b3-ab6b-e470e9e19c19 req-74f04e9a-41c1-407d-9660-63497bdc358e None None] Starting request: 10.222.0.88 "GET /placement/allocations/1d267ca0-9ddb-4888-a0c9-e9dd9a55cdb6" {{(pid=113904) __call__ /opt/stack/placement/placement/requestlog.py:55}}
Aug 24 14:58:46.950674 dv-cinder-848899-4-smb devstack@placement-api.service[113903]: DEBUG placement.requestlog [req-c7245c59-2ded-4a97-bc2e-e235c25289ad req-58542c3e-a1d2-4b6f-85c6-a7afe01cdd70 None None] Starting request: 10.222.0.88 "GET /placement/allocations/b7e0f45a-240b-4ec7-ae98-55756ef1fb77" {{(pid=113903) __call__ /opt/stack/placement/placement/requestlog.py:55}}
Aug 24 14:58:46.966983 dv-cinder-848899-4-smb devstack@placement-api.service[113903]: INFO placement.requestlog [req-c7245c59-2ded-4a97-bc2e-e235c25289ad req-58542c3e-a1d2-4b6f-85c6-a7afe01cdd70 service placement] 10.222.0.88 "GET /placement/allocations/b7e0f45a-240b-4ec7-ae98-55756ef1fb77" status: 200 len: 259 microversion: 1.28
Aug 24 14:58:46.967369 dv-cinder-848899-4-smb devstack@placement-api.service[113903]: [pid: 113903|app: 0|req: 36/73] 10.222.0.88 () {60 vars in 1377 bytes} [Wed Aug 24 14:58:46 2022] GET /placement/allocations/b7e0f45a-240b-4ec7-ae98-55756ef1fb77 => generated 259 bytes in 17 msecs (HTTP/1.1 200) 8 headers in 296 bytes (2 switches on core 0)
Aug 24 14:58:46.972848 dv-cinder-848899-4-smb devstack@placement-api.service[113904]: INFO placement.requestlog [req-0949ad3b-3268-43b3-ab6b-e470e9e19c19 req-74f04e9a-41c1-407d-9660-63497bdc358e service placement] 10.222.0.88 "GET /placement/allocations/1d267ca0-9ddb-4888-a0c9-e9dd9a55cdb6" status: 200 len: 259 microversion: 1.28
Aug 24 14:58:46.973233 dv-cinder-848899-4-smb devstack@placement-api.service[113904]: [pid: 113904|app: 0|req: 38/74] 10.222.0.88 () {60 vars in 1377 bytes} [Wed Aug 24 14:58:46 2022] GET /placement/allocations/1d267ca0-9ddb-4888-a0c9-e9dd9a55cdb6 => generated 259 bytes in 24 msecs (HTTP/1.1 200) 8 headers in 296 bytes (1 switches on core 0)
Aug 24 14:58:49.580820 dv-cinder-848899-4-smb devstack@placement-api.service[113903]: DEBUG placement.requestlog [req-65fa4850-17d4-43a2-b165-67057981ebae req-d8bac5ee-d57a-4d3f-9554-0d112d5c7854 None None] Starting request: 10.222.0.88 "GET /placement/resource_providers/966acf0a-d20d-4c10-9298-cf5aa8bc2ca5/allocations" {{(pid=113903) __call__ /opt/stack/placement/placement/requestlog.py:55}}
Aug 24 14:58:49.650738 dv-cinder-848899-4-smb devstack@placement-api.service[113904]: DEBUG placement.requestlog [req-55b7aec8-5a9d-4197-ac0c-ba890d78d812 req-3a9a2032-dde2-45fc-98cb-c8e012e581d2 None None] Starting request: 10.222.0.88 "GET /placement/allocations/3b4e6859-1446-48b1-9a06-ea90a9a84025" {{(pid=113904) __call__ /opt/stack/placement/placement/requestlog.py:55}}
Aug 24 14:58:49.779165 dv-cinder-848899-4-smb devstack@placement-api.service[113903]: INFO placement.requestlog [req-65fa4850-17d4-43a2-b165-67057981ebae req-d8bac5ee-d57a-4d3f-9554-0d112d5c7854 service placement] 10.222.0.88 "GET /placement/resource_providers/966acf0a-d20d-4c10-9298-cf5aa8bc2ca5/allocations" status: 200 len: 861 microversion: 1.0
Aug 24 14:58:49.780078 dv-cinder-848899-4-smb devstack@placement-api.service[113903]: [pid: 113903|app: 0|req: 37/75] 10.222.0.88 () {58 vars in 1390 bytes} [Wed Aug 24 14:58:49 2022] GET /placement/resource_providers/966acf0a-d20d-4c10-9298-cf5aa8bc2ca5/allocations => generated 861 bytes in 200 msecs (HTTP/1.1 200) 6 headers in 224 bytes (2 switches on core 0)
Aug 24 14:58:49.846474 dv-cinder-848899-4-smb devstack@placement-api.service[113904]: INFO placement.requestlog [req-55b7aec8-5a9d-4197-ac0c-ba890d78d812 req-3a9a2032-dde2-45fc-98cb-c8e012e581d2 service placement] 10.222.0.88 "GET /placement/allocations/3b4e6859-1446-48b1-9a06-ea90a9a84025" status: 200 len: 259 microversion: 1.28
Aug 24 14:58:49.850872 dv-cinder-848899-4-smb devstack@placement-api.service[113904]: [pid: 113904|app: 0|req: 39/76] 10.222.0.88 () {60 vars in 1377 bytes} [Wed Aug 24 14:58:49 2022] GET /placement/allocations/3b4e6859-1446-48b1-9a06-ea90a9a84025 => generated 259 bytes in 197 msecs (HTTP/1.1 200) 8 headers in 296 bytes (2 switches on core 0)
Aug 24 14:58:50.089828 dv-cinder-848899-4-smb devstack@placement-api.service[113903]: DEBUG placement.requestlog [req-65fa4850-17d4-43a2-b165-67057981ebae req-da15a402-f4bd-4317-9791-6e6ce5c8a928 None None] Starting request: 10.222.0.88 "GET /placement/resource_providers?in_tree=966acf0a-d20d-4c10-9298-cf5aa8bc2ca5" {{(pid=113903) __call__ /opt/stack/placement/placement/requestlog.py:55}}
Aug 24 14:58:50.121346 dv-cinder-848899-4-smb devstack@placement-api.service[113903]: INFO placement.requestlog [req-65fa4850-17d4-43a2-b165-67057981ebae req-da15a402-f4bd-4317-9791-6e6ce5c8a928 service placement] 10.222.0.88 "GET /placement/resource_providers?in_tree=966acf0a-d20d-4c10-9298-cf5aa8bc2ca5" status: 200 len: 865 microversion: 1.14
Aug 24 14:58:50.122048 dv-cinder-848899-4-smb devstack@placement-api.service[113903]: [pid: 113903|app: 0|req: 38/77] 10.222.0.88 () {60 vars in 1376 bytes} [Wed Aug 24 14:58:50 2022] GET /placement/resource_providers?in_tree=966acf0a-d20d-4c10-9298-cf5aa8bc2ca5 => generated 865 bytes in 34 msecs (HTTP/1.1 200) 6 headers in 225 bytes (1 switches on core 0)
Aug 24 14:58:50.131008 dv-cinder-848899-4-smb devstack@placement-api.service[113904]: DEBUG placement.requestlog [req-65fa4850-17d4-43a2-b165-67057981ebae req-11186245-d68c-437d-bc59-f57c6a994290 None None] Starting request: 10.222.0.88 "GET /placement/resource_providers/966acf0a-d20d-4c10-9298-cf5aa8bc2ca5/inventories" {{(pid=113904) __call__ /opt/stack/placement/placement/requestlog.py:55}}
Aug 24 14:58:50.220268 dv-cinder-848899-4-smb devstack@placement-api.service[113904]: DEBUG dbcounter [-] [113904] Writing DB stats placement:SELECT=82,placement:INSERT=8,placement:DELETE=6,placement:UPDATE=4 {{(pid=113904) stat_writer /usr/local/lib/python3.8/dist-packages/dbcounter.py:114}}
Aug 24 14:58:50.231241 dv-cinder-848899-4-smb devstack@placement-api.service[113904]: INFO placement.requestlog [req-65fa4850-17d4-43a2-b165-67057981ebae req-11186245-d68c-437d-bc59-f57c6a994290 service placement] 10.222.0.88 "GET /placement/resource_providers/966acf0a-d20d-4c10-9298-cf5aa8bc2ca5/inventories" status: 200 len: 398 microversion: 1.0
Aug 24 14:58:50.231875 dv-cinder-848899-4-smb devstack@placement-api.service[113904]: [pid: 113904|app: 0|req: 40/78] 10.222.0.88 () {58 vars in 1390 bytes} [Wed Aug 24 14:58:50 2022] GET /placement/resource_providers/966acf0a-d20d-4c10-9298-cf5aa8bc2ca5/inventories => generated 398 bytes in 101 msecs (HTTP/1.1 200) 6 headers in 224 bytes (1 switches on core 0)
Aug 24 14:58:50.248744 dv-cinder-848899-4-smb devstack@placement-api.service[113903]: DEBUG placement.requestlog [req-65fa4850-17d4-43a2-b165-67057981ebae req-52bd9ece-fac3-4e7a-b079-b5057df33b15 None None] Starting request: 10.222.0.88 "GET /placement/resource_providers/966acf0a-d20d-4c10-9298-cf5aa8bc2ca5/aggregates" {{(pid=113903) __call__ /opt/stack/placement/placement/requestlog.py:55}}
Aug 24 14:58:50.292997 dv-cinder-848899-4-smb devstack@placement-api.service[113903]: INFO placement.requestlog [req-65fa4850-17d4-43a2-b165-67057981ebae req-52bd9ece-fac3-4e7a-b079-b5057df33b15 service placement] 10.222.0.88 "GET /placement/resource_providers/966acf0a-d20d-4c10-9298-cf5aa8bc2ca5/aggregates" status: 200 len: 54 microversion: 1.19
Aug 24 14:58:50.293887 dv-cinder-848899-4-smb devstack@placement-api.service[113903]: [pid: 113903|app: 0|req: 39/79] 10.222.0.88 () {60 vars in 1431 bytes} [Wed Aug 24 14:58:50 2022] GET /placement/resource_providers/966acf0a-d20d-4c10-9298-cf5aa8bc2ca5/aggregates => generated 54 bytes in 46 msecs (HTTP/1.1 200) 8 headers in 295 bytes (1 switches on core 0)
Aug 24 14:58:50.580817 dv-cinder-848899-4-smb devstack@placement-api.service[113904]: DEBUG placement.requestlog [req-65fa4850-17d4-43a2-b165-67057981ebae req-da474651-f43f-4637-9e3d-232b94e0673f None None] Starting request: 10.222.0.88 "GET /placement/resource_providers/966acf0a-d20d-4c10-9298-cf5aa8bc2ca5/traits" {{(pid=113904) __call__ /opt/stack/placement/placement/requestlog.py:55}}
Aug 24 14:58:50.627420 dv-cinder-848899-4-smb devstack@placement-api.service[113904]: INFO placement.requestlog [req-65fa4850-17d4-43a2-b165-67057981ebae req-da474651-f43f-4637-9e3d-232b94e0673f service placement] 10.222.0.88 "GET /placement/resource_providers/966acf0a-d20d-4c10-9298-cf5aa8bc2ca5/traits" status: 200 len: 300 microversion: 1.6
Aug 24 14:58:50.629167 dv-cinder-848899-4-smb devstack@placement-api.service[113904]: [pid: 113904|app: 0|req: 41/80] 10.222.0.88 () {60 vars in 1418 bytes} [Wed Aug 24 14:58:50 2022] GET /placement/resource_providers/966acf0a-d20d-4c10-9298-cf5aa8bc2ca5/traits => generated 300 bytes in 49 msecs (HTTP/1.1 200) 6 headers in 224 bytes (1 switches on core 0)
Aug 24 14:59:00.288867 dv-cinder-848899-4-smb devstack@placement-api.service[113903]: DEBUG dbcounter [-] [113903] Writing DB stats placement:SELECT=27,placement:INSERT=5,placement:DELETE=2,placement:UPDATE=2 {{(pid=113903) stat_writer /usr/local/lib/python3.8/dist-packages/dbcounter.py:114}}
Aug 24 14:59:07.638082 dv-cinder-848899-4-smb devstack@placement-api.service[113904]: DEBUG dbcounter [-] [113904] Writing DB stats placement:SELECT=8 {{(pid=113904) stat_writer /usr/local/lib/python3.8/dist-packages/dbcounter.py:114}}
Aug 24 14:59:21.240788 dv-cinder-848899-4-smb devstack@placement-api.service[113903]: DEBUG placement.requestlog [req-6a261f0d-3323-44e8-bf22-47077b12a1a4 req-dacc3c79-ef37-4869-9cdf-bd89f47bf762 None None] Starting request: 10.222.0.88 "DELETE /placement/allocations/b7e0f45a-240b-4ec7-ae98-55756ef1fb77" {{(pid=113903) __call__ /opt/stack/placement/placement/requestlog.py:55}}
Aug 24 14:59:21.532053 dv-cinder-848899-4-smb devstack@placement-api.service[113903]: DEBUG placement.handlers.allocation [req-6a261f0d-3323-44e8-bf22-47077b12a1a4 req-dacc3c79-ef37-4869-9cdf-bd89f47bf762 service placement] Successfully deleted allocations [, , ] {{(pid=113903) delete_allocations /opt/stack/placement/placement/handlers/allocation.py:627}}
Aug 24 14:59:21.534400 dv-cinder-848899-4-smb devstack@placement-api.service[113903]: INFO placement.requestlog [req-6a261f0d-3323-44e8-bf22-47077b12a1a4 req-dacc3c79-ef37-4869-9cdf-bd89f47bf762 service placement] 10.222.0.88 "DELETE /placement/allocations/b7e0f45a-240b-4ec7-ae98-55756ef1fb77" status: 204 len: 0 microversion: 1.0
Aug 24 14:59:21.537811 dv-cinder-848899-4-smb devstack@placement-api.service[113903]: [pid: 113903|app: 0|req: 40/81] 10.222.0.88 () {60 vars in 1355 bytes} [Wed Aug 24 14:59:21 2022] DELETE /placement/allocations/b7e0f45a-240b-4ec7-ae98-55756ef1fb77 => generated 0 bytes in 295 msecs (HTTP/1.1 204) 5 headers in 198 bytes (1 switches on core 0)
Aug 24 14:59:30.973780 dv-cinder-848899-4-smb devstack@placement-api.service[113904]: DEBUG placement.requestlog [req-ebb4d909-46e3-43c4-9948-75a74b68c75f req-67273a86-d810-458f-a9b8-c13ef3b686e4 None None] Starting request: 10.222.0.88 "DELETE /placement/allocations/1d267ca0-9ddb-4888-a0c9-e9dd9a55cdb6" {{(pid=113904) __call__ /opt/stack/placement/placement/requestlog.py:55}}
Aug 24 14:59:31.157585 dv-cinder-848899-4-smb devstack@placement-api.service[113904]: DEBUG placement.handlers.allocation [req-ebb4d909-46e3-43c4-9948-75a74b68c75f req-67273a86-d810-458f-a9b8-c13ef3b686e4 service placement] Successfully deleted allocations [, , ] {{(pid=113904) delete_allocations /opt/stack/placement/placement/handlers/allocation.py:627}}
Aug 24 14:59:31.158103 dv-cinder-848899-4-smb devstack@placement-api.service[113904]: INFO placement.requestlog [req-ebb4d909-46e3-43c4-9948-75a74b68c75f req-67273a86-d810-458f-a9b8-c13ef3b686e4 service placement] 10.222.0.88 "DELETE /placement/allocations/1d267ca0-9ddb-4888-a0c9-e9dd9a55cdb6" status: 204 len: 0 microversion: 1.0
Aug 24 14:59:31.158478 dv-cinder-848899-4-smb devstack@placement-api.service[113904]: [pid: 113904|app: 0|req: 42/82] 10.222.0.88 () {60 vars in 1355 bytes} [Wed Aug 24 14:59:30 2022] DELETE /placement/allocations/1d267ca0-9ddb-4888-a0c9-e9dd9a55cdb6 => generated 0 bytes in 185 msecs (HTTP/1.1 204) 5 headers in 198 bytes (1 switches on core 0)
Aug 24 14:59:31.401973 dv-cinder-848899-4-smb devstack@placement-api.service[113903]: DEBUG dbcounter [-] [113903] Writing DB stats placement:SELECT=7,placement:DELETE=2 {{(pid=113903) stat_writer /usr/local/lib/python3.8/dist-packages/dbcounter.py:114}}
Aug 24 14:59:41.086715 dv-cinder-848899-4-smb devstack@placement-api.service[113904]: DEBUG dbcounter [-] [113904] Writing DB stats placement:SELECT=7,placement:DELETE=2 {{(pid=113904) stat_writer /usr/local/lib/python3.8/dist-packages/dbcounter.py:114}}
Aug 24 14:59:43.786420 dv-cinder-848899-4-smb devstack@placement-api.service[113903]: DEBUG placement.requestlog [req-53d70d8b-5659-4187-96b7-5132092c11d8 req-5c667b62-ac3b-4d03-bba5-8af4dd797e04 None None] Starting request: 10.222.0.47 "GET /placement/allocation_candidates?limit=1000&resources=MEMORY_MB%3A1024%2CVCPU%3A1&root_required=%21COMPUTE_STATUS_DISABLED" {{(pid=113903) __call__ /opt/stack/placement/placement/requestlog.py:55}}
Aug 24 14:59:43.836365 dv-cinder-848899-4-smb devstack@placement-api.service[113903]: DEBUG placement.objects.research_context [req-53d70d8b-5659-4187-96b7-5132092c11d8 req-5c667b62-ac3b-4d03-bba5-8af4dd797e04 service placement] getting providers with 1024 MEMORY_MB {{(pid=113903) __init__ /opt/stack/placement/placement/objects/research_context.py:136}}
Aug 24 14:59:43.842350 dv-cinder-848899-4-smb devstack@placement-api.service[113903]: DEBUG placement.objects.research_context [req-53d70d8b-5659-4187-96b7-5132092c11d8 req-5c667b62-ac3b-4d03-bba5-8af4dd797e04 service placement] getting providers with 1 VCPU {{(pid=113903) __init__ /opt/stack/placement/placement/objects/research_context.py:136}}
Aug 24 14:59:43.855179 dv-cinder-848899-4-smb devstack@placement-api.service[113903]: DEBUG placement.objects.research_context [req-53d70d8b-5659-4187-96b7-5132092c11d8 req-5c667b62-ac3b-4d03-bba5-8af4dd797e04 service placement] found 1 providers with available 1024 MEMORY_MB {{(pid=113903) get_provider_ids_matching /opt/stack/placement/placement/objects/research_context.py:563}}
Aug 24 14:59:43.855179 dv-cinder-848899-4-smb devstack@placement-api.service[113903]: DEBUG placement.objects.research_context [req-53d70d8b-5659-4187-96b7-5132092c11d8 req-5c667b62-ac3b-4d03-bba5-8af4dd797e04 service placement] found 1 providers with available 1 VCPU {{(pid=113903) get_provider_ids_matching /opt/stack/placement/placement/objects/research_context.py:563}}
Aug 24 14:59:43.855179 dv-cinder-848899-4-smb devstack@placement-api.service[113903]: DEBUG placement.objects.research_context [req-53d70d8b-5659-4187-96b7-5132092c11d8 req-5c667b62-ac3b-4d03-bba5-8af4dd797e04 service placement] found 1 providers after filtering by previous result {{(pid=113903) get_provider_ids_matching /opt/stack/placement/placement/objects/research_context.py:594}}
Aug 24 14:59:43.927868 dv-cinder-848899-4-smb devstack@placement-api.service[113903]: DEBUG placement.objects.allocation_candidate [req-53d70d8b-5659-4187-96b7-5132092c11d8 req-5c667b62-ac3b-4d03-bba5-8af4dd797e04 service placement] RequestGroup(use_same_provider=False, resources={MEMORY_MB:1024, VCPU:1}, traits=(), aggregates=[]) (suffix '') returned 1 matches {{(pid=113903) _get_by_requests /opt/stack/placement/placement/objects/allocation_candidate.py:156}}
Aug 24 14:59:43.928205 dv-cinder-848899-4-smb devstack@placement-api.service[113903]: DEBUG placement.objects.allocation_candidate [req-53d70d8b-5659-4187-96b7-5132092c11d8 req-5c667b62-ac3b-4d03-bba5-8af4dd797e04 service placement] Merging candidates yields 1 allocation requests and 1 provider summaries {{(pid=113903) _merge_candidates /opt/stack/placement/placement/objects/allocation_candidate.py:809}}
Aug 24 14:59:43.929858 dv-cinder-848899-4-smb devstack@placement-api.service[113903]: INFO placement.requestlog [req-53d70d8b-5659-4187-96b7-5132092c11d8 req-5c667b62-ac3b-4d03-bba5-8af4dd797e04 service placement] 10.222.0.47 "GET /placement/allocation_candidates?limit=1000&resources=MEMORY_MB%3A1024%2CVCPU%3A1&root_required=%21COMPUTE_STATUS_DISABLED" status: 200 len: 753 microversion: 1.36
Aug 24 14:59:43.930235 dv-cinder-848899-4-smb devstack@placement-api.service[113903]: [pid: 113903|app: 0|req: 41/83] 10.222.0.47 () {60 vars in 1478 bytes} [Wed Aug 24 14:59:43 2022] GET /placement/allocation_candidates?limit=1000&resources=MEMORY_MB%3A1024%2CVCPU%3A1&root_required=%21COMPUTE_STATUS_DISABLED => generated 753 bytes in 144 msecs (HTTP/1.1 200) 8 headers in 296 bytes (1 switches on core 0)
Aug 24 14:59:43.974058 dv-cinder-848899-4-smb devstack@placement-api.service[113904]: DEBUG placement.requestlog [req-53d70d8b-5659-4187-96b7-5132092c11d8 req-c8eef1a9-78e1-436e-9e6b-ac508915bfc1 None None] Starting request: 10.222.0.47 "GET /placement/allocations/a8fbe82c-61a2-4439-9f8e-923806de995e" {{(pid=113904) __call__ /opt/stack/placement/placement/requestlog.py:55}}
Aug 24 14:59:43.986759 dv-cinder-848899-4-smb devstack@placement-api.service[113904]: INFO placement.requestlog [req-53d70d8b-5659-4187-96b7-5132092c11d8 req-c8eef1a9-78e1-436e-9e6b-ac508915bfc1 service placement] 10.222.0.47 "GET /placement/allocations/a8fbe82c-61a2-4439-9f8e-923806de995e" status: 200 len: 19 microversion: 1.28
Aug 24 14:59:43.987231 dv-cinder-848899-4-smb devstack@placement-api.service[113904]: [pid: 113904|app: 0|req: 43/84] 10.222.0.47 () {60 vars in 1380 bytes} [Wed Aug 24 14:59:43 2022] GET /placement/allocations/a8fbe82c-61a2-4439-9f8e-923806de995e => generated 19 bytes in 14 msecs (HTTP/1.1 200) 8 headers in 295 bytes (1 switches on core 0)
Aug 24 14:59:43.993905 dv-cinder-848899-4-smb devstack@placement-api.service[113903]: DEBUG placement.requestlog [req-53d70d8b-5659-4187-96b7-5132092c11d8 req-8df81c44-5044-4732-ab2e-bd50e8418928 None None] Starting request: 10.222.0.47 "PUT /placement/allocations/a8fbe82c-61a2-4439-9f8e-923806de995e" {{(pid=113903) __call__ /opt/stack/placement/placement/requestlog.py:55}}
Aug 24 14:59:44.342435 dv-cinder-848899-4-smb devstack@placement-api.service[113903]: DEBUG placement.handlers.allocation [req-53d70d8b-5659-4187-96b7-5132092c11d8 req-8df81c44-5044-4732-ab2e-bd50e8418928 service placement] Successfully wrote allocations [, ] {{(pid=113903) _update_consumers_and_create_allocations /opt/stack/placement/placement/handlers/allocation.py:462}}
Aug 24 14:59:44.546866 dv-cinder-848899-4-smb devstack@placement-api.service[113903]: INFO placement.requestlog [req-53d70d8b-5659-4187-96b7-5132092c11d8 req-8df81c44-5044-4732-ab2e-bd50e8418928 service placement] 10.222.0.47 "PUT /placement/allocations/a8fbe82c-61a2-4439-9f8e-923806de995e" status: 204 len: 0 microversion: 1.36
Aug 24 14:59:44.547315 dv-cinder-848899-4-smb devstack@placement-api.service[113903]: [pid: 113903|app: 0|req: 42/85] 10.222.0.47 () {64 vars in 1433 bytes} [Wed Aug 24 14:59:43 2022] PUT /placement/allocations/a8fbe82c-61a2-4439-9f8e-923806de995e => generated 0 bytes in 553 msecs (HTTP/1.1 204) 5 headers in 199 bytes (1 switches on core 0)
Aug 24 14:59:45.975914 dv-cinder-848899-4-smb devstack@placement-api.service[113904]: DEBUG placement.requestlog [req-53d70d8b-5659-4187-96b7-5132092c11d8 req-56ea9302-1517-4c13-98da-a417edb9f114 None None] Starting request: 10.222.0.88 "GET /placement/allocations/a8fbe82c-61a2-4439-9f8e-923806de995e" {{(pid=113904) __call__ /opt/stack/placement/placement/requestlog.py:55}}
Aug 24 14:59:45.991927 dv-cinder-848899-4-smb devstack@placement-api.service[113904]: INFO placement.requestlog [req-53d70d8b-5659-4187-96b7-5132092c11d8 req-56ea9302-1517-4c13-98da-a417edb9f114 service placement] 10.222.0.88 "GET /placement/allocations/a8fbe82c-61a2-4439-9f8e-923806de995e" status: 200 len: 245 microversion: 1.28
Aug 24 14:59:45.992294 dv-cinder-848899-4-smb devstack@placement-api.service[113904]: [pid: 113904|app: 0|req: 44/86] 10.222.0.88 () {60 vars in 1377 bytes} [Wed Aug 24 14:59:45 2022] GET /placement/allocations/a8fbe82c-61a2-4439-9f8e-923806de995e => generated 245 bytes in 17 msecs (HTTP/1.1 200) 8 headers in 296 bytes (1 switches on core 0)
Aug 24 14:59:49.350348 dv-cinder-848899-4-smb devstack@placement-api.service[113903]: DEBUG placement.requestlog [req-acf891e0-5cf2-4d63-8735-6134a4033315 req-342674f2-5f36-450e-951d-2f3ceb6c0fd6 None None] Starting request: 10.222.0.88 "GET /placement/resource_providers/966acf0a-d20d-4c10-9298-cf5aa8bc2ca5/allocations" {{(pid=113903) __call__ /opt/stack/placement/placement/requestlog.py:55}}
Aug 24 14:59:49.391603 dv-cinder-848899-4-smb devstack@placement-api.service[113903]: INFO placement.requestlog [req-acf891e0-5cf2-4d63-8735-6134a4033315 req-342674f2-5f36-450e-951d-2f3ceb6c0fd6 service placement] 10.222.0.88 "GET /placement/resource_providers/966acf0a-d20d-4c10-9298-cf5aa8bc2ca5/allocations" status: 200 len: 746 microversion: 1.0
Aug 24 14:59:49.392182 dv-cinder-848899-4-smb devstack@placement-api.service[113903]: [pid: 113903|app: 0|req: 43/87] 10.222.0.88 () {58 vars in 1390 bytes} [Wed Aug 24 14:59:49 2022] GET /placement/resource_providers/966acf0a-d20d-4c10-9298-cf5aa8bc2ca5/allocations => generated 746 bytes in 42 msecs (HTTP/1.1 200) 6 headers in 224 bytes (1 switches on core 0)
Aug 24 14:59:53.230555 dv-cinder-848899-4-smb devstack@placement-api.service[113904]: DEBUG placement.requestlog [None req-3381b34d-8fff-4b59-a975-7f31ed11851f None None] Starting request: 10.222.0.47 "GET /placement/resource_providers/9ae191db-b0a1-4412-89c9-35ba31598db1/aggregates" {{(pid=113904) __call__ /opt/stack/placement/placement/requestlog.py:55}}
Aug 24 14:59:53.242657 dv-cinder-848899-4-smb devstack@placement-api.service[113904]: INFO placement.requestlog [None req-3381b34d-8fff-4b59-a975-7f31ed11851f service placement] 10.222.0.47 "GET /placement/resource_providers/9ae191db-b0a1-4412-89c9-35ba31598db1/aggregates" status: 404 len: 235 microversion: 1.1
Aug 24 14:59:53.243581 dv-cinder-848899-4-smb devstack@placement-api.service[113904]: [pid: 113904|app: 0|req: 45/88] 10.222.0.47 () {58 vars in 1362 bytes} [Wed Aug 24 14:59:53 2022] GET /placement/resource_providers/9ae191db-b0a1-4412-89c9-35ba31598db1/aggregates => generated 235 bytes in 13 msecs (HTTP/1.1 404) 5 headers in 202 bytes (1 switches on core 0)
Aug 24 14:59:53.278157 dv-cinder-848899-4-smb devstack@placement-api.service[113903]: DEBUG placement.requestlog [None req-98e51af3-cd4f-4236-985c-a6022bdff979 None None] Starting request: 10.222.0.47 "DELETE /placement/resource_providers/9ae191db-b0a1-4412-89c9-35ba31598db1" {{(pid=113903) __call__ /opt/stack/placement/placement/requestlog.py:55}}
Aug 24 14:59:53.290610 dv-cinder-848899-4-smb devstack@placement-api.service[113903]: DEBUG placement.wsgi_wrapper [None req-98e51af3-cd4f-4236-985c-a6022bdff979 service placement] Placement API returning an error response: No resource provider with uuid 9ae191db-b0a1-4412-89c9-35ba31598db1 found for delete {{(pid=113903) call_func /opt/stack/placement/placement/wsgi_wrapper.py:31}}
Aug 24 14:59:53.291370 dv-cinder-848899-4-smb devstack@placement-api.service[113903]: INFO placement.requestlog [None req-98e51af3-cd4f-4236-985c-a6022bdff979 service placement] 10.222.0.47 "DELETE /placement/resource_providers/9ae191db-b0a1-4412-89c9-35ba31598db1" status: 404 len: 246 microversion: 1.1
Aug 24 14:59:53.292062 dv-cinder-848899-4-smb devstack@placement-api.service[113903]: [pid: 113903|app: 0|req: 44/89] 10.222.0.47 () {60 vars in 1351 bytes} [Wed Aug 24 14:59:53 2022] DELETE /placement/resource_providers/9ae191db-b0a1-4412-89c9-35ba31598db1 => generated 246 bytes in 15 msecs (HTTP/1.1 404) 6 headers in 231 bytes (1 switches on core 0)
Aug 24 14:59:55.300262 dv-cinder-848899-4-smb devstack@placement-api.service[113904]: DEBUG placement.requestlog [None req-8e82e86d-a2e4-4e03-9d7f-e686317ad5e1 None None] Starting request: 10.222.0.47 "GET /placement/resource_providers/6ed07cd1-018e-4ff0-bafd-c544e9ddc39d/aggregates" {{(pid=113904) __call__ /opt/stack/placement/placement/requestlog.py:55}}
Aug 24 14:59:55.311546 dv-cinder-848899-4-smb devstack@placement-api.service[113904]: INFO placement.requestlog [None req-8e82e86d-a2e4-4e03-9d7f-e686317ad5e1 service placement] 10.222.0.47 "GET /placement/resource_providers/6ed07cd1-018e-4ff0-bafd-c544e9ddc39d/aggregates" status: 404 len: 235 microversion: 1.1
Aug 24 14:59:55.316110 dv-cinder-848899-4-smb devstack@placement-api.service[113904]: [pid: 113904|app: 0|req: 46/90] 10.222.0.47 () {58 vars in 1362 bytes} [Wed Aug 24 14:59:55 2022] GET /placement/resource_providers/6ed07cd1-018e-4ff0-bafd-c544e9ddc39d/aggregates => generated 235 bytes in 12 msecs (HTTP/1.1 404) 5 headers in 202 bytes (1 switches on core 0)
Aug 24 14:59:55.318261 dv-cinder-848899-4-smb devstack@placement-api.service[113903]: DEBUG placement.requestlog [None req-6d04bcec-cf92-41d1-b87c-f6285246226d None None] Starting request: 10.222.0.47 "DELETE /placement/resource_providers/6ed07cd1-018e-4ff0-bafd-c544e9ddc39d" {{(pid=113903) __call__ /opt/stack/placement/placement/requestlog.py:55}}
Aug 24 14:59:55.330409 dv-cinder-848899-4-smb devstack@placement-api.service[113903]: DEBUG placement.wsgi_wrapper [None req-6d04bcec-cf92-41d1-b87c-f6285246226d service placement] Placement API returning an error response: No resource provider with uuid 6ed07cd1-018e-4ff0-bafd-c544e9ddc39d found for delete {{(pid=113903) call_func /opt/stack/placement/placement/wsgi_wrapper.py:31}}
Aug 24 14:59:55.331908 dv-cinder-848899-4-smb devstack@placement-api.service[113903]: INFO placement.requestlog [None req-6d04bcec-cf92-41d1-b87c-f6285246226d service placement] 10.222.0.47 "DELETE /placement/resource_providers/6ed07cd1-018e-4ff0-bafd-c544e9ddc39d" status: 404 len: 246 microversion: 1.1
Aug 24 14:59:55.332306 dv-cinder-848899-4-smb devstack@placement-api.service[113903]: [pid: 113903|app: 0|req: 45/91] 10.222.0.47 () {60 vars in 1351 bytes} [Wed Aug 24 14:59:55 2022] DELETE /placement/resource_providers/6ed07cd1-018e-4ff0-bafd-c544e9ddc39d => generated 246 bytes in 14 msecs (HTTP/1.1 404) 6 headers in 231 bytes (2 switches on core 0)
Aug 24 15:00:05.309674 dv-cinder-848899-4-smb devstack@placement-api.service[113904]: DEBUG dbcounter [-] [113904] Writing DB stats placement:SELECT=10 {{(pid=113904) stat_writer /usr/local/lib/python3.8/dist-packages/dbcounter.py:114}}
Aug 24 15:00:05.327755 dv-cinder-848899-4-smb devstack@placement-api.service[113903]: DEBUG dbcounter [-] [113903] Writing DB stats placement:SELECT=36,placement:INSERT=5,placement:DELETE=2,placement:UPDATE=2 {{(pid=113903) stat_writer /usr/local/lib/python3.8/dist-packages/dbcounter.py:114}}
Aug 24 15:00:08.077587 dv-cinder-848899-4-smb devstack@placement-api.service[113904]: DEBUG placement.requestlog [req-24719325-7d59-4152-8412-123f14b6288f req-8ba5346b-156e-4fab-a331-f9b36dad4426 None None] Starting request: 10.222.0.88 "DELETE /placement/allocations/762a1f9d-761a-4aed-9334-381cb92b33da" {{(pid=113904) __call__ /opt/stack/placement/placement/requestlog.py:55}}
Aug 24 15:00:08.315726 dv-cinder-848899-4-smb devstack@placement-api.service[113904]: DEBUG placement.handlers.allocation [req-24719325-7d59-4152-8412-123f14b6288f req-8ba5346b-156e-4fab-a331-f9b36dad4426 service placement] Successfully deleted allocations [, , ] {{(pid=113904) delete_allocations /opt/stack/placement/placement/handlers/allocation.py:627}}
Aug 24 15:00:08.316343 dv-cinder-848899-4-smb devstack@placement-api.service[113904]: INFO placement.requestlog [req-24719325-7d59-4152-8412-123f14b6288f req-8ba5346b-156e-4fab-a331-f9b36dad4426 service placement] 10.222.0.88 "DELETE /placement/allocations/762a1f9d-761a-4aed-9334-381cb92b33da" status: 204 len: 0 microversion: 1.0
Aug 24 15:00:08.316759 dv-cinder-848899-4-smb devstack@placement-api.service[113904]: [pid: 113904|app: 0|req: 47/92] 10.222.0.88 () {60 vars in 1355 bytes} [Wed Aug 24 15:00:08 2022] DELETE /placement/allocations/762a1f9d-761a-4aed-9334-381cb92b33da => generated 0 bytes in 241 msecs (HTTP/1.1 204) 5 headers in 198 bytes (1 switches on core 0)
Aug 24 15:00:15.118207 dv-cinder-848899-4-smb devstack@placement-api.service[113903]: DEBUG placement.requestlog [req-3ad05ec5-815e-420c-bcda-b2d4d48eef17 req-ab023e2d-5cf8-42db-8782-83b9424e81d1 None None] Starting request: 10.222.0.47 "GET /placement/allocation_candidates?limit=1000&resources=DISK_GB%3A1%2CMEMORY_MB%3A1024%2CVCPU%3A1&root_required=%21COMPUTE_STATUS_DISABLED" {{(pid=113903) __call__ /opt/stack/placement/placement/requestlog.py:55}}
Aug 24 15:00:15.174764 dv-cinder-848899-4-smb devstack@placement-api.service[113903]: DEBUG placement.objects.research_context [req-3ad05ec5-815e-420c-bcda-b2d4d48eef17 req-ab023e2d-5cf8-42db-8782-83b9424e81d1 service placement] getting providers with 1 DISK_GB {{(pid=113903) __init__ /opt/stack/placement/placement/objects/research_context.py:136}}
Aug 24 15:00:15.182004 dv-cinder-848899-4-smb devstack@placement-api.service[113903]: DEBUG placement.objects.research_context [req-3ad05ec5-815e-420c-bcda-b2d4d48eef17 req-ab023e2d-5cf8-42db-8782-83b9424e81d1 service placement] getting providers with 1024 MEMORY_MB {{(pid=113903) __init__ /opt/stack/placement/placement/objects/research_context.py:136}}
Aug 24 15:00:15.189803 dv-cinder-848899-4-smb devstack@placement-api.service[113903]: DEBUG placement.objects.research_context [req-3ad05ec5-815e-420c-bcda-b2d4d48eef17 req-ab023e2d-5cf8-42db-8782-83b9424e81d1 service placement] getting providers with 1 VCPU {{(pid=113903) __init__ /opt/stack/placement/placement/objects/research_context.py:136}}
Aug 24 15:00:15.195451 dv-cinder-848899-4-smb devstack@placement-api.service[113903]: DEBUG placement.objects.research_context [req-3ad05ec5-815e-420c-bcda-b2d4d48eef17 req-ab023e2d-5cf8-42db-8782-83b9424e81d1 service placement] found 1 providers with available 1 DISK_GB {{(pid=113903) get_provider_ids_matching /opt/stack/placement/placement/objects/research_context.py:563}}
Aug 24 15:00:15.195815 dv-cinder-848899-4-smb devstack@placement-api.service[113903]: DEBUG placement.objects.research_context [req-3ad05ec5-815e-420c-bcda-b2d4d48eef17 req-ab023e2d-5cf8-42db-8782-83b9424e81d1 service placement] found 1 providers with available 1024 MEMORY_MB {{(pid=113903) get_provider_ids_matching /opt/stack/placement/placement/objects/research_context.py:563}}
Aug 24 15:00:15.196175 dv-cinder-848899-4-smb devstack@placement-api.service[113903]: DEBUG placement.objects.research_context [req-3ad05ec5-815e-420c-bcda-b2d4d48eef17 req-ab023e2d-5cf8-42db-8782-83b9424e81d1 service placement] found 1 providers after filtering by previous result {{(pid=113903) get_provider_ids_matching /opt/stack/placement/placement/objects/research_context.py:594}}
Aug 24 15:00:15.196516 dv-cinder-848899-4-smb devstack@placement-api.service[113903]: DEBUG placement.objects.research_context [req-3ad05ec5-815e-420c-bcda-b2d4d48eef17 req-ab023e2d-5cf8-42db-8782-83b9424e81d1 service placement] found 1 providers with available 1 VCPU {{(pid=113903) get_provider_ids_matching /opt/stack/placement/placement/objects/research_context.py:563}}
Aug 24 15:00:15.196878 dv-cinder-848899-4-smb devstack@placement-api.service[113903]: DEBUG placement.objects.research_context [req-3ad05ec5-815e-420c-bcda-b2d4d48eef17 req-ab023e2d-5cf8-42db-8782-83b9424e81d1 service placement] found 1 providers after filtering by previous result {{(pid=113903) get_provider_ids_matching /opt/stack/placement/placement/objects/research_context.py:594}}
Aug 24 15:00:15.210912 dv-cinder-848899-4-smb devstack@placement-api.service[113903]: DEBUG placement.objects.allocation_candidate [req-3ad05ec5-815e-420c-bcda-b2d4d48eef17 req-ab023e2d-5cf8-42db-8782-83b9424e81d1 service placement] RequestGroup(use_same_provider=False, resources={DISK_GB:1, MEMORY_MB:1024, VCPU:1}, traits=(), aggregates=[]) (suffix '') returned 1 matches {{(pid=113903) _get_by_requests /opt/stack/placement/placement/objects/allocation_candidate.py:156}}
Aug 24 15:00:15.214333 dv-cinder-848899-4-smb devstack@placement-api.service[113903]: DEBUG placement.objects.allocation_candidate [req-3ad05ec5-815e-420c-bcda-b2d4d48eef17 req-ab023e2d-5cf8-42db-8782-83b9424e81d1 service placement] Merging candidates yields 1 allocation requests and 1 provider summaries {{(pid=113903) _merge_candidates /opt/stack/placement/placement/objects/allocation_candidate.py:809}}
Aug 24 15:00:15.214333 dv-cinder-848899-4-smb devstack@placement-api.service[113903]: INFO placement.requestlog [req-3ad05ec5-815e-420c-bcda-b2d4d48eef17 req-ab023e2d-5cf8-42db-8782-83b9424e81d1 service placement] 10.222.0.47 "GET /placement/allocation_candidates?limit=1000&resources=DISK_GB%3A1%2CMEMORY_MB%3A1024%2CVCPU%3A1&root_required=%21COMPUTE_STATUS_DISABLED" status: 200 len: 767 microversion: 1.36
Aug 24 15:00:15.216005 dv-cinder-848899-4-smb devstack@placement-api.service[113903]: [pid: 113903|app: 0|req: 46/93] 10.222.0.47 () {60 vars in 1506 bytes} [Wed Aug 24 15:00:15 2022] GET /placement/allocation_candidates?limit=1000&resources=DISK_GB%3A1%2CMEMORY_MB%3A1024%2CVCPU%3A1&root_required=%21COMPUTE_STATUS_DISABLED => generated 767 bytes in 99 msecs (HTTP/1.1 200) 8 headers in 296 bytes (1 switches on core 0)
Aug 24 15:00:15.234584 dv-cinder-848899-4-smb devstack@placement-api.service[113904]: DEBUG placement.requestlog [req-b4135d64-c8ec-40a6-b01c-41d505714f97 req-d17024fc-2b3c-4824-afd5-912c08205476 None None] Starting request: 10.222.0.88 "DELETE /placement/allocations/3b4e6859-1446-48b1-9a06-ea90a9a84025" {{(pid=113904) __call__ /opt/stack/placement/placement/requestlog.py:55}}
Aug 24 15:00:15.271488 dv-cinder-848899-4-smb devstack@placement-api.service[113903]: DEBUG placement.requestlog [req-3ad05ec5-815e-420c-bcda-b2d4d48eef17 req-57c173b7-97c6-4a72-a37b-9da40d1dbf7b None None] Starting request: 10.222.0.47 "GET /placement/allocations/6c5bc4d5-185e-43e7-a9dc-5a883d8b7657" {{(pid=113903) __call__ /opt/stack/placement/placement/requestlog.py:55}}
Aug 24 15:00:15.284704 dv-cinder-848899-4-smb devstack@placement-api.service[113903]: INFO placement.requestlog [req-3ad05ec5-815e-420c-bcda-b2d4d48eef17 req-57c173b7-97c6-4a72-a37b-9da40d1dbf7b service placement] 10.222.0.47 "GET /placement/allocations/6c5bc4d5-185e-43e7-a9dc-5a883d8b7657" status: 200 len: 19 microversion: 1.28
Aug 24 15:00:15.285183 dv-cinder-848899-4-smb devstack@placement-api.service[113903]: [pid: 113903|app: 0|req: 47/94] 10.222.0.47 () {60 vars in 1380 bytes} [Wed Aug 24 15:00:15 2022] GET /placement/allocations/6c5bc4d5-185e-43e7-a9dc-5a883d8b7657 => generated 19 bytes in 15 msecs (HTTP/1.1 200) 8 headers in 295 bytes (2 switches on core 0)
Aug 24 15:00:15.291212 dv-cinder-848899-4-smb devstack@placement-api.service[113903]: DEBUG placement.requestlog [req-3ad05ec5-815e-420c-bcda-b2d4d48eef17 req-610972f6-4957-41bb-8049-35494829d94f None None] Starting request: 10.222.0.47 "PUT /placement/allocations/6c5bc4d5-185e-43e7-a9dc-5a883d8b7657" {{(pid=113903) __call__ /opt/stack/placement/placement/requestlog.py:55}}
Aug 24 15:00:15.444706 dv-cinder-848899-4-smb devstack@placement-api.service[113903]: DEBUG placement.handlers.allocation [req-3ad05ec5-815e-420c-bcda-b2d4d48eef17 req-610972f6-4957-41bb-8049-35494829d94f service placement] Successfully wrote allocations [, , ] {{(pid=113903) _update_consumers_and_create_allocations /opt/stack/placement/placement/handlers/allocation.py:462}}
Aug 24 15:00:15.543481 dv-cinder-848899-4-smb devstack@placement-api.service[113904]: DEBUG placement.handlers.allocation [req-b4135d64-c8ec-40a6-b01c-41d505714f97 req-d17024fc-2b3c-4824-afd5-912c08205476 service placement] Successfully deleted allocations [, , ] {{(pid=113904) delete_allocations /opt/stack/placement/placement/handlers/allocation.py:627}}
Aug 24 15:00:15.543979 dv-cinder-848899-4-smb devstack@placement-api.service[113904]: INFO placement.requestlog [req-b4135d64-c8ec-40a6-b01c-41d505714f97 req-d17024fc-2b3c-4824-afd5-912c08205476 service placement] 10.222.0.88 "DELETE /placement/allocations/3b4e6859-1446-48b1-9a06-ea90a9a84025" status: 204 len: 0 microversion: 1.0
Aug 24 15:00:15.544368 dv-cinder-848899-4-smb devstack@placement-api.service[113904]: [pid: 113904|app: 0|req: 48/95] 10.222.0.88 () {60 vars in 1355 bytes} [Wed Aug 24 15:00:15 2022] DELETE /placement/allocations/3b4e6859-1446-48b1-9a06-ea90a9a84025 => generated 0 bytes in 311 msecs (HTTP/1.1 204) 5 headers in 198 bytes (1 switches on core 0)
Aug 24 15:00:15.580002 dv-cinder-848899-4-smb devstack@placement-api.service[113903]: INFO placement.requestlog [req-3ad05ec5-815e-420c-bcda-b2d4d48eef17 req-610972f6-4957-41bb-8049-35494829d94f service placement] 10.222.0.47 "PUT /placement/allocations/6c5bc4d5-185e-43e7-a9dc-5a883d8b7657" status: 204 len: 0 microversion: 1.36
Aug 24 15:00:15.580784 dv-cinder-848899-4-smb devstack@placement-api.service[113903]: [pid: 113903|app: 0|req: 48/96] 10.222.0.47 () {64 vars in 1433 bytes} [Wed Aug 24 15:00:15 2022] PUT /placement/allocations/6c5bc4d5-185e-43e7-a9dc-5a883d8b7657 => generated 0 bytes in 290 msecs (HTTP/1.1 204) 5 headers in 199 bytes (2 switches on core 0)
Aug 24 15:00:16.953395 dv-cinder-848899-4-smb devstack@placement-api.service[113904]: DEBUG placement.requestlog [req-3ad05ec5-815e-420c-bcda-b2d4d48eef17 req-d10367be-1259-4598-9868-1f2d4fa9d02d None None] Starting request: 10.222.0.88 "GET /placement/allocations/6c5bc4d5-185e-43e7-a9dc-5a883d8b7657" {{(pid=113904) __call__ /opt/stack/placement/placement/requestlog.py:55}}
Aug 24 15:00:16.973391 dv-cinder-848899-4-smb devstack@placement-api.service[113904]: INFO placement.requestlog [req-3ad05ec5-815e-420c-bcda-b2d4d48eef17 req-d10367be-1259-4598-9868-1f2d4fa9d02d service placement] 10.222.0.88 "GET /placement/allocations/6c5bc4d5-185e-43e7-a9dc-5a883d8b7657" status: 200 len: 259 microversion: 1.28
Aug 24 15:00:16.974269 dv-cinder-848899-4-smb devstack@placement-api.service[113904]: [pid: 113904|app: 0|req: 49/97] 10.222.0.88 () {60 vars in 1377 bytes} [Wed Aug 24 15:00:16 2022] GET /placement/allocations/6c5bc4d5-185e-43e7-a9dc-5a883d8b7657 => generated 259 bytes in 21 msecs (HTTP/1.1 200) 8 headers in 296 bytes (1 switches on core 0)
Aug 24 15:00:21.643842 dv-cinder-848899-4-smb devstack@placement-api.service[113903]: DEBUG placement.requestlog [req-e49f3a42-e615-4284-82df-4eac4147c6e8 req-8ab2fa3e-1995-4d5e-b1e7-c1b90618df6e None None] Starting request: 10.222.0.47 "GET /placement/allocation_candidates?limit=1000&resources=DISK_GB%3A1%2CMEMORY_MB%3A1024%2CVCPU%3A1&root_required=%21COMPUTE_STATUS_DISABLED" {{(pid=113903) __call__ /opt/stack/placement/placement/requestlog.py:55}}
Aug 24 15:00:21.685707 dv-cinder-848899-4-smb devstack@placement-api.service[113903]: DEBUG placement.objects.research_context [req-e49f3a42-e615-4284-82df-4eac4147c6e8 req-8ab2fa3e-1995-4d5e-b1e7-c1b90618df6e service placement] getting providers with 1 DISK_GB {{(pid=113903) __init__ /opt/stack/placement/placement/objects/research_context.py:136}}
Aug 24 15:00:21.691323 dv-cinder-848899-4-smb devstack@placement-api.service[113903]: DEBUG placement.objects.research_context [req-e49f3a42-e615-4284-82df-4eac4147c6e8 req-8ab2fa3e-1995-4d5e-b1e7-c1b90618df6e service placement] getting providers with 1024 MEMORY_MB {{(pid=113903) __init__ /opt/stack/placement/placement/objects/research_context.py:136}}
Aug 24 15:00:21.697573 dv-cinder-848899-4-smb devstack@placement-api.service[113903]: DEBUG placement.objects.research_context [req-e49f3a42-e615-4284-82df-4eac4147c6e8 req-8ab2fa3e-1995-4d5e-b1e7-c1b90618df6e service placement] getting providers with 1 VCPU {{(pid=113903) __init__ /opt/stack/placement/placement/objects/research_context.py:136}}
Aug 24 15:00:21.703676 dv-cinder-848899-4-smb devstack@placement-api.service[113903]: DEBUG placement.objects.research_context [req-e49f3a42-e615-4284-82df-4eac4147c6e8 req-8ab2fa3e-1995-4d5e-b1e7-c1b90618df6e service placement] found 1 providers with available 1 DISK_GB {{(pid=113903) get_provider_ids_matching /opt/stack/placement/placement/objects/research_context.py:563}}
Aug 24 15:00:21.704058 dv-cinder-848899-4-smb devstack@placement-api.service[113903]: DEBUG placement.objects.research_context [req-e49f3a42-e615-4284-82df-4eac4147c6e8 req-8ab2fa3e-1995-4d5e-b1e7-c1b90618df6e service placement] found 1 providers with available 1024 MEMORY_MB {{(pid=113903) get_provider_ids_matching /opt/stack/placement/placement/objects/research_context.py:563}}
Aug 24 15:00:21.704398 dv-cinder-848899-4-smb devstack@placement-api.service[113903]: DEBUG placement.objects.research_context [req-e49f3a42-e615-4284-82df-4eac4147c6e8 req-8ab2fa3e-1995-4d5e-b1e7-c1b90618df6e service placement] found 1 providers after filtering by previous result {{(pid=113903) get_provider_ids_matching /opt/stack/placement/placement/objects/research_context.py:594}}
Aug 24 15:00:21.704614 dv-cinder-848899-4-smb devstack@placement-api.service[113903]: DEBUG placement.objects.research_context [req-e49f3a42-e615-4284-82df-4eac4147c6e8 req-8ab2fa3e-1995-4d5e-b1e7-c1b90618df6e service placement] found 1 providers with available 1 VCPU {{(pid=113903) get_provider_ids_matching /opt/stack/placement/placement/objects/research_context.py:563}}
