Aug 24 11:33:21.872732 dv-cinder-848899-3-smb devstack@c-api.service[113539]: INFO cinder.api.v3.snapshots [req-dd7d3338-71d4-490c-b025-c1a6a10375c4 req-bf18c2e6-d485-4947-b50b-cc8d6ccacc95 tempest-VolumesSnapshotsTestJSON-564740649 tempest-VolumesSnapshotsTestJSON-564740649-project] Create snapshot from volume bda28c27-7dc5-4177-81df-3df8d746fa90
Aug 24 11:33:21.970226 dv-cinder-848899-3-smb devstack@c-api.service[113539]: WARNING cinder.quota [req-dd7d3338-71d4-490c-b025-c1a6a10375c4 req-bf18c2e6-d485-4947-b50b-cc8d6ccacc95 tempest-VolumesSnapshotsTestJSON-564740649 tempest-VolumesSnapshotsTestJSON-564740649-project] Deprecated: Default quota for resource: gigabytes___DEFAULT__ is set by the default quota flag: quota_gigabytes___DEFAULT__, it is now deprecated. Please use the default quota class for default quota.
Aug 24 11:33:21.971130 dv-cinder-848899-3-smb devstack@c-api.service[113539]: WARNING cinder.quota [req-dd7d3338-71d4-490c-b025-c1a6a10375c4 req-bf18c2e6-d485-4947-b50b-cc8d6ccacc95 tempest-VolumesSnapshotsTestJSON-564740649 tempest-VolumesSnapshotsTestJSON-564740649-project] Deprecated: Default quota for resource: snapshots___DEFAULT__ is set by the default quota flag: quota_snapshots___DEFAULT__, it is now deprecated. Please use the default quota class for default quota.
Aug 24 11:33:22.065873 dv-cinder-848899-3-smb devstack@c-api.service[113539]: DEBUG cinder.quota [req-dd7d3338-71d4-490c-b025-c1a6a10375c4 req-bf18c2e6-d485-4947-b50b-cc8d6ccacc95 tempest-VolumesSnapshotsTestJSON-564740649 tempest-VolumesSnapshotsTestJSON-564740649-project] Created reservations ['7de3ba21-9154-4c43-ad1c-318f4659c6c1', '96f30733-a41b-4837-83bd-542aaa47d44c', 'e600a50e-f310-410b-9cec-879bc82c85cc', '7888b2ae-d3ce-45f2-b729-a30356e1b280'] {{(pid=113539) reserve /opt/stack/cinder/cinder/quota.py:755}}
Aug 24 11:33:22.103391 dv-cinder-848899-3-smb devstack@c-api.service[113540]: INFO cinder.api.openstack.wsgi [None req-c9453e81-22f1-41e5-99b7-183da6c410e5 tempest-GroupSnapshotsV319Test-1083478928 tempest-GroupSnapshotsV319Test-1083478928-project] POST http://10.222.0.27/volume/v3/427d950fbd984c44a0834e30e6e6f6ad/groups
Aug 24 11:33:22.105416 dv-cinder-848899-3-smb devstack@c-api.service[113540]: DEBUG cinder.api.openstack.wsgi [None req-c9453e81-22f1-41e5-99b7-183da6c410e5 tempest-GroupSnapshotsV319Test-1083478928 tempest-GroupSnapshotsV319Test-1083478928-project] Action: 'create', calling method: version_select, body: {"group": {"group_type": "dc384d05-b510-4d6e-8357-73fe25ebc45b", "volume_types": ["98f65d2d-7f2f-4ae6-a1ca-77d0addd89c1"], "name": "tempest-GroupSnapshotsV319Test-Group-1269345078"}} {{(pid=113540) _process_stack /opt/stack/cinder/cinder/api/openstack/wsgi.py:866}}
Aug 24 11:33:22.108027 dv-cinder-848899-3-smb devstack@c-api.service[113540]: DEBUG cinder.api.v3.groups [None req-c9453e81-22f1-41e5-99b7-183da6c410e5 tempest-GroupSnapshotsV319Test-1083478928 tempest-GroupSnapshotsV319Test-1083478928-project] Creating new group {'group': {'group_type': 'dc384d05-b510-4d6e-8357-73fe25ebc45b', 'volume_types': ['98f65d2d-7f2f-4ae6-a1ca-77d0addd89c1'], 'name': 'tempest-GroupSnapshotsV319Test-Group-1269345078'}} {{(pid=113540) create /opt/stack/cinder/cinder/api/v3/groups.py:190}}
Aug 24 11:33:22.122432 dv-cinder-848899-3-smb devstack@c-api.service[113540]: INFO cinder.api.v3.groups [None req-c9453e81-22f1-41e5-99b7-183da6c410e5 tempest-GroupSnapshotsV319Test-1083478928 tempest-GroupSnapshotsV319Test-1083478928-project] Creating group tempest-GroupSnapshotsV319Test-Group-1269345078.
Aug 24 11:33:22.236167 dv-cinder-848899-3-smb devstack@c-api.service[113540]: DEBUG cinder.volume.api [None req-c9453e81-22f1-41e5-99b7-183da6c410e5 tempest-GroupSnapshotsV319Test-1083478928 tempest-GroupSnapshotsV319Test-1083478928-project] Availability zone cache updated, next update will occur around 2022-08-24 12:33:22.235461. {{(pid=113540) list_availability_zones /opt/stack/cinder/cinder/volume/api.py:153}}
Aug 24 11:33:22.242109 dv-cinder-848899-3-smb devstack@c-api.service[113540]: INFO cinder.volume.api [None req-c9453e81-22f1-41e5-99b7-183da6c410e5 tempest-GroupSnapshotsV319Test-1083478928 tempest-GroupSnapshotsV319Test-1083478928-project] Availability Zones retrieved successfully.
Aug 24 11:33:22.260474 dv-cinder-848899-3-smb devstack@c-api.service[113540]: DEBUG dbcounter [-] [113540] Writing DB stats cinder:SELECT=75,cinder:INSERT=12,cinder:UPDATE=13 {{(pid=113540) stat_writer /usr/local/lib/python3.8/dist-packages/dbcounter.py:114}}
Aug 24 11:33:22.276649 dv-cinder-848899-3-smb devstack@c-api.service[113539]: INFO cinder.volume.api [req-dd7d3338-71d4-490c-b025-c1a6a10375c4 req-bf18c2e6-d485-4947-b50b-cc8d6ccacc95 tempest-VolumesSnapshotsTestJSON-564740649 tempest-VolumesSnapshotsTestJSON-564740649-project] Snapshot create request issued successfully.
Aug 24 11:33:22.277374 dv-cinder-848899-3-smb devstack@c-api.service[113539]: INFO cinder.api.openstack.wsgi [req-dd7d3338-71d4-490c-b025-c1a6a10375c4 req-bf18c2e6-d485-4947-b50b-cc8d6ccacc95 tempest-VolumesSnapshotsTestJSON-564740649 tempest-VolumesSnapshotsTestJSON-564740649-project] http://10.222.0.27/volume/v3/55a65acab6e644b3a5505a17f2ee6071/snapshots returned with HTTP 202
Aug 24 11:33:22.282205 dv-cinder-848899-3-smb devstack@c-api.service[113539]: [pid: 113539|app: 0|req: 11/18] 10.222.0.27 () {64 vars in 1527 bytes} [Wed Aug 24 11:33:21 2022] POST /volume/v3/55a65acab6e644b3a5505a17f2ee6071/snapshots => generated 311 bytes in 490 msecs (HTTP/1.1 202) 7 headers in 291 bytes (1 switches on core 0)
Aug 24 11:33:22.286249 dv-cinder-848899-3-smb devstack@c-api.service[113539]: DEBUG cinder.api.middleware.request_id [None req-9969cbd3-7c21-4e12-b9b3-095a9495b4b9 None None] RequestId filter calling following filter/app {{(pid=113539) _context_setter /opt/stack/cinder/cinder/api/middleware/request_id.py:62}}
Aug 24 11:33:22.295690 dv-cinder-848899-3-smb devstack@c-api.service[113539]: INFO cinder.api.openstack.wsgi [None req-9969cbd3-7c21-4e12-b9b3-095a9495b4b9 tempest-GroupTypesTest-1340487287 tempest-GroupTypesTest-1340487287-project-admin] GET http://10.222.0.27/volume/v3/ff439b1dfe9b44309ecc95cebfdc4dcc/group_types/927aba90-c457-4f3e-af6f-32b4b2389788
Aug 24 11:33:22.296556 dv-cinder-848899-3-smb devstack@c-api.service[113539]: DEBUG cinder.api.openstack.wsgi [None req-9969cbd3-7c21-4e12-b9b3-095a9495b4b9 tempest-GroupTypesTest-1340487287 tempest-GroupTypesTest-1340487287-project-admin] Empty body provided in request {{(pid=113539) get_body /opt/stack/cinder/cinder/api/openstack/wsgi.py:715}}
Aug 24 11:33:22.297081 dv-cinder-848899-3-smb devstack@c-api.service[113539]: DEBUG cinder.api.openstack.wsgi [None req-9969cbd3-7c21-4e12-b9b3-095a9495b4b9 tempest-GroupTypesTest-1340487287 tempest-GroupTypesTest-1340487287-project-admin] Calling method 'version_select' {{(pid=113539) _process_stack /opt/stack/cinder/cinder/api/openstack/wsgi.py:868}}
Aug 24 11:33:22.308493 dv-cinder-848899-3-smb devstack@c-api.service[113539]: /usr/local/lib/python3.8/dist-packages/oslo_context/context.py:100: DeprecationWarning: Policy enforcement is depending on the value of is_admin. This key is deprecated. Please update your policy file to use the standard policy values.
Aug 24 11:33:22.308493 dv-cinder-848899-3-smb devstack@c-api.service[113539]: warnings.warn('Policy enforcement is depending on the value of '
Aug 24 11:33:22.313617 dv-cinder-848899-3-smb devstack@c-api.service[113539]: INFO cinder.api.openstack.wsgi [None req-9969cbd3-7c21-4e12-b9b3-095a9495b4b9 tempest-GroupTypesTest-1340487287 tempest-GroupTypesTest-1340487287-project-admin] http://10.222.0.27/volume/v3/ff439b1dfe9b44309ecc95cebfdc4dcc/group_types/927aba90-c457-4f3e-af6f-32b4b2389788 returned with HTTP 200
Aug 24 11:33:22.327014 dv-cinder-848899-3-smb devstack@c-api.service[113539]: [pid: 113539|app: 0|req: 12/19] 10.222.0.27 () {60 vars in 1378 bytes} [Wed Aug 24 11:33:22 2022] GET /volume/v3/ff439b1dfe9b44309ecc95cebfdc4dcc/group_types/927aba90-c457-4f3e-af6f-32b4b2389788 => generated 254 bytes in 44 msecs (HTTP/1.1 200) 7 headers in 286 bytes (1 switches on core 0)
Aug 24 11:33:22.333050 dv-cinder-848899-3-smb devstack@c-api.service[113539]: DEBUG cinder.api.middleware.request_id [None req-8e869133-106f-4120-8f46-1b25b26a2cbc None None] RequestId filter calling following filter/app {{(pid=113539) _context_setter /opt/stack/cinder/cinder/api/middleware/request_id.py:62}}
Aug 24 11:33:22.340387 dv-cinder-848899-3-smb devstack@c-api.service[113540]: DEBUG cinder.quota [None req-c9453e81-22f1-41e5-99b7-183da6c410e5 tempest-GroupSnapshotsV319Test-1083478928 tempest-GroupSnapshotsV319Test-1083478928-project] Created reservations ['e47f1d01-2ea0-4ea5-875f-8b4f3800ab04'] {{(pid=113540) reserve /opt/stack/cinder/cinder/quota.py:755}}
Aug 24 11:33:22.348159 dv-cinder-848899-3-smb devstack@c-api.service[113539]: INFO cinder.api.openstack.wsgi [None req-8e869133-106f-4120-8f46-1b25b26a2cbc tempest-GroupTypesTest-1340487287 tempest-GroupTypesTest-1340487287-project-admin] DELETE http://10.222.0.27/volume/v3/ff439b1dfe9b44309ecc95cebfdc4dcc/group_types/927aba90-c457-4f3e-af6f-32b4b2389788
Aug 24 11:33:22.349312 dv-cinder-848899-3-smb devstack@c-api.service[113539]: DEBUG cinder.api.openstack.wsgi [None req-8e869133-106f-4120-8f46-1b25b26a2cbc tempest-GroupTypesTest-1340487287 tempest-GroupTypesTest-1340487287-project-admin] Empty body provided in request {{(pid=113539) get_body /opt/stack/cinder/cinder/api/openstack/wsgi.py:715}}
Aug 24 11:33:22.350068 dv-cinder-848899-3-smb devstack@c-api.service[113539]: DEBUG cinder.api.openstack.wsgi [None req-8e869133-106f-4120-8f46-1b25b26a2cbc tempest-GroupTypesTest-1340487287 tempest-GroupTypesTest-1340487287-project-admin] Calling method 'version_select' {{(pid=113539) _process_stack /opt/stack/cinder/cinder/api/openstack/wsgi.py:868}}
Aug 24 11:33:22.464695 dv-cinder-848899-3-smb devstack@c-api.service[113540]: INFO cinder.api.openstack.wsgi [None req-c9453e81-22f1-41e5-99b7-183da6c410e5 tempest-GroupSnapshotsV319Test-1083478928 tempest-GroupSnapshotsV319Test-1083478928-project] http://10.222.0.27/volume/v3/427d950fbd984c44a0834e30e6e6f6ad/groups returned with HTTP 202
Aug 24 11:33:22.471459 dv-cinder-848899-3-smb devstack@c-api.service[113540]: [pid: 113540|app: 0|req: 8/20] 10.222.0.27 () {62 vars in 1274 bytes} [Wed Aug 24 11:33:21 2022] POST /volume/v3/427d950fbd984c44a0834e30e6e6f6ad/groups => generated 116 bytes in 637 msecs (HTTP/1.1 202) 7 headers in 292 bytes (1 switches on core 0)
Aug 24 11:33:22.473259 dv-cinder-848899-3-smb devstack@c-api.service[113539]: INFO cinder.api.openstack.wsgi [None req-8e869133-106f-4120-8f46-1b25b26a2cbc tempest-GroupTypesTest-1340487287 tempest-GroupTypesTest-1340487287-project-admin] http://10.222.0.27/volume/v3/ff439b1dfe9b44309ecc95cebfdc4dcc/group_types/927aba90-c457-4f3e-af6f-32b4b2389788 returned with HTTP 202
Aug 24 11:33:22.474082 dv-cinder-848899-3-smb devstack@c-api.service[113539]: [pid: 113539|app: 0|req: 13/21] 10.222.0.27 () {60 vars in 1381 bytes} [Wed Aug 24 11:33:22 2022] DELETE /volume/v3/ff439b1dfe9b44309ecc95cebfdc4dcc/group_types/927aba90-c457-4f3e-af6f-32b4b2389788 => generated 0 bytes in 146 msecs (HTTP/1.1 202) 6 headers in 234 bytes (1 switches on core 0)
Aug 24 11:33:22.475544 dv-cinder-848899-3-smb devstack@c-api.service[113540]: DEBUG cinder.api.middleware.request_id [req-bfa04639-201f-4894-9cb3-7bca107fbd92 req-b6489da8-7af9-4280-8527-ca155d48e64b None None] RequestId filter calling following filter/app {{(pid=113540) _context_setter /opt/stack/cinder/cinder/api/middleware/request_id.py:62}}
Aug 24 11:33:22.476491 dv-cinder-848899-3-smb devstack@c-api.service[113539]: DEBUG cinder.api.middleware.request_id [None req-6a75c2ce-eb08-439f-9ad3-f691f901cb4e None None] RequestId filter calling following filter/app {{(pid=113539) _context_setter /opt/stack/cinder/cinder/api/middleware/request_id.py:62}}
Aug 24 11:33:22.483265 dv-cinder-848899-3-smb devstack@c-api.service[113539]: INFO cinder.api.openstack.wsgi [None req-6a75c2ce-eb08-439f-9ad3-f691f901cb4e tempest-GroupSnapshotsV319Test-1083478928 tempest-GroupSnapshotsV319Test-1083478928-project] GET http://10.222.0.27/volume/v3/427d950fbd984c44a0834e30e6e6f6ad/groups/46d3ddd5-0bda-4692-91dc-8ca9a5fbea21
Aug 24 11:33:22.483759 dv-cinder-848899-3-smb devstack@c-api.service[113539]: DEBUG cinder.api.openstack.wsgi [None req-6a75c2ce-eb08-439f-9ad3-f691f901cb4e tempest-GroupSnapshotsV319Test-1083478928 tempest-GroupSnapshotsV319Test-1083478928-project] Empty body provided in request {{(pid=113539) get_body /opt/stack/cinder/cinder/api/openstack/wsgi.py:715}}
Aug 24 11:33:22.484228 dv-cinder-848899-3-smb devstack@c-api.service[113539]: DEBUG cinder.api.openstack.wsgi [None req-6a75c2ce-eb08-439f-9ad3-f691f901cb4e tempest-GroupSnapshotsV319Test-1083478928 tempest-GroupSnapshotsV319Test-1083478928-project] Calling method 'version_select' {{(pid=113539) _process_stack /opt/stack/cinder/cinder/api/openstack/wsgi.py:868}}
Aug 24 11:33:22.490330 dv-cinder-848899-3-smb devstack@c-api.service[113539]: DEBUG cinder.api.v3.groups [None req-6a75c2ce-eb08-439f-9ad3-f691f901cb4e tempest-GroupSnapshotsV319Test-1083478928 tempest-GroupSnapshotsV319Test-1083478928-project] show called for member 46d3ddd5-0bda-4692-91dc-8ca9a5fbea21 {{(pid=113539) show /opt/stack/cinder/cinder/api/v3/groups.py:58}}
Aug 24 11:33:22.495246 dv-cinder-848899-3-smb devstack@c-api.service[113540]: INFO cinder.api.openstack.wsgi [req-bfa04639-201f-4894-9cb3-7bca107fbd92 req-b6489da8-7af9-4280-8527-ca155d48e64b tempest-VolumesSnapshotsTestJSON-564740649 tempest-VolumesSnapshotsTestJSON-564740649-project] GET http://10.222.0.27/volume/v3/55a65acab6e644b3a5505a17f2ee6071/snapshots/2f4d2537-2dee-44f4-a8b4-e69525a6ee96
Aug 24 11:33:22.495752 dv-cinder-848899-3-smb devstack@c-api.service[113540]: DEBUG cinder.api.openstack.wsgi [req-bfa04639-201f-4894-9cb3-7bca107fbd92 req-b6489da8-7af9-4280-8527-ca155d48e64b tempest-VolumesSnapshotsTestJSON-564740649 tempest-VolumesSnapshotsTestJSON-564740649-project] Empty body provided in request {{(pid=113540) get_body /opt/stack/cinder/cinder/api/openstack/wsgi.py:715}}
Aug 24 11:33:22.496223 dv-cinder-848899-3-smb devstack@c-api.service[113540]: DEBUG cinder.api.openstack.wsgi [req-bfa04639-201f-4894-9cb3-7bca107fbd92 req-b6489da8-7af9-4280-8527-ca155d48e64b tempest-VolumesSnapshotsTestJSON-564740649 tempest-VolumesSnapshotsTestJSON-564740649-project] Calling method 'show' {{(pid=113540) _process_stack /opt/stack/cinder/cinder/api/openstack/wsgi.py:868}}
Aug 24 11:33:22.511647 dv-cinder-848899-3-smb devstack@c-api.service[113539]: /usr/local/lib/python3.8/dist-packages/oslo_context/context.py:100: DeprecationWarning: Policy enforcement is depending on the value of is_admin. This key is deprecated. Please update your policy file to use the standard policy values.
Aug 24 11:33:22.511647 dv-cinder-848899-3-smb devstack@c-api.service[113539]: warnings.warn('Policy enforcement is depending on the value of '
Aug 24 11:33:22.576578 dv-cinder-848899-3-smb devstack@c-api.service[113539]: INFO cinder.api.openstack.wsgi [None req-6a75c2ce-eb08-439f-9ad3-f691f901cb4e tempest-GroupSnapshotsV319Test-1083478928 tempest-GroupSnapshotsV319Test-1083478928-project] http://10.222.0.27/volume/v3/427d950fbd984c44a0834e30e6e6f6ad/groups/46d3ddd5-0bda-4692-91dc-8ca9a5fbea21 returned with HTTP 200
Aug 24 11:33:22.581301 dv-cinder-848899-3-smb devstack@c-api.service[113539]: [pid: 113539|app: 0|req: 14/22] 10.222.0.27 () {60 vars in 1363 bytes} [Wed Aug 24 11:33:22 2022] GET /volume/v3/427d950fbd984c44a0834e30e6e6f6ad/groups/46d3ddd5-0bda-4692-91dc-8ca9a5fbea21 => generated 396 bytes in 106 msecs (HTTP/1.1 200) 7 headers in 286 bytes (1 switches on core 0)
Aug 24 11:33:22.585813 dv-cinder-848899-3-smb devstack@c-api.service[113539]: DEBUG cinder.api.middleware.request_id [None req-fe1df079-7580-49a6-98de-4000064f3d27 None None] RequestId filter calling following filter/app {{(pid=113539) _context_setter /opt/stack/cinder/cinder/api/middleware/request_id.py:62}}
Aug 24 11:33:22.603601 dv-cinder-848899-3-smb devstack@c-api.service[113539]: INFO cinder.api.openstack.wsgi [None req-fe1df079-7580-49a6-98de-4000064f3d27 tempest-GroupTypesTest-1340487287 tempest-GroupTypesTest-1340487287-project-admin] GET http://10.222.0.27/volume/v3/ff439b1dfe9b44309ecc95cebfdc4dcc/group_types
Aug 24 11:33:22.603994 dv-cinder-848899-3-smb devstack@c-api.service[113540]: /usr/local/lib/python3.8/dist-packages/oslo_context/context.py:100: DeprecationWarning: Policy enforcement is depending on the value of is_admin. This key is deprecated. Please update your policy file to use the standard policy values.
Aug 24 11:33:22.603994 dv-cinder-848899-3-smb devstack@c-api.service[113540]: warnings.warn('Policy enforcement is depending on the value of '
Aug 24 11:33:22.605133 dv-cinder-848899-3-smb devstack@c-api.service[113539]: DEBUG cinder.api.openstack.wsgi [None req-fe1df079-7580-49a6-98de-4000064f3d27 tempest-GroupTypesTest-1340487287 tempest-GroupTypesTest-1340487287-project-admin] Empty body provided in request {{(pid=113539) get_body /opt/stack/cinder/cinder/api/openstack/wsgi.py:715}}
Aug 24 11:33:22.606684 dv-cinder-848899-3-smb devstack@c-api.service[113539]: DEBUG cinder.api.openstack.wsgi [None req-fe1df079-7580-49a6-98de-4000064f3d27 tempest-GroupTypesTest-1340487287 tempest-GroupTypesTest-1340487287-project-admin] Calling method 'version_select' {{(pid=113539) _process_stack /opt/stack/cinder/cinder/api/openstack/wsgi.py:868}}
Aug 24 11:33:22.608311 dv-cinder-848899-3-smb devstack@c-api.service[113540]: INFO cinder.volume.api [req-bfa04639-201f-4894-9cb3-7bca107fbd92 req-b6489da8-7af9-4280-8527-ca155d48e64b tempest-VolumesSnapshotsTestJSON-564740649 tempest-VolumesSnapshotsTestJSON-564740649-project] Snapshot retrieved successfully.
Aug 24 11:33:22.613795 dv-cinder-848899-3-smb devstack@c-api.service[113540]: INFO cinder.api.openstack.wsgi [req-bfa04639-201f-4894-9cb3-7bca107fbd92 req-b6489da8-7af9-4280-8527-ca155d48e64b tempest-VolumesSnapshotsTestJSON-564740649 tempest-VolumesSnapshotsTestJSON-564740649-project] http://10.222.0.27/volume/v3/55a65acab6e644b3a5505a17f2ee6071/snapshots/2f4d2537-2dee-44f4-a8b4-e69525a6ee96 returned with HTTP 200
Aug 24 11:33:22.615867 dv-cinder-848899-3-smb devstack@c-api.service[113540]: [pid: 113540|app: 0|req: 9/23] 10.222.0.27 () {60 vars in 1584 bytes} [Wed Aug 24 11:33:22 2022] GET /volume/v3/55a65acab6e644b3a5505a17f2ee6071/snapshots/2f4d2537-2dee-44f4-a8b4-e69525a6ee96 => generated 536 bytes in 144 msecs (HTTP/1.1 200) 7 headers in 285 bytes (1 switches on core 0)
Aug 24 11:33:22.624208 dv-cinder-848899-3-smb devstack@c-api.service[113539]: /usr/local/lib/python3.8/dist-packages/oslo_context/context.py:100: DeprecationWarning: Policy enforcement is depending on the value of is_admin. This key is deprecated. Please update your policy file to use the standard policy values.
Aug 24 11:33:22.624208 dv-cinder-848899-3-smb devstack@c-api.service[113539]: warnings.warn('Policy enforcement is depending on the value of '
Aug 24 11:33:22.628794 dv-cinder-848899-3-smb devstack@c-api.service[113539]: INFO cinder.api.openstack.wsgi [None req-fe1df079-7580-49a6-98de-4000064f3d27 tempest-GroupTypesTest-1340487287 tempest-GroupTypesTest-1340487287-project-admin] http://10.222.0.27/volume/v3/ff439b1dfe9b44309ecc95cebfdc4dcc/group_types returned with HTTP 200
Aug 24 11:33:22.633214 dv-cinder-848899-3-smb devstack@c-api.service[113539]: [pid: 113539|app: 0|req: 15/24] 10.222.0.27 () {60 vars in 1267 bytes} [Wed Aug 24 11:33:22 2022] GET /volume/v3/ff439b1dfe9b44309ecc95cebfdc4dcc/group_types => generated 419 bytes in 51 msecs (HTTP/1.1 200) 7 headers in 286 bytes (1 switches on core 0)
Aug 24 11:33:22.643094 dv-cinder-848899-3-smb devstack@c-api.service[113540]: DEBUG cinder.api.middleware.request_id [None req-085b8c8b-987e-44b5-864b-9611185a16dd None None] RequestId filter calling following filter/app {{(pid=113540) _context_setter /opt/stack/cinder/cinder/api/middleware/request_id.py:62}}
Aug 24 11:33:22.651819 dv-cinder-848899-3-smb devstack@c-api.service[113540]: INFO cinder.api.openstack.wsgi [None req-085b8c8b-987e-44b5-864b-9611185a16dd tempest-GroupTypesTest-1340487287 tempest-GroupTypesTest-1340487287-project-admin] POST http://10.222.0.27/volume/v3/ff439b1dfe9b44309ecc95cebfdc4dcc/group_types
Aug 24 11:33:22.652607 dv-cinder-848899-3-smb devstack@c-api.service[113540]: DEBUG cinder.api.openstack.wsgi [None req-085b8c8b-987e-44b5-864b-9611185a16dd tempest-GroupTypesTest-1340487287 tempest-GroupTypesTest-1340487287-project-admin] Action: 'create', calling method: version_select, body: {"group_type": {"name": "a_tempest-group-type-1008213897", "is_public": true}} {{(pid=113540) _process_stack /opt/stack/cinder/cinder/api/openstack/wsgi.py:866}}
Aug 24 11:33:22.677070 dv-cinder-848899-3-smb devstack@c-api.service[113539]: DEBUG cinder.api.middleware.request_id [req-9bbe91c3-0918-48ed-864b-21a9d8fecf7b req-ea6f409a-e41f-4678-887d-573e61bf5a47 None None] RequestId filter calling following filter/app {{(pid=113539) _context_setter /opt/stack/cinder/cinder/api/middleware/request_id.py:62}}
Aug 24 11:33:22.682512 dv-cinder-848899-3-smb devstack@c-api.service[113539]: INFO cinder.api.openstack.wsgi [req-9bbe91c3-0918-48ed-864b-21a9d8fecf7b req-ea6f409a-e41f-4678-887d-573e61bf5a47 tempest-VolumesSnapshotsTestJSON-564740649 tempest-VolumesSnapshotsTestJSON-564740649-project] GET http://10.222.0.27/volume/v3/55a65acab6e644b3a5505a17f2ee6071/snapshots/detail
Aug 24 11:33:22.683445 dv-cinder-848899-3-smb devstack@c-api.service[113539]: DEBUG cinder.api.openstack.wsgi [req-9bbe91c3-0918-48ed-864b-21a9d8fecf7b req-ea6f409a-e41f-4678-887d-573e61bf5a47 tempest-VolumesSnapshotsTestJSON-564740649 tempest-VolumesSnapshotsTestJSON-564740649-project] Empty body provided in request {{(pid=113539) get_body /opt/stack/cinder/cinder/api/openstack/wsgi.py:715}}
Aug 24 11:33:22.684680 dv-cinder-848899-3-smb devstack@c-api.service[113539]: DEBUG cinder.api.openstack.wsgi [req-9bbe91c3-0918-48ed-864b-21a9d8fecf7b req-ea6f409a-e41f-4678-887d-573e61bf5a47 tempest-VolumesSnapshotsTestJSON-564740649 tempest-VolumesSnapshotsTestJSON-564740649-project] Calling method 'detail' {{(pid=113539) _process_stack /opt/stack/cinder/cinder/api/openstack/wsgi.py:868}}
Aug 24 11:33:22.685543 dv-cinder-848899-3-smb devstack@c-api.service[113539]: DEBUG cinder.api.api_utils [req-9bbe91c3-0918-48ed-864b-21a9d8fecf7b req-ea6f409a-e41f-4678-887d-573e61bf5a47 tempest-VolumesSnapshotsTestJSON-564740649 tempest-VolumesSnapshotsTestJSON-564740649-project] Removing options '' from query. {{(pid=113539) remove_invalid_filter_options /opt/stack/cinder/cinder/api/api_utils.py:83}}
Aug 24 11:33:22.688480 dv-cinder-848899-3-smb devstack@c-api.service[113539]: DEBUG cinder.db.sqlalchemy.api [req-9bbe91c3-0918-48ed-864b-21a9d8fecf7b req-ea6f409a-e41f-4678-887d-573e61bf5a47 tempest-VolumesSnapshotsTestJSON-564740649 tempest-VolumesSnapshotsTestJSON-564740649-project] Building query based on filter {{(pid=113539) _process_snaps_filters /opt/stack/cinder/cinder/db/sqlalchemy/api.py:3885}}
Aug 24 11:33:22.708112 dv-cinder-848899-3-smb devstack@c-api.service[113540]: INFO cinder.api.openstack.wsgi [None req-085b8c8b-987e-44b5-864b-9611185a16dd tempest-GroupTypesTest-1340487287 tempest-GroupTypesTest-1340487287-project-admin] http://10.222.0.27/volume/v3/ff439b1dfe9b44309ecc95cebfdc4dcc/group_types returned with HTTP 202
Aug 24 11:33:22.708900 dv-cinder-848899-3-smb devstack@c-api.service[113540]: [pid: 113540|app: 0|req: 10/25] 10.222.0.27 () {62 vars in 1288 bytes} [Wed Aug 24 11:33:22 2022] POST /volume/v3/ff439b1dfe9b44309ecc95cebfdc4dcc/group_types => generated 164 bytes in 68 msecs (HTTP/1.1 202) 7 headers in 292 bytes (1 switches on core 0)
Aug 24 11:33:22.722169 dv-cinder-848899-3-smb devstack@c-api.service[113540]: DEBUG cinder.api.middleware.request_id [None req-9fb8fb85-49b2-40cb-b45c-2f0e61e15cfe None None] RequestId filter calling following filter/app {{(pid=113540) _context_setter /opt/stack/cinder/cinder/api/middleware/request_id.py:62}}
Aug 24 11:33:22.724082 dv-cinder-848899-3-smb devstack@c-api.service[113539]: INFO cinder.volume.api [req-9bbe91c3-0918-48ed-864b-21a9d8fecf7b req-ea6f409a-e41f-4678-887d-573e61bf5a47 tempest-VolumesSnapshotsTestJSON-564740649 tempest-VolumesSnapshotsTestJSON-564740649-project] Get all snapshots completed successfully.
Aug 24 11:33:22.727139 dv-cinder-848899-3-smb devstack@c-api.service[113539]: /usr/local/lib/python3.8/dist-packages/oslo_context/context.py:100: DeprecationWarning: Policy enforcement is depending on the value of is_admin. This key is deprecated. Please update your policy file to use the standard policy values.
Aug 24 11:33:22.727139 dv-cinder-848899-3-smb devstack@c-api.service[113539]: warnings.warn('Policy enforcement is depending on the value of '
Aug 24 11:33:22.733564 dv-cinder-848899-3-smb devstack@c-api.service[113540]: INFO cinder.api.openstack.wsgi [None req-9fb8fb85-49b2-40cb-b45c-2f0e61e15cfe tempest-GroupTypesTest-1340487287 tempest-GroupTypesTest-1340487287-project-admin] POST http://10.222.0.27/volume/v3/ff439b1dfe9b44309ecc95cebfdc4dcc/group_types
Aug 24 11:33:22.733760 dv-cinder-848899-3-smb devstack@c-api.service[113539]: INFO cinder.api.openstack.wsgi [req-9bbe91c3-0918-48ed-864b-21a9d8fecf7b req-ea6f409a-e41f-4678-887d-573e61bf5a47 tempest-VolumesSnapshotsTestJSON-564740649 tempest-VolumesSnapshotsTestJSON-564740649-project] http://10.222.0.27/volume/v3/55a65acab6e644b3a5505a17f2ee6071/snapshots/detail returned with HTTP 200
Aug 24 11:33:22.734511 dv-cinder-848899-3-smb devstack@c-api.service[113540]: DEBUG cinder.api.openstack.wsgi [None req-9fb8fb85-49b2-40cb-b45c-2f0e61e15cfe tempest-GroupTypesTest-1340487287 tempest-GroupTypesTest-1340487287-project-admin] Action: 'create', calling method: version_select, body: {"group_type": {"name": "b_tempest-group-type-785713370", "is_public": false}} {{(pid=113540) _process_stack /opt/stack/cinder/cinder/api/openstack/wsgi.py:866}}
Aug 24 11:33:22.735082 dv-cinder-848899-3-smb devstack@c-api.service[113539]: [pid: 113539|app: 0|req: 16/26] 10.222.0.27 () {60 vars in 1494 bytes} [Wed Aug 24 11:33:22 2022] GET /volume/v3/55a65acab6e644b3a5505a17f2ee6071/snapshots/detail => generated 539 bytes in 59 msecs (HTTP/1.1 200) 7 headers in 285 bytes (1 switches on core 0)
Aug 24 11:33:22.765448 dv-cinder-848899-3-smb devstack@c-api.service[113539]: DEBUG cinder.api.middleware.request_id [req-3243fbf6-74eb-4c7d-84a3-8999133bc2ec req-9df409d3-22cf-4dbf-9b71-670c45eb40b9 None None] RequestId filter calling following filter/app {{(pid=113539) _context_setter /opt/stack/cinder/cinder/api/middleware/request_id.py:62}}
Aug 24 11:33:22.772763 dv-cinder-848899-3-smb devstack@c-api.service[113539]: INFO cinder.api.openstack.wsgi [req-3243fbf6-74eb-4c7d-84a3-8999133bc2ec req-9df409d3-22cf-4dbf-9b71-670c45eb40b9 tempest-VolumesSnapshotsTestJSON-564740649 tempest-VolumesSnapshotsTestJSON-564740649-project] GET http://10.222.0.27/volume/v3/55a65acab6e644b3a5505a17f2ee6071/snapshots/2f4d2537-2dee-44f4-a8b4-e69525a6ee96
Aug 24 11:33:22.773230 dv-cinder-848899-3-smb devstack@c-api.service[113539]: DEBUG cinder.api.openstack.wsgi [req-3243fbf6-74eb-4c7d-84a3-8999133bc2ec req-9df409d3-22cf-4dbf-9b71-670c45eb40b9 tempest-VolumesSnapshotsTestJSON-564740649 tempest-VolumesSnapshotsTestJSON-564740649-project] Empty body provided in request {{(pid=113539) get_body /opt/stack/cinder/cinder/api/openstack/wsgi.py:715}}
Aug 24 11:33:22.773703 dv-cinder-848899-3-smb devstack@c-api.service[113539]: DEBUG cinder.api.openstack.wsgi [req-3243fbf6-74eb-4c7d-84a3-8999133bc2ec req-9df409d3-22cf-4dbf-9b71-670c45eb40b9 tempest-VolumesSnapshotsTestJSON-564740649 tempest-VolumesSnapshotsTestJSON-564740649-project] Calling method 'show' {{(pid=113539) _process_stack /opt/stack/cinder/cinder/api/openstack/wsgi.py:868}}
Aug 24 11:33:22.800254 dv-cinder-848899-3-smb devstack@c-api.service[113539]: /usr/local/lib/python3.8/dist-packages/oslo_context/context.py:100: DeprecationWarning: Policy enforcement is depending on the value of is_admin. This key is deprecated. Please update your policy file to use the standard policy values.
Aug 24 11:33:22.800254 dv-cinder-848899-3-smb devstack@c-api.service[113539]: warnings.warn('Policy enforcement is depending on the value of '
Aug 24 11:33:22.801823 dv-cinder-848899-3-smb devstack@c-api.service[113539]: INFO cinder.volume.api [req-3243fbf6-74eb-4c7d-84a3-8999133bc2ec req-9df409d3-22cf-4dbf-9b71-670c45eb40b9 tempest-VolumesSnapshotsTestJSON-564740649 tempest-VolumesSnapshotsTestJSON-564740649-project] Snapshot retrieved successfully.
Aug 24 11:33:22.802437 dv-cinder-848899-3-smb devstack@c-api.service[113540]: INFO cinder.api.openstack.wsgi [None req-9fb8fb85-49b2-40cb-b45c-2f0e61e15cfe tempest-GroupTypesTest-1340487287 tempest-GroupTypesTest-1340487287-project-admin] http://10.222.0.27/volume/v3/ff439b1dfe9b44309ecc95cebfdc4dcc/group_types returned with HTTP 202
Aug 24 11:33:22.803097 dv-cinder-848899-3-smb devstack@c-api.service[113540]: [pid: 113540|app: 0|req: 11/27] 10.222.0.27 () {62 vars in 1288 bytes} [Wed Aug 24 11:33:22 2022] POST /volume/v3/ff439b1dfe9b44309ecc95cebfdc4dcc/group_types => generated 164 bytes in 84 msecs (HTTP/1.1 202) 7 headers in 292 bytes (1 switches on core 0)
Aug 24 11:33:22.807336 dv-cinder-848899-3-smb devstack@c-api.service[113539]: INFO cinder.api.openstack.wsgi [req-3243fbf6-74eb-4c7d-84a3-8999133bc2ec req-9df409d3-22cf-4dbf-9b71-670c45eb40b9 tempest-VolumesSnapshotsTestJSON-564740649 tempest-VolumesSnapshotsTestJSON-564740649-project] http://10.222.0.27/volume/v3/55a65acab6e644b3a5505a17f2ee6071/snapshots/2f4d2537-2dee-44f4-a8b4-e69525a6ee96 returned with HTTP 200
Aug 24 11:33:22.808115 dv-cinder-848899-3-smb devstack@c-api.service[113539]: [pid: 113539|app: 0|req: 17/28] 10.222.0.27 () {60 vars in 1584 bytes} [Wed Aug 24 11:33:22 2022] GET /volume/v3/55a65acab6e644b3a5505a17f2ee6071/snapshots/2f4d2537-2dee-44f4-a8b4-e69525a6ee96 => generated 536 bytes in 44 msecs (HTTP/1.1 200) 7 headers in 285 bytes (2 switches on core 0)
Aug 24 11:33:22.815048 dv-cinder-848899-3-smb devstack@c-api.service[113540]: DEBUG cinder.api.middleware.request_id [None req-dfd4061e-f638-4394-b758-cb5de50ac494 None None] RequestId filter calling following filter/app {{(pid=113540) _context_setter /opt/stack/cinder/cinder/api/middleware/request_id.py:62}}
Aug 24 11:33:22.845635 dv-cinder-848899-3-smb devstack@c-api.service[113540]: INFO cinder.api.openstack.wsgi [None req-dfd4061e-f638-4394-b758-cb5de50ac494 tempest-GroupTypesTest-1340487287 tempest-GroupTypesTest-1340487287-project-admin] GET http://10.222.0.27/volume/v3/ff439b1dfe9b44309ecc95cebfdc4dcc/group_types?sort=name%3Aasc&is_public=None
Aug 24 11:33:22.849510 dv-cinder-848899-3-smb devstack@c-api.service[113540]: DEBUG cinder.api.openstack.wsgi [None req-dfd4061e-f638-4394-b758-cb5de50ac494 tempest-GroupTypesTest-1340487287 tempest-GroupTypesTest-1340487287-project-admin] Empty body provided in request {{(pid=113540) get_body /opt/stack/cinder/cinder/api/openstack/wsgi.py:715}}
Aug 24 11:33:22.850309 dv-cinder-848899-3-smb devstack@c-api.service[113540]: DEBUG cinder.api.openstack.wsgi [None req-dfd4061e-f638-4394-b758-cb5de50ac494 tempest-GroupTypesTest-1340487287 tempest-GroupTypesTest-1340487287-project-admin] Calling method 'version_select' {{(pid=113540) _process_stack /opt/stack/cinder/cinder/api/openstack/wsgi.py:868}}
Aug 24 11:33:22.852706 dv-cinder-848899-3-smb devstack@c-api.service[113539]: DEBUG cinder.api.middleware.request_id [req-f4983a57-0452-4b04-a532-130285859250 req-e30dadd3-0919-4a6c-8721-ed33473ded93 None None] RequestId filter calling following filter/app {{(pid=113539) _context_setter /opt/stack/cinder/cinder/api/middleware/request_id.py:62}}
Aug 24 11:33:22.857387 dv-cinder-848899-3-smb devstack@c-api.service[113539]: INFO cinder.api.openstack.wsgi [req-f4983a57-0452-4b04-a532-130285859250 req-e30dadd3-0919-4a6c-8721-ed33473ded93 tempest-VolumesSnapshotsTestJSON-564740649 tempest-VolumesSnapshotsTestJSON-564740649-project] DELETE http://10.222.0.27/volume/v3/55a65acab6e644b3a5505a17f2ee6071/snapshots/2f4d2537-2dee-44f4-a8b4-e69525a6ee96
Aug 24 11:33:22.857900 dv-cinder-848899-3-smb devstack@c-api.service[113539]: DEBUG cinder.api.openstack.wsgi [req-f4983a57-0452-4b04-a532-130285859250 req-e30dadd3-0919-4a6c-8721-ed33473ded93 tempest-VolumesSnapshotsTestJSON-564740649 tempest-VolumesSnapshotsTestJSON-564740649-project] Empty body provided in request {{(pid=113539) get_body /opt/stack/cinder/cinder/api/openstack/wsgi.py:715}}
Aug 24 11:33:22.858384 dv-cinder-848899-3-smb devstack@c-api.service[113539]: DEBUG cinder.api.openstack.wsgi [req-f4983a57-0452-4b04-a532-130285859250 req-e30dadd3-0919-4a6c-8721-ed33473ded93 tempest-VolumesSnapshotsTestJSON-564740649 tempest-VolumesSnapshotsTestJSON-564740649-project] Calling method 'delete' {{(pid=113539) _process_stack /opt/stack/cinder/cinder/api/openstack/wsgi.py:868}}
Aug 24 11:33:22.858693 dv-cinder-848899-3-smb devstack@c-api.service[113539]: INFO cinder.api.v2.snapshots [req-f4983a57-0452-4b04-a532-130285859250 req-e30dadd3-0919-4a6c-8721-ed33473ded93 tempest-VolumesSnapshotsTestJSON-564740649 tempest-VolumesSnapshotsTestJSON-564740649-project] Delete snapshot with id: 2f4d2537-2dee-44f4-a8b4-e69525a6ee96
Aug 24 11:33:22.878489 dv-cinder-848899-3-smb devstack@c-api.service[113539]: /usr/local/lib/python3.8/dist-packages/oslo_context/context.py:100: DeprecationWarning: Policy enforcement is depending on the value of is_admin. This key is deprecated. Please update your policy file to use the standard policy values.
Aug 24 11:33:22.878489 dv-cinder-848899-3-smb devstack@c-api.service[113539]: warnings.warn('Policy enforcement is depending on the value of '
Aug 24 11:33:22.880682 dv-cinder-848899-3-smb devstack@c-api.service[113539]: INFO cinder.volume.api [req-f4983a57-0452-4b04-a532-130285859250 req-e30dadd3-0919-4a6c-8721-ed33473ded93 tempest-VolumesSnapshotsTestJSON-564740649 tempest-VolumesSnapshotsTestJSON-564740649-project] Snapshot retrieved successfully.
Aug 24 11:33:22.901704 dv-cinder-848899-3-smb devstack@c-api.service[113540]: INFO cinder.api.openstack.wsgi [None req-dfd4061e-f638-4394-b758-cb5de50ac494 tempest-GroupTypesTest-1340487287 tempest-GroupTypesTest-1340487287-project-admin] http://10.222.0.27/volume/v3/ff439b1dfe9b44309ecc95cebfdc4dcc/group_types?sort=name%3Aasc&is_public=None returned with HTTP 200
Aug 24 11:33:22.902548 dv-cinder-848899-3-smb devstack@c-api.service[113540]: [pid: 113540|app: 0|req: 12/29] 10.222.0.27 () {60 vars in 1328 bytes} [Wed Aug 24 11:33:22 2022] GET /volume/v3/ff439b1dfe9b44309ecc95cebfdc4dcc/group_types?sort=name%3Aasc&is_public=None => generated 719 bytes in 89 msecs (HTTP/1.1 200) 7 headers in 286 bytes (1 switches on core 0)
Aug 24 11:33:22.914113 dv-cinder-848899-3-smb devstack@c-api.service[113540]: DEBUG cinder.api.middleware.request_id [None req-722f45b3-fa69-44da-9523-d166ad7ea297 None None] RequestId filter calling following filter/app {{(pid=113540) _context_setter /opt/stack/cinder/cinder/api/middleware/request_id.py:62}}
Aug 24 11:33:22.923180 dv-cinder-848899-3-smb devstack@c-api.service[113540]: INFO cinder.api.openstack.wsgi [None req-722f45b3-fa69-44da-9523-d166ad7ea297 tempest-GroupTypesTest-1340487287 tempest-GroupTypesTest-1340487287-project-admin] GET http://10.222.0.27/volume/v3/ff439b1dfe9b44309ecc95cebfdc4dcc/group_types?sort=name%3Adesc&is_public=None
Aug 24 11:33:22.923815 dv-cinder-848899-3-smb devstack@c-api.service[113540]: DEBUG cinder.api.openstack.wsgi [None req-722f45b3-fa69-44da-9523-d166ad7ea297 tempest-GroupTypesTest-1340487287 tempest-GroupTypesTest-1340487287-project-admin] Empty body provided in request {{(pid=113540) get_body /opt/stack/cinder/cinder/api/openstack/wsgi.py:715}}
Aug 24 11:33:22.925751 dv-cinder-848899-3-smb devstack@c-api.service[113540]: DEBUG cinder.api.openstack.wsgi [None req-722f45b3-fa69-44da-9523-d166ad7ea297 tempest-GroupTypesTest-1340487287 tempest-GroupTypesTest-1340487287-project-admin] Calling method 'version_select' {{(pid=113540) _process_stack /opt/stack/cinder/cinder/api/openstack/wsgi.py:868}}
Aug 24 11:33:22.952138 dv-cinder-848899-3-smb devstack@c-api.service[113539]: INFO cinder.volume.api [req-f4983a57-0452-4b04-a532-130285859250 req-e30dadd3-0919-4a6c-8721-ed33473ded93 tempest-VolumesSnapshotsTestJSON-564740649 tempest-VolumesSnapshotsTestJSON-564740649-project] Snapshot delete request issued successfully.
Aug 24 11:33:22.952876 dv-cinder-848899-3-smb devstack@c-api.service[113539]: INFO cinder.api.openstack.wsgi [req-f4983a57-0452-4b04-a532-130285859250 req-e30dadd3-0919-4a6c-8721-ed33473ded93 tempest-VolumesSnapshotsTestJSON-564740649 tempest-VolumesSnapshotsTestJSON-564740649-project] http://10.222.0.27/volume/v3/55a65acab6e644b3a5505a17f2ee6071/snapshots/2f4d2537-2dee-44f4-a8b4-e69525a6ee96 returned with HTTP 202
Aug 24 11:33:22.953856 dv-cinder-848899-3-smb devstack@c-api.service[113539]: [pid: 113539|app: 0|req: 18/30] 10.222.0.27 () {62 vars in 1606 bytes} [Wed Aug 24 11:33:22 2022] DELETE /volume/v3/55a65acab6e644b3a5505a17f2ee6071/snapshots/2f4d2537-2dee-44f4-a8b4-e69525a6ee96 => generated 0 bytes in 103 msecs (HTTP/1.1 202) 6 headers in 233 bytes (2 switches on core 0)
Aug 24 11:33:22.969362 dv-cinder-848899-3-smb devstack@c-api.service[113540]: INFO cinder.api.openstack.wsgi [None req-722f45b3-fa69-44da-9523-d166ad7ea297 tempest-GroupTypesTest-1340487287 tempest-GroupTypesTest-1340487287-project-admin] http://10.222.0.27/volume/v3/ff439b1dfe9b44309ecc95cebfdc4dcc/group_types?sort=name%3Adesc&is_public=None returned with HTTP 200
Aug 24 11:33:22.970237 dv-cinder-848899-3-smb devstack@c-api.service[113540]: [pid: 113540|app: 0|req: 13/31] 10.222.0.27 () {60 vars in 1330 bytes} [Wed Aug 24 11:33:22 2022] GET /volume/v3/ff439b1dfe9b44309ecc95cebfdc4dcc/group_types?sort=name%3Adesc&is_public=None => generated 719 bytes in 61 msecs (HTTP/1.1 200) 7 headers in 286 bytes (1 switches on core 0)
Aug 24 11:33:22.981473 dv-cinder-848899-3-smb devstack@c-api.service[113539]: DEBUG cinder.api.middleware.request_id [None req-9eb7835c-e708-4e2b-b800-9634f3e404af None None] RequestId filter calling following filter/app {{(pid=113539) _context_setter /opt/stack/cinder/cinder/api/middleware/request_id.py:62}}
Aug 24 11:33:22.993072 dv-cinder-848899-3-smb devstack@c-api.service[113539]: INFO cinder.api.openstack.wsgi [None req-9eb7835c-e708-4e2b-b800-9634f3e404af tempest-GroupTypesTest-1340487287 tempest-GroupTypesTest-1340487287-project-admin] GET http://10.222.0.27/volume/v3/ff439b1dfe9b44309ecc95cebfdc4dcc/group_types?is_public=False
Aug 24 11:33:22.993873 dv-cinder-848899-3-smb devstack@c-api.service[113539]: DEBUG cinder.api.openstack.wsgi [None req-9eb7835c-e708-4e2b-b800-9634f3e404af tempest-GroupTypesTest-1340487287 tempest-GroupTypesTest-1340487287-project-admin] Empty body provided in request {{(pid=113539) get_body /opt/stack/cinder/cinder/api/openstack/wsgi.py:715}}
Aug 24 11:33:22.994527 dv-cinder-848899-3-smb devstack@c-api.service[113539]: DEBUG cinder.api.openstack.wsgi [None req-9eb7835c-e708-4e2b-b800-9634f3e404af tempest-GroupTypesTest-1340487287 tempest-GroupTypesTest-1340487287-project-admin] Calling method 'version_select' {{(pid=113539) _process_stack /opt/stack/cinder/cinder/api/openstack/wsgi.py:868}}
Aug 24 11:33:23.007686 dv-cinder-848899-3-smb devstack@c-api.service[113540]: DEBUG cinder.api.middleware.request_id [req-c208bd34-7201-49b3-88dc-15ed8c20cc29 req-f421c20a-82e8-459f-a723-5cbb962c95ca None None] RequestId filter calling following filter/app {{(pid=113540) _context_setter /opt/stack/cinder/cinder/api/middleware/request_id.py:62}}
Aug 24 11:33:23.020563 dv-cinder-848899-3-smb devstack@c-api.service[113540]: INFO cinder.api.openstack.wsgi [req-c208bd34-7201-49b3-88dc-15ed8c20cc29 req-f421c20a-82e8-459f-a723-5cbb962c95ca tempest-VolumesSnapshotsTestJSON-564740649 tempest-VolumesSnapshotsTestJSON-564740649-project] GET http://10.222.0.27/volume/v3/55a65acab6e644b3a5505a17f2ee6071/snapshots/2f4d2537-2dee-44f4-a8b4-e69525a6ee96
Aug 24 11:33:23.021094 dv-cinder-848899-3-smb devstack@c-api.service[113540]: DEBUG cinder.api.openstack.wsgi [req-c208bd34-7201-49b3-88dc-15ed8c20cc29 req-f421c20a-82e8-459f-a723-5cbb962c95ca tempest-VolumesSnapshotsTestJSON-564740649 tempest-VolumesSnapshotsTestJSON-564740649-project] Empty body provided in request {{(pid=113540) get_body /opt/stack/cinder/cinder/api/openstack/wsgi.py:715}}
Aug 24 11:33:23.021562 dv-cinder-848899-3-smb devstack@c-api.service[113540]: DEBUG cinder.api.openstack.wsgi [req-c208bd34-7201-49b3-88dc-15ed8c20cc29 req-f421c20a-82e8-459f-a723-5cbb962c95ca tempest-VolumesSnapshotsTestJSON-564740649 tempest-VolumesSnapshotsTestJSON-564740649-project] Calling method 'show' {{(pid=113540) _process_stack /opt/stack/cinder/cinder/api/openstack/wsgi.py:868}}
Aug 24 11:33:23.022587 dv-cinder-848899-3-smb devstack@c-api.service[113539]: /usr/local/lib/python3.8/dist-packages/oslo_context/context.py:100: DeprecationWarning: Policy enforcement is depending on the value of is_admin. This key is deprecated. Please update your policy file to use the standard policy values.
Aug 24 11:33:23.022587 dv-cinder-848899-3-smb devstack@c-api.service[113539]: warnings.warn('Policy enforcement is depending on the value of '
Aug 24 11:33:23.023667 dv-cinder-848899-3-smb devstack@c-api.service[113539]: INFO cinder.api.openstack.wsgi [None req-9eb7835c-e708-4e2b-b800-9634f3e404af tempest-GroupTypesTest-1340487287 tempest-GroupTypesTest-1340487287-project-admin] http://10.222.0.27/volume/v3/ff439b1dfe9b44309ecc95cebfdc4dcc/group_types?is_public=False returned with HTTP 200
Aug 24 11:33:23.024787 dv-cinder-848899-3-smb devstack@c-api.service[113539]: [pid: 113539|app: 0|req: 19/32] 10.222.0.27 () {60 vars in 1298 bytes} [Wed Aug 24 11:33:22 2022] GET /volume/v3/ff439b1dfe9b44309ecc95cebfdc4dcc/group_types?is_public=False => generated 167 bytes in 45 msecs (HTTP/1.1 200) 7 headers in 286 bytes (1 switches on core 0)
Aug 24 11:33:23.032544 dv-cinder-848899-3-smb devstack@c-api.service[113539]: DEBUG cinder.api.middleware.request_id [None req-666bf44f-5052-43ca-bf51-d5f7c5a8f471 None None] RequestId filter calling following filter/app {{(pid=113539) _context_setter /opt/stack/cinder/cinder/api/middleware/request_id.py:62}}
Aug 24 11:33:23.039953 dv-cinder-848899-3-smb devstack@c-api.service[113539]: INFO cinder.api.openstack.wsgi [None req-666bf44f-5052-43ca-bf51-d5f7c5a8f471 tempest-GroupTypesTest-1340487287 tempest-GroupTypesTest-1340487287-project-admin] GET http://10.222.0.27/volume/v3/ff439b1dfe9b44309ecc95cebfdc4dcc/group_types?is_public=True
Aug 24 11:33:23.040728 dv-cinder-848899-3-smb devstack@c-api.service[113539]: DEBUG cinder.api.openstack.wsgi [None req-666bf44f-5052-43ca-bf51-d5f7c5a8f471 tempest-GroupTypesTest-1340487287 tempest-GroupTypesTest-1340487287-project-admin] Empty body provided in request {{(pid=113539) get_body /opt/stack/cinder/cinder/api/openstack/wsgi.py:715}}
Aug 24 11:33:23.044517 dv-cinder-848899-3-smb devstack@c-api.service[113539]: DEBUG cinder.api.openstack.wsgi [None req-666bf44f-5052-43ca-bf51-d5f7c5a8f471 tempest-GroupTypesTest-1340487287 tempest-GroupTypesTest-1340487287-project-admin] Calling method 'version_select' {{(pid=113539) _process_stack /opt/stack/cinder/cinder/api/openstack/wsgi.py:868}}
Aug 24 11:33:23.045232 dv-cinder-848899-3-smb devstack@c-api.service[113540]: /usr/local/lib/python3.8/dist-packages/oslo_context/context.py:100: DeprecationWarning: Policy enforcement is depending on the value of is_admin. This key is deprecated. Please update your policy file to use the standard policy values.
Aug 24 11:33:23.045232 dv-cinder-848899-3-smb devstack@c-api.service[113540]: warnings.warn('Policy enforcement is depending on the value of '
Aug 24 11:33:23.048390 dv-cinder-848899-3-smb devstack@c-api.service[113540]: INFO cinder.volume.api [req-c208bd34-7201-49b3-88dc-15ed8c20cc29 req-f421c20a-82e8-459f-a723-5cbb962c95ca tempest-VolumesSnapshotsTestJSON-564740649 tempest-VolumesSnapshotsTestJSON-564740649-project] Snapshot retrieved successfully.
Aug 24 11:33:23.050416 dv-cinder-848899-3-smb devstack@c-api.service[113540]: INFO cinder.api.openstack.wsgi [req-c208bd34-7201-49b3-88dc-15ed8c20cc29 req-f421c20a-82e8-459f-a723-5cbb962c95ca tempest-VolumesSnapshotsTestJSON-564740649 tempest-VolumesSnapshotsTestJSON-564740649-project] http://10.222.0.27/volume/v3/55a65acab6e644b3a5505a17f2ee6071/snapshots/2f4d2537-2dee-44f4-a8b4-e69525a6ee96 returned with HTTP 200
Aug 24 11:33:23.058033 dv-cinder-848899-3-smb devstack@c-api.service[113540]: [pid: 113540|app: 0|req: 14/33] 10.222.0.27 () {60 vars in 1584 bytes} [Wed Aug 24 11:33:23 2022] GET /volume/v3/55a65acab6e644b3a5505a17f2ee6071/snapshots/2f4d2537-2dee-44f4-a8b4-e69525a6ee96 => generated 535 bytes in 52 msecs (HTTP/1.1 200) 7 headers in 285 bytes (1 switches on core 0)
Aug 24 11:33:23.064741 dv-cinder-848899-3-smb devstack@c-api.service[113539]: DEBUG dbcounter [-] [113539] Writing DB stats cinder:SELECT=76,cinder:INSERT=9,cinder:UPDATE=15 {{(pid=113539) stat_writer /usr/local/lib/python3.8/dist-packages/dbcounter.py:114}}
Aug 24 11:33:23.076286 dv-cinder-848899-3-smb devstack@c-api.service[113539]: INFO cinder.api.openstack.wsgi [None req-666bf44f-5052-43ca-bf51-d5f7c5a8f471 tempest-GroupTypesTest-1340487287 tempest-GroupTypesTest-1340487287-project-admin] http://10.222.0.27/volume/v3/ff439b1dfe9b44309ecc95cebfdc4dcc/group_types?is_public=True returned with HTTP 200
Aug 24 11:33:23.078080 dv-cinder-848899-3-smb devstack@c-api.service[113539]: [pid: 113539|app: 0|req: 20/34] 10.222.0.27 () {60 vars in 1296 bytes} [Wed Aug 24 11:33:23 2022] GET /volume/v3/ff439b1dfe9b44309ecc95cebfdc4dcc/group_types?is_public=True => generated 569 bytes in 46 msecs (HTTP/1.1 200) 7 headers in 286 bytes (2 switches on core 0)
Aug 24 11:33:23.088906 dv-cinder-848899-3-smb devstack@c-api.service[113540]: DEBUG cinder.api.middleware.request_id [None req-b3bf43ad-f44b-43b3-bec2-55ed5c127153 None None] RequestId filter calling following filter/app {{(pid=113540) _context_setter /opt/stack/cinder/cinder/api/middleware/request_id.py:62}}
Aug 24 11:33:23.094084 dv-cinder-848899-3-smb devstack@c-api.service[113540]: INFO cinder.api.openstack.wsgi [None req-b3bf43ad-f44b-43b3-bec2-55ed5c127153 tempest-GroupTypesTest-1340487287 tempest-GroupTypesTest-1340487287-project-admin] DELETE http://10.222.0.27/volume/v3/ff439b1dfe9b44309ecc95cebfdc4dcc/group_types/3833e76b-7b37-44cf-a82b-891f660f0613
Aug 24 11:33:23.094635 dv-cinder-848899-3-smb devstack@c-api.service[113540]: DEBUG cinder.api.openstack.wsgi [None req-b3bf43ad-f44b-43b3-bec2-55ed5c127153 tempest-GroupTypesTest-1340487287 tempest-GroupTypesTest-1340487287-project-admin] Empty body provided in request {{(pid=113540) get_body /opt/stack/cinder/cinder/api/openstack/wsgi.py:715}}
Aug 24 11:33:23.095163 dv-cinder-848899-3-smb devstack@c-api.service[113540]: DEBUG cinder.api.openstack.wsgi [None req-b3bf43ad-f44b-43b3-bec2-55ed5c127153 tempest-GroupTypesTest-1340487287 tempest-GroupTypesTest-1340487287-project-admin] Calling method 'version_select' {{(pid=113540) _process_stack /opt/stack/cinder/cinder/api/openstack/wsgi.py:868}}
Aug 24 11:33:23.177174 dv-cinder-848899-3-smb devstack@c-api.service[113540]: INFO cinder.api.openstack.wsgi [None req-b3bf43ad-f44b-43b3-bec2-55ed5c127153 tempest-GroupTypesTest-1340487287 tempest-GroupTypesTest-1340487287-project-admin] http://10.222.0.27/volume/v3/ff439b1dfe9b44309ecc95cebfdc4dcc/group_types/3833e76b-7b37-44cf-a82b-891f660f0613 returned with HTTP 202
Aug 24 11:33:23.178092 dv-cinder-848899-3-smb devstack@c-api.service[113540]: [pid: 113540|app: 0|req: 15/35] 10.222.0.27 () {60 vars in 1381 bytes} [Wed Aug 24 11:33:23 2022] DELETE /volume/v3/ff439b1dfe9b44309ecc95cebfdc4dcc/group_types/3833e76b-7b37-44cf-a82b-891f660f0613 => generated 0 bytes in 93 msecs (HTTP/1.1 202) 6 headers in 234 bytes (1 switches on core 0)
Aug 24 11:33:23.184954 dv-cinder-848899-3-smb devstack@c-api.service[113539]: DEBUG cinder.api.middleware.request_id [None req-3d8edb4b-1704-44c3-88ca-738b86e1776c None None] RequestId filter calling following filter/app {{(pid=113539) _context_setter /opt/stack/cinder/cinder/api/middleware/request_id.py:62}}
Aug 24 11:33:23.195722 dv-cinder-848899-3-smb devstack@c-api.service[113539]: INFO cinder.api.openstack.wsgi [None req-3d8edb4b-1704-44c3-88ca-738b86e1776c tempest-GroupTypesTest-1340487287 tempest-GroupTypesTest-1340487287-project-admin] DELETE http://10.222.0.27/volume/v3/ff439b1dfe9b44309ecc95cebfdc4dcc/group_types/adf0e927-3b19-4d1e-9862-b666df8731c8
Aug 24 11:33:23.196597 dv-cinder-848899-3-smb devstack@c-api.service[113539]: DEBUG cinder.api.openstack.wsgi [None req-3d8edb4b-1704-44c3-88ca-738b86e1776c tempest-GroupTypesTest-1340487287 tempest-GroupTypesTest-1340487287-project-admin] Empty body provided in request {{(pid=113539) get_body /opt/stack/cinder/cinder/api/openstack/wsgi.py:715}}
Aug 24 11:33:23.197866 dv-cinder-848899-3-smb devstack@c-api.service[113539]: DEBUG cinder.api.openstack.wsgi [None req-3d8edb4b-1704-44c3-88ca-738b86e1776c tempest-GroupTypesTest-1340487287 tempest-GroupTypesTest-1340487287-project-admin] Calling method 'version_select' {{(pid=113539) _process_stack /opt/stack/cinder/cinder/api/openstack/wsgi.py:868}}
Aug 24 11:33:23.248026 dv-cinder-848899-3-smb devstack@c-api.service[113539]: INFO cinder.api.openstack.wsgi [None req-3d8edb4b-1704-44c3-88ca-738b86e1776c tempest-GroupTypesTest-1340487287 tempest-GroupTypesTest-1340487287-project-admin] http://10.222.0.27/volume/v3/ff439b1dfe9b44309ecc95cebfdc4dcc/group_types/adf0e927-3b19-4d1e-9862-b666df8731c8 returned with HTTP 202
