Jul 22 11:14:14.843671 dv-cinder-848899-2-smb neutron-server[104149]: DEBUG neutron.services.segments.db [None req-272d2a5d-ea27-4ab3-b0ae-ed33170eb71d admin admin] neutron.services.segments.plugin.Plugin method get_segments called with arguments (,) {'filters': {'network_id': ['636d8555-aeec-4689-835b-3d355a6ca4ec']}} {{(pid=104149) wrapper /usr/local/lib/python3.8/dist-packages/oslo_log/helpers.py:65}}
Jul 22 11:14:14.847678 dv-cinder-848899-2-smb neutron-server[104149]: DEBUG neutron.api.rpc.handlers.resources_rpc [None req-d8a741b3-189f-4e1f-ac27-38e7d19efe77 tempest-AttachVolumeTestJSON-1796113339 tempest-AttachVolumeTestJSON-1796113339-project] Pushing event updated for resources: {'SecurityGroupRule': ['ID=746a6516-958b-41f2-8c25-e3c57cacf530,revision_number=0']} {{(pid=104149) push /opt/stack/neutron/neutron/api/rpc/handlers/resources_rpc.py:237}}
Jul 22 11:14:14.855355 dv-cinder-848899-2-smb neutron-server[104150]: INFO neutron.wsgi [None req-91979f79-2432-4fce-b169-b80b23a7a735 admin admin] 10.222.0.40 "PUT /v2.0/routers/76d85a4d-c76e-4277-bf20-4c8faf471129/add_router_interface HTTP/1.1" status: 200 len: 503 time: 7.7131746
Jul 22 11:14:14.866027 dv-cinder-848899-2-smb neutron-server[104149]: DEBUG neutron.api.v2.base [None req-f5ae9b49-514f-421f-b3a5-d6a025aca409 tempest-AttachVolumeShelveTestJSON-454374186 tempest-AttachVolumeShelveTestJSON-454374186-project] Request body: {'security_group_rule': {'security_group_id': 'fd628f8b-8020-4841-bb79-01fd9bc0c518', 'protocol': 'icmp', 'ethertype': 'IPv4', 'direction': 'ingress'}} {{(pid=104149) prepare_request_body /opt/stack/neutron/neutron/api/v2/base.py:730}}
Jul 22 11:14:14.886902 dv-cinder-848899-2-smb neutron-server[104151]: DEBUG neutron_lib.callbacks.manager [None req-269e47e5-88b6-45ba-8492-8e98e0dd4143 None None] Publish callbacks ['neutron.plugins.ml2.plugin.SecurityGroupServerNotifierRpcMixin._notify_sg_on_port_change-1446727', 'neutron.plugins.ml2.ovo_rpc._ObjectChangeHandler.handle_event-2010773', 'neutron.api.rpc.agentnotifiers.dhcp_rpc_agent_api.DhcpAgentNotifyAPI._native_event_send_dhcp_notification-1523174', 'neutron.db.l3_db.L3RpcNotifierMixin._notify_gateway_port_ip_changed-8781873231818', 'neutron.db.l3_dvrscheduler_db._notify_l3_agent_port_update-8781872757508', 'neutron.db.l3_hascheduler_db._notify_l3_agent_ha_port_update-8781872757526'] for port (84e644b7-f829-4ada-aa48-7125883d376c), after_update {{(pid=104151) _notify_loop /usr/local/lib/python3.8/dist-packages/neutron_lib/callbacks/manager.py:176}}
Jul 22 11:14:14.891196 dv-cinder-848899-2-smb neutron-server[104151]: DEBUG neutron.plugins.ml2.rpc [None req-269e47e5-88b6-45ba-8492-8e98e0dd4143 None None] Device a9d8a120-6de4-4716-b296-649a4e18d3c2 up at agent ovs-agent-dv-cinder-848899-2-smb {{(pid=104151) update_device_up /opt/stack/neutron/neutron/plugins/ml2/rpc.py:296}}
Jul 22 11:14:14.891530 dv-cinder-848899-2-smb neutron-server[104149]: DEBUG neutron.services.segments.db [None req-272d2a5d-ea27-4ab3-b0ae-ed33170eb71d admin admin] neutron.services.segments.plugin.Plugin method delete_segment called with arguments (, '005a15f4-23cc-41b1-9238-d8d7125a1995') {'for_net_delete': True} {{(pid=104149) wrapper /usr/local/lib/python3.8/dist-packages/oslo_log/helpers.py:65}}
Jul 22 11:14:14.891829 dv-cinder-848899-2-smb neutron-server[104149]: DEBUG neutron.services.segments.db [None req-272d2a5d-ea27-4ab3-b0ae-ed33170eb71d admin admin] neutron.services.segments.plugin.Plugin method get_segment called with arguments (, '005a15f4-23cc-41b1-9238-d8d7125a1995') {} {{(pid=104149) wrapper /usr/local/lib/python3.8/dist-packages/oslo_log/helpers.py:65}}
Jul 22 11:14:14.905614 dv-cinder-848899-2-smb neutron-server[104149]: DEBUG neutron_lib.callbacks.manager [None req-272d2a5d-ea27-4ab3-b0ae-ed33170eb71d admin admin] Publish callbacks ['neutron.plugins.ml2.db._prevent_segment_delete_with_port_bound-8781873206501', 'neutron.services.segments.plugin.Plugin._prevent_segment_delete_with_subnet_associated-529700725'] for segment (005a15f4-23cc-41b1-9238-d8d7125a1995), before_delete {{(pid=104149) _notify_loop /usr/local/lib/python3.8/dist-packages/neutron_lib/callbacks/manager.py:176}}
Jul 22 11:14:14.927705 dv-cinder-848899-2-smb neutron-server[104149]: DEBUG neutron_lib.callbacks.manager [None req-272d2a5d-ea27-4ab3-b0ae-ed33170eb71d admin admin] Publish callbacks ['neutron.plugins.ml2.plugin.Ml2Plugin._handle_segment_change-1378300'] for segment (005a15f4-23cc-41b1-9238-d8d7125a1995), precommit_delete {{(pid=104149) _notify_loop /usr/local/lib/python3.8/dist-packages/neutron_lib/callbacks/manager.py:176}}
Jul 22 11:14:14.937682 dv-cinder-848899-2-smb neutron-server[104149]: DEBUG neutron.plugins.ml2.drivers.type_vlan [None req-272d2a5d-ea27-4ab3-b0ae-ed33170eb71d admin admin] Releasing vlan 122 on physical network physnet1 to pool {{(pid=104149) release_segment /opt/stack/neutron/neutron/plugins/ml2/drivers/type_vlan.py:304}}
Jul 22 11:14:14.938012 dv-cinder-848899-2-smb neutron-server[104149]: DEBUG neutron_lib.callbacks.manager [None req-272d2a5d-ea27-4ab3-b0ae-ed33170eb71d admin admin] Publish callbacks ['neutron.plugins.ml2.plugin.Ml2Plugin._handle_segment_change-1378300', 'neutron.services.segments.plugin.NovaSegmentNotifier._notify_segment_deleted-529702336'] for segment (005a15f4-23cc-41b1-9238-d8d7125a1995), after_delete {{(pid=104149) _notify_loop /usr/local/lib/python3.8/dist-packages/neutron_lib/callbacks/manager.py:176}}
Jul 22 11:14:14.964245 dv-cinder-848899-2-smb neutron-server[104149]: DEBUG neutron_lib.callbacks.manager [None req-d8a741b3-189f-4e1f-ac27-38e7d19efe77 tempest-AttachVolumeTestJSON-1796113339 tempest-AttachVolumeTestJSON-1796113339-project] Publish callbacks [] for security_group_rule (None), before_response {{(pid=104149) _notify_loop /usr/local/lib/python3.8/dist-packages/neutron_lib/callbacks/manager.py:176}}
Jul 22 11:14:14.965809 dv-cinder-848899-2-smb neutron-server[104150]: DEBUG neutron_lib.callbacks.manager [None req-9c6d6bb9-b45d-4942-bfd5-5f559355a5fe tempest-AttachVolumeNegativeTest-765822388 tempest-AttachVolumeNegativeTest-765822388-project] Publish callbacks [] for security_group (b00ef079-5bb1-436b-8ecb-0d8264d7ff6c), precommit_create {{(pid=104150) _notify_loop /usr/local/lib/python3.8/dist-packages/neutron_lib/callbacks/manager.py:176}}
Jul 22 11:14:14.967840 dv-cinder-848899-2-smb neutron-server[104149]: INFO neutron.wsgi [None req-d8a741b3-189f-4e1f-ac27-38e7d19efe77 tempest-AttachVolumeTestJSON-1796113339 tempest-AttachVolumeTestJSON-1796113339-project] 10.222.0.40 "POST /v2.0/security-group-rules HTTP/1.1" status: 201 len: 769 time: 1.2219896
Jul 22 11:14:14.969373 dv-cinder-848899-2-smb neutron-server[104150]: DEBUG neutron.wsgi [-] (104150) accepted ('10.222.0.40', 56856) {{(pid=104150) server /usr/local/lib/python3.8/dist-packages/eventlet/wsgi.py:1004}}
Jul 22 11:14:14.976020 dv-cinder-848899-2-smb neutron-server[104150]: DEBUG neutron.api.v2.base [None req-ea8daed6-65ef-4691-8666-4fd0c3bad600 tempest-AttachVolumeTestJSON-1796113339 tempest-AttachVolumeTestJSON-1796113339-project] Request body: {'floatingip': {'floating_network_id': 'd7d1daa6-f51c-4f0e-b257-ac10211029d8'}} {{(pid=104150) prepare_request_body /opt/stack/neutron/neutron/api/v2/base.py:730}}
Jul 22 11:14:14.986222 dv-cinder-848899-2-smb neutron-server[104150]: DEBUG neutron_lib.callbacks.manager [None req-9c6d6bb9-b45d-4942-bfd5-5f559355a5fe tempest-AttachVolumeNegativeTest-765822388 tempest-AttachVolumeNegativeTest-765822388-project] Publish callbacks ['neutron.plugins.ml2.ovo_rpc._ObjectChangeHandler.handle_event-420918'] for security_group (b00ef079-5bb1-436b-8ecb-0d8264d7ff6c), after_create {{(pid=104150) _notify_loop /usr/local/lib/python3.8/dist-packages/neutron_lib/callbacks/manager.py:176}}
Jul 22 11:14:15.008041 dv-cinder-848899-2-smb neutron-server[104150]: DEBUG dbcounter [-] [104150] Writing DB stats neutron:SELECT=89,neutron:INSERT=9,neutron:DELETE=2 {{(pid=104150) stat_writer /usr/local/lib/python3.8/dist-packages/dbcounter.py:114}}
Jul 22 11:14:15.035894 dv-cinder-848899-2-smb neutron-server[104151]: DEBUG neutron.db.provisioning_blocks [None req-dbc061c2-0025-480e-8158-50fae5403cc7 None None] Provisioning complete for port 553b6061-3112-4f66-b8d5-02f4c6899e18 triggered by entity DHCP. {{(pid=104151) provisioning_complete /opt/stack/neutron/neutron/db/provisioning_blocks.py:145}}
Jul 22 11:14:15.044554 dv-cinder-848899-2-smb neutron-server[104151]: DEBUG neutron_lib.callbacks.manager [None req-dbc061c2-0025-480e-8158-50fae5403cc7 None None] Publish callbacks ['neutron.plugins.ml2.plugin.Ml2Plugin._port_provisioned-1485867'] for port (553b6061-3112-4f66-b8d5-02f4c6899e18), provisioning_complete {{(pid=104151) _notify_loop /usr/local/lib/python3.8/dist-packages/neutron_lib/callbacks/manager.py:176}}
Jul 22 11:14:15.063097 dv-cinder-848899-2-smb neutron-server[104150]: DEBUG neutron_lib.callbacks.manager [None req-9c6d6bb9-b45d-4942-bfd5-5f559355a5fe tempest-AttachVolumeNegativeTest-765822388 tempest-AttachVolumeNegativeTest-765822388-project] Publish callbacks [] for security_group (None), before_response {{(pid=104150) _notify_loop /usr/local/lib/python3.8/dist-packages/neutron_lib/callbacks/manager.py:176}}
Jul 22 11:14:15.064739 dv-cinder-848899-2-smb neutron-server[104150]: INFO neutron.wsgi [None req-9c6d6bb9-b45d-4942-bfd5-5f559355a5fe tempest-AttachVolumeNegativeTest-765822388 tempest-AttachVolumeNegativeTest-765822388-project] 10.222.0.40 "POST /v2.0/security-groups HTTP/1.1" status: 201 len: 1797 time: 0.6831779
Jul 22 11:14:15.067437 dv-cinder-848899-2-smb neutron-server[104150]: DEBUG neutron_lib.callbacks.manager [None req-ea8daed6-65ef-4691-8666-4fd0c3bad600 tempest-AttachVolumeTestJSON-1796113339 tempest-AttachVolumeTestJSON-1796113339-project] Publish callbacks [] for floatingip (None), before_create {{(pid=104150) _notify_loop /usr/local/lib/python3.8/dist-packages/neutron_lib/callbacks/manager.py:176}}
Jul 22 11:14:15.083899 dv-cinder-848899-2-smb neutron-server[104150]: DEBUG neutron.wsgi [-] (104150) accepted ('10.222.0.40', 56860) {{(pid=104150) server /usr/local/lib/python3.8/dist-packages/eventlet/wsgi.py:1004}}
Jul 22 11:14:15.085401 dv-cinder-848899-2-smb neutron-server[104150]: DEBUG neutron.api.rpc.handlers.resources_rpc [None req-9c6d6bb9-b45d-4942-bfd5-5f559355a5fe tempest-AttachVolumeNegativeTest-765822388 tempest-AttachVolumeNegativeTest-765822388-project] Pushing event updated for resources: {'SecurityGroup': ['ID=b00ef079-5bb1-436b-8ecb-0d8264d7ff6c,revision_number=1']} {{(pid=104150) push /opt/stack/neutron/neutron/api/rpc/handlers/resources_rpc.py:237}}
Jul 22 11:14:15.092440 dv-cinder-848899-2-smb neutron-server[104150]: DEBUG neutron.api.v2.base [None req-6a379d89-bf61-4050-a6f6-bae0889d4537 tempest-AttachVolumeNegativeTest-765822388 tempest-AttachVolumeNegativeTest-765822388-project] Request body: {'security_group_rule': {'security_group_id': 'b00ef079-5bb1-436b-8ecb-0d8264d7ff6c', 'protocol': 'tcp', 'ethertype': 'IPv4', 'port_range_min': 22, 'port_range_max': 22, 'direction': 'ingress'}} {{(pid=104150) prepare_request_body /opt/stack/neutron/neutron/api/v2/base.py:730}}
Jul 22 11:14:15.128856 dv-cinder-848899-2-smb neutron-server[104149]: INFO neutron.services.segments.plugin [-] Segment 005a15f4-23cc-41b1-9238-d8d7125a1995 resource provider aggregate not found
Jul 22 11:14:15.161888 dv-cinder-848899-2-smb neutron-server[104149]: DEBUG neutron_lib.callbacks.manager [None req-272d2a5d-ea27-4ab3-b0ae-ed33170eb71d admin admin] Publish callbacks ['neutron.plugins.ml2.plugin.Ml2Plugin._network_delete_after_delete_handler-1489537', 'neutron.plugins.ml2.ovo_rpc._ObjectChangeHandler.handle_event-420967', 'neutron.api.rpc.agentnotifiers.dhcp_rpc_agent_api.DhcpAgentNotifyAPI._native_event_send_dhcp_notification-1523174', 'neutron.services.l3_router.l3_router_plugin.DVRResourceOperationHandler.delete_fip_namespaces_for_ext_net-584789'] for network (636d8555-aeec-4689-835b-3d355a6ca4ec), after_delete {{(pid=104149) _notify_loop /usr/local/lib/python3.8/dist-packages/neutron_lib/callbacks/manager.py:176}}
Jul 22 11:14:15.169299 dv-cinder-848899-2-smb neutron-server[104149]: DEBUG neutron_lib.callbacks.manager [None req-272d2a5d-ea27-4ab3-b0ae-ed33170eb71d admin admin] Publish callbacks ['neutron.api.rpc.agentnotifiers.dhcp_rpc_agent_api.DhcpAgentNotifyAPI._send_dhcp_notification-1523188'] for network (None), before_response {{(pid=104149) _notify_loop /usr/local/lib/python3.8/dist-packages/neutron_lib/callbacks/manager.py:176}}
Jul 22 11:14:15.173125 dv-cinder-848899-2-smb neutron-server[104149]: INFO neutron.wsgi [None req-272d2a5d-ea27-4ab3-b0ae-ed33170eb71d admin admin] 10.222.0.40 "DELETE /v2.0/networks/636d8555-aeec-4689-835b-3d355a6ca4ec HTTP/1.1" status: 204 len: 168 time: 1.4315813
Jul 22 11:14:15.178539 dv-cinder-848899-2-smb neutron-server[104149]: INFO neutron.services.segments.plugin [-] Segment 005a15f4-23cc-41b1-9238-d8d7125a1995 resource provider not found; error: Placement Client Error (4xx): {"errors": [{"status": 404, "title": "Not Found", "detail": "The resource could not be found.\n\n No resource provider with uuid 005a15f4-23cc-41b1-9238-d8d7125a1995 found for delete ", "request_id": "req-a63f27ef-1977-43cf-8bd5-dd76e1573bb5"}]}
Jul 22 11:14:15.246488 dv-cinder-848899-2-smb neutron-server[104149]: DEBUG neutron.api.rpc.handlers.resources_rpc [None req-272d2a5d-ea27-4ab3-b0ae-ed33170eb71d admin admin] Pushing event deleted for resources: {'Network': ['ID=636d8555-aeec-4689-835b-3d355a6ca4ec,revision_number=None']} {{(pid=104149) push /opt/stack/neutron/neutron/api/rpc/handlers/resources_rpc.py:237}}
Jul 22 11:14:15.274294 dv-cinder-848899-2-smb neutron-server[104149]: DEBUG neutron_lib.callbacks.manager [None req-f5ae9b49-514f-421f-b3a5-d6a025aca409 tempest-AttachVolumeShelveTestJSON-454374186 tempest-AttachVolumeShelveTestJSON-454374186-project] Publish callbacks [] for security_group_rule (64a45b11-260c-48a0-a00a-c466e40bc133), before_create {{(pid=104149) _notify_loop /usr/local/lib/python3.8/dist-packages/neutron_lib/callbacks/manager.py:176}}
Jul 22 11:14:15.286990 dv-cinder-848899-2-smb neutron-server[104151]: DEBUG neutron_lib.callbacks.manager [None req-0ded89ee-085a-434f-b297-982790fb463f None None] Publish callbacks [] for port (cb1e9fa1-24be-4766-8154-159696991a3f), precommit_update {{(pid=104151) _notify_loop /usr/local/lib/python3.8/dist-packages/neutron_lib/callbacks/manager.py:176}}
Jul 22 11:14:15.333505 dv-cinder-848899-2-smb neutron-server[104150]: DEBUG neutron_lib.callbacks.manager [None req-6a379d89-bf61-4050-a6f6-bae0889d4537 tempest-AttachVolumeNegativeTest-765822388 tempest-AttachVolumeNegativeTest-765822388-project] Publish callbacks [] for security_group_rule (0f599799-b8bc-4124-9c7a-67239a469070), before_create {{(pid=104150) _notify_loop /usr/local/lib/python3.8/dist-packages/neutron_lib/callbacks/manager.py:176}}
Jul 22 11:14:15.368298 dv-cinder-848899-2-smb neutron-server[104151]: DEBUG neutron.db.l3_hamode_db [None req-ba265a65-1c94-46dc-8b38-3813b9ec7b41 None None] neutron.services.l3_router.l3_router_plugin.L3RouterPlugin method _process_sync_ha_data called with arguments (, [{'id': '76d85a4d-c76e-4277-bf20-4c8faf471129', 'name': 'tempest-ServerRescueNegativeTestJSON-694396526-router', 'tenant_id': '392cdf5dfd7e4b4c9dc98dbce286bcc1', 'admin_state_up': True, 'status': 'ACTIVE', 'external_gateway_info': {'network_id': 'd7d1daa6-f51c-4f0e-b257-ac10211029d8', 'external_fixed_ips': [{'subnet_id': '13298dda-86b2-48e7-8282-45bf38181e3d', 'ip_address': '172.28.1.37'}], 'enable_snat': True}, 'gw_port_id': '24f86f64-0d1d-4467-ba03-a2c4886a3431', 'description': '', 'availability_zones': ['nova'], 'distributed': False, 'ha': False, 'ha_vr_id': 0, 'availability_zone_hints': [], 'routes': [], 'flavor_id': None, 'tags': [], 'created_at': '2022-07-22T11:13:58Z', 'updated_at': '2022-07-22T11:14:01Z', 'revision_number': 3, 'project_id': '392cdf5dfd7e4b4c9dc98dbce286bcc1', 'gw_port': {'id': '24f86f64-0d1d-4467-ba03-a2c4886a3431', 'name': '', 'network_id': 'd7d1daa6-f51c-4f0e-b257-ac10211029d8', 'tenant_id': '', 'mac_address': 'fa:16:3e:af:2b:98', 'admin_state_up': True, 'status': 'DOWN', 'device_id': '76d85a4d-c76e-4277-bf20-4c8faf471129', 'device_owner': 'network:router_gateway', 'standard_attr_id': 93, 'fixed_ips': [{'subnet_id': '13298dda-86b2-48e7-8282-45bf38181e3d', 'ip_address': '172.28.1.37', 'prefixlen': 24}], 'allowed_address_pairs': [], 'extra_dhcp_opts': [], 'security_groups': [], 'description': '', 'binding:vnic_type': 'normal', 'binding:profile': {}, 'binding:host_id': 'dv-cinder-848899-2-smb', 'binding:vif_type': 'ovs', 'binding:vif_details': {'connectivity': 'l2', 'port_filter': True, 'ovs_hybrid_plug': False, 'datapath_type': 'system', 'bridge_name': 'br-int', 'bound_drivers': {'0': 'openvswitch'}}, 'port_security_enabled': False, 'tags': [], 'created_at': '2022-07-22T11:13:59Z', 'updated_at': '2022-07-22T11:14:11Z', 'revision_number': 3, 'project_id': '', 'subnets': [{'id': '13298dda-86b2-48e7-8282-45bf38181e3d', 'cidr': '172.28.1.0/24', 'gateway_ip': '172.28.1.1', 'dns_nameservers': [], 'ipv6_ra_mode': None, 'subnetpool_id': None}], 'extra_subnets': [], 'address_scopes': {4: None, 6: None}, 'mtu': 1500}, 'enable_snat': True, 'gw_port_host': 'dv-cinder-848899-2-smb'}], 'dv-cinder-848899-2-smb', False) {} {{(pid=104151) wrapper /usr/local/lib/python3.8/dist-packages/oslo_log/helpers.py:65}}
Jul 22 11:14:15.427569 dv-cinder-848899-2-smb neutron-server[104150]: DEBUG neutron_lib.callbacks.manager [None req-ea8daed6-65ef-4691-8666-4fd0c3bad600 tempest-AttachVolumeTestJSON-1796113339 tempest-AttachVolumeTestJSON-1796113339-project] Publish callbacks ['neutron.plugins.ml2.plugin.SecurityGroupDbMixin._ensure_default_security_group_handler-1446662'] for port (None), before_create {{(pid=104150) _notify_loop /usr/local/lib/python3.8/dist-packages/neutron_lib/callbacks/manager.py:176}}
Jul 22 11:14:15.438321 dv-cinder-848899-2-smb neutron-server[104149]: DEBUG dbcounter [-] [104149] Writing DB stats neutron:SELECT=93,neutron:DELETE=5,neutron:UPDATE=1,neutron:INSERT=1 {{(pid=104149) stat_writer /usr/local/lib/python3.8/dist-packages/dbcounter.py:114}}
Jul 22 11:14:15.441191 dv-cinder-848899-2-smb neutron-server[104149]: DEBUG dbcounter [-] [104149] Writing DB stats neutron:SELECT=88,neutron:DELETE=6,neutron:INSERT=5,neutron:UPDATE=1 {{(pid=104149) stat_writer /usr/local/lib/python3.8/dist-packages/dbcounter.py:114}}
Jul 22 11:14:15.449026 dv-cinder-848899-2-smb neutron-server[104149]: DEBUG neutron_lib.callbacks.manager [None req-f5ae9b49-514f-421f-b3a5-d6a025aca409 tempest-AttachVolumeShelveTestJSON-454374186 tempest-AttachVolumeShelveTestJSON-454374186-project] Publish callbacks [] for security_group_rule (64a45b11-260c-48a0-a00a-c466e40bc133), precommit_create {{(pid=104149) _notify_loop /usr/local/lib/python3.8/dist-packages/neutron_lib/callbacks/manager.py:176}}
Jul 22 11:14:15.469609 dv-cinder-848899-2-smb neutron-server[104151]: DEBUG neutron_lib.callbacks.manager [None req-0ded89ee-085a-434f-b297-982790fb463f None None] Publish callbacks ['neutron.plugins.ml2.plugin.SecurityGroupServerNotifierRpcMixin._notify_sg_on_port_change-1446727', 'neutron.plugins.ml2.ovo_rpc._ObjectChangeHandler.handle_event-2010773', 'neutron.api.rpc.agentnotifiers.dhcp_rpc_agent_api.DhcpAgentNotifyAPI._native_event_send_dhcp_notification-1523174', 'neutron.db.l3_db.L3RpcNotifierMixin._notify_gateway_port_ip_changed-8781873231818', 'neutron.db.l3_dvrscheduler_db._notify_l3_agent_port_update-8781872757508', 'neutron.db.l3_hascheduler_db._notify_l3_agent_ha_port_update-8781872757526'] for port (cb1e9fa1-24be-4766-8154-159696991a3f), after_update {{(pid=104151) _notify_loop /usr/local/lib/python3.8/dist-packages/neutron_lib/callbacks/manager.py:176}}
Jul 22 11:14:15.486135 dv-cinder-848899-2-smb neutron-server[104149]: DEBUG neutron_lib.callbacks.manager [None req-f5ae9b49-514f-421f-b3a5-d6a025aca409 tempest-AttachVolumeShelveTestJSON-454374186 tempest-AttachVolumeShelveTestJSON-454374186-project] Publish callbacks ['neutron.plugins.ml2.ovo_rpc._ObjectChangeHandler.handle_event-610765'] for security_group_rule (64a45b11-260c-48a0-a00a-c466e40bc133), after_create {{(pid=104149) _notify_loop /usr/local/lib/python3.8/dist-packages/neutron_lib/callbacks/manager.py:176}}
Jul 22 11:14:15.504628 dv-cinder-848899-2-smb neutron-server[104151]: DEBUG neutron.api.rpc.handlers.l3_rpc [None req-ba265a65-1c94-46dc-8b38-3813b9ec7b41 None None] The sync data for ids ['76d85a4d-c76e-4277-bf20-4c8faf471129'] in dv-cinder-848899-2-smb is: [{'id': '76d85a4d-c76e-4277-bf20-4c8faf471129', 'name': 'tempest-ServerRescueNegativeTestJSON-694396526-router', 'tenant_id': '392cdf5dfd7e4b4c9dc98dbce286bcc1', 'admin_state_up': True, 'status': 'ACTIVE', 'external_gateway_info': {'network_id': 'd7d1daa6-f51c-4f0e-b257-ac10211029d8', 'external_fixed_ips': [{'subnet_id': '13298dda-86b2-48e7-8282-45bf38181e3d', 'ip_address': '172.28.1.37'}], 'enable_snat': True}, 'gw_port_id': '24f86f64-0d1d-4467-ba03-a2c4886a3431', 'description': '', 'availability_zones': ['nova'], 'distributed': False, 'ha': False, 'ha_vr_id': 0, 'availability_zone_hints': [], 'routes': [], 'flavor_id': None, 'tags': [], 'created_at': '2022-07-22T11:13:58Z', 'updated_at': '2022-07-22T11:14:01Z', 'revision_number': 3, 'project_id': '392cdf5dfd7e4b4c9dc98dbce286bcc1', 'gw_port': {'id': '24f86f64-0d1d-4467-ba03-a2c4886a3431', 'name': '', 'network_id': 'd7d1daa6-f51c-4f0e-b257-ac10211029d8', 'tenant_id': '', 'mac_address': 'fa:16:3e:af:2b:98', 'admin_state_up': True, 'status': 'DOWN', 'device_id': '76d85a4d-c76e-4277-bf20-4c8faf471129', 'device_owner': 'network:router_gateway', 'standard_attr_id': 93, 'fixed_ips': [{'subnet_id': '13298dda-86b2-48e7-8282-45bf38181e3d', 'ip_address': '172.28.1.37', 'prefixlen': 24}], 'allowed_address_pairs': [], 'extra_dhcp_opts': [], 'security_groups': [], 'description': '', 'binding:vnic_type': 'normal', 'binding:profile': {}, 'binding:host_id': 'dv-cinder-848899-2-smb', 'binding:vif_type': 'ovs', 'binding:vif_details': {'connectivity': 'l2', 'port_filter': True, 'ovs_hybrid_plug': False, 'datapath_type': 'system', 'bridge_name': 'br-int', 'bound_drivers': {'0': 'openvswitch'}}, 'port_security_enabled': False, 'tags': [], 'created_at': '2022-07-22T11:13:59Z', 'updated_at': '2022-07-22T11:14:11Z', 'revision_number': 3, 'project_id': '', 'subnets': [{'id': '13298dda-86b2-48e7-8282-45bf38181e3d', 'cidr': '172.28.1.0/24', 'gateway_ip': '172.28.1.1', 'dns_nameservers': [], 'ipv6_ra_mode': None, 'subnetpool_id': None}], 'extra_subnets': [], 'address_scopes': {4: None, 6: None}, 'mtu': 1500}, 'enable_snat': True, 'gw_port_host': 'dv-cinder-848899-2-smb'}] {{(pid=104151) sync_routers /opt/stack/neutron/neutron/api/rpc/handlers/l3_rpc.py:137}}
Jul 22 11:14:15.545774 dv-cinder-848899-2-smb neutron-server[104150]: DEBUG neutron.wsgi [-] (104150) accepted ('10.222.0.40', 56884) {{(pid=104150) server /usr/local/lib/python3.8/dist-packages/eventlet/wsgi.py:1004}}
Jul 22 11:14:15.569166 dv-cinder-848899-2-smb neutron-server[104151]: DEBUG neutron.api.rpc.handlers.resources_rpc [None req-dbc061c2-0025-480e-8158-50fae5403cc7 None None] Pushing event updated for resources: {'Port': ['ID=dfd2a970-2838-4a51-9fb4-0eed8b065f64,revision_number=3']} {{(pid=104151) push /opt/stack/neutron/neutron/api/rpc/handlers/resources_rpc.py:237}}
Jul 22 11:14:15.592166 dv-cinder-848899-2-smb neutron-server[104149]: DEBUG neutron.scheduler.dhcp_agent_scheduler [None req-cce0e054-bc58-4881-bd5b-cea34c5e548b admin admin] Network 7472e656-354c-417b-9bd3-d1c2086b24f1 is already hosted by enough agents. {{(pid=104149) _get_dhcp_agents_hosting_network /opt/stack/neutron/neutron/scheduler/dhcp_agent_scheduler.py:275}}
Jul 22 11:14:15.593600 dv-cinder-848899-2-smb neutron-server[104149]: DEBUG neutron.api.rpc.handlers.resources_rpc [None req-f5ae9b49-514f-421f-b3a5-d6a025aca409 tempest-AttachVolumeShelveTestJSON-454374186 tempest-AttachVolumeShelveTestJSON-454374186-project] Pushing event updated for resources: {'SecurityGroupRule': ['ID=64a45b11-260c-48a0-a00a-c466e40bc133,revision_number=0']} {{(pid=104149) push /opt/stack/neutron/neutron/api/rpc/handlers/resources_rpc.py:237}}
Jul 22 11:14:15.613596 dv-cinder-848899-2-smb neutron-server[104149]: DEBUG neutron_lib.callbacks.manager [None req-f5ae9b49-514f-421f-b3a5-d6a025aca409 tempest-AttachVolumeShelveTestJSON-454374186 tempest-AttachVolumeShelveTestJSON-454374186-project] Publish callbacks [] for security_group_rule (None), before_response {{(pid=104149) _notify_loop /usr/local/lib/python3.8/dist-packages/neutron_lib/callbacks/manager.py:176}}
Jul 22 11:14:15.615581 dv-cinder-848899-2-smb neutron-server[104149]: INFO neutron.wsgi [None req-f5ae9b49-514f-421f-b3a5-d6a025aca409 tempest-AttachVolumeShelveTestJSON-454374186 tempest-AttachVolumeShelveTestJSON-454374186-project] 10.222.0.40 "POST /v2.0/security-group-rules HTTP/1.1" status: 201 len: 769 time: 0.7690015
Jul 22 11:14:15.617259 dv-cinder-848899-2-smb neutron-server[104149]: DEBUG neutron.scheduler.base_scheduler [None req-cce0e054-bc58-4881-bd5b-cea34c5e548b admin admin] Resources bound (agent type, host, resource id): {{(pid=104149) schedule /opt/stack/neutron/neutron/scheduler/base_scheduler.py:57}}
Jul 22 11:14:15.619958 dv-cinder-848899-2-smb neutron-server[104149]: DEBUG neutron.wsgi [-] (104149) accepted ('10.222.0.40', 56888) {{(pid=104149) server /usr/local/lib/python3.8/dist-packages/eventlet/wsgi.py:1004}}
Jul 22 11:14:15.629701 dv-cinder-848899-2-smb neutron-server[104149]: DEBUG neutron.api.v2.base [None req-ca8a63d0-42ae-408a-8283-ae658a430d55 tempest-AttachVolumeShelveTestJSON-454374186 tempest-AttachVolumeShelveTestJSON-454374186-project] Request body: {'floatingip': {'floating_network_id': 'd7d1daa6-f51c-4f0e-b257-ac10211029d8'}} {{(pid=104149) prepare_request_body /opt/stack/neutron/neutron/api/v2/base.py:730}}
Jul 22 11:14:15.728534 dv-cinder-848899-2-smb neutron-server[104150]: DEBUG neutron_lib.callbacks.manager [None req-6a379d89-bf61-4050-a6f6-bae0889d4537 tempest-AttachVolumeNegativeTest-765822388 tempest-AttachVolumeNegativeTest-765822388-project] Publish callbacks [] for security_group_rule (0f599799-b8bc-4124-9c7a-67239a469070), precommit_create {{(pid=104150) _notify_loop /usr/local/lib/python3.8/dist-packages/neutron_lib/callbacks/manager.py:176}}
Jul 22 11:14:15.751254 dv-cinder-848899-2-smb neutron-server[104150]: DEBUG neutron_lib.callbacks.manager [None req-6a379d89-bf61-4050-a6f6-bae0889d4537 tempest-AttachVolumeNegativeTest-765822388 tempest-AttachVolumeNegativeTest-765822388-project] Publish callbacks ['neutron.plugins.ml2.ovo_rpc._ObjectChangeHandler.handle_event-610765'] for security_group_rule (0f599799-b8bc-4124-9c7a-67239a469070), after_create {{(pid=104150) _notify_loop /usr/local/lib/python3.8/dist-packages/neutron_lib/callbacks/manager.py:176}}
Jul 22 11:14:15.787748 dv-cinder-848899-2-smb neutron-server[104151]: DEBUG neutron.db.provisioning_blocks [None req-269e47e5-88b6-45ba-8492-8e98e0dd4143 None None] Provisioning complete for port a9d8a120-6de4-4716-b296-649a4e18d3c2 triggered by entity L2. {{(pid=104151) provisioning_complete /opt/stack/neutron/neutron/db/provisioning_blocks.py:145}}
Jul 22 11:14:15.788128 dv-cinder-848899-2-smb neutron-server[104151]: DEBUG neutron_lib.callbacks.manager [None req-269e47e5-88b6-45ba-8492-8e98e0dd4143 None None] Publish callbacks ['neutron.plugins.ml2.plugin.Ml2Plugin._port_provisioned-1485867'] for port (a9d8a120-6de4-4716-b296-649a4e18d3c2), provisioning_complete {{(pid=104151) _notify_loop /usr/local/lib/python3.8/dist-packages/neutron_lib/callbacks/manager.py:176}}
Jul 22 11:14:15.862963 dv-cinder-848899-2-smb neutron-server[104149]: DEBUG neutron_lib.callbacks.manager [None req-ca8a63d0-42ae-408a-8283-ae658a430d55 tempest-AttachVolumeShelveTestJSON-454374186 tempest-AttachVolumeShelveTestJSON-454374186-project] Publish callbacks [] for floatingip (None), before_create {{(pid=104149) _notify_loop /usr/local/lib/python3.8/dist-packages/neutron_lib/callbacks/manager.py:176}}
Jul 22 11:14:15.979462 dv-cinder-848899-2-smb neutron-server[104150]: DEBUG neutron.api.rpc.handlers.resources_rpc [None req-6a379d89-bf61-4050-a6f6-bae0889d4537 tempest-AttachVolumeNegativeTest-765822388 tempest-AttachVolumeNegativeTest-765822388-project] Pushing event updated for resources: {'SecurityGroupRule': ['ID=0f599799-b8bc-4124-9c7a-67239a469070,revision_number=0']} {{(pid=104150) push /opt/stack/neutron/neutron/api/rpc/handlers/resources_rpc.py:237}}
Jul 22 11:14:16.001062 dv-cinder-848899-2-smb neutron-server[104150]: DEBUG neutron.db.db_base_plugin_common [None req-ea8daed6-65ef-4691-8666-4fd0c3bad600 tempest-AttachVolumeTestJSON-1796113339 tempest-AttachVolumeTestJSON-1796113339-project] Allocated IP 172.28.1.18 (d7d1daa6-f51c-4f0e-b257-ac10211029d8/13298dda-86b2-48e7-8282-45bf38181e3d/fd5d818d-5e34-4265-88e4-eddd709a9e8b) {{(pid=104150) _store_ip_allocation /opt/stack/neutron/neutron/db/db_base_plugin_common.py:131}}
Jul 22 11:14:16.018961 dv-cinder-848899-2-smb neutron-server[104150]: DEBUG neutron_lib.callbacks.manager [None req-6a379d89-bf61-4050-a6f6-bae0889d4537 tempest-AttachVolumeNegativeTest-765822388 tempest-AttachVolumeNegativeTest-765822388-project] Publish callbacks [] for security_group_rule (None), before_response {{(pid=104150) _notify_loop /usr/local/lib/python3.8/dist-packages/neutron_lib/callbacks/manager.py:176}}
Jul 22 11:14:16.025028 dv-cinder-848899-2-smb neutron-server[104150]: INFO neutron.wsgi [None req-6a379d89-bf61-4050-a6f6-bae0889d4537 tempest-AttachVolumeNegativeTest-765822388 tempest-AttachVolumeNegativeTest-765822388-project] 10.222.0.40 "POST /v2.0/security-group-rules HTTP/1.1" status: 201 len: 764 time: 0.9342914
Jul 22 11:14:16.039246 dv-cinder-848899-2-smb neutron-server[104150]: DEBUG neutron.wsgi [-] (104150) accepted ('10.222.0.40', 56904) {{(pid=104150) server /usr/local/lib/python3.8/dist-packages/eventlet/wsgi.py:1004}}
Jul 22 11:14:16.046082 dv-cinder-848899-2-smb neutron-server[104151]: DEBUG neutron.api.rpc.handlers.resources_rpc [None req-269e47e5-88b6-45ba-8492-8e98e0dd4143 None None] Pushing event updated for resources: {'Port': ['ID=84e644b7-f829-4ada-aa48-7125883d376c,revision_number=3']} {{(pid=104151) push /opt/stack/neutron/neutron/api/rpc/handlers/resources_rpc.py:237}}
Jul 22 11:14:16.050942 dv-cinder-848899-2-smb neutron-server[104151]: DEBUG neutron.plugins.ml2.plugin [None req-dbc061c2-0025-480e-8158-50fae5403cc7 None None] Current status of the port 553b6061-3112-4f66-b8d5-02f4c6899e18 is: DOWN; New status is: ACTIVE {{(pid=104151) _update_individual_port_db_status /opt/stack/neutron/neutron/plugins/ml2/plugin.py:2292}}
Jul 22 11:14:16.051620 dv-cinder-848899-2-smb neutron-server[104151]: DEBUG neutron_lib.callbacks.manager [None req-dbc061c2-0025-480e-8158-50fae5403cc7 None None] Publish callbacks ['neutron.plugins.ml2.plugin.SecurityGroupDbMixin._ensure_default_security_group_handler-1446662'] for port (553b6061-3112-4f66-b8d5-02f4c6899e18), before_update {{(pid=104151) _notify_loop /usr/local/lib/python3.8/dist-packages/neutron_lib/callbacks/manager.py:176}}
Jul 22 11:14:16.054085 dv-cinder-848899-2-smb neutron-server[104150]: DEBUG neutron.api.v2.base [None req-ccc8ad8c-5d7b-472b-af49-54777ab11453 tempest-AttachVolumeNegativeTest-765822388 tempest-AttachVolumeNegativeTest-765822388-project] Request body: {'security_group_rule': {'security_group_id': 'b00ef079-5bb1-436b-8ecb-0d8264d7ff6c', 'protocol': 'icmp', 'ethertype': 'IPv4', 'direction': 'ingress'}} {{(pid=104150) prepare_request_body /opt/stack/neutron/neutron/api/v2/base.py:730}}
Jul 22 11:14:16.093349 dv-cinder-848899-2-smb neutron-server[104151]: DEBUG dbcounter [-] [104151] Writing DB stats neutron:SELECT=96,neutron:UPDATE=4 {{(pid=104151) stat_writer /usr/local/lib/python3.8/dist-packages/dbcounter.py:114}}
Jul 22 11:14:16.132868 dv-cinder-848899-2-smb neutron-server[104150]: INFO neutron.wsgi [None req-4f1526db-9487-48ee-b2cb-df26979ec23e admin admin] 10.222.0.40 "GET /v2.0/security-groups?tenant_id=8184cf5447d5432b9a6ccb4799823c0e&name=default HTTP/1.1" status: 200 len: 2992 time: 0.5754056
Jul 22 11:14:16.144169 dv-cinder-848899-2-smb neutron-server[104150]: DEBUG neutron.wsgi [-] (104150) accepted ('10.222.0.40', 56908) {{(pid=104150) server /usr/local/lib/python3.8/dist-packages/eventlet/wsgi.py:1004}}
Jul 22 11:14:16.200893 dv-cinder-848899-2-smb neutron-server[104151]: DEBUG neutron.plugins.ml2.plugin [None req-269e47e5-88b6-45ba-8492-8e98e0dd4143 None None] Current status of the port a9d8a120-6de4-4716-b296-649a4e18d3c2 is: DOWN; New status is: ACTIVE {{(pid=104151) _update_individual_port_db_status /opt/stack/neutron/neutron/plugins/ml2/plugin.py:2292}}
Jul 22 11:14:16.201285 dv-cinder-848899-2-smb neutron-server[104151]: DEBUG neutron_lib.callbacks.manager [None req-269e47e5-88b6-45ba-8492-8e98e0dd4143 None None] Publish callbacks ['neutron.plugins.ml2.plugin.SecurityGroupDbMixin._ensure_default_security_group_handler-1446662'] for port (a9d8a120-6de4-4716-b296-649a4e18d3c2), before_update {{(pid=104151) _notify_loop /usr/local/lib/python3.8/dist-packages/neutron_lib/callbacks/manager.py:176}}
Jul 22 11:14:16.218659 dv-cinder-848899-2-smb neutron-server[104150]: DEBUG neutron_lib.callbacks.manager [None req-ccc8ad8c-5d7b-472b-af49-54777ab11453 tempest-AttachVolumeNegativeTest-765822388 tempest-AttachVolumeNegativeTest-765822388-project] Publish callbacks [] for security_group_rule (d70f5b4c-7d0a-4356-8bc0-b34cdcb13089), before_create {{(pid=104150) _notify_loop /usr/local/lib/python3.8/dist-packages/neutron_lib/callbacks/manager.py:176}}
Jul 22 11:14:16.237630 dv-cinder-848899-2-smb neutron-server[104150]: DEBUG neutron.wsgi [-] (104150) accepted ('10.222.0.40', 56922) {{(pid=104150) server /usr/local/lib/python3.8/dist-packages/eventlet/wsgi.py:1004}}
Jul 22 11:14:16.246789 dv-cinder-848899-2-smb neutron-server[104150]: WARNING keystonemiddleware.auth_token [-] A valid token was submitted as a service token, but it was not a valid service token. This is incorrect but backwards compatible behaviour. This will be removed in future releases.
Jul 22 11:14:16.288455 dv-cinder-848899-2-smb neutron-server[104151]: DEBUG neutron.plugins.ml2.db [None req-269e47e5-88b6-45ba-8492-8e98e0dd4143 None None] For port a9d8a120-6de4-4716-b296-649a4e18d3c2, host dv-cinder-848899-2-smb, got binding levels [PortBindingLevel(driver='openvswitch',host='dv-cinder-848899-2-smb',level=0,port_id=a9d8a120-6de4-4716-b296-649a4e18d3c2,segment=NetworkSegment(9b8f1e3f-a93c-4843-8a5b-bcc6f58ea6aa),segment_id=9b8f1e3f-a93c-4843-8a5b-bcc6f58ea6aa)] {{(pid=104151) get_binding_level_objs /opt/stack/neutron/neutron/plugins/ml2/db.py:74}}
Jul 22 11:14:16.292446 dv-cinder-848899-2-smb neutron-server[104151]: DEBUG neutron_lib.callbacks.manager [None req-976f27cd-e8fe-4e31-8ba5-08762bfb64d8 None None] Publish callbacks ['neutron.services.segments.db._update_segment_host_mapping_for_agent-8781873207866', 'neutron.plugins.ml2.plugin.Ml2Plugin._retry_binding_revived_agents-1485941'] for agent (a381eba9-d15c-4fec-bf42-b2e25274396e), after_update {{(pid=104151) _notify_loop /usr/local/lib/python3.8/dist-packages/neutron_lib/callbacks/manager.py:176}}
Jul 22 11:14:16.327962 dv-cinder-848899-2-smb neutron-server[104151]: DEBUG neutron_lib.callbacks.manager [None req-269e47e5-88b6-45ba-8492-8e98e0dd4143 None None] Publish callbacks ['neutron.plugins.ml2.plugin.SecurityGroupServerNotifierRpcMixin._notify_sg_on_port_change-1446727', 'neutron.plugins.ml2.ovo_rpc._ObjectChangeHandler.handle_event-2010773', 'neutron.api.rpc.agentnotifiers.dhcp_rpc_agent_api.DhcpAgentNotifyAPI._native_event_send_dhcp_notification-1523174', 'neutron.db.l3_db.L3RpcNotifierMixin._notify_gateway_port_ip_changed-8781873231818', 'neutron.db.l3_dvrscheduler_db._notify_l3_agent_port_update-8781872757508', 'neutron.db.l3_hascheduler_db._notify_l3_agent_ha_port_update-8781872757526'] for port (a9d8a120-6de4-4716-b296-649a4e18d3c2), after_update {{(pid=104151) _notify_loop /usr/local/lib/python3.8/dist-packages/neutron_lib/callbacks/manager.py:176}}
Jul 22 11:14:16.328198 dv-cinder-848899-2-smb neutron-server[104151]: DEBUG neutron.plugins.ml2.rpc [None req-269e47e5-88b6-45ba-8492-8e98e0dd4143 None None] Device fdfc4790-7a3e-44b7-b1ce-3f9498212a90 up at agent ovs-agent-dv-cinder-848899-2-smb {{(pid=104151) update_device_up /opt/stack/neutron/neutron/plugins/ml2/rpc.py:296}}
Jul 22 11:14:16.425795 dv-cinder-848899-2-smb neutron-server[104149]: DEBUG neutron_lib.callbacks.manager [None req-ca8a63d0-42ae-408a-8283-ae658a430d55 tempest-AttachVolumeShelveTestJSON-454374186 tempest-AttachVolumeShelveTestJSON-454374186-project] Publish callbacks ['neutron.plugins.ml2.plugin.SecurityGroupDbMixin._ensure_default_security_group_handler-1446662'] for port (None), before_create {{(pid=104149) _notify_loop /usr/local/lib/python3.8/dist-packages/neutron_lib/callbacks/manager.py:176}}
Jul 22 11:14:16.504437 dv-cinder-848899-2-smb neutron-server[104151]: DEBUG neutron.plugins.ml2.managers [None req-0ded89ee-085a-434f-b297-982790fb463f None None] Attempting to bind port cb1e9fa1-24be-4766-8154-159696991a3f on host dv-cinder-848899-2-smb for vnic_type normal with profile {{(pid=104151) bind_port /opt/stack/neutron/neutron/plugins/ml2/managers.py:810}}
Jul 22 11:14:16.504813 dv-cinder-848899-2-smb neutron-server[104151]: DEBUG neutron.plugins.ml2.managers [None req-0ded89ee-085a-434f-b297-982790fb463f None None] Attempting to bind port cb1e9fa1-24be-4766-8154-159696991a3f by drivers openvswitch,hyperv on host dv-cinder-848899-2-smb at level 0 using segments [{'id': '0170160c-2f34-47ba-bc75-3fbb54504bb5', 'network_type': 'vlan', 'physical_network': 'physnet1', 'segmentation_id': 120, 'network_id': 'ba81f392-735e-4675-a8d7-11c2602c8621'}] {{(pid=104151) _bind_port_level /opt/stack/neutron/neutron/plugins/ml2/managers.py:835}}
Jul 22 11:14:16.514500 dv-cinder-848899-2-smb neutron-server[104151]: DEBUG neutron.plugins.ml2.drivers.mech_agent [None req-0ded89ee-085a-434f-b297-982790fb463f None None] Attempting to bind port cb1e9fa1-24be-4766-8154-159696991a3f on network ba81f392-735e-4675-a8d7-11c2602c8621 {{(pid=104151) bind_port /opt/stack/neutron/neutron/plugins/ml2/drivers/mech_agent.py:91}}
Jul 22 11:14:16.548889 dv-cinder-848899-2-smb neutron-server[104151]: DEBUG neutron.api.rpc.handlers.resources_rpc [None req-20e813d7-6336-47b3-98f7-3840b8381d93 None None] Pushing event updated for resources: {'Port': ['ID=cb1e9fa1-24be-4766-8154-159696991a3f,revision_number=3']} {{(pid=104151) push /opt/stack/neutron/neutron/api/rpc/handlers/resources_rpc.py:237}}
Jul 22 11:14:16.556217 dv-cinder-848899-2-smb neutron-server[104149]: DEBUG neutron.scheduler.l3_agent_scheduler [None req-cce0e054-bc58-4881-bd5b-cea34c5e548b admin admin] Router 3219f43a-51ab-42d3-ad25-d5b6c143704b has already been hosted by L3 agent f9886dc6-8901-4a7e-a517-e63527c8daeb {{(pid=104149) _get_candidates /opt/stack/neutron/neutron/scheduler/l3_agent_scheduler.py:126}}
Jul 22 11:14:16.563904 dv-cinder-848899-2-smb neutron-server[104151]: DEBUG neutron.plugins.ml2.drivers.mech_agent [None req-0ded89ee-085a-434f-b297-982790fb463f None None] Checking agent: {'id': 'd73a3532-346c-4d9d-b942-ce61da74ceda', 'agent_type': 'Open vSwitch agent', 'binary': 'neutron-openvswitch-agent', 'topic': 'N/A', 'host': 'dv-cinder-848899-2-smb', 'admin_state_up': True, 'created_at': datetime.datetime(2022, 7, 22, 11, 5, 21), 'started_at': datetime.datetime(2022, 7, 22, 11, 5, 51), 'heartbeat_timestamp': datetime.datetime(2022, 7, 22, 11, 13, 51), 'description': None, 'resources_synced': None, 'availability_zone': None, 'alive': True, 'configurations': {'arp_responder_enabled': False, 'baremetal_smartnic': False, 'bridge_mappings': {'physnet1': 'br-data'}, 'datapath_type': 'system', 'devices': 0, 'enable_distributed_routing': False, 'extensions': [], 'in_distributed_mode': False, 'integration_bridge': 'br-int', 'l2_population': False, 'log_agent_heartbeats': False, 'ovs_capabilities': {'datapath_types': ['netdev', 'system'], 'iface_types': ['erspan', 'geneve', 'gre', 'internal', 'ip6erspan', 'ip6gre', 'lisp', 'patch', 'stt', 'system', 'tap', 'vxlan']}, 'ovs_hybrid_plug': False, 'resource_provider_bandwidths': {}, 'resource_provider_hypervisors': {'br-data': 'dv-cinder-848899-2-smb'}, 'resource_provider_inventory_defaults': {'allocation_ratio': 1.0, 'min_unit': 1, 'step_size': 1, 'reserved': 0}, 'resource_provider_packet_processing_inventory_defaults': {'allocation_ratio': 1.0, 'min_unit': 1, 'step_size': 1, 'reserved': 0}, 'resource_provider_packet_processing_with_direction': {}, 'resource_provider_packet_processing_without_direction': {}, 'tunnel_types': [], 'tunneling_ip': None, 'vhostuser_socket_dir': '/var/run/openvswitch'}, 'resource_versions': {'AddressGroup': '1.2', 'Agent': '1.1', 'ConntrackHelper': '1.0', 'LocalIPAssociation': '1.0', 'Log': '1.0', 'NDPProxy': '1.0', 'Network': '1.1', 'Port': '1.7', 'PortForwarding': '1.3', 'QosPolicy': '1.10', 'SecurityGroup': '1.5', 'SecurityGroupRule': '1.2', 'SubPort': '1.0', 'Subnet': '1.1', 'Trunk': '1.1'}} {{(pid=104151) bind_port /opt/stack/neutron/neutron/plugins/ml2/drivers/mech_agent.py:110}}
Jul 22 11:14:16.564327 dv-cinder-848899-2-smb neutron-server[104151]: DEBUG neutron.plugins.ml2.drivers.mech_agent [None req-0ded89ee-085a-434f-b297-982790fb463f None None] Checking segment: {'id': '0170160c-2f34-47ba-bc75-3fbb54504bb5', 'network_type': 'vlan', 'physical_network': 'physnet1', 'segmentation_id': 120, 'network_id': 'ba81f392-735e-4675-a8d7-11c2602c8621'} for mappings: {'physnet1': 'br-data'} with network types: ['local', 'flat', 'vlan'] {{(pid=104151) check_segment_for_agent /opt/stack/neutron/neutron/plugins/ml2/drivers/mech_agent.py:373}}
Jul 22 11:14:16.564766 dv-cinder-848899-2-smb neutron-server[104151]: DEBUG neutron_lib.callbacks.manager [None req-0ded89ee-085a-434f-b297-982790fb463f None None] Publish callbacks [] for ovs_bridge_name (None), before_read {{(pid=104151) _notify_loop /usr/local/lib/python3.8/dist-packages/neutron_lib/callbacks/manager.py:176}}
Jul 22 11:14:16.565158 dv-cinder-848899-2-smb neutron-server[104151]: DEBUG neutron.plugins.ml2.drivers.mech_agent [None req-0ded89ee-085a-434f-b297-982790fb463f None None] Bound using segment: {'id': '0170160c-2f34-47ba-bc75-3fbb54504bb5', 'network_type': 'vlan', 'physical_network': 'physnet1', 'segmentation_id': 120, 'network_id': 'ba81f392-735e-4675-a8d7-11c2602c8621'} {{(pid=104151) bind_port /opt/stack/neutron/neutron/plugins/ml2/drivers/mech_agent.py:120}}
Jul 22 11:14:16.565699 dv-cinder-848899-2-smb neutron-server[104151]: DEBUG neutron.plugins.ml2.managers [None req-0ded89ee-085a-434f-b297-982790fb463f None None] Bound port: cb1e9fa1-24be-4766-8154-159696991a3f, host: dv-cinder-848899-2-smb, vif_type: ovs, vif_details: {"connectivity": "l2", "port_filter": true, "ovs_hybrid_plug": false, "datapath_type": "system", "bridge_name": "br-int"}, binding_levels: [{'bound_driver': 'openvswitch', 'bound_segment': {'id': '0170160c-2f34-47ba-bc75-3fbb54504bb5', 'network_type': 'vlan', 'physical_network': 'physnet1', 'segmentation_id': 120, 'network_id': 'ba81f392-735e-4675-a8d7-11c2602c8621'}}] {{(pid=104151) _bind_port_level /opt/stack/neutron/neutron/plugins/ml2/managers.py:947}}
Jul 22 11:14:16.566096 dv-cinder-848899-2-smb neutron-server[104151]: DEBUG neutron_lib.callbacks.manager [None req-0ded89ee-085a-434f-b297-982790fb463f None None] Publish callbacks ['neutron.plugins.ml2.plugin.SecurityGroupDbMixin._ensure_default_security_group_handler-1446662'] for port (cb1e9fa1-24be-4766-8154-159696991a3f), before_update {{(pid=104151) _notify_loop /usr/local/lib/python3.8/dist-packages/neutron_lib/callbacks/manager.py:176}}
Jul 22 11:14:16.576697 dv-cinder-848899-2-smb neutron-server[104151]: DEBUG neutron.plugins.ml2.db [None req-dbc061c2-0025-480e-8158-50fae5403cc7 None None] For port 553b6061-3112-4f66-b8d5-02f4c6899e18, host dv-cinder-848899-2-smb, got binding levels [PortBindingLevel(driver='openvswitch',host='dv-cinder-848899-2-smb',level=0,port_id=553b6061-3112-4f66-b8d5-02f4c6899e18,segment=NetworkSegment(56a6b6ae-b9db-4938-abdd-425afec812c1),segment_id=56a6b6ae-b9db-4938-abdd-425afec812c1)] {{(pid=104151) get_binding_level_objs /opt/stack/neutron/neutron/plugins/ml2/db.py:74}}
Jul 22 11:14:16.592924 dv-cinder-848899-2-smb neutron-server[104150]: DEBUG dbcounter [-] [104150] Writing DB stats neutron:SELECT=86,neutron:INSERT=8,neutron:UPDATE=3,neutron:DELETE=3 {{(pid=104150) stat_writer /usr/local/lib/python3.8/dist-packages/dbcounter.py:114}}
Jul 22 11:14:16.624879 dv-cinder-848899-2-smb neutron-server[104151]: DEBUG neutron_lib.callbacks.manager [None req-dbc061c2-0025-480e-8158-50fae5403cc7 None None] Publish callbacks ['neutron.plugins.ml2.plugin.SecurityGroupServerNotifierRpcMixin._notify_sg_on_port_change-1446727', 'neutron.plugins.ml2.ovo_rpc._ObjectChangeHandler.handle_event-2010773', 'neutron.api.rpc.agentnotifiers.dhcp_rpc_agent_api.DhcpAgentNotifyAPI._native_event_send_dhcp_notification-1523174', 'neutron.db.l3_db.L3RpcNotifierMixin._notify_gateway_port_ip_changed-8781873231818', 'neutron.db.l3_dvrscheduler_db._notify_l3_agent_port_update-8781872757508', 'neutron.db.l3_hascheduler_db._notify_l3_agent_ha_port_update-8781872757526'] for port (553b6061-3112-4f66-b8d5-02f4c6899e18), after_update {{(pid=104151) _notify_loop /usr/local/lib/python3.8/dist-packages/neutron_lib/callbacks/manager.py:176}}
Jul 22 11:14:16.631657 dv-cinder-848899-2-smb neutron-server[104151]: DEBUG dbcounter [-] [104151] Writing DB stats neutron:SELECT=98,neutron:UPDATE=2 {{(pid=104151) stat_writer /usr/local/lib/python3.8/dist-packages/dbcounter.py:114}}
Jul 22 11:14:16.670844 dv-cinder-848899-2-smb neutron-server[104150]: DEBUG neutron_lib.callbacks.manager [None req-f4140dcd-de4b-4283-952c-9ba8dfccef81 admin admin] Publish callbacks [] for security_group (82b1f069-2ad5-4139-b81e-a2a021cb4151), before_delete {{(pid=104150) _notify_loop /usr/local/lib/python3.8/dist-packages/neutron_lib/callbacks/manager.py:176}}
Jul 22 11:14:16.706640 dv-cinder-848899-2-smb neutron-server[104151]: DEBUG neutron.db.provisioning_blocks [None req-dbc061c2-0025-480e-8158-50fae5403cc7 None None] Provisioning complete for port cb1e9fa1-24be-4766-8154-159696991a3f triggered by entity DHCP. {{(pid=104151) provisioning_complete /opt/stack/neutron/neutron/db/provisioning_blocks.py:145}}
Jul 22 11:14:16.707167 dv-cinder-848899-2-smb neutron-server[104151]: DEBUG neutron_lib.callbacks.manager [None req-dbc061c2-0025-480e-8158-50fae5403cc7 None None] Publish callbacks ['neutron.plugins.ml2.plugin.Ml2Plugin._port_provisioned-1485867'] for port (cb1e9fa1-24be-4766-8154-159696991a3f), provisioning_complete {{(pid=104151) _notify_loop /usr/local/lib/python3.8/dist-packages/neutron_lib/callbacks/manager.py:176}}
Jul 22 11:14:16.756034 dv-cinder-848899-2-smb neutron-server[104151]: DEBUG neutron.api.rpc.handlers.l3_rpc [None req-e4c250df-5c10-40c2-8efc-adb6976e8e78 None None] Sync routers for ids ['b486720c-502f-40f3-80b4-b06ba49c531b'] in dv-cinder-848899-2-smb {{(pid=104151) sync_routers /opt/stack/neutron/neutron/api/rpc/handlers/l3_rpc.py:125}}
Jul 22 11:14:16.791165 dv-cinder-848899-2-smb neutron-server[104150]: DEBUG neutron_lib.callbacks.manager [None req-ccc8ad8c-5d7b-472b-af49-54777ab11453 tempest-AttachVolumeNegativeTest-765822388 tempest-AttachVolumeNegativeTest-765822388-project] Publish callbacks [] for security_group_rule (d70f5b4c-7d0a-4356-8bc0-b34cdcb13089), precommit_create {{(pid=104150) _notify_loop /usr/local/lib/python3.8/dist-packages/neutron_lib/callbacks/manager.py:176}}
Jul 22 11:14:16.804543 dv-cinder-848899-2-smb neutron-server[104150]: DEBUG dbcounter [-] [104150] Writing DB stats neutron:SELECT=86,neutron:INSERT=9,neutron:UPDATE=4,neutron:DELETE=1 {{(pid=104150) stat_writer /usr/local/lib/python3.8/dist-packages/dbcounter.py:114}}
Jul 22 11:14:16.811434 dv-cinder-848899-2-smb neutron-server[104149]: DEBUG neutron.api.rpc.agentnotifiers.l3_rpc_agent_api [None req-cce0e054-bc58-4881-bd5b-cea34c5e548b admin admin] Notify agent at l3_agent.dv-cinder-848899-2-smb the message routers_updated {{(pid=104149) _agent_notification /opt/stack/neutron/neutron/api/rpc/agentnotifiers/l3_rpc_agent_api.py:65}}
Jul 22 11:14:16.817312 dv-cinder-848899-2-smb neutron-server[104149]: INFO neutron.wsgi [None req-cce0e054-bc58-4881-bd5b-cea34c5e548b admin admin] 10.222.0.40 "PUT /v2.0/routers/3219f43a-51ab-42d3-ad25-d5b6c143704b/add_router_interface HTTP/1.1" status: 200 len: 503 time: 9.2189972
Jul 22 11:14:16.820206 dv-cinder-848899-2-smb neutron-server[104151]: DEBUG neutron.db.provisioning_blocks [None req-269e47e5-88b6-45ba-8492-8e98e0dd4143 None None] Provisioning complete for port fdfc4790-7a3e-44b7-b1ce-3f9498212a90 triggered by entity L2. {{(pid=104151) provisioning_complete /opt/stack/neutron/neutron/db/provisioning_blocks.py:145}}
Jul 22 11:14:16.820705 dv-cinder-848899-2-smb neutron-server[104151]: DEBUG neutron_lib.callbacks.manager [None req-269e47e5-88b6-45ba-8492-8e98e0dd4143 None None] Publish callbacks ['neutron.plugins.ml2.plugin.Ml2Plugin._port_provisioned-1485867'] for port (fdfc4790-7a3e-44b7-b1ce-3f9498212a90), provisioning_complete {{(pid=104151) _notify_loop /usr/local/lib/python3.8/dist-packages/neutron_lib/callbacks/manager.py:176}}
Jul 22 11:14:16.824479 dv-cinder-848899-2-smb neutron-server[104150]: DEBUG neutron_lib.callbacks.manager [None req-ccc8ad8c-5d7b-472b-af49-54777ab11453 tempest-AttachVolumeNegativeTest-765822388 tempest-AttachVolumeNegativeTest-765822388-project] Publish callbacks ['neutron.plugins.ml2.ovo_rpc._ObjectChangeHandler.handle_event-610765'] for security_group_rule (d70f5b4c-7d0a-4356-8bc0-b34cdcb13089), after_create {{(pid=104150) _notify_loop /usr/local/lib/python3.8/dist-packages/neutron_lib/callbacks/manager.py:176}}
