Jul 15 14:53:50.184022 dv-cinder-848821-1-iscsi devstack@c-api.service[110553]: /usr/local/lib/python3.8/dist-packages/oslo_policy/policy.py:809: UserWarning: Policy "volume_extension:default_set_or_update":"rule:system_or_domain_or_project_admin" was deprecated in X in favor of "volume_extension:default_set_or_update":"rule:admin_api". Reason: Default policies now support the three Keystone default roles, namely 'admin', 'member', and 'reader' to implement three Cinder "personas". See "Policy Personas and Permissions" in the "Cinder Service Configuration" documentation (Xena release) for details.. Either ensure your deployment is ready for the new default or copy/paste the deprecated policy into your policy file and maintain it manually.
Jul 15 14:53:50.184022 dv-cinder-848821-1-iscsi devstack@c-api.service[110553]: warnings.warn(deprecated_msg)
Jul 15 14:53:50.184022 dv-cinder-848821-1-iscsi devstack@c-api.service[110553]: /usr/local/lib/python3.8/dist-packages/oslo_policy/policy.py:809: UserWarning: Policy "volume_extension:default_get":"rule:system_or_domain_or_project_admin" was deprecated in X in favor of "volume_extension:default_get":"rule:admin_api". Reason: Default policies now support the three Keystone default roles, namely 'admin', 'member', and 'reader' to implement three Cinder "personas". See "Policy Personas and Permissions" in the "Cinder Service Configuration" documentation (Xena release) for details.. Either ensure your deployment is ready for the new default or copy/paste the deprecated policy into your policy file and maintain it manually.
Jul 15 14:53:50.184022 dv-cinder-848821-1-iscsi devstack@c-api.service[110553]: warnings.warn(deprecated_msg)
Jul 15 14:53:50.184022 dv-cinder-848821-1-iscsi devstack@c-api.service[110553]: /usr/local/lib/python3.8/dist-packages/oslo_policy/policy.py:809: UserWarning: Policy "volume_extension:default_get_all":"role:admin and system_scope:all" was deprecated in X in favor of "volume_extension:default_get_all":"rule:admin_api". Reason: Default policies now support the three Keystone default roles, namely 'admin', 'member', and 'reader' to implement three Cinder "personas". See "Policy Personas and Permissions" in the "Cinder Service Configuration" documentation (Xena release) for details.. Either ensure your deployment is ready for the new default or copy/paste the deprecated policy into your policy file and maintain it manually.
Jul 15 14:53:50.184746 dv-cinder-848821-1-iscsi devstack@c-api.service[110553]: warnings.warn(deprecated_msg)
Jul 15 14:53:50.184746 dv-cinder-848821-1-iscsi devstack@c-api.service[110553]: /usr/local/lib/python3.8/dist-packages/oslo_policy/policy.py:809: UserWarning: Policy "volume_extension:default_unset":"rule:system_or_domain_or_project_admin" was deprecated in X in favor of "volume_extension:default_unset":"rule:admin_api". Reason: Default policies now support the three Keystone default roles, namely 'admin', 'member', and 'reader' to implement three Cinder "personas". See "Policy Personas and Permissions" in the "Cinder Service Configuration" documentation (Xena release) for details.. Either ensure your deployment is ready for the new default or copy/paste the deprecated policy into your policy file and maintain it manually.
Jul 15 14:53:50.184746 dv-cinder-848821-1-iscsi devstack@c-api.service[110553]: warnings.warn(deprecated_msg)
Jul 15 14:53:50.184746 dv-cinder-848821-1-iscsi devstack@c-api.service[110553]: DEBUG cinder.api.middleware.request_id [None req-e0029d63-c2ab-4006-962b-e870a8784720 None None] RequestId filter calling following filter/app {{(pid=110553) _context_setter /opt/stack/cinder/cinder/api/middleware/request_id.py:62}}
Jul 15 14:53:51.113916 dv-cinder-848821-1-iscsi devstack@c-api.service[110553]: INFO cinder.api.openstack.wsgi [None req-e0029d63-c2ab-4006-962b-e870a8784720 admin admin] POST http://10.222.0.47/volume/v3/e40091c8e3674733bcafb3a3d96a7371/types
Jul 15 14:53:51.115590 dv-cinder-848821-1-iscsi devstack@c-api.service[110553]: DEBUG cinder.api.openstack.wsgi [None req-e0029d63-c2ab-4006-962b-e870a8784720 admin admin] Action: 'create', calling method: _create, body: {"volume_type": {"name": "lvmdriver-1", "description": null, "os-volume-type-access:is_public": true}} {{(pid=110553) _process_stack /opt/stack/cinder/cinder/api/openstack/wsgi.py:866}}
Jul 15 14:53:51.117070 dv-cinder-848821-1-iscsi devstack@c-api.service[110553]: /usr/local/lib/python3.8/dist-packages/oslo_context/context.py:100: DeprecationWarning: Policy enforcement is depending on the value of is_admin. This key is deprecated. Please update your policy file to use the standard policy values.
Jul 15 14:53:51.117070 dv-cinder-848821-1-iscsi devstack@c-api.service[110553]: warnings.warn('Policy enforcement is depending on the value of '
Jul 15 14:53:51.125747 dv-cinder-848821-1-iscsi devstack@c-api.service[110553]: DEBUG oslo_db.sqlalchemy.engines [None req-e0029d63-c2ab-4006-962b-e870a8784720 admin admin] MySQL server mode set to STRICT_TRANS_TABLES,STRICT_ALL_TABLES,NO_ZERO_IN_DATE,NO_ZERO_DATE,ERROR_FOR_DIVISION_BY_ZERO,TRADITIONAL,NO_ENGINE_SUBSTITUTION {{(pid=110553) _check_effective_sql_mode /usr/local/lib/python3.8/dist-packages/oslo_db/sqlalchemy/engines.py:314}}
Jul 15 14:53:51.181476 dv-cinder-848821-1-iscsi devstack@c-api.service[110553]: INFO cinder.api.openstack.wsgi [None req-e0029d63-c2ab-4006-962b-e870a8784720 admin admin] http://10.222.0.47/volume/v3/e40091c8e3674733bcafb3a3d96a7371/types returned with HTTP 200
Jul 15 14:53:51.182489 dv-cinder-848821-1-iscsi devstack@c-api.service[110553]: [pid: 110553|app: 0|req: 1/2] 10.222.0.47 () {60 vars in 1237 bytes} [Fri Jul 15 14:53:50 2022] POST /volume/v3/e40091c8e3674733bcafb3a3d96a7371/types => generated 186 bytes in 1054 msecs (HTTP/1.1 200) 7 headers in 285 bytes (1 switches on core 0)
Jul 15 14:53:51.189223 dv-cinder-848821-1-iscsi devstack@c-api.service[110552]: DEBUG cinder.api.middleware.request_id [req-e0029d63-c2ab-4006-962b-e870a8784720 req-a3c8ac8f-177c-4bbf-bcfe-d452a030663c None None] RequestId filter calling following filter/app {{(pid=110552) _context_setter /opt/stack/cinder/cinder/api/middleware/request_id.py:62}}
Jul 15 14:53:51.925409 dv-cinder-848821-1-iscsi devstack@c-api.service[110552]: INFO cinder.api.openstack.wsgi [req-e0029d63-c2ab-4006-962b-e870a8784720 req-a3c8ac8f-177c-4bbf-bcfe-d452a030663c admin admin] POST http://10.222.0.47/volume/v3/e40091c8e3674733bcafb3a3d96a7371/types/8ff824fe-aa8a-4b59-9e5d-0a0fe28f6409/extra_specs
Jul 15 14:53:51.926597 dv-cinder-848821-1-iscsi devstack@c-api.service[110552]: DEBUG cinder.api.openstack.wsgi [req-e0029d63-c2ab-4006-962b-e870a8784720 req-a3c8ac8f-177c-4bbf-bcfe-d452a030663c admin admin] Action: 'create', calling method: create, body: {"extra_specs": {"volume_backend_name": "lvmdriver-1"}} {{(pid=110552) _process_stack /opt/stack/cinder/cinder/api/openstack/wsgi.py:866}}
Jul 15 14:53:51.928663 dv-cinder-848821-1-iscsi devstack@c-api.service[110552]: /usr/local/lib/python3.8/dist-packages/oslo_context/context.py:100: DeprecationWarning: Policy enforcement is depending on the value of is_admin. This key is deprecated. Please update your policy file to use the standard policy values.
Jul 15 14:53:51.928663 dv-cinder-848821-1-iscsi devstack@c-api.service[110552]: warnings.warn('Policy enforcement is depending on the value of '
Jul 15 14:53:51.935836 dv-cinder-848821-1-iscsi devstack@c-api.service[110552]: DEBUG oslo_db.sqlalchemy.engines [req-e0029d63-c2ab-4006-962b-e870a8784720 req-a3c8ac8f-177c-4bbf-bcfe-d452a030663c admin admin] MySQL server mode set to STRICT_TRANS_TABLES,STRICT_ALL_TABLES,NO_ZERO_IN_DATE,NO_ZERO_DATE,ERROR_FOR_DIVISION_BY_ZERO,TRADITIONAL,NO_ENGINE_SUBSTITUTION {{(pid=110552) _check_effective_sql_mode /usr/local/lib/python3.8/dist-packages/oslo_db/sqlalchemy/engines.py:314}}
Jul 15 14:53:52.053285 dv-cinder-848821-1-iscsi devstack@c-api.service[110552]: INFO cinder.api.openstack.wsgi [req-e0029d63-c2ab-4006-962b-e870a8784720 req-a3c8ac8f-177c-4bbf-bcfe-d452a030663c admin admin] http://10.222.0.47/volume/v3/e40091c8e3674733bcafb3a3d96a7371/types/8ff824fe-aa8a-4b59-9e5d-0a0fe28f6409/extra_specs returned with HTTP 200
Jul 15 14:53:52.054061 dv-cinder-848821-1-iscsi devstack@c-api.service[110552]: [pid: 110552|app: 0|req: 2/3] 10.222.0.47 () {62 vars in 1454 bytes} [Fri Jul 15 14:53:51 2022] POST /volume/v3/e40091c8e3674733bcafb3a3d96a7371/types/8ff824fe-aa8a-4b59-9e5d-0a0fe28f6409/extra_specs => generated 55 bytes in 866 msecs (HTTP/1.1 200) 7 headers in 284 bytes (1 switches on core 0)
Jul 15 14:54:31.976854 dv-cinder-848821-1-iscsi devstack@c-api.service[110553]: DEBUG cinder.api.middleware.request_id [None req-ec4a94d8-ee86-4627-a2ff-fdee2e694354 None None] RequestId filter calling following filter/app {{(pid=110553) _context_setter /opt/stack/cinder/cinder/api/middleware/request_id.py:62}}
Jul 15 14:54:31.978080 dv-cinder-848821-1-iscsi devstack@c-api.service[110553]: INFO cinder.api.openstack.wsgi [None req-ec4a94d8-ee86-4627-a2ff-fdee2e694354 None None] GET http://10.222.0.47/volume//
Jul 15 14:54:31.978473 dv-cinder-848821-1-iscsi devstack@c-api.service[110553]: DEBUG cinder.api.openstack.wsgi [None req-ec4a94d8-ee86-4627-a2ff-fdee2e694354 None None] Empty body provided in request {{(pid=110553) get_body /opt/stack/cinder/cinder/api/openstack/wsgi.py:715}}
Jul 15 14:54:31.978954 dv-cinder-848821-1-iscsi devstack@c-api.service[110553]: DEBUG cinder.api.openstack.wsgi [None req-ec4a94d8-ee86-4627-a2ff-fdee2e694354 None None] Calling method 'all' {{(pid=110553) _process_stack /opt/stack/cinder/cinder/api/openstack/wsgi.py:868}}
Jul 15 14:54:31.980001 dv-cinder-848821-1-iscsi devstack@c-api.service[110553]: INFO cinder.api.openstack.wsgi [None req-ec4a94d8-ee86-4627-a2ff-fdee2e694354 None None] http://10.222.0.47/volume// returned with HTTP 300
Jul 15 14:54:31.981082 dv-cinder-848821-1-iscsi devstack@c-api.service[110553]: [pid: 110553|app: 0|req: 2/4] 10.222.0.47 () {56 vars in 1098 bytes} [Fri Jul 15 14:54:31 2022] GET /volume/ => generated 386 bytes in 5 msecs (HTTP/1.1 300) 7 headers in 299 bytes (1 switches on core 0)
Jul 15 14:57:15.831354 dv-cinder-848821-1-iscsi devstack@c-api.service[110552]: DEBUG cinder.api.middleware.request_id [None req-8b67e8bf-f89f-4c45-889e-dda13b882c3e None None] RequestId filter calling following filter/app {{(pid=110552) _context_setter /opt/stack/cinder/cinder/api/middleware/request_id.py:62}}
Jul 15 14:57:15.965288 dv-cinder-848821-1-iscsi devstack@c-api.service[110552]: INFO cinder.api.openstack.wsgi [None req-8b67e8bf-f89f-4c45-889e-dda13b882c3e tempest-verify_tempest_config-2060510035 tempest-verify_tempest_config-2060510035-project] GET http://10.222.0.47/volume/v3/0d2eedd5b22b41d4812bbe8a1323e5b5/extensions
Jul 15 14:57:15.965740 dv-cinder-848821-1-iscsi devstack@c-api.service[110552]: DEBUG cinder.api.openstack.wsgi [None req-8b67e8bf-f89f-4c45-889e-dda13b882c3e tempest-verify_tempest_config-2060510035 tempest-verify_tempest_config-2060510035-project] Empty body provided in request {{(pid=110552) get_body /opt/stack/cinder/cinder/api/openstack/wsgi.py:715}}
Jul 15 14:57:15.966184 dv-cinder-848821-1-iscsi devstack@c-api.service[110552]: DEBUG cinder.api.openstack.wsgi [None req-8b67e8bf-f89f-4c45-889e-dda13b882c3e tempest-verify_tempest_config-2060510035 tempest-verify_tempest_config-2060510035-project] Calling method 'index' {{(pid=110552) _process_stack /opt/stack/cinder/cinder/api/openstack/wsgi.py:868}}
Jul 15 14:57:15.966881 dv-cinder-848821-1-iscsi devstack@c-api.service[110552]: INFO cinder.api.openstack.wsgi [None req-8b67e8bf-f89f-4c45-889e-dda13b882c3e tempest-verify_tempest_config-2060510035 tempest-verify_tempest_config-2060510035-project] http://10.222.0.47/volume/v3/0d2eedd5b22b41d4812bbe8a1323e5b5/extensions returned with HTTP 200
Jul 15 14:57:15.967568 dv-cinder-848821-1-iscsi devstack@c-api.service[110552]: [pid: 110552|app: 0|req: 3/5] 10.222.0.47 () {58 vars in 1222 bytes} [Fri Jul 15 14:57:15 2022] GET /volume/v3/0d2eedd5b22b41d4812bbe8a1323e5b5/extensions => generated 5245 bytes in 138 msecs (HTTP/1.1 200) 7 headers in 286 bytes (1 switches on core 0)
Jul 15 14:59:25.927210 dv-cinder-848821-1-iscsi devstack@c-api.service[110553]: DEBUG cinder.api.middleware.request_id [None req-f670d26d-b6b7-4c10-bef9-4d162c1fa1e6 None None] RequestId filter calling following filter/app {{(pid=110553) _context_setter /opt/stack/cinder/cinder/api/middleware/request_id.py:62}}
Jul 15 14:59:26.022547 dv-cinder-848821-1-iscsi devstack@c-api.service[110553]: INFO cinder.api.openstack.wsgi [None req-f670d26d-b6b7-4c10-bef9-4d162c1fa1e6 admin admin] GET http://10.222.0.47/volume/v3/e40091c8e3674733bcafb3a3d96a7371/os-services
Jul 15 14:59:26.022998 dv-cinder-848821-1-iscsi devstack@c-api.service[110553]: DEBUG cinder.api.openstack.wsgi [None req-f670d26d-b6b7-4c10-bef9-4d162c1fa1e6 admin admin] Empty body provided in request {{(pid=110553) get_body /opt/stack/cinder/cinder/api/openstack/wsgi.py:715}}
Jul 15 14:59:26.023446 dv-cinder-848821-1-iscsi devstack@c-api.service[110553]: DEBUG cinder.api.openstack.wsgi [None req-f670d26d-b6b7-4c10-bef9-4d162c1fa1e6 admin admin] Calling method 'index' {{(pid=110553) _process_stack /opt/stack/cinder/cinder/api/openstack/wsgi.py:868}}
Jul 15 14:59:26.031808 dv-cinder-848821-1-iscsi devstack@c-api.service[110553]: INFO cinder.api.openstack.wsgi [None req-f670d26d-b6b7-4c10-bef9-4d162c1fa1e6 admin admin] http://10.222.0.47/volume/v3/e40091c8e3674733bcafb3a3d96a7371/os-services returned with HTTP 200
Jul 15 14:59:26.032510 dv-cinder-848821-1-iscsi devstack@c-api.service[110553]: [pid: 110553|app: 0|req: 3/6] 10.222.0.47 () {56 vars in 1201 bytes} [Fri Jul 15 14:59:25 2022] GET /volume/v3/e40091c8e3674733bcafb3a3d96a7371/os-services => generated 642 bytes in 107 msecs (HTTP/1.1 200) 7 headers in 285 bytes (1 switches on core 0)
Jul 15 14:59:28.713156 dv-cinder-848821-1-iscsi devstack@c-api.service[110552]: DEBUG cinder.api.middleware.request_id [None req-16b07541-c179-450d-82ae-c6ef0207013c None None] RequestId filter calling following filter/app {{(pid=110552) _context_setter /opt/stack/cinder/cinder/api/middleware/request_id.py:62}}
Jul 15 14:59:28.768730 dv-cinder-848821-1-iscsi devstack@c-api.service[110552]: INFO cinder.api.openstack.wsgi [None req-16b07541-c179-450d-82ae-c6ef0207013c admin admin] GET http://10.222.0.47/volume/v3/e40091c8e3674733bcafb3a3d96a7371/os-services
Jul 15 14:59:28.769181 dv-cinder-848821-1-iscsi devstack@c-api.service[110552]: DEBUG cinder.api.openstack.wsgi [None req-16b07541-c179-450d-82ae-c6ef0207013c admin admin] Empty body provided in request {{(pid=110552) get_body /opt/stack/cinder/cinder/api/openstack/wsgi.py:715}}
Jul 15 14:59:28.769624 dv-cinder-848821-1-iscsi devstack@c-api.service[110552]: DEBUG cinder.api.openstack.wsgi [None req-16b07541-c179-450d-82ae-c6ef0207013c admin admin] Calling method 'index' {{(pid=110552) _process_stack /opt/stack/cinder/cinder/api/openstack/wsgi.py:868}}
Jul 15 14:59:28.778146 dv-cinder-848821-1-iscsi devstack@c-api.service[110552]: INFO cinder.api.openstack.wsgi [None req-16b07541-c179-450d-82ae-c6ef0207013c admin admin] http://10.222.0.47/volume/v3/e40091c8e3674733bcafb3a3d96a7371/os-services returned with HTTP 200
Jul 15 14:59:28.778849 dv-cinder-848821-1-iscsi devstack@c-api.service[110552]: [pid: 110552|app: 0|req: 4/7] 10.222.0.47 () {56 vars in 1201 bytes} [Fri Jul 15 14:59:28 2022] GET /volume/v3/e40091c8e3674733bcafb3a3d96a7371/os-services => generated 642 bytes in 67 msecs (HTTP/1.1 200) 7 headers in 285 bytes (1 switches on core 0)
Jul 15 15:01:12.095098 dv-cinder-848821-1-iscsi devstack@c-api.service[110553]: DEBUG cinder.api.middleware.request_id [req-7a8ba825-484f-402f-831f-7d750e4c834b req-dd201741-7626-4939-84d3-7a1b0f0b1bb9 None None] RequestId filter calling following filter/app {{(pid=110553) _context_setter /opt/stack/cinder/cinder/api/middleware/request_id.py:62}}
Jul 15 15:01:12.365508 dv-cinder-848821-1-iscsi devstack@c-api.service[110552]: DEBUG cinder.api.middleware.request_id [None req-2fc9ea06-9a42-409f-ac60-823c347a1409 None None] RequestId filter calling following filter/app {{(pid=110552) _context_setter /opt/stack/cinder/cinder/api/middleware/request_id.py:62}}
Jul 15 15:01:12.468043 dv-cinder-848821-1-iscsi devstack@c-api.service[110552]: INFO cinder.api.openstack.wsgi [None req-2fc9ea06-9a42-409f-ac60-823c347a1409 tempest-BackendsCapabilitiesAdminTestsJSON-1493274349 tempest-BackendsCapabilitiesAdminTestsJSON-1493274349-project-admin] GET http://10.222.0.47/volume/v3/ee67a3bb8d87489587465cf318d97b57/scheduler-stats/get_pools
Jul 15 15:01:12.468569 dv-cinder-848821-1-iscsi devstack@c-api.service[110552]: DEBUG cinder.api.openstack.wsgi [None req-2fc9ea06-9a42-409f-ac60-823c347a1409 tempest-BackendsCapabilitiesAdminTestsJSON-1493274349 tempest-BackendsCapabilitiesAdminTestsJSON-1493274349-project-admin] Empty body provided in request {{(pid=110552) get_body /opt/stack/cinder/cinder/api/openstack/wsgi.py:715}}
Jul 15 15:01:12.469034 dv-cinder-848821-1-iscsi devstack@c-api.service[110552]: DEBUG cinder.api.openstack.wsgi [None req-2fc9ea06-9a42-409f-ac60-823c347a1409 tempest-BackendsCapabilitiesAdminTestsJSON-1493274349 tempest-BackendsCapabilitiesAdminTestsJSON-1493274349-project-admin] Calling method 'get_pools' {{(pid=110552) _process_stack /opt/stack/cinder/cinder/api/openstack/wsgi.py:868}}
Jul 15 15:01:12.545022 dv-cinder-848821-1-iscsi devstack@c-api.service[110552]: INFO cinder.api.openstack.wsgi [None req-2fc9ea06-9a42-409f-ac60-823c347a1409 tempest-BackendsCapabilitiesAdminTestsJSON-1493274349 tempest-BackendsCapabilitiesAdminTestsJSON-1493274349-project-admin] http://10.222.0.47/volume/v3/ee67a3bb8d87489587465cf318d97b57/scheduler-stats/get_pools returned with HTTP 200
Jul 15 15:01:12.546288 dv-cinder-848821-1-iscsi devstack@c-api.service[110552]: [pid: 110552|app: 0|req: 5/8] 10.222.0.47 () {58 vars in 1267 bytes} [Fri Jul 15 15:01:12 2022] GET /volume/v3/ee67a3bb8d87489587465cf318d97b57/scheduler-stats/get_pools => generated 66 bytes in 182 msecs (HTTP/1.1 200) 7 headers in 284 bytes (2 switches on core 0)
Jul 15 15:01:12.552471 dv-cinder-848821-1-iscsi devstack@c-api.service[110552]: DEBUG cinder.api.middleware.request_id [None req-1ce6c624-7a3b-4581-a6c1-f934ef2a49ec None None] RequestId filter calling following filter/app {{(pid=110552) _context_setter /opt/stack/cinder/cinder/api/middleware/request_id.py:62}}
Jul 15 15:01:12.559109 dv-cinder-848821-1-iscsi devstack@c-api.service[110552]: INFO cinder.api.openstack.wsgi [None req-1ce6c624-7a3b-4581-a6c1-f934ef2a49ec tempest-BackendsCapabilitiesAdminTestsJSON-1493274349 tempest-BackendsCapabilitiesAdminTestsJSON-1493274349-project-admin] GET http://10.222.0.47/volume/v3/ee67a3bb8d87489587465cf318d97b57/scheduler-stats/get_pools?detail=True
Jul 15 15:01:12.559567 dv-cinder-848821-1-iscsi devstack@c-api.service[110552]: DEBUG cinder.api.openstack.wsgi [None req-1ce6c624-7a3b-4581-a6c1-f934ef2a49ec tempest-BackendsCapabilitiesAdminTestsJSON-1493274349 tempest-BackendsCapabilitiesAdminTestsJSON-1493274349-project-admin] Empty body provided in request {{(pid=110552) get_body /opt/stack/cinder/cinder/api/openstack/wsgi.py:715}}
Jul 15 15:01:12.560194 dv-cinder-848821-1-iscsi devstack@c-api.service[110552]: DEBUG cinder.api.openstack.wsgi [None req-1ce6c624-7a3b-4581-a6c1-f934ef2a49ec tempest-BackendsCapabilitiesAdminTestsJSON-1493274349 tempest-BackendsCapabilitiesAdminTestsJSON-1493274349-project-admin] Calling method 'get_pools' {{(pid=110552) _process_stack /opt/stack/cinder/cinder/api/openstack/wsgi.py:868}}
Jul 15 15:01:12.581518 dv-cinder-848821-1-iscsi devstack@c-api.service[110552]: INFO cinder.api.openstack.wsgi [None req-1ce6c624-7a3b-4581-a6c1-f934ef2a49ec tempest-BackendsCapabilitiesAdminTestsJSON-1493274349 tempest-BackendsCapabilitiesAdminTestsJSON-1493274349-project-admin] http://10.222.0.47/volume/v3/ee67a3bb8d87489587465cf318d97b57/scheduler-stats/get_pools?detail=True returned with HTTP 200
Jul 15 15:01:12.590706 dv-cinder-848821-1-iscsi devstack@c-api.service[110552]: [pid: 110552|app: 0|req: 6/9] 10.222.0.47 () {58 vars in 1290 bytes} [Fri Jul 15 15:01:12 2022] GET /volume/v3/ee67a3bb8d87489587465cf318d97b57/scheduler-stats/get_pools?detail=True => generated 482 bytes in 31 msecs (HTTP/1.1 200) 7 headers in 285 bytes (2 switches on core 0)
Jul 15 15:01:12.591030 dv-cinder-848821-1-iscsi devstack@c-api.service[110553]: WARNING keystonemiddleware.auth_token [req-7a8ba825-484f-402f-831f-7d750e4c834b req-dd201741-7626-4939-84d3-7a1b0f0b1bb9 None None] A valid token was submitted as a service token, but it was not a valid service token. This is incorrect but backwards compatible behaviour. This will be removed in future releases.
Jul 15 15:01:12.591030 dv-cinder-848821-1-iscsi devstack@c-api.service[110553]: INFO cinder.api.openstack.wsgi [req-7a8ba825-484f-402f-831f-7d750e4c834b req-dd201741-7626-4939-84d3-7a1b0f0b1bb9 tempest-VolumesSnapshotsTestJSON-1667606675 tempest-VolumesSnapshotsTestJSON-1667606675-project] POST http://10.222.0.47/volume/v3/d03ce410180b4b7e9906530850f3d381/volumes
Jul 15 15:01:12.591030 dv-cinder-848821-1-iscsi devstack@c-api.service[110553]: DEBUG cinder.api.openstack.wsgi [req-7a8ba825-484f-402f-831f-7d750e4c834b req-dd201741-7626-4939-84d3-7a1b0f0b1bb9 tempest-VolumesSnapshotsTestJSON-1667606675 tempest-VolumesSnapshotsTestJSON-1667606675-project] Action: 'create', calling method: create, body: {"volume": {"size": 1, "consistencygroup_id": null, "snapshot_id": null, "name": "tempest-VolumesSnapshotsTestJSON-volume-1610832943", "description": null, "volume_type": null, "availability_zone": null, "metadata": {}, "imageRef": null, "source_volid": null, "backup_id": null}} {{(pid=110553) _process_stack /opt/stack/cinder/cinder/api/openstack/wsgi.py:866}}
Jul 15 15:01:12.592439 dv-cinder-848821-1-iscsi devstack@c-api.service[110552]: DEBUG cinder.api.middleware.request_id [None req-d756947b-d352-4a05-87bc-45639bcf02d2 None None] RequestId filter calling following filter/app {{(pid=110552) _context_setter /opt/stack/cinder/cinder/api/middleware/request_id.py:62}}
Jul 15 15:01:12.597859 dv-cinder-848821-1-iscsi devstack@c-api.service[110553]: DEBUG cinder.api.v3.volumes [req-7a8ba825-484f-402f-831f-7d750e4c834b req-dd201741-7626-4939-84d3-7a1b0f0b1bb9 tempest-VolumesSnapshotsTestJSON-1667606675 tempest-VolumesSnapshotsTestJSON-1667606675-project] Create volume request body: {'volume': {'size': 1, 'consistencygroup_id': None, 'snapshot_id': None, 'name': 'tempest-VolumesSnapshotsTestJSON-volume-1610832943', 'description': None, 'volume_type': None, 'availability_zone': None, 'metadata': {}, 'imageRef': None, 'source_volid': None, 'backup_id': None}} {{(pid=110553) create /opt/stack/cinder/cinder/api/v3/volumes.py:298}}
Jul 15 15:01:12.598787 dv-cinder-848821-1-iscsi devstack@c-api.service[110553]: INFO cinder.api.v3.volumes [req-7a8ba825-484f-402f-831f-7d750e4c834b req-dd201741-7626-4939-84d3-7a1b0f0b1bb9 tempest-VolumesSnapshotsTestJSON-1667606675 tempest-VolumesSnapshotsTestJSON-1667606675-project] Create volume of 1 GB
Jul 15 15:01:12.601038 dv-cinder-848821-1-iscsi devstack@c-api.service[110552]: INFO cinder.api.openstack.wsgi [None req-d756947b-d352-4a05-87bc-45639bcf02d2 tempest-BackendsCapabilitiesAdminTestsJSON-1493274349 tempest-BackendsCapabilitiesAdminTestsJSON-1493274349-project-admin] GET http://10.222.0.47/volume/v3/ee67a3bb8d87489587465cf318d97b57/capabilities/hv-cinder-84882@wincnd
Jul 15 15:01:12.601492 dv-cinder-848821-1-iscsi devstack@c-api.service[110552]: DEBUG cinder.api.openstack.wsgi [None req-d756947b-d352-4a05-87bc-45639bcf02d2 tempest-BackendsCapabilitiesAdminTestsJSON-1493274349 tempest-BackendsCapabilitiesAdminTestsJSON-1493274349-project-admin] Empty body provided in request {{(pid=110552) get_body /opt/stack/cinder/cinder/api/openstack/wsgi.py:715}}
Jul 15 15:01:12.607752 dv-cinder-848821-1-iscsi devstack@c-api.service[110552]: DEBUG cinder.api.openstack.wsgi [None req-d756947b-d352-4a05-87bc-45639bcf02d2 tempest-BackendsCapabilitiesAdminTestsJSON-1493274349 tempest-BackendsCapabilitiesAdminTestsJSON-1493274349-project-admin] Calling method 'show' {{(pid=110552) _process_stack /opt/stack/cinder/cinder/api/openstack/wsgi.py:868}}
Jul 15 15:01:12.638546 dv-cinder-848821-1-iscsi devstack@c-api.service[110553]: DEBUG cinder.volume.api [req-7a8ba825-484f-402f-831f-7d750e4c834b req-dd201741-7626-4939-84d3-7a1b0f0b1bb9 tempest-VolumesSnapshotsTestJSON-1667606675 tempest-VolumesSnapshotsTestJSON-1667606675-project] Availability zone cache updated, next update will occur around 2022-07-15 16:01:12.637572. {{(pid=110553) list_availability_zones /opt/stack/cinder/cinder/volume/api.py:152}}
Jul 15 15:01:12.638835 dv-cinder-848821-1-iscsi devstack@c-api.service[110553]: INFO cinder.volume.api [req-7a8ba825-484f-402f-831f-7d750e4c834b req-dd201741-7626-4939-84d3-7a1b0f0b1bb9 tempest-VolumesSnapshotsTestJSON-1667606675 tempest-VolumesSnapshotsTestJSON-1667606675-project] Availability Zones retrieved successfully.
Jul 15 15:01:12.655322 dv-cinder-848821-1-iscsi devstack@c-api.service[110552]: INFO cinder.api.openstack.wsgi [None req-d756947b-d352-4a05-87bc-45639bcf02d2 tempest-BackendsCapabilitiesAdminTestsJSON-1493274349 tempest-BackendsCapabilitiesAdminTestsJSON-1493274349-project-admin] http://10.222.0.47/volume/v3/ee67a3bb8d87489587465cf318d97b57/capabilities/hv-cinder-84882@wincnd returned with HTTP 200
Jul 15 15:01:12.656149 dv-cinder-848821-1-iscsi devstack@c-api.service[110552]: [pid: 110552|app: 0|req: 7/10] 10.222.0.47 () {58 vars in 1297 bytes} [Fri Jul 15 15:01:12 2022] GET /volume/v3/ee67a3bb8d87489587465cf318d97b57/capabilities/hv-cinder-84882@wincnd => generated 715 bytes in 65 msecs (HTTP/1.1 200) 7 headers in 285 bytes (1 switches on core 0)
Jul 15 15:01:12.665185 dv-cinder-848821-1-iscsi devstack@c-api.service[110552]: DEBUG cinder.api.middleware.request_id [None req-5e798fb9-346c-47de-a80a-34889e2d1d96 None None] RequestId filter calling following filter/app {{(pid=110552) _context_setter /opt/stack/cinder/cinder/api/middleware/request_id.py:62}}
Jul 15 15:01:12.674233 dv-cinder-848821-1-iscsi devstack@c-api.service[110552]: INFO cinder.api.openstack.wsgi [None req-5e798fb9-346c-47de-a80a-34889e2d1d96 tempest-BackendsCapabilitiesAdminTestsJSON-1493274349 tempest-BackendsCapabilitiesAdminTestsJSON-1493274349-project-admin] GET http://10.222.0.47/volume/v3/ee67a3bb8d87489587465cf318d97b57/capabilities/hv-cinder-84882@wincnd
Jul 15 15:01:12.674953 dv-cinder-848821-1-iscsi devstack@c-api.service[110552]: DEBUG cinder.api.openstack.wsgi [None req-5e798fb9-346c-47de-a80a-34889e2d1d96 tempest-BackendsCapabilitiesAdminTestsJSON-1493274349 tempest-BackendsCapabilitiesAdminTestsJSON-1493274349-project-admin] Empty body provided in request {{(pid=110552) get_body /opt/stack/cinder/cinder/api/openstack/wsgi.py:715}}
Jul 15 15:01:12.675580 dv-cinder-848821-1-iscsi devstack@c-api.service[110552]: DEBUG cinder.api.openstack.wsgi [None req-5e798fb9-346c-47de-a80a-34889e2d1d96 tempest-BackendsCapabilitiesAdminTestsJSON-1493274349 tempest-BackendsCapabilitiesAdminTestsJSON-1493274349-project-admin] Calling method 'show' {{(pid=110552) _process_stack /opt/stack/cinder/cinder/api/openstack/wsgi.py:868}}
Jul 15 15:01:12.704509 dv-cinder-848821-1-iscsi devstack@c-api.service[110552]: INFO cinder.api.openstack.wsgi [None req-5e798fb9-346c-47de-a80a-34889e2d1d96 tempest-BackendsCapabilitiesAdminTestsJSON-1493274349 tempest-BackendsCapabilitiesAdminTestsJSON-1493274349-project-admin] http://10.222.0.47/volume/v3/ee67a3bb8d87489587465cf318d97b57/capabilities/hv-cinder-84882@wincnd returned with HTTP 200
Jul 15 15:01:12.705523 dv-cinder-848821-1-iscsi devstack@c-api.service[110552]: [pid: 110552|app: 0|req: 8/11] 10.222.0.47 () {58 vars in 1297 bytes} [Fri Jul 15 15:01:12 2022] GET /volume/v3/ee67a3bb8d87489587465cf318d97b57/capabilities/hv-cinder-84882@wincnd => generated 715 bytes in 41 msecs (HTTP/1.1 200) 7 headers in 285 bytes (1 switches on core 0)
Jul 15 15:01:12.739222 dv-cinder-848821-1-iscsi devstack@c-api.service[110553]: DEBUG cinder.volume.api [req-7a8ba825-484f-402f-831f-7d750e4c834b req-dd201741-7626-4939-84d3-7a1b0f0b1bb9 tempest-VolumesSnapshotsTestJSON-1667606675 tempest-VolumesSnapshotsTestJSON-1667606675-project] Flow 'volume_create_api' (c77ad486-c5c2-4e1c-91ec-2264fa4dca4d) transitioned into state 'RUNNING' from state 'PENDING' {{(pid=110553) _flow_receiver /usr/local/lib/python3.8/dist-packages/taskflow/listeners/logging.py:141}}
Jul 15 15:01:12.742206 dv-cinder-848821-1-iscsi devstack@c-api.service[110553]: DEBUG cinder.volume.api [req-7a8ba825-484f-402f-831f-7d750e4c834b req-dd201741-7626-4939-84d3-7a1b0f0b1bb9 tempest-VolumesSnapshotsTestJSON-1667606675 tempest-VolumesSnapshotsTestJSON-1667606675-project] Task 'cinder.volume.flows.api.create_volume.ExtractVolumeRequestTask;volume:create' (57022510-f927-4ecd-822e-fa5e9c6d3ddb) transitioned into state 'RUNNING' from state 'PENDING' {{(pid=110553) _task_receiver /usr/local/lib/python3.8/dist-packages/taskflow/listeners/logging.py:190}}
Jul 15 15:01:12.745117 dv-cinder-848821-1-iscsi devstack@c-api.service[110553]: DEBUG cinder.volume.flows.api.create_volume [req-7a8ba825-484f-402f-831f-7d750e4c834b req-dd201741-7626-4939-84d3-7a1b0f0b1bb9 tempest-VolumesSnapshotsTestJSON-1667606675 tempest-VolumesSnapshotsTestJSON-1667606675-project] Validating volume size '1' using validate_int {{(pid=110553) _extract_size /opt/stack/cinder/cinder/volume/flows/api/create_volume.py:225}}
Jul 15 15:01:12.860741 dv-cinder-848821-1-iscsi devstack@c-api.service[110553]: DEBUG cinder.volume.api [req-7a8ba825-484f-402f-831f-7d750e4c834b req-dd201741-7626-4939-84d3-7a1b0f0b1bb9 tempest-VolumesSnapshotsTestJSON-1667606675 tempest-VolumesSnapshotsTestJSON-1667606675-project] Task 'cinder.volume.flows.api.create_volume.ExtractVolumeRequestTask;volume:create' (57022510-f927-4ecd-822e-fa5e9c6d3ddb) transitioned into state 'SUCCESS' from state 'RUNNING' with result '{'size': 1, 'snapshot_id': None, 'source_volid': None, 'volume_type': VolumeType(created_at=2022-07-15T14:50:54Z,deleted=False,deleted_at=None,description='Default Volume Type',extra_specs={},id=c4ceb7d7-5f29-46a9-ac9e-e9dca4c115a9,is_public=True,name='__DEFAULT__',projects=[],qos_specs=,qos_specs_id=None,updated_at=2022-07-15T14:50:54Z), 'volume_type_id': 'c4ceb7d7-5f29-46a9-ac9e-e9dca4c115a9', 'encryption_key_id': None, 'qos_specs': None, 'consistencygroup_id': None, 'cgsnapshot_id': None, 'group_id': None, 'replication_status': 'disabled', 'refresh_az': False, 'backup_id': None, 'multiattach': False, 'availability_zones': ['nova']}' {{(pid=110553) _task_receiver /usr/local/lib/python3.8/dist-packages/taskflow/listeners/logging.py:178}}
Jul 15 15:01:12.862798 dv-cinder-848821-1-iscsi devstack@c-api.service[110553]: DEBUG cinder.volume.api [req-7a8ba825-484f-402f-831f-7d750e4c834b req-dd201741-7626-4939-84d3-7a1b0f0b1bb9 tempest-VolumesSnapshotsTestJSON-1667606675 tempest-VolumesSnapshotsTestJSON-1667606675-project] Task 'cinder.volume.flows.api.create_volume.QuotaReserveTask;volume:create' (663673dd-da24-40b0-9293-ba945b96f1e8) transitioned into state 'RUNNING' from state 'PENDING' {{(pid=110553) _task_receiver /usr/local/lib/python3.8/dist-packages/taskflow/listeners/logging.py:190}}
Jul 15 15:01:12.929084 dv-cinder-848821-1-iscsi devstack@c-api.service[110553]: WARNING cinder.quota [req-7a8ba825-484f-402f-831f-7d750e4c834b req-dd201741-7626-4939-84d3-7a1b0f0b1bb9 tempest-VolumesSnapshotsTestJSON-1667606675 tempest-VolumesSnapshotsTestJSON-1667606675-project] Deprecated: Default quota for resource: volumes___DEFAULT__ is set by the default quota flag: quota_volumes___DEFAULT__, it is now deprecated. Please use the default quota class for default quota.
Jul 15 15:01:12.930159 dv-cinder-848821-1-iscsi devstack@c-api.service[110553]: WARNING cinder.quota [req-7a8ba825-484f-402f-831f-7d750e4c834b req-dd201741-7626-4939-84d3-7a1b0f0b1bb9 tempest-VolumesSnapshotsTestJSON-1667606675 tempest-VolumesSnapshotsTestJSON-1667606675-project] Deprecated: Default quota for resource: gigabytes___DEFAULT__ is set by the default quota flag: quota_gigabytes___DEFAULT__, it is now deprecated. Please use the default quota class for default quota.
Jul 15 15:01:12.959542 dv-cinder-848821-1-iscsi devstack@c-api.service[110552]: DEBUG cinder.api.middleware.request_id [req-83817f9b-dfa1-4685-ba33-8ef63510b61d req-d20b4bfc-2156-4c9d-be84-7bf3536f62ef None None] RequestId filter calling following filter/app {{(pid=110552) _context_setter /opt/stack/cinder/cinder/api/middleware/request_id.py:62}}
Jul 15 15:01:13.040954 dv-cinder-848821-1-iscsi devstack@c-api.service[110553]: DEBUG cinder.quota [req-7a8ba825-484f-402f-831f-7d750e4c834b req-dd201741-7626-4939-84d3-7a1b0f0b1bb9 tempest-VolumesSnapshotsTestJSON-1667606675 tempest-VolumesSnapshotsTestJSON-1667606675-project] Created reservations ['8262f08a-57f7-4a86-883d-ac33062bc794', '8e7a7b31-0ee8-401c-9f02-12651814dab3', 'a0895647-31c2-4dce-b7b1-6a00ab579549', 'b971ce40-dfda-45df-b374-a591b63b24d1'] {{(pid=110553) reserve /opt/stack/cinder/cinder/quota.py:755}}
Jul 15 15:01:13.043303 dv-cinder-848821-1-iscsi devstack@c-api.service[110553]: DEBUG cinder.volume.api [req-7a8ba825-484f-402f-831f-7d750e4c834b req-dd201741-7626-4939-84d3-7a1b0f0b1bb9 tempest-VolumesSnapshotsTestJSON-1667606675 tempest-VolumesSnapshotsTestJSON-1667606675-project] Task 'cinder.volume.flows.api.create_volume.QuotaReserveTask;volume:create' (663673dd-da24-40b0-9293-ba945b96f1e8) transitioned into state 'SUCCESS' from state 'RUNNING' with result '{'reservations': ['8262f08a-57f7-4a86-883d-ac33062bc794', '8e7a7b31-0ee8-401c-9f02-12651814dab3', 'a0895647-31c2-4dce-b7b1-6a00ab579549', 'b971ce40-dfda-45df-b374-a591b63b24d1']}' {{(pid=110553) _task_receiver /usr/local/lib/python3.8/dist-packages/taskflow/listeners/logging.py:178}}
Jul 15 15:01:13.045613 dv-cinder-848821-1-iscsi devstack@c-api.service[110553]: DEBUG cinder.volume.api [req-7a8ba825-484f-402f-831f-7d750e4c834b req-dd201741-7626-4939-84d3-7a1b0f0b1bb9 tempest-VolumesSnapshotsTestJSON-1667606675 tempest-VolumesSnapshotsTestJSON-1667606675-project] Task 'cinder.volume.flows.api.create_volume.EntryCreateTask;volume:create' (f0d56cb3-ae06-4e02-ba38-70c71387dd30) transitioned into state 'RUNNING' from state 'PENDING' {{(pid=110553) _task_receiver /usr/local/lib/python3.8/dist-packages/taskflow/listeners/logging.py:190}}
Jul 15 15:01:13.057409 dv-cinder-848821-1-iscsi devstack@c-api.service[110552]: WARNING keystonemiddleware.auth_token [req-83817f9b-dfa1-4685-ba33-8ef63510b61d req-d20b4bfc-2156-4c9d-be84-7bf3536f62ef None None] A valid token was submitted as a service token, but it was not a valid service token. This is incorrect but backwards compatible behaviour. This will be removed in future releases.
Jul 15 15:01:13.060966 dv-cinder-848821-1-iscsi devstack@c-api.service[110552]: INFO cinder.api.openstack.wsgi [req-83817f9b-dfa1-4685-ba33-8ef63510b61d req-d20b4bfc-2156-4c9d-be84-7bf3536f62ef tempest-VolumesGetTestJSON-387698206 tempest-VolumesGetTestJSON-387698206-project] POST http://10.222.0.47/volume/v3/e5d5a71963ff46aab5da8a7a82025a6d/volumes
Jul 15 15:01:13.061901 dv-cinder-848821-1-iscsi devstack@c-api.service[110552]: DEBUG cinder.api.openstack.wsgi [req-83817f9b-dfa1-4685-ba33-8ef63510b61d req-d20b4bfc-2156-4c9d-be84-7bf3536f62ef tempest-VolumesGetTestJSON-387698206 tempest-VolumesGetTestJSON-387698206-project] Action: 'create', calling method: create, body: {"volume": {"size": 1, "consistencygroup_id": null, "snapshot_id": null, "name": "tempest-VolumesGetTestJSON-Volume-326452403", "description": null, "volume_type": null, "availability_zone": null, "metadata": {"Type": "work"}, "imageRef": null, "source_volid": null, "backup_id": null}} {{(pid=110552) _process_stack /opt/stack/cinder/cinder/api/openstack/wsgi.py:866}}
Jul 15 15:01:13.064386 dv-cinder-848821-1-iscsi devstack@c-api.service[110552]: DEBUG cinder.api.v3.volumes [req-83817f9b-dfa1-4685-ba33-8ef63510b61d req-d20b4bfc-2156-4c9d-be84-7bf3536f62ef tempest-VolumesGetTestJSON-387698206 tempest-VolumesGetTestJSON-387698206-project] Create volume request body: {'volume': {'size': 1, 'consistencygroup_id': None, 'snapshot_id': None, 'name': 'tempest-VolumesGetTestJSON-Volume-326452403', 'description': None, 'volume_type': None, 'availability_zone': None, 'metadata': {'Type': 'work'}, 'imageRef': None, 'source_volid': None, 'backup_id': None}} {{(pid=110552) create /opt/stack/cinder/cinder/api/v3/volumes.py:298}}
Jul 15 15:01:13.065217 dv-cinder-848821-1-iscsi devstack@c-api.service[110552]: INFO cinder.api.v3.volumes [req-83817f9b-dfa1-4685-ba33-8ef63510b61d req-d20b4bfc-2156-4c9d-be84-7bf3536f62ef tempest-VolumesGetTestJSON-387698206 tempest-VolumesGetTestJSON-387698206-project] Create volume of 1 GB
Jul 15 15:01:13.107430 dv-cinder-848821-1-iscsi devstack@c-api.service[110552]: DEBUG cinder.volume.api [req-83817f9b-dfa1-4685-ba33-8ef63510b61d req-d20b4bfc-2156-4c9d-be84-7bf3536f62ef tempest-VolumesGetTestJSON-387698206 tempest-VolumesGetTestJSON-387698206-project] Availability zone cache updated, next update will occur around 2022-07-15 16:01:13.106576. {{(pid=110552) list_availability_zones /opt/stack/cinder/cinder/volume/api.py:152}}
Jul 15 15:01:13.107734 dv-cinder-848821-1-iscsi devstack@c-api.service[110552]: INFO cinder.volume.api [req-83817f9b-dfa1-4685-ba33-8ef63510b61d req-d20b4bfc-2156-4c9d-be84-7bf3536f62ef tempest-VolumesGetTestJSON-387698206 tempest-VolumesGetTestJSON-387698206-project] Availability Zones retrieved successfully.
Jul 15 15:01:13.189488 dv-cinder-848821-1-iscsi devstack@c-api.service[110553]: DEBUG cinder.volume.api [req-7a8ba825-484f-402f-831f-7d750e4c834b req-dd201741-7626-4939-84d3-7a1b0f0b1bb9 tempest-VolumesSnapshotsTestJSON-1667606675 tempest-VolumesSnapshotsTestJSON-1667606675-project] Task 'cinder.volume.flows.api.create_volume.EntryCreateTask;volume:create' (f0d56cb3-ae06-4e02-ba38-70c71387dd30) transitioned into state 'SUCCESS' from state 'RUNNING' with result '{'volume_id': '125d735c-adba-4f14-9fd7-75ed3b88ef07', 'volume_properties': VolumeProperties(attach_status='detached',availability_zone='nova',cgsnapshot_id=None,consistencygroup_id=None,display_description=None,display_name='tempest-VolumesSnapshotsTestJSON-volume-1610832943',encryption_key_id=None,group_id=None,group_type_id=,metadata={},multiattach=False,project_id='d03ce410180b4b7e9906530850f3d381',qos_specs=None,replication_status=,reservations=['8262f08a-57f7-4a86-883d-ac33062bc794','8e7a7b31-0ee8-401c-9f02-12651814dab3','a0895647-31c2-4dce-b7b1-6a00ab579549','b971ce40-dfda-45df-b374-a591b63b24d1'],size=1,snapshot_id=None,source_replicaid=,source_volid=None,status='creating',user_id='7f4d1913d3c24918a78778ce7236a82c',volume_type_id=c4ceb7d7-5f29-46a9-ac9e-e9dca4c115a9), 'volume': Volume(_name_id=None,admin_metadata=,attach_status='detached',availability_zone='nova',bootable=False,cluster=,cluster_name=None,consistencygroup=,consistencygroup_id=None,created_at=2022-07-15T15:01:13Z,deleted=False,deleted_at=None,display_description=None,display_name='tempest-VolumesSnapshotsTestJSON-volume-1610832943',ec2_id=None,encryption_key_id=None,glance_metadata=,group=,group_id=None,host=None,id=125d735c-adba-4f14-9fd7-75ed3b88ef07,launched_at=None,metadata={},migration_status=None,multiattach=False,previous_status=None,project_id='d03ce410180b4b7e9906530850f3d381',provider_auth=None,provider_geometry=None,provider_id=None,provider_location=None,replication_driver_data=None,replication_extended_status=None,replication_status=None,scheduled_at=None,service_uuid=None,shared_targets=True,size=1,snapshot_id=None,snapshots=,source_volid=None,status='creating',terminated_at=None,updated_at=None,use_quota=True,user_id='7f4d1913d3c24918a78778ce7236a82c',volume_attachment=VolumeAttachmentList,volume_type=VolumeType(c4ceb7d7-5f29-46a9-ac9e-e9dca4c115a9),volume_type_id=c4ceb7d7-5f29-46a9-ac9e-e9dca4c115a9)}' {{(pid=110553) _task_receiver /usr/local/lib/python3.8/dist-packages/taskflow/listeners/logging.py:178}}
Jul 15 15:01:13.192262 dv-cinder-848821-1-iscsi devstack@c-api.service[110553]: DEBUG cinder.volume.api [req-7a8ba825-484f-402f-831f-7d750e4c834b req-dd201741-7626-4939-84d3-7a1b0f0b1bb9 tempest-VolumesSnapshotsTestJSON-1667606675 tempest-VolumesSnapshotsTestJSON-1667606675-project] Task 'cinder.volume.flows.api.create_volume.QuotaCommitTask;volume:create' (156a16af-97d3-4719-935d-d0a1e2597a78) transitioned into state 'RUNNING' from state 'PENDING' {{(pid=110553) _task_receiver /usr/local/lib/python3.8/dist-packages/taskflow/listeners/logging.py:190}}
Jul 15 15:01:13.203613 dv-cinder-848821-1-iscsi devstack@c-api.service[110552]: DEBUG cinder.volume.api [req-83817f9b-dfa1-4685-ba33-8ef63510b61d req-d20b4bfc-2156-4c9d-be84-7bf3536f62ef tempest-VolumesGetTestJSON-387698206 tempest-VolumesGetTestJSON-387698206-project] Flow 'volume_create_api' (e1e7c2d5-17b1-4c96-b951-acf478f81f42) transitioned into state 'RUNNING' from state 'PENDING' {{(pid=110552) _flow_receiver /usr/local/lib/python3.8/dist-packages/taskflow/listeners/logging.py:141}}
Jul 15 15:01:13.206403 dv-cinder-848821-1-iscsi devstack@c-api.service[110552]: DEBUG cinder.volume.api [req-83817f9b-dfa1-4685-ba33-8ef63510b61d req-d20b4bfc-2156-4c9d-be84-7bf3536f62ef tempest-VolumesGetTestJSON-387698206 tempest-VolumesGetTestJSON-387698206-project] Task 'cinder.volume.flows.api.create_volume.ExtractVolumeRequestTask;volume:create' (23cc4bea-381b-42e3-be76-c92a646d4b66) transitioned into state 'RUNNING' from state 'PENDING' {{(pid=110552) _task_receiver /usr/local/lib/python3.8/dist-packages/taskflow/listeners/logging.py:190}}
Jul 15 15:01:13.209005 dv-cinder-848821-1-iscsi devstack@c-api.service[110552]: DEBUG cinder.volume.flows.api.create_volume [req-83817f9b-dfa1-4685-ba33-8ef63510b61d req-d20b4bfc-2156-4c9d-be84-7bf3536f62ef tempest-VolumesGetTestJSON-387698206 tempest-VolumesGetTestJSON-387698206-project] Validating volume size '1' using validate_int {{(pid=110552) _extract_size /opt/stack/cinder/cinder/volume/flows/api/create_volume.py:225}}
Jul 15 15:01:13.235610 dv-cinder-848821-1-iscsi devstack@c-api.service[110553]: DEBUG cinder.volume.api [req-7a8ba825-484f-402f-831f-7d750e4c834b req-dd201741-7626-4939-84d3-7a1b0f0b1bb9 tempest-VolumesSnapshotsTestJSON-1667606675 tempest-VolumesSnapshotsTestJSON-1667606675-project] Task 'cinder.volume.flows.api.create_volume.QuotaCommitTask;volume:create' (156a16af-97d3-4719-935d-d0a1e2597a78) transitioned into state 'SUCCESS' from state 'RUNNING' with result '{'volume_properties': VolumeProperties(attach_status='detached',availability_zone='nova',cgsnapshot_id=None,consistencygroup_id=None,display_description=None,display_name='tempest-VolumesSnapshotsTestJSON-volume-1610832943',encryption_key_id=None,group_id=None,group_type_id=,metadata={},multiattach=False,project_id='d03ce410180b4b7e9906530850f3d381',qos_specs=None,replication_status=,reservations=['8262f08a-57f7-4a86-883d-ac33062bc794','8e7a7b31-0ee8-401c-9f02-12651814dab3','a0895647-31c2-4dce-b7b1-6a00ab579549','b971ce40-dfda-45df-b374-a591b63b24d1'],size=1,snapshot_id=None,source_replicaid=,source_volid=None,status='creating',user_id='7f4d1913d3c24918a78778ce7236a82c',volume_type_id=c4ceb7d7-5f29-46a9-ac9e-e9dca4c115a9)}' {{(pid=110553) _task_receiver /usr/local/lib/python3.8/dist-packages/taskflow/listeners/logging.py:178}}
Jul 15 15:01:13.239756 dv-cinder-848821-1-iscsi devstack@c-api.service[110553]: DEBUG cinder.volume.api [req-7a8ba825-484f-402f-831f-7d750e4c834b req-dd201741-7626-4939-84d3-7a1b0f0b1bb9 tempest-VolumesSnapshotsTestJSON-1667606675 tempest-VolumesSnapshotsTestJSON-1667606675-project] Task 'cinder.volume.flows.api.create_volume.VolumeCastTask;volume:create' (b2003e4c-76e1-4f68-8a50-2a0005b85e01) transitioned into state 'RUNNING' from state 'PENDING' {{(pid=110553) _task_receiver /usr/local/lib/python3.8/dist-packages/taskflow/listeners/logging.py:190}}
Jul 15 15:01:13.340745 dv-cinder-848821-1-iscsi devstack@c-api.service[110552]: DEBUG cinder.volume.api [req-83817f9b-dfa1-4685-ba33-8ef63510b61d req-d20b4bfc-2156-4c9d-be84-7bf3536f62ef tempest-VolumesGetTestJSON-387698206 tempest-VolumesGetTestJSON-387698206-project] Task 'cinder.volume.flows.api.create_volume.ExtractVolumeRequestTask;volume:create' (23cc4bea-381b-42e3-be76-c92a646d4b66) transitioned into state 'SUCCESS' from state 'RUNNING' with result '{'size': 1, 'snapshot_id': None, 'source_volid': None, 'volume_type': VolumeType(created_at=2022-07-15T14:50:54Z,deleted=False,deleted_at=None,description='Default Volume Type',extra_specs={},id=c4ceb7d7-5f29-46a9-ac9e-e9dca4c115a9,is_public=True,name='__DEFAULT__',projects=[],qos_specs=,qos_specs_id=None,updated_at=2022-07-15T14:50:54Z), 'volume_type_id': 'c4ceb7d7-5f29-46a9-ac9e-e9dca4c115a9', 'encryption_key_id': None, 'qos_specs': None, 'consistencygroup_id': None, 'cgsnapshot_id': None, 'group_id': None, 'replication_status': 'disabled', 'refresh_az': False, 'backup_id': None, 'multiattach': False, 'availability_zones': ['nova']}' {{(pid=110552) _task_receiver /usr/local/lib/python3.8/dist-packages/taskflow/listeners/logging.py:178}}
Jul 15 15:01:13.348764 dv-cinder-848821-1-iscsi devstack@c-api.service[110553]: DEBUG cinder.volume.api [req-7a8ba825-484f-402f-831f-7d750e4c834b req-dd201741-7626-4939-84d3-7a1b0f0b1bb9 tempest-VolumesSnapshotsTestJSON-1667606675 tempest-VolumesSnapshotsTestJSON-1667606675-project] Task 'cinder.volume.flows.api.create_volume.VolumeCastTask;volume:create' (b2003e4c-76e1-4f68-8a50-2a0005b85e01) transitioned into state 'SUCCESS' from state 'RUNNING' with result 'None' {{(pid=110553) _task_receiver /usr/local/lib/python3.8/dist-packages/taskflow/listeners/logging.py:178}}
Jul 15 15:01:13.349453 dv-cinder-848821-1-iscsi devstack@c-api.service[110552]: DEBUG cinder.volume.api [req-83817f9b-dfa1-4685-ba33-8ef63510b61d req-d20b4bfc-2156-4c9d-be84-7bf3536f62ef tempest-VolumesGetTestJSON-387698206 tempest-VolumesGetTestJSON-387698206-project] Task 'cinder.volume.flows.api.create_volume.QuotaReserveTask;volume:create' (2a7a7423-1a45-4e0f-b4ce-79d1d193f660) transitioned into state 'RUNNING' from state 'PENDING' {{(pid=110552) _task_receiver /usr/local/lib/python3.8/dist-packages/taskflow/listeners/logging.py:190}}
Jul 15 15:01:13.351457 dv-cinder-848821-1-iscsi devstack@c-api.service[110553]: DEBUG cinder.volume.api [req-7a8ba825-484f-402f-831f-7d750e4c834b req-dd201741-7626-4939-84d3-7a1b0f0b1bb9 tempest-VolumesSnapshotsTestJSON-1667606675 tempest-VolumesSnapshotsTestJSON-1667606675-project] Flow 'volume_create_api' (c77ad486-c5c2-4e1c-91ec-2264fa4dca4d) transitioned into state 'SUCCESS' from state 'RUNNING' {{(pid=110553) _flow_receiver /usr/local/lib/python3.8/dist-packages/taskflow/listeners/logging.py:141}}
Jul 15 15:01:13.352713 dv-cinder-848821-1-iscsi devstack@c-api.service[110553]: INFO cinder.volume.api [req-7a8ba825-484f-402f-831f-7d750e4c834b req-dd201741-7626-4939-84d3-7a1b0f0b1bb9 tempest-VolumesSnapshotsTestJSON-1667606675 tempest-VolumesSnapshotsTestJSON-1667606675-project] Create volume request issued successfully.
Jul 15 15:01:13.354464 dv-cinder-848821-1-iscsi devstack@c-api.service[110553]: INFO cinder.api.openstack.wsgi [req-7a8ba825-484f-402f-831f-7d750e4c834b req-dd201741-7626-4939-84d3-7a1b0f0b1bb9 tempest-VolumesSnapshotsTestJSON-1667606675 tempest-VolumesSnapshotsTestJSON-1667606675-project] http://10.222.0.47/volume/v3/d03ce410180b4b7e9906530850f3d381/volumes returned with HTTP 202
Jul 15 15:01:13.356715 dv-cinder-848821-1-iscsi devstack@c-api.service[110553]: [pid: 110553|app: 0|req: 4/12] 10.222.0.47 () {64 vars in 1521 bytes} [Fri Jul 15 15:01:12 2022] POST /volume/v3/d03ce410180b4b7e9906530850f3d381/volumes => generated 824 bytes in 1263 msecs (HTTP/1.1 202) 7 headers in 291 bytes (1 switches on core 0)
Jul 15 15:01:13.362592 dv-cinder-848821-1-iscsi devstack@c-api.service[110553]: DEBUG cinder.api.middleware.request_id [req-7a8ba825-484f-402f-831f-7d750e4c834b req-e161b134-500e-4d3e-a31f-0867dbd0cd75 None None] RequestId filter calling following filter/app {{(pid=110553) _context_setter /opt/stack/cinder/cinder/api/middleware/request_id.py:62}}
Jul 15 15:01:13.367183 dv-cinder-848821-1-iscsi devstack@c-api.service[110553]: INFO cinder.api.openstack.wsgi [req-7a8ba825-484f-402f-831f-7d750e4c834b req-e161b134-500e-4d3e-a31f-0867dbd0cd75 tempest-VolumesSnapshotsTestJSON-1667606675 tempest-VolumesSnapshotsTestJSON-1667606675-project] GET http://10.222.0.47/volume/v3/d03ce410180b4b7e9906530850f3d381/volumes/125d735c-adba-4f14-9fd7-75ed3b88ef07
Jul 15 15:01:13.372792 dv-cinder-848821-1-iscsi devstack@c-api.service[110553]: DEBUG cinder.api.openstack.wsgi [req-7a8ba825-484f-402f-831f-7d750e4c834b req-e161b134-500e-4d3e-a31f-0867dbd0cd75 tempest-VolumesSnapshotsTestJSON-1667606675 tempest-VolumesSnapshotsTestJSON-1667606675-project] Empty body provided in request {{(pid=110553) get_body /opt/stack/cinder/cinder/api/openstack/wsgi.py:715}}
Jul 15 15:01:13.373664 dv-cinder-848821-1-iscsi devstack@c-api.service[110553]: DEBUG cinder.api.openstack.wsgi [req-7a8ba825-484f-402f-831f-7d750e4c834b req-e161b134-500e-4d3e-a31f-0867dbd0cd75 tempest-VolumesSnapshotsTestJSON-1667606675 tempest-VolumesSnapshotsTestJSON-1667606675-project] Calling method 'show' {{(pid=110553) _process_stack /opt/stack/cinder/cinder/api/openstack/wsgi.py:868}}
Jul 15 15:01:13.404052 dv-cinder-848821-1-iscsi devstack@c-api.service[110553]: /usr/local/lib/python3.8/dist-packages/oslo_context/context.py:100: DeprecationWarning: Policy enforcement is depending on the value of is_admin. This key is deprecated. Please update your policy file to use the standard policy values.
Jul 15 15:01:13.404052 dv-cinder-848821-1-iscsi devstack@c-api.service[110553]: warnings.warn('Policy enforcement is depending on the value of '
