Jul 12 17:39:53.698315 dv-cinder-848759-2-iscsi devstack@c-api.service[117945]: INFO cinder.volume.api [None req-b169ca15-d9d6-417c-b0b6-3d6069a3bb0a tempest-GroupSnapshotsTest-1709576589 tempest-GroupSnapshotsTest-1709576589-project] Get all volumes completed successfully.
Jul 12 17:39:53.701223 dv-cinder-848759-2-iscsi devstack@c-api.service[117945]: WARNING stevedore.named [None req-b169ca15-d9d6-417c-b0b6-3d6069a3bb0a tempest-GroupSnapshotsTest-1709576589 tempest-GroupSnapshotsTest-1709576589-project] Could not load cinder.keymgr.conf_key_mgr.ConfKeyManager
Jul 12 17:39:53.710778 dv-cinder-848759-2-iscsi devstack@c-api.service[117945]: WARNING castellan.key_manager [None req-b169ca15-d9d6-417c-b0b6-3d6069a3bb0a tempest-GroupSnapshotsTest-1709576589 tempest-GroupSnapshotsTest-1709576589-project] Deprecation Warning : cinder.keymgr.conf_key_mgr.ConfKeyManager is not a stevedore based driver, trying to load it as a class: stevedore.exception.NoMatches: No 'castellan.drivers' driver found, looking for 'cinder.keymgr.conf_key_mgr.ConfKeyManager'
Jul 12 17:39:53.710778 dv-cinder-848759-2-iscsi devstack@c-api.service[117945]: DEBUG oslo_db.sqlalchemy.engines [None req-b169ca15-d9d6-417c-b0b6-3d6069a3bb0a tempest-GroupSnapshotsTest-1709576589 tempest-GroupSnapshotsTest-1709576589-project] MySQL server mode set to STRICT_TRANS_TABLES,STRICT_ALL_TABLES,NO_ZERO_IN_DATE,NO_ZERO_DATE,ERROR_FOR_DIVISION_BY_ZERO,TRADITIONAL,NO_ENGINE_SUBSTITUTION {{(pid=117945) _check_effective_sql_mode /usr/local/lib/python3.8/dist-packages/oslo_db/sqlalchemy/engines.py:314}}
Jul 12 17:39:53.719740 dv-cinder-848759-2-iscsi devstack@c-api.service[117945]: /usr/local/lib/python3.8/dist-packages/oslo_context/context.py:100: DeprecationWarning: Policy enforcement is depending on the value of is_admin. This key is deprecated. Please update your policy file to use the standard policy values.
Jul 12 17:39:53.719740 dv-cinder-848759-2-iscsi devstack@c-api.service[117945]: warnings.warn('Policy enforcement is depending on the value of '
Jul 12 17:39:53.730246 dv-cinder-848759-2-iscsi devstack@c-api.service[117945]: WARNING stevedore.named [None req-b169ca15-d9d6-417c-b0b6-3d6069a3bb0a tempest-GroupSnapshotsTest-1709576589 tempest-GroupSnapshotsTest-1709576589-project] Could not load cinder.keymgr.conf_key_mgr.ConfKeyManager
Jul 12 17:39:53.730778 dv-cinder-848759-2-iscsi devstack@c-api.service[117945]: WARNING castellan.key_manager [None req-b169ca15-d9d6-417c-b0b6-3d6069a3bb0a tempest-GroupSnapshotsTest-1709576589 tempest-GroupSnapshotsTest-1709576589-project] Deprecation Warning : cinder.keymgr.conf_key_mgr.ConfKeyManager is not a stevedore based driver, trying to load it as a class: stevedore.exception.NoMatches: No 'castellan.drivers' driver found, looking for 'cinder.keymgr.conf_key_mgr.ConfKeyManager'
Jul 12 17:39:53.737579 dv-cinder-848759-2-iscsi devstack@c-api.service[117946]: DEBUG cinder.volume.api [None req-0663e5ee-3397-41e5-a8d4-5104d54e7033 tempest-VolumesActionsTest-1922325739 tempest-VolumesActionsTest-1922325739-project] Task 'cinder.volume.flows.api.create_volume.QuotaCommitTask;volume:create' (57132125-b889-402d-b1c0-2111349b8c9f) transitioned into state 'SUCCESS' from state 'RUNNING' with result '{'volume_properties': VolumeProperties(attach_status='detached',availability_zone='nova',cgsnapshot_id=None,consistencygroup_id=None,display_description=None,display_name='tempest-VolumesActionsTest-Volume-1760641175',encryption_key_id=None,group_id=None,group_type_id=,metadata={},multiattach=False,project_id='b3cb433fc8c44c87a642aaa9011ff624',qos_specs=None,replication_status=,reservations=['fcf8e9a9-a46b-4356-8037-b5501e847faa','03cae8bf-af3e-404a-a9f1-2f7361e8165b','1ecdd81a-a40a-4281-be57-35f24e824940','3ea2f848-4f6e-462f-a891-00a860d9643d'],size=1,snapshot_id=None,source_replicaid=,source_volid=None,status='creating',user_id='2c4deca7942842759f795ab5299b44a3',volume_type_id=127517bb-70d3-4c78-ac85-1e8e96d56693)}' {{(pid=117946) _task_receiver /usr/local/lib/python3.8/dist-packages/taskflow/listeners/logging.py:178}}
Jul 12 17:39:53.740256 dv-cinder-848759-2-iscsi devstack@c-api.service[117946]: DEBUG cinder.volume.api [None req-0663e5ee-3397-41e5-a8d4-5104d54e7033 tempest-VolumesActionsTest-1922325739 tempest-VolumesActionsTest-1922325739-project] Task 'cinder.volume.flows.api.create_volume.VolumeCastTask;volume:create' (94ac5844-4be1-4dfd-96e3-813456818ba7) transitioned into state 'RUNNING' from state 'PENDING' {{(pid=117946) _task_receiver /usr/local/lib/python3.8/dist-packages/taskflow/listeners/logging.py:190}}
Jul 12 17:39:53.741387 dv-cinder-848759-2-iscsi devstack@c-api.service[117945]: DEBUG oslo_db.sqlalchemy.engines [None req-b169ca15-d9d6-417c-b0b6-3d6069a3bb0a tempest-GroupSnapshotsTest-1709576589 tempest-GroupSnapshotsTest-1709576589-project] MySQL server mode set to STRICT_TRANS_TABLES,STRICT_ALL_TABLES,NO_ZERO_IN_DATE,NO_ZERO_DATE,ERROR_FOR_DIVISION_BY_ZERO,TRADITIONAL,NO_ENGINE_SUBSTITUTION {{(pid=117945) _check_effective_sql_mode /usr/local/lib/python3.8/dist-packages/oslo_db/sqlalchemy/engines.py:314}}
Jul 12 17:39:53.750949 dv-cinder-848759-2-iscsi devstack@c-api.service[117945]: /usr/local/lib/python3.8/dist-packages/oslo_context/context.py:100: DeprecationWarning: Policy enforcement is depending on the value of is_admin. This key is deprecated. Please update your policy file to use the standard policy values.
Jul 12 17:39:53.750949 dv-cinder-848759-2-iscsi devstack@c-api.service[117945]: warnings.warn('Policy enforcement is depending on the value of '
Jul 12 17:39:53.772031 dv-cinder-848759-2-iscsi devstack@c-api.service[117945]: INFO cinder.api.openstack.wsgi [None req-b169ca15-d9d6-417c-b0b6-3d6069a3bb0a tempest-GroupSnapshotsTest-1709576589 tempest-GroupSnapshotsTest-1709576589-project] http://10.222.0.16/volume/v3/a224f7b691294e7f89e6b5d8ee401624/volumes/detail returned with HTTP 200
Jul 12 17:39:53.773185 dv-cinder-848759-2-iscsi devstack@c-api.service[117945]: [pid: 117945|app: 0|req: 77/143] 10.222.0.16 () {60 vars in 1275 bytes} [Tue Jul 12 17:39:53 2022] GET /volume/v3/a224f7b691294e7f89e6b5d8ee401624/volumes/detail => generated 1987 bytes in 145 msecs (HTTP/1.1 200) 7 headers in 287 bytes (1 switches on core 0)
Jul 12 17:39:53.774743 dv-cinder-848759-2-iscsi devstack@c-api.service[117945]: DEBUG cinder.api.middleware.request_id [None req-47cb9397-d0cd-4ea7-9b5e-30d0962db77a None None] RequestId filter calling following filter/app {{(pid=117945) _context_setter /opt/stack/cinder/cinder/api/middleware/request_id.py:62}}
Jul 12 17:39:53.779844 dv-cinder-848759-2-iscsi devstack@c-api.service[117945]: INFO cinder.api.openstack.wsgi [None req-47cb9397-d0cd-4ea7-9b5e-30d0962db77a tempest-VolumesTransfersV355Test-2064216159 tempest-VolumesTransfersV355Test-2064216159-project] GET http://10.222.0.16/volume/v3/18f82954e6a348c9b4d5db65b70a119c/volumes/9cbec9b0-edb5-4547-a742-f08f397ce3a4
Jul 12 17:39:53.780438 dv-cinder-848759-2-iscsi devstack@c-api.service[117945]: DEBUG cinder.api.openstack.wsgi [None req-47cb9397-d0cd-4ea7-9b5e-30d0962db77a tempest-VolumesTransfersV355Test-2064216159 tempest-VolumesTransfersV355Test-2064216159-project] Empty body provided in request {{(pid=117945) get_body /opt/stack/cinder/cinder/api/openstack/wsgi.py:715}}
Jul 12 17:39:53.780900 dv-cinder-848759-2-iscsi devstack@c-api.service[117945]: DEBUG cinder.api.openstack.wsgi [None req-47cb9397-d0cd-4ea7-9b5e-30d0962db77a tempest-VolumesTransfersV355Test-2064216159 tempest-VolumesTransfersV355Test-2064216159-project] Calling method 'show' {{(pid=117945) _process_stack /opt/stack/cinder/cinder/api/openstack/wsgi.py:868}}
Jul 12 17:39:53.805015 dv-cinder-848759-2-iscsi devstack@c-api.service[117945]: /usr/local/lib/python3.8/dist-packages/oslo_context/context.py:100: DeprecationWarning: Policy enforcement is depending on the value of is_admin. This key is deprecated. Please update your policy file to use the standard policy values.
Jul 12 17:39:53.805015 dv-cinder-848759-2-iscsi devstack@c-api.service[117945]: warnings.warn('Policy enforcement is depending on the value of '
Jul 12 17:39:53.816238 dv-cinder-848759-2-iscsi devstack@c-api.service[117945]: INFO cinder.volume.api [None req-47cb9397-d0cd-4ea7-9b5e-30d0962db77a tempest-VolumesTransfersV355Test-2064216159 tempest-VolumesTransfersV355Test-2064216159-project] Volume info retrieved successfully.
Jul 12 17:39:53.828905 dv-cinder-848759-2-iscsi devstack@c-api.service[117945]: INFO cinder.api.openstack.wsgi [None req-47cb9397-d0cd-4ea7-9b5e-30d0962db77a tempest-VolumesTransfersV355Test-2064216159 tempest-VolumesTransfersV355Test-2064216159-project] http://10.222.0.16/volume/v3/18f82954e6a348c9b4d5db65b70a119c/volumes/9cbec9b0-edb5-4547-a742-f08f397ce3a4 returned with HTTP 200
Jul 12 17:39:53.829974 dv-cinder-848759-2-iscsi devstack@c-api.service[117945]: [pid: 117945|app: 0|req: 78/144] 10.222.0.16 () {60 vars in 1365 bytes} [Tue Jul 12 17:39:53 2022] GET /volume/v3/18f82954e6a348c9b4d5db65b70a119c/volumes/9cbec9b0-edb5-4547-a742-f08f397ce3a4 => generated 1014 bytes in 56 msecs (HTTP/1.1 200) 7 headers in 287 bytes (1 switches on core 0)
Jul 12 17:39:53.836094 dv-cinder-848759-2-iscsi devstack@c-api.service[117945]: DEBUG cinder.api.middleware.request_id [None req-1a97bafe-11c0-4a5f-98e0-79ca8b904fa4 None None] RequestId filter calling following filter/app {{(pid=117945) _context_setter /opt/stack/cinder/cinder/api/middleware/request_id.py:62}}
Jul 12 17:39:53.856382 dv-cinder-848759-2-iscsi devstack@c-api.service[117945]: INFO cinder.api.openstack.wsgi [None req-1a97bafe-11c0-4a5f-98e0-79ca8b904fa4 tempest-GroupSnapshotsTest-1709576589 tempest-GroupSnapshotsTest-1709576589-project] GET http://10.222.0.16/volume/v3/a224f7b691294e7f89e6b5d8ee401624/volumes/847efed5-9273-4489-89c9-a46aba827b87
Jul 12 17:39:53.856921 dv-cinder-848759-2-iscsi devstack@c-api.service[117945]: DEBUG cinder.api.openstack.wsgi [None req-1a97bafe-11c0-4a5f-98e0-79ca8b904fa4 tempest-GroupSnapshotsTest-1709576589 tempest-GroupSnapshotsTest-1709576589-project] Empty body provided in request {{(pid=117945) get_body /opt/stack/cinder/cinder/api/openstack/wsgi.py:715}}
Jul 12 17:39:53.857436 dv-cinder-848759-2-iscsi devstack@c-api.service[117945]: DEBUG cinder.api.openstack.wsgi [None req-1a97bafe-11c0-4a5f-98e0-79ca8b904fa4 tempest-GroupSnapshotsTest-1709576589 tempest-GroupSnapshotsTest-1709576589-project] Calling method 'show' {{(pid=117945) _process_stack /opt/stack/cinder/cinder/api/openstack/wsgi.py:868}}
Jul 12 17:39:53.868795 dv-cinder-848759-2-iscsi devstack@c-api.service[117946]: DEBUG cinder.volume.api [None req-0663e5ee-3397-41e5-a8d4-5104d54e7033 tempest-VolumesActionsTest-1922325739 tempest-VolumesActionsTest-1922325739-project] Task 'cinder.volume.flows.api.create_volume.VolumeCastTask;volume:create' (94ac5844-4be1-4dfd-96e3-813456818ba7) transitioned into state 'SUCCESS' from state 'RUNNING' with result 'None' {{(pid=117946) _task_receiver /usr/local/lib/python3.8/dist-packages/taskflow/listeners/logging.py:178}}
Jul 12 17:39:53.872009 dv-cinder-848759-2-iscsi devstack@c-api.service[117946]: DEBUG cinder.volume.api [None req-0663e5ee-3397-41e5-a8d4-5104d54e7033 tempest-VolumesActionsTest-1922325739 tempest-VolumesActionsTest-1922325739-project] Flow 'volume_create_api' (448ebba7-7987-4f5d-baa0-25667bc56ef2) transitioned into state 'SUCCESS' from state 'RUNNING' {{(pid=117946) _flow_receiver /usr/local/lib/python3.8/dist-packages/taskflow/listeners/logging.py:141}}
Jul 12 17:39:53.876779 dv-cinder-848759-2-iscsi devstack@c-api.service[117946]: INFO cinder.volume.api [None req-0663e5ee-3397-41e5-a8d4-5104d54e7033 tempest-VolumesActionsTest-1922325739 tempest-VolumesActionsTest-1922325739-project] Create volume request issued successfully.
Jul 12 17:39:53.878419 dv-cinder-848759-2-iscsi devstack@c-api.service[117946]: INFO cinder.api.openstack.wsgi [None req-0663e5ee-3397-41e5-a8d4-5104d54e7033 tempest-VolumesActionsTest-1922325739 tempest-VolumesActionsTest-1922325739-project] http://10.222.0.16/volume/v3/b3cb433fc8c44c87a642aaa9011ff624/volumes returned with HTTP 202
Jul 12 17:39:53.882562 dv-cinder-848759-2-iscsi devstack@c-api.service[117946]: [pid: 117946|app: 0|req: 67/145] 10.222.0.16 () {60 vars in 1234 bytes} [Tue Jul 12 17:39:52 2022] POST /volume/v3/b3cb433fc8c44c87a642aaa9011ff624/volumes => generated 818 bytes in 1385 msecs (HTTP/1.1 202) 7 headers in 291 bytes (1 switches on core 0)
Jul 12 17:39:53.890164 dv-cinder-848759-2-iscsi devstack@c-api.service[117946]: DEBUG cinder.api.middleware.request_id [None req-f2e6fc8d-5010-4c5b-b935-06f8b1bcccbe None None] RequestId filter calling following filter/app {{(pid=117946) _context_setter /opt/stack/cinder/cinder/api/middleware/request_id.py:62}}
Jul 12 17:39:53.891183 dv-cinder-848759-2-iscsi devstack@c-api.service[117945]: /usr/local/lib/python3.8/dist-packages/oslo_context/context.py:100: DeprecationWarning: Policy enforcement is depending on the value of is_admin. This key is deprecated. Please update your policy file to use the standard policy values.
Jul 12 17:39:53.891183 dv-cinder-848759-2-iscsi devstack@c-api.service[117945]: warnings.warn('Policy enforcement is depending on the value of '
Jul 12 17:39:53.899525 dv-cinder-848759-2-iscsi devstack@c-api.service[117946]: INFO cinder.api.openstack.wsgi [None req-f2e6fc8d-5010-4c5b-b935-06f8b1bcccbe tempest-VolumesTransfersV355Test-2064216159 tempest-VolumesTransfersV355Test-2064216159-project] GET http://10.222.0.16/volume/v3/18f82954e6a348c9b4d5db65b70a119c/volumes/9cbec9b0-edb5-4547-a742-f08f397ce3a4
Jul 12 17:39:53.901647 dv-cinder-848759-2-iscsi devstack@c-api.service[117946]: DEBUG cinder.api.openstack.wsgi [None req-f2e6fc8d-5010-4c5b-b935-06f8b1bcccbe tempest-VolumesTransfersV355Test-2064216159 tempest-VolumesTransfersV355Test-2064216159-project] Empty body provided in request {{(pid=117946) get_body /opt/stack/cinder/cinder/api/openstack/wsgi.py:715}}
Jul 12 17:39:53.903219 dv-cinder-848759-2-iscsi devstack@c-api.service[117946]: DEBUG cinder.api.openstack.wsgi [None req-f2e6fc8d-5010-4c5b-b935-06f8b1bcccbe tempest-VolumesTransfersV355Test-2064216159 tempest-VolumesTransfersV355Test-2064216159-project] Calling method 'show' {{(pid=117946) _process_stack /opt/stack/cinder/cinder/api/openstack/wsgi.py:868}}
Jul 12 17:39:53.905521 dv-cinder-848759-2-iscsi devstack@c-api.service[117945]: INFO cinder.volume.api [None req-1a97bafe-11c0-4a5f-98e0-79ca8b904fa4 tempest-GroupSnapshotsTest-1709576589 tempest-GroupSnapshotsTest-1709576589-project] Volume info retrieved successfully.
Jul 12 17:39:53.906895 dv-cinder-848759-2-iscsi devstack@c-api.service[117945]: WARNING stevedore.named [None req-1a97bafe-11c0-4a5f-98e0-79ca8b904fa4 tempest-GroupSnapshotsTest-1709576589 tempest-GroupSnapshotsTest-1709576589-project] Could not load cinder.keymgr.conf_key_mgr.ConfKeyManager
Jul 12 17:39:53.907430 dv-cinder-848759-2-iscsi devstack@c-api.service[117945]: WARNING castellan.key_manager [None req-1a97bafe-11c0-4a5f-98e0-79ca8b904fa4 tempest-GroupSnapshotsTest-1709576589 tempest-GroupSnapshotsTest-1709576589-project] Deprecation Warning : cinder.keymgr.conf_key_mgr.ConfKeyManager is not a stevedore based driver, trying to load it as a class: stevedore.exception.NoMatches: No 'castellan.drivers' driver found, looking for 'cinder.keymgr.conf_key_mgr.ConfKeyManager'
Jul 12 17:39:53.917466 dv-cinder-848759-2-iscsi devstack@c-api.service[117945]: DEBUG oslo_db.sqlalchemy.engines [None req-1a97bafe-11c0-4a5f-98e0-79ca8b904fa4 tempest-GroupSnapshotsTest-1709576589 tempest-GroupSnapshotsTest-1709576589-project] MySQL server mode set to STRICT_TRANS_TABLES,STRICT_ALL_TABLES,NO_ZERO_IN_DATE,NO_ZERO_DATE,ERROR_FOR_DIVISION_BY_ZERO,TRADITIONAL,NO_ENGINE_SUBSTITUTION {{(pid=117945) _check_effective_sql_mode /usr/local/lib/python3.8/dist-packages/oslo_db/sqlalchemy/engines.py:314}}
Jul 12 17:39:53.924788 dv-cinder-848759-2-iscsi devstack@c-api.service[117946]: /usr/local/lib/python3.8/dist-packages/oslo_context/context.py:100: DeprecationWarning: Policy enforcement is depending on the value of is_admin. This key is deprecated. Please update your policy file to use the standard policy values.
Jul 12 17:39:53.924788 dv-cinder-848759-2-iscsi devstack@c-api.service[117946]: warnings.warn('Policy enforcement is depending on the value of '
Jul 12 17:39:53.935537 dv-cinder-848759-2-iscsi devstack@c-api.service[117945]: /usr/local/lib/python3.8/dist-packages/oslo_context/context.py:100: DeprecationWarning: Policy enforcement is depending on the value of is_admin. This key is deprecated. Please update your policy file to use the standard policy values.
Jul 12 17:39:53.935537 dv-cinder-848759-2-iscsi devstack@c-api.service[117945]: warnings.warn('Policy enforcement is depending on the value of '
Jul 12 17:39:53.936793 dv-cinder-848759-2-iscsi devstack@c-api.service[117946]: INFO cinder.volume.api [None req-f2e6fc8d-5010-4c5b-b935-06f8b1bcccbe tempest-VolumesTransfersV355Test-2064216159 tempest-VolumesTransfersV355Test-2064216159-project] Volume info retrieved successfully.
Jul 12 17:39:53.949970 dv-cinder-848759-2-iscsi devstack@c-api.service[117946]: INFO cinder.api.openstack.wsgi [None req-f2e6fc8d-5010-4c5b-b935-06f8b1bcccbe tempest-VolumesTransfersV355Test-2064216159 tempest-VolumesTransfersV355Test-2064216159-project] http://10.222.0.16/volume/v3/18f82954e6a348c9b4d5db65b70a119c/volumes/9cbec9b0-edb5-4547-a742-f08f397ce3a4 returned with HTTP 200
Jul 12 17:39:53.951400 dv-cinder-848759-2-iscsi devstack@c-api.service[117946]: [pid: 117946|app: 0|req: 68/146] 10.222.0.16 () {60 vars in 1365 bytes} [Tue Jul 12 17:39:53 2022] GET /volume/v3/18f82954e6a348c9b4d5db65b70a119c/volumes/9cbec9b0-edb5-4547-a742-f08f397ce3a4 => generated 1014 bytes in 68 msecs (HTTP/1.1 200) 7 headers in 287 bytes (1 switches on core 0)
Jul 12 17:39:53.957607 dv-cinder-848759-2-iscsi devstack@c-api.service[117946]: DEBUG cinder.api.middleware.request_id [None req-e45bdc8b-b5f9-4272-9da8-428aa59f19e3 None None] RequestId filter calling following filter/app {{(pid=117946) _context_setter /opt/stack/cinder/cinder/api/middleware/request_id.py:62}}
Jul 12 17:39:53.964959 dv-cinder-848759-2-iscsi devstack@c-api.service[117945]: INFO cinder.api.openstack.wsgi [None req-1a97bafe-11c0-4a5f-98e0-79ca8b904fa4 tempest-GroupSnapshotsTest-1709576589 tempest-GroupSnapshotsTest-1709576589-project] http://10.222.0.16/volume/v3/a224f7b691294e7f89e6b5d8ee401624/volumes/847efed5-9273-4489-89c9-a46aba827b87 returned with HTTP 200
Jul 12 17:39:53.966096 dv-cinder-848759-2-iscsi devstack@c-api.service[117945]: [pid: 117945|app: 0|req: 79/147] 10.222.0.16 () {60 vars in 1365 bytes} [Tue Jul 12 17:39:53 2022] GET /volume/v3/a224f7b691294e7f89e6b5d8ee401624/volumes/847efed5-9273-4489-89c9-a46aba827b87 => generated 993 bytes in 131 msecs (HTTP/1.1 200) 7 headers in 286 bytes (1 switches on core 0)
Jul 12 17:39:53.968892 dv-cinder-848759-2-iscsi devstack@c-api.service[117945]: DEBUG cinder.api.middleware.request_id [None req-37b6ae7a-5d5a-4625-9583-f4e84e8b5767 None None] RequestId filter calling following filter/app {{(pid=117945) _context_setter /opt/stack/cinder/cinder/api/middleware/request_id.py:62}}
Jul 12 17:39:53.969670 dv-cinder-848759-2-iscsi devstack@c-api.service[117946]: INFO cinder.api.openstack.wsgi [None req-e45bdc8b-b5f9-4272-9da8-428aa59f19e3 tempest-VolumesActionsTest-1922325739 tempest-VolumesActionsTest-1922325739-project] GET http://10.222.0.16/volume/v3/b3cb433fc8c44c87a642aaa9011ff624/volumes/6aa794be-d1c6-4068-bfc4-26502919abb9
Jul 12 17:39:53.969670 dv-cinder-848759-2-iscsi devstack@c-api.service[117946]: DEBUG cinder.api.openstack.wsgi [None req-e45bdc8b-b5f9-4272-9da8-428aa59f19e3 tempest-VolumesActionsTest-1922325739 tempest-VolumesActionsTest-1922325739-project] Empty body provided in request {{(pid=117946) get_body /opt/stack/cinder/cinder/api/openstack/wsgi.py:715}}
Jul 12 17:39:53.970004 dv-cinder-848759-2-iscsi devstack@c-api.service[117946]: DEBUG cinder.api.openstack.wsgi [None req-e45bdc8b-b5f9-4272-9da8-428aa59f19e3 tempest-VolumesActionsTest-1922325739 tempest-VolumesActionsTest-1922325739-project] Calling method 'show' {{(pid=117946) _process_stack /opt/stack/cinder/cinder/api/openstack/wsgi.py:868}}
Jul 12 17:39:53.973710 dv-cinder-848759-2-iscsi devstack@c-api.service[117945]: INFO cinder.api.openstack.wsgi [None req-37b6ae7a-5d5a-4625-9583-f4e84e8b5767 tempest-VolumesTransfersV355Test-1778746347 tempest-VolumesTransfersV355Test-1778746347-project] DELETE http://10.222.0.16/volume/v3/2896afab75b54d8eb3692d56ea153bf5/volume-transfers/38b5dd3e-6cf0-4f3e-9968-68cd83ed5508
Jul 12 17:39:53.974159 dv-cinder-848759-2-iscsi devstack@c-api.service[117945]: DEBUG cinder.api.openstack.wsgi [None req-37b6ae7a-5d5a-4625-9583-f4e84e8b5767 tempest-VolumesTransfersV355Test-1778746347 tempest-VolumesTransfersV355Test-1778746347-project] Empty body provided in request {{(pid=117945) get_body /opt/stack/cinder/cinder/api/openstack/wsgi.py:715}}
Jul 12 17:39:53.974677 dv-cinder-848759-2-iscsi devstack@c-api.service[117945]: DEBUG cinder.api.openstack.wsgi [None req-37b6ae7a-5d5a-4625-9583-f4e84e8b5767 tempest-VolumesTransfersV355Test-1778746347 tempest-VolumesTransfersV355Test-1778746347-project] Calling method 'delete' {{(pid=117945) _process_stack /opt/stack/cinder/cinder/api/openstack/wsgi.py:868}}
Jul 12 17:39:53.974962 dv-cinder-848759-2-iscsi devstack@c-api.service[117945]: INFO cinder.api.contrib.volume_transfer [None req-37b6ae7a-5d5a-4625-9583-f4e84e8b5767 tempest-VolumesTransfersV355Test-1778746347 tempest-VolumesTransfersV355Test-1778746347-project] Delete transfer with id: 38b5dd3e-6cf0-4f3e-9968-68cd83ed5508
Jul 12 17:39:53.980719 dv-cinder-848759-2-iscsi devstack@c-api.service[117945]: INFO cinder.api.openstack.wsgi [None req-37b6ae7a-5d5a-4625-9583-f4e84e8b5767 tempest-VolumesTransfersV355Test-1778746347 tempest-VolumesTransfersV355Test-1778746347-project] http://10.222.0.16/volume/v3/2896afab75b54d8eb3692d56ea153bf5/volume-transfers/38b5dd3e-6cf0-4f3e-9968-68cd83ed5508 returned with HTTP 404
Jul 12 17:39:53.981630 dv-cinder-848759-2-iscsi devstack@c-api.service[117945]: [pid: 117945|app: 0|req: 80/148] 10.222.0.16 () {58 vars in 1354 bytes} [Tue Jul 12 17:39:53 2022] DELETE /volume/v3/2896afab75b54d8eb3692d56ea153bf5/volume-transfers/38b5dd3e-6cf0-4f3e-9968-68cd83ed5508 => generated 111 bytes in 15 msecs (HTTP/1.1 404) 7 headers in 292 bytes (1 switches on core 0)
Jul 12 17:39:53.984291 dv-cinder-848759-2-iscsi devstack@c-api.service[117945]: DEBUG cinder.api.middleware.request_id [None req-8712a4c8-0e85-4ab6-ba16-7eed6e372443 None None] RequestId filter calling following filter/app {{(pid=117945) _context_setter /opt/stack/cinder/cinder/api/middleware/request_id.py:62}}
Jul 12 17:39:53.988742 dv-cinder-848759-2-iscsi devstack@c-api.service[117945]: INFO cinder.api.openstack.wsgi [None req-8712a4c8-0e85-4ab6-ba16-7eed6e372443 tempest-GroupSnapshotsTest-1709576589 tempest-GroupSnapshotsTest-1709576589-project] GET http://10.222.0.16/volume/v3/a224f7b691294e7f89e6b5d8ee401624/groups/b760309d-d401-4f4a-adad-2f3d89ee8c1f
Jul 12 17:39:53.989220 dv-cinder-848759-2-iscsi devstack@c-api.service[117945]: DEBUG cinder.api.openstack.wsgi [None req-8712a4c8-0e85-4ab6-ba16-7eed6e372443 tempest-GroupSnapshotsTest-1709576589 tempest-GroupSnapshotsTest-1709576589-project] Empty body provided in request {{(pid=117945) get_body /opt/stack/cinder/cinder/api/openstack/wsgi.py:715}}
Jul 12 17:39:53.989857 dv-cinder-848759-2-iscsi devstack@c-api.service[117945]: DEBUG cinder.api.openstack.wsgi [None req-8712a4c8-0e85-4ab6-ba16-7eed6e372443 tempest-GroupSnapshotsTest-1709576589 tempest-GroupSnapshotsTest-1709576589-project] Calling method 'version_select' {{(pid=117945) _process_stack /opt/stack/cinder/cinder/api/openstack/wsgi.py:868}}
Jul 12 17:39:53.990202 dv-cinder-848759-2-iscsi devstack@c-api.service[117945]: DEBUG cinder.api.v3.groups [None req-8712a4c8-0e85-4ab6-ba16-7eed6e372443 tempest-GroupSnapshotsTest-1709576589 tempest-GroupSnapshotsTest-1709576589-project] show called for member b760309d-d401-4f4a-adad-2f3d89ee8c1f {{(pid=117945) show /opt/stack/cinder/cinder/api/v3/groups.py:58}}
Jul 12 17:39:53.992093 dv-cinder-848759-2-iscsi devstack@c-api.service[117946]: /usr/local/lib/python3.8/dist-packages/oslo_context/context.py:100: DeprecationWarning: Policy enforcement is depending on the value of is_admin. This key is deprecated. Please update your policy file to use the standard policy values.
Jul 12 17:39:53.992093 dv-cinder-848759-2-iscsi devstack@c-api.service[117946]: warnings.warn('Policy enforcement is depending on the value of '
Jul 12 17:39:54.001313 dv-cinder-848759-2-iscsi devstack@c-api.service[117946]: INFO cinder.volume.api [None req-e45bdc8b-b5f9-4272-9da8-428aa59f19e3 tempest-VolumesActionsTest-1922325739 tempest-VolumesActionsTest-1922325739-project] Volume info retrieved successfully.
Jul 12 17:39:54.014391 dv-cinder-848759-2-iscsi devstack@c-api.service[117946]: INFO cinder.api.openstack.wsgi [None req-e45bdc8b-b5f9-4272-9da8-428aa59f19e3 tempest-VolumesActionsTest-1922325739 tempest-VolumesActionsTest-1922325739-project] http://10.222.0.16/volume/v3/b3cb433fc8c44c87a642aaa9011ff624/volumes/6aa794be-d1c6-4068-bfc4-26502919abb9 returned with HTTP 200
Jul 12 17:39:54.014804 dv-cinder-848759-2-iscsi devstack@c-api.service[117945]: /usr/local/lib/python3.8/dist-packages/oslo_context/context.py:100: DeprecationWarning: Policy enforcement is depending on the value of is_admin. This key is deprecated. Please update your policy file to use the standard policy values.
Jul 12 17:39:54.014804 dv-cinder-848759-2-iscsi devstack@c-api.service[117945]: warnings.warn('Policy enforcement is depending on the value of '
Jul 12 17:39:54.015954 dv-cinder-848759-2-iscsi devstack@c-api.service[117946]: [pid: 117946|app: 0|req: 69/149] 10.222.0.16 () {58 vars in 1324 bytes} [Tue Jul 12 17:39:53 2022] GET /volume/v3/b3cb433fc8c44c87a642aaa9011ff624/volumes/6aa794be-d1c6-4068-bfc4-26502919abb9 => generated 886 bytes in 64 msecs (HTTP/1.1 200) 7 headers in 285 bytes (1 switches on core 0)
Jul 12 17:39:54.017625 dv-cinder-848759-2-iscsi devstack@c-api.service[117946]: DEBUG cinder.api.middleware.request_id [None req-9210cc5a-90ab-4bd7-ae8b-e5fa08029c14 None None] RequestId filter calling following filter/app {{(pid=117946) _context_setter /opt/stack/cinder/cinder/api/middleware/request_id.py:62}}
Jul 12 17:39:54.039115 dv-cinder-848759-2-iscsi devstack@c-api.service[117945]: INFO cinder.api.openstack.wsgi [None req-8712a4c8-0e85-4ab6-ba16-7eed6e372443 tempest-GroupSnapshotsTest-1709576589 tempest-GroupSnapshotsTest-1709576589-project] http://10.222.0.16/volume/v3/a224f7b691294e7f89e6b5d8ee401624/groups/b760309d-d401-4f4a-adad-2f3d89ee8c1f returned with HTTP 200
Jul 12 17:39:54.040582 dv-cinder-848759-2-iscsi devstack@c-api.service[117945]: [pid: 117945|app: 0|req: 81/150] 10.222.0.16 () {60 vars in 1362 bytes} [Tue Jul 12 17:39:53 2022] GET /volume/v3/a224f7b691294e7f89e6b5d8ee401624/groups/b760309d-d401-4f4a-adad-2f3d89ee8c1f => generated 417 bytes in 58 msecs (HTTP/1.1 200) 7 headers in 286 bytes (1 switches on core 0)
Jul 12 17:39:54.048783 dv-cinder-848759-2-iscsi devstack@c-api.service[117945]: DEBUG cinder.api.middleware.request_id [None req-07c0484e-cf61-4e69-8b9b-b8e1ac6aa448 None None] RequestId filter calling following filter/app {{(pid=117945) _context_setter /opt/stack/cinder/cinder/api/middleware/request_id.py:62}}
Jul 12 17:39:54.176236 dv-cinder-848759-2-iscsi devstack@c-api.service[117945]: INFO cinder.api.openstack.wsgi [None req-07c0484e-cf61-4e69-8b9b-b8e1ac6aa448 tempest-VolumeServicesNegativeTest-1257444909 tempest-VolumeServicesNegativeTest-1257444909-project-admin] GET http://10.222.0.16/volume/v3/da6be062768c4af598b14730f2b9b3cc/os-services
Jul 12 17:39:54.177061 dv-cinder-848759-2-iscsi devstack@c-api.service[117945]: DEBUG cinder.api.openstack.wsgi [None req-07c0484e-cf61-4e69-8b9b-b8e1ac6aa448 tempest-VolumeServicesNegativeTest-1257444909 tempest-VolumeServicesNegativeTest-1257444909-project-admin] Empty body provided in request {{(pid=117945) get_body /opt/stack/cinder/cinder/api/openstack/wsgi.py:715}}
Jul 12 17:39:54.177879 dv-cinder-848759-2-iscsi devstack@c-api.service[117945]: DEBUG cinder.api.openstack.wsgi [None req-07c0484e-cf61-4e69-8b9b-b8e1ac6aa448 tempest-VolumeServicesNegativeTest-1257444909 tempest-VolumeServicesNegativeTest-1257444909-project-admin] Calling method 'index' {{(pid=117945) _process_stack /opt/stack/cinder/cinder/api/openstack/wsgi.py:868}}
Jul 12 17:39:54.179206 dv-cinder-848759-2-iscsi devstack@c-api.service[117945]: /usr/local/lib/python3.8/dist-packages/oslo_context/context.py:100: DeprecationWarning: Policy enforcement is depending on the value of is_admin. This key is deprecated. Please update your policy file to use the standard policy values.
Jul 12 17:39:54.179206 dv-cinder-848759-2-iscsi devstack@c-api.service[117945]: warnings.warn('Policy enforcement is depending on the value of '
Jul 12 17:39:54.193143 dv-cinder-848759-2-iscsi devstack@c-api.service[117945]: INFO cinder.api.openstack.wsgi [None req-07c0484e-cf61-4e69-8b9b-b8e1ac6aa448 tempest-VolumeServicesNegativeTest-1257444909 tempest-VolumeServicesNegativeTest-1257444909-project-admin] http://10.222.0.16/volume/v3/da6be062768c4af598b14730f2b9b3cc/os-services returned with HTTP 200
Jul 12 17:39:54.204680 dv-cinder-848759-2-iscsi devstack@c-api.service[117945]: [pid: 117945|app: 0|req: 82/151] 10.222.0.16 () {58 vars in 1225 bytes} [Tue Jul 12 17:39:54 2022] GET /volume/v3/da6be062768c4af598b14730f2b9b3cc/os-services => generated 642 bytes in 157 msecs (HTTP/1.1 200) 7 headers in 285 bytes (1 switches on core 0)
Jul 12 17:39:54.207198 dv-cinder-848759-2-iscsi devstack@c-api.service[117945]: DEBUG cinder.api.middleware.request_id [None req-e470ac83-b8d6-4154-9ff2-1d1190594194 None None] RequestId filter calling following filter/app {{(pid=117945) _context_setter /opt/stack/cinder/cinder/api/middleware/request_id.py:62}}
Jul 12 17:39:54.213336 dv-cinder-848759-2-iscsi devstack@c-api.service[117945]: INFO cinder.api.openstack.wsgi [None req-e470ac83-b8d6-4154-9ff2-1d1190594194 tempest-GroupSnapshotsTest-1709576589 tempest-GroupSnapshotsTest-1709576589-project] GET http://10.222.0.16/volume/v3/a224f7b691294e7f89e6b5d8ee401624/volumes/detail
Jul 12 17:39:54.214519 dv-cinder-848759-2-iscsi devstack@c-api.service[117945]: DEBUG cinder.api.openstack.wsgi [None req-e470ac83-b8d6-4154-9ff2-1d1190594194 tempest-GroupSnapshotsTest-1709576589 tempest-GroupSnapshotsTest-1709576589-project] Empty body provided in request {{(pid=117945) get_body /opt/stack/cinder/cinder/api/openstack/wsgi.py:715}}
Jul 12 17:39:54.214936 dv-cinder-848759-2-iscsi devstack@c-api.service[117946]: INFO cinder.api.openstack.wsgi [None req-9210cc5a-90ab-4bd7-ae8b-e5fa08029c14 tempest-VolumesTransfersV355Test-152226776 tempest-VolumesTransfersV355Test-152226776-project-admin] DELETE http://10.222.0.16/volume/v3/8f5604ce279346d39eba7e3db6a61e4f/volumes/9cbec9b0-edb5-4547-a742-f08f397ce3a4
Jul 12 17:39:54.215557 dv-cinder-848759-2-iscsi devstack@c-api.service[117946]: DEBUG cinder.api.openstack.wsgi [None req-9210cc5a-90ab-4bd7-ae8b-e5fa08029c14 tempest-VolumesTransfersV355Test-152226776 tempest-VolumesTransfersV355Test-152226776-project-admin] Empty body provided in request {{(pid=117946) get_body /opt/stack/cinder/cinder/api/openstack/wsgi.py:715}}
Jul 12 17:39:54.216258 dv-cinder-848759-2-iscsi devstack@c-api.service[117945]: DEBUG cinder.api.openstack.wsgi [None req-e470ac83-b8d6-4154-9ff2-1d1190594194 tempest-GroupSnapshotsTest-1709576589 tempest-GroupSnapshotsTest-1709576589-project] Calling method 'detail' {{(pid=117945) _process_stack /opt/stack/cinder/cinder/api/openstack/wsgi.py:868}}
Jul 12 17:39:54.216442 dv-cinder-848759-2-iscsi devstack@c-api.service[117946]: DEBUG cinder.api.openstack.wsgi [None req-9210cc5a-90ab-4bd7-ae8b-e5fa08029c14 tempest-VolumesTransfersV355Test-152226776 tempest-VolumesTransfersV355Test-152226776-project-admin] Calling method 'delete' {{(pid=117946) _process_stack /opt/stack/cinder/cinder/api/openstack/wsgi.py:868}}
Jul 12 17:39:54.216989 dv-cinder-848759-2-iscsi devstack@c-api.service[117946]: INFO cinder.api.v3.volumes [None req-9210cc5a-90ab-4bd7-ae8b-e5fa08029c14 tempest-VolumesTransfersV355Test-152226776 tempest-VolumesTransfersV355Test-152226776-project-admin] Delete volume with id: 9cbec9b0-edb5-4547-a742-f08f397ce3a4
Jul 12 17:39:54.218456 dv-cinder-848759-2-iscsi devstack@c-api.service[117945]: DEBUG cinder.api.api_utils [None req-e470ac83-b8d6-4154-9ff2-1d1190594194 tempest-GroupSnapshotsTest-1709576589 tempest-GroupSnapshotsTest-1709576589-project] Removing options '' from query. {{(pid=117945) remove_invalid_filter_options /opt/stack/cinder/cinder/api/api_utils.py:83}}
Jul 12 17:39:54.223908 dv-cinder-848759-2-iscsi devstack@c-api.service[117945]: DEBUG cinder.volume.api [None req-e470ac83-b8d6-4154-9ff2-1d1190594194 tempest-GroupSnapshotsTest-1709576589 tempest-GroupSnapshotsTest-1709576589-project] Searching by: MultiDict([('no_migration_targets', True)]). {{(pid=117945) get_all /opt/stack/cinder/cinder/volume/api.py:664}}
Jul 12 17:39:54.233658 dv-cinder-848759-2-iscsi devstack@c-api.service[117946]: /usr/local/lib/python3.8/dist-packages/oslo_context/context.py:100: DeprecationWarning: Policy enforcement is depending on the value of is_admin. This key is deprecated. Please update your policy file to use the standard policy values.
Jul 12 17:39:54.233658 dv-cinder-848759-2-iscsi devstack@c-api.service[117946]: warnings.warn('Policy enforcement is depending on the value of '
Jul 12 17:39:54.234462 dv-cinder-848759-2-iscsi devstack@c-api.service[117946]: INFO cinder.volume.api [None req-9210cc5a-90ab-4bd7-ae8b-e5fa08029c14 tempest-VolumesTransfersV355Test-152226776 tempest-VolumesTransfersV355Test-152226776-project-admin] Volume info retrieved successfully.
Jul 12 17:39:54.326325 dv-cinder-848759-2-iscsi devstack@c-api.service[117945]: INFO cinder.volume.api [None req-e470ac83-b8d6-4154-9ff2-1d1190594194 tempest-GroupSnapshotsTest-1709576589 tempest-GroupSnapshotsTest-1709576589-project] Get all volumes completed successfully.
Jul 12 17:39:54.328161 dv-cinder-848759-2-iscsi devstack@c-api.service[117945]: WARNING stevedore.named [None req-e470ac83-b8d6-4154-9ff2-1d1190594194 tempest-GroupSnapshotsTest-1709576589 tempest-GroupSnapshotsTest-1709576589-project] Could not load cinder.keymgr.conf_key_mgr.ConfKeyManager
Jul 12 17:39:54.328769 dv-cinder-848759-2-iscsi devstack@c-api.service[117945]: WARNING castellan.key_manager [None req-e470ac83-b8d6-4154-9ff2-1d1190594194 tempest-GroupSnapshotsTest-1709576589 tempest-GroupSnapshotsTest-1709576589-project] Deprecation Warning : cinder.keymgr.conf_key_mgr.ConfKeyManager is not a stevedore based driver, trying to load it as a class: stevedore.exception.NoMatches: No 'castellan.drivers' driver found, looking for 'cinder.keymgr.conf_key_mgr.ConfKeyManager'
Jul 12 17:39:54.339461 dv-cinder-848759-2-iscsi devstack@c-api.service[117945]: DEBUG oslo_db.sqlalchemy.engines [None req-e470ac83-b8d6-4154-9ff2-1d1190594194 tempest-GroupSnapshotsTest-1709576589 tempest-GroupSnapshotsTest-1709576589-project] MySQL server mode set to STRICT_TRANS_TABLES,STRICT_ALL_TABLES,NO_ZERO_IN_DATE,NO_ZERO_DATE,ERROR_FOR_DIVISION_BY_ZERO,TRADITIONAL,NO_ENGINE_SUBSTITUTION {{(pid=117945) _check_effective_sql_mode /usr/local/lib/python3.8/dist-packages/oslo_db/sqlalchemy/engines.py:314}}
Jul 12 17:39:54.349780 dv-cinder-848759-2-iscsi devstack@c-api.service[117945]: /usr/local/lib/python3.8/dist-packages/oslo_context/context.py:100: DeprecationWarning: Policy enforcement is depending on the value of is_admin. This key is deprecated. Please update your policy file to use the standard policy values.
Jul 12 17:39:54.349780 dv-cinder-848759-2-iscsi devstack@c-api.service[117945]: warnings.warn('Policy enforcement is depending on the value of '
Jul 12 17:39:54.363494 dv-cinder-848759-2-iscsi devstack@c-api.service[117945]: WARNING stevedore.named [None req-e470ac83-b8d6-4154-9ff2-1d1190594194 tempest-GroupSnapshotsTest-1709576589 tempest-GroupSnapshotsTest-1709576589-project] Could not load cinder.keymgr.conf_key_mgr.ConfKeyManager
Jul 12 17:39:54.364118 dv-cinder-848759-2-iscsi devstack@c-api.service[117945]: WARNING castellan.key_manager [None req-e470ac83-b8d6-4154-9ff2-1d1190594194 tempest-GroupSnapshotsTest-1709576589 tempest-GroupSnapshotsTest-1709576589-project] Deprecation Warning : cinder.keymgr.conf_key_mgr.ConfKeyManager is not a stevedore based driver, trying to load it as a class: stevedore.exception.NoMatches: No 'castellan.drivers' driver found, looking for 'cinder.keymgr.conf_key_mgr.ConfKeyManager'
Jul 12 17:39:54.379187 dv-cinder-848759-2-iscsi devstack@c-api.service[117945]: DEBUG oslo_db.sqlalchemy.engines [None req-e470ac83-b8d6-4154-9ff2-1d1190594194 tempest-GroupSnapshotsTest-1709576589 tempest-GroupSnapshotsTest-1709576589-project] MySQL server mode set to STRICT_TRANS_TABLES,STRICT_ALL_TABLES,NO_ZERO_IN_DATE,NO_ZERO_DATE,ERROR_FOR_DIVISION_BY_ZERO,TRADITIONAL,NO_ENGINE_SUBSTITUTION {{(pid=117945) _check_effective_sql_mode /usr/local/lib/python3.8/dist-packages/oslo_db/sqlalchemy/engines.py:314}}
Jul 12 17:39:54.387295 dv-cinder-848759-2-iscsi devstack@c-api.service[117945]: /usr/local/lib/python3.8/dist-packages/oslo_context/context.py:100: DeprecationWarning: Policy enforcement is depending on the value of is_admin. This key is deprecated. Please update your policy file to use the standard policy values.
Jul 12 17:39:54.387295 dv-cinder-848759-2-iscsi devstack@c-api.service[117945]: warnings.warn('Policy enforcement is depending on the value of '
Jul 12 17:39:54.413335 dv-cinder-848759-2-iscsi devstack@c-api.service[117945]: INFO cinder.api.openstack.wsgi [None req-e470ac83-b8d6-4154-9ff2-1d1190594194 tempest-GroupSnapshotsTest-1709576589 tempest-GroupSnapshotsTest-1709576589-project] http://10.222.0.16/volume/v3/a224f7b691294e7f89e6b5d8ee401624/volumes/detail returned with HTTP 200
Jul 12 17:39:54.413335 dv-cinder-848759-2-iscsi devstack@c-api.service[117945]: [pid: 117945|app: 0|req: 83/152] 10.222.0.16 () {60 vars in 1275 bytes} [Tue Jul 12 17:39:54 2022] GET /volume/v3/a224f7b691294e7f89e6b5d8ee401624/volumes/detail => generated 1987 bytes in 205 msecs (HTTP/1.1 200) 7 headers in 287 bytes (1 switches on core 0)
Jul 12 17:39:54.413335 dv-cinder-848759-2-iscsi devstack@c-api.service[117945]: DEBUG cinder.api.middleware.request_id [None req-5b940f99-594d-4cf9-8c86-111c71d085c8 None None] RequestId filter calling following filter/app {{(pid=117945) _context_setter /opt/stack/cinder/cinder/api/middleware/request_id.py:62}}
Jul 12 17:39:54.427752 dv-cinder-848759-2-iscsi devstack@c-api.service[117945]: INFO cinder.api.openstack.wsgi [None req-5b940f99-594d-4cf9-8c86-111c71d085c8 tempest-VolumeServicesNegativeTest-1257444909 tempest-VolumeServicesNegativeTest-1257444909-project-admin] PUT http://10.222.0.16/volume/v3/da6be062768c4af598b14730f2b9b3cc/os-services/disable-log-reason
Jul 12 17:39:54.429288 dv-cinder-848759-2-iscsi devstack@c-api.service[117945]: DEBUG cinder.api.openstack.wsgi [None req-5b940f99-594d-4cf9-8c86-111c71d085c8 tempest-VolumeServicesNegativeTest-1257444909 tempest-VolumeServicesNegativeTest-1257444909-project-admin] Action: 'update', calling method: update, body: {"host": "dv-cinder-848759-2-iscsi", "binary": "cinder-scheduler", "disabled_reason": null} {{(pid=117945) _process_stack /opt/stack/cinder/cinder/api/openstack/wsgi.py:866}}
Jul 12 17:39:54.432054 dv-cinder-848759-2-iscsi devstack@c-api.service[117945]: INFO cinder.api.openstack.wsgi [None req-5b940f99-594d-4cf9-8c86-111c71d085c8 tempest-VolumeServicesNegativeTest-1257444909 tempest-VolumeServicesNegativeTest-1257444909-project-admin] http://10.222.0.16/volume/v3/da6be062768c4af598b14730f2b9b3cc/os-services/disable-log-reason returned with HTTP 400
Jul 12 17:39:54.432977 dv-cinder-848759-2-iscsi devstack@c-api.service[117945]: [pid: 117945|app: 0|req: 84/153] 10.222.0.16 () {60 vars in 1302 bytes} [Tue Jul 12 17:39:54 2022] PUT /volume/v3/da6be062768c4af598b14730f2b9b3cc/os-services/disable-log-reason => generated 136 bytes in 22 msecs (HTTP/1.1 400) 7 headers in 294 bytes (1 switches on core 0)
Jul 12 17:39:54.438744 dv-cinder-848759-2-iscsi devstack@c-api.service[117945]: DEBUG cinder.api.middleware.request_id [None req-ebd39cd4-f232-4ec2-83b5-0174d0178bda None None] RequestId filter calling following filter/app {{(pid=117945) _context_setter /opt/stack/cinder/cinder/api/middleware/request_id.py:62}}
Jul 12 17:39:54.445737 dv-cinder-848759-2-iscsi devstack@c-api.service[117945]: INFO cinder.api.openstack.wsgi [None req-ebd39cd4-f232-4ec2-83b5-0174d0178bda tempest-GroupSnapshotsTest-1709576589 tempest-GroupSnapshotsTest-1709576589-project] POST http://10.222.0.16/volume/v3/a224f7b691294e7f89e6b5d8ee401624/groups/b760309d-d401-4f4a-adad-2f3d89ee8c1f/action
Jul 12 17:39:54.446821 dv-cinder-848759-2-iscsi devstack@c-api.service[117945]: DEBUG cinder.api.openstack.wsgi [None req-ebd39cd4-f232-4ec2-83b5-0174d0178bda tempest-GroupSnapshotsTest-1709576589 tempest-GroupSnapshotsTest-1709576589-project] Action body: b'{"delete": {"delete-volumes": true}}' {{(pid=117945) get_method /opt/stack/cinder/cinder/api/openstack/wsgi.py:983}}
Jul 12 17:39:54.447295 dv-cinder-848759-2-iscsi devstack@c-api.service[117945]: DEBUG cinder.api.openstack.wsgi [None req-ebd39cd4-f232-4ec2-83b5-0174d0178bda tempest-GroupSnapshotsTest-1709576589 tempest-GroupSnapshotsTest-1709576589-project] Action: 'action', calling method: version_select, body: {"delete": {"delete-volumes": true}} {{(pid=117945) _process_stack /opt/stack/cinder/cinder/api/openstack/wsgi.py:866}}
Jul 12 17:39:54.448385 dv-cinder-848759-2-iscsi devstack@c-api.service[117945]: DEBUG cinder.api.v3.groups [None req-ebd39cd4-f232-4ec2-83b5-0174d0178bda tempest-GroupSnapshotsTest-1709576589 tempest-GroupSnapshotsTest-1709576589-project] delete called for group b760309d-d401-4f4a-adad-2f3d89ee8c1f {{(pid=117945) _delete /opt/stack/cinder/cinder/api/v3/groups.py:117}}
Jul 12 17:39:54.448820 dv-cinder-848759-2-iscsi devstack@c-api.service[117945]: INFO cinder.api.v3.groups [None req-ebd39cd4-f232-4ec2-83b5-0174d0178bda tempest-GroupSnapshotsTest-1709576589 tempest-GroupSnapshotsTest-1709576589-project] Delete group with id: b760309d-d401-4f4a-adad-2f3d89ee8c1f
Jul 12 17:39:54.458041 dv-cinder-848759-2-iscsi devstack@c-api.service[117945]: /usr/local/lib/python3.8/dist-packages/oslo_context/context.py:100: DeprecationWarning: Policy enforcement is depending on the value of is_admin. This key is deprecated. Please update your policy file to use the standard policy values.
Jul 12 17:39:54.458041 dv-cinder-848759-2-iscsi devstack@c-api.service[117945]: warnings.warn('Policy enforcement is depending on the value of '
Jul 12 17:39:54.502536 dv-cinder-848759-2-iscsi devstack@c-api.service[117945]: DEBUG dbcounter [-] [117945] Writing DB stats cinder:SELECT=65,cinder:INSERT=24,cinder:UPDATE=11 {{(pid=117945) stat_writer /usr/local/lib/python3.8/dist-packages/dbcounter.py:114}}
Jul 12 17:39:54.547221 dv-cinder-848759-2-iscsi devstack@c-api.service[117946]: INFO cinder.volume.api [None req-9210cc5a-90ab-4bd7-ae8b-e5fa08029c14 tempest-VolumesTransfersV355Test-152226776 tempest-VolumesTransfersV355Test-152226776-project-admin] Delete volume request issued successfully.
Jul 12 17:39:54.558059 dv-cinder-848759-2-iscsi devstack@c-api.service[117946]: INFO cinder.api.openstack.wsgi [None req-9210cc5a-90ab-4bd7-ae8b-e5fa08029c14 tempest-VolumesTransfersV355Test-152226776 tempest-VolumesTransfersV355Test-152226776-project-admin] http://10.222.0.16/volume/v3/8f5604ce279346d39eba7e3db6a61e4f/volumes/9cbec9b0-edb5-4547-a742-f08f397ce3a4 returned with HTTP 202
Jul 12 17:39:54.558059 dv-cinder-848759-2-iscsi devstack@c-api.service[117946]: [pid: 117946|app: 0|req: 70/154] 10.222.0.16 () {60 vars in 1368 bytes} [Tue Jul 12 17:39:54 2022] DELETE /volume/v3/8f5604ce279346d39eba7e3db6a61e4f/volumes/9cbec9b0-edb5-4547-a742-f08f397ce3a4 => generated 0 bytes in 532 msecs (HTTP/1.1 202) 6 headers in 234 bytes (1 switches on core 0)
Jul 12 17:39:54.558059 dv-cinder-848759-2-iscsi devstack@c-api.service[117946]: DEBUG cinder.api.middleware.request_id [None req-dbc96c15-d097-406d-837d-3d82f1dd7d2f None None] RequestId filter calling following filter/app {{(pid=117946) _context_setter /opt/stack/cinder/cinder/api/middleware/request_id.py:62}}
Jul 12 17:39:54.558059 dv-cinder-848759-2-iscsi devstack@c-api.service[117946]: INFO cinder.api.openstack.wsgi [None req-dbc96c15-d097-406d-837d-3d82f1dd7d2f tempest-VolumeServicesNegativeTest-1257444909 tempest-VolumeServicesNegativeTest-1257444909-project-admin] PUT http://10.222.0.16/volume/v3/da6be062768c4af598b14730f2b9b3cc/os-services/disable
Jul 12 17:39:54.558059 dv-cinder-848759-2-iscsi devstack@c-api.service[117946]: DEBUG cinder.api.openstack.wsgi [None req-dbc96c15-d097-406d-837d-3d82f1dd7d2f tempest-VolumeServicesNegativeTest-1257444909 tempest-VolumeServicesNegativeTest-1257444909-project-admin] Action: 'update', calling method: update, body: {"host": "dv-cinder-848759-2-iscsi", "binary": "invalid_binary"} {{(pid=117946) _process_stack /opt/stack/cinder/cinder/api/openstack/wsgi.py:866}}
Jul 12 17:39:54.580910 dv-cinder-848759-2-iscsi devstack@c-api.service[117946]: INFO cinder.api.openstack.wsgi [None req-dbc96c15-d097-406d-837d-3d82f1dd7d2f tempest-VolumeServicesNegativeTest-1257444909 tempest-VolumeServicesNegativeTest-1257444909-project-admin] http://10.222.0.16/volume/v3/da6be062768c4af598b14730f2b9b3cc/os-services/disable returned with HTTP 404
Jul 12 17:39:54.586205 dv-cinder-848759-2-iscsi devstack@c-api.service[117946]: [pid: 117946|app: 0|req: 71/155] 10.222.0.16 () {60 vars in 1269 bytes} [Tue Jul 12 17:39:54 2022] PUT /volume/v3/da6be062768c4af598b14730f2b9b3cc/os-services/disable => generated 121 bytes in 33 msecs (HTTP/1.1 404) 7 headers in 292 bytes (1 switches on core 0)
Jul 12 17:39:54.586205 dv-cinder-848759-2-iscsi devstack@c-api.service[117946]: DEBUG cinder.api.middleware.request_id [None req-e40ed139-5e1e-4fc8-82b8-88f13283cc29 None None] RequestId filter calling following filter/app {{(pid=117946) _context_setter /opt/stack/cinder/cinder/api/middleware/request_id.py:62}}
Jul 12 17:39:54.590113 dv-cinder-848759-2-iscsi devstack@c-api.service[117946]: INFO cinder.api.openstack.wsgi [None req-e40ed139-5e1e-4fc8-82b8-88f13283cc29 tempest-VolumesTransfersV355Test-152226776 tempest-VolumesTransfersV355Test-152226776-project-admin] GET http://10.222.0.16/volume/v3/8f5604ce279346d39eba7e3db6a61e4f/volumes/9cbec9b0-edb5-4547-a742-f08f397ce3a4
Jul 12 17:39:54.590524 dv-cinder-848759-2-iscsi devstack@c-api.service[117946]: DEBUG cinder.api.openstack.wsgi [None req-e40ed139-5e1e-4fc8-82b8-88f13283cc29 tempest-VolumesTransfersV355Test-152226776 tempest-VolumesTransfersV355Test-152226776-project-admin] Empty body provided in request {{(pid=117946) get_body /opt/stack/cinder/cinder/api/openstack/wsgi.py:715}}
Jul 12 17:39:54.591009 dv-cinder-848759-2-iscsi devstack@c-api.service[117946]: DEBUG cinder.api.openstack.wsgi [None req-e40ed139-5e1e-4fc8-82b8-88f13283cc29 tempest-VolumesTransfersV355Test-152226776 tempest-VolumesTransfersV355Test-152226776-project-admin] Calling method 'show' {{(pid=117946) _process_stack /opt/stack/cinder/cinder/api/openstack/wsgi.py:868}}
Jul 12 17:39:54.606408 dv-cinder-848759-2-iscsi devstack@c-api.service[117946]: /usr/local/lib/python3.8/dist-packages/oslo_context/context.py:100: DeprecationWarning: Policy enforcement is depending on the value of is_admin. This key is deprecated. Please update your policy file to use the standard policy values.
Jul 12 17:39:54.606408 dv-cinder-848759-2-iscsi devstack@c-api.service[117946]: warnings.warn('Policy enforcement is depending on the value of '
Jul 12 17:39:54.614354 dv-cinder-848759-2-iscsi devstack@c-api.service[117946]: INFO cinder.volume.api [None req-e40ed139-5e1e-4fc8-82b8-88f13283cc29 tempest-VolumesTransfersV355Test-152226776 tempest-VolumesTransfersV355Test-152226776-project-admin] Volume info retrieved successfully.
Jul 12 17:39:54.624244 dv-cinder-848759-2-iscsi devstack@c-api.service[117946]: INFO cinder.api.openstack.wsgi [None req-e40ed139-5e1e-4fc8-82b8-88f13283cc29 tempest-VolumesTransfersV355Test-152226776 tempest-VolumesTransfersV355Test-152226776-project-admin] http://10.222.0.16/volume/v3/8f5604ce279346d39eba7e3db6a61e4f/volumes/9cbec9b0-edb5-4547-a742-f08f397ce3a4 returned with HTTP 200
Jul 12 17:39:54.625012 dv-cinder-848759-2-iscsi devstack@c-api.service[117946]: [pid: 117946|app: 0|req: 72/156] 10.222.0.16 () {60 vars in 1365 bytes} [Tue Jul 12 17:39:54 2022] GET /volume/v3/8f5604ce279346d39eba7e3db6a61e4f/volumes/9cbec9b0-edb5-4547-a742-f08f397ce3a4 => generated 1210 bytes in 42 msecs (HTTP/1.1 200) 7 headers in 287 bytes (1 switches on core 0)
Jul 12 17:39:54.627484 dv-cinder-848759-2-iscsi devstack@c-api.service[117946]: DEBUG cinder.api.middleware.request_id [None req-8f962f01-7943-4123-b14b-d847cca2565c None None] RequestId filter calling following filter/app {{(pid=117946) _context_setter /opt/stack/cinder/cinder/api/middleware/request_id.py:62}}
Jul 12 17:39:54.639662 dv-cinder-848759-2-iscsi devstack@c-api.service[117946]: INFO cinder.api.openstack.wsgi [None req-8f962f01-7943-4123-b14b-d847cca2565c tempest-VolumeServicesNegativeTest-1257444909 tempest-VolumeServicesNegativeTest-1257444909-project-admin] PUT http://10.222.0.16/volume/v3/da6be062768c4af598b14730f2b9b3cc/os-services/enable
