Jul 11 11:26:31.342822 dv-cinder-848429-2-iscsi neutron-server[104544]: INFO neutron.wsgi [req-ed1459a4-fdae-4f43-8854-561f27088a66 req-18e57b87-5053-42d0-ae61-61ae1f2750b6 service neutron] 10.222.0.46 "PUT /v2.0/ports/b79b3356-e75e-4e92-8475-6ae3bacc0147 HTTP/1.1" status: 200 len: 1093 time: 1.8146396
Jul 11 11:26:31.349087 dv-cinder-848429-2-iscsi neutron-server[104544]: DEBUG neutron.notifiers.nova [-] Sending events: [{'name': 'network-changed', 'server_uuid': '2a79e2f0-60e3-40b6-aac8-665c0d755ecb', 'tag': 'b79b3356-e75e-4e92-8475-6ae3bacc0147'}] {{(pid=104544) send_events /opt/stack/neutron/neutron/notifiers/nova.py:271}}
Jul 11 11:26:31.351386 dv-cinder-848429-2-iscsi neutron-server[104544]: DEBUG novaclient.v2.client [-] REQ: curl -g -i --cacert "/opt/stack/data/ca-bundle.pem" -X POST http://10.222.0.26/compute/v2.1/os-server-external-events -H "Accept: application/json" -H "Content-Type: application/json" -H "User-Agent: python-novaclient" -H "X-Auth-Token: {SHA256}227009b29da6570dcbb795c804791fe74ac574e3e4daf6dec2612402732f5008" -H "X-OpenStack-Nova-API-Version: 2.1" -H "X-OpenStack-Request-ID: req-fe40d484-3dfe-4fec-9f09-84a1ef2ccd61" -d '{"events": [{"name": "network-changed", "server_uuid": "2a79e2f0-60e3-40b6-aac8-665c0d755ecb", "tag": "b79b3356-e75e-4e92-8475-6ae3bacc0147"}]}' {{(pid=104544) _http_log_request /usr/local/lib/python3.8/dist-packages/keystoneauth1/session.py:519}}
Jul 11 11:26:31.388164 dv-cinder-848429-2-iscsi neutron-server[104544]: DEBUG neutron.api.rpc.handlers.resources_rpc [None req-18e57b87-5053-42d0-ae61-61ae1f2750b6 service neutron] Pushing event updated for resources: {'Port': ['ID=b79b3356-e75e-4e92-8475-6ae3bacc0147,revision_number=3']} {{(pid=104544) push /opt/stack/neutron/neutron/api/rpc/handlers/resources_rpc.py:237}}
Jul 11 11:26:31.402547 dv-cinder-848429-2-iscsi neutron-server[104544]: DEBUG novaclient.v2.client [-] RESP: [200] Connection: close Content-Length: 179 Content-Type: application/json Date: Mon, 11 Jul 2022 11:26:31 GMT OpenStack-API-Version: compute 2.1 Server: Apache/2.4.41 (Ubuntu) Vary: OpenStack-API-Version,X-OpenStack-Nova-API-Version X-OpenStack-Nova-API-Version: 2.1 x-compute-request-id: req-ed3c8750-12e3-442e-890a-8ad53b6ea14b x-openstack-request-id: req-ed3c8750-12e3-442e-890a-8ad53b6ea14b {{(pid=104544) _http_log_response /usr/local/lib/python3.8/dist-packages/keystoneauth1/session.py:550}}
Jul 11 11:26:31.402818 dv-cinder-848429-2-iscsi neutron-server[104544]: DEBUG novaclient.v2.client [-] RESP BODY: {"events": [{"name": "network-changed", "server_uuid": "2a79e2f0-60e3-40b6-aac8-665c0d755ecb", "tag": "b79b3356-e75e-4e92-8475-6ae3bacc0147", "status": "completed", "code": 200}]} {{(pid=104544) _http_log_response /usr/local/lib/python3.8/dist-packages/keystoneauth1/session.py:582}}
Jul 11 11:26:31.403064 dv-cinder-848429-2-iscsi neutron-server[104544]: DEBUG novaclient.v2.client [-] POST call to compute for http://10.222.0.26/compute/v2.1/os-server-external-events used request id req-ed3c8750-12e3-442e-890a-8ad53b6ea14b {{(pid=104544) request /usr/local/lib/python3.8/dist-packages/keystoneauth1/session.py:954}}
Jul 11 11:26:31.403497 dv-cinder-848429-2-iscsi neutron-server[104544]: INFO neutron.notifiers.nova [-] Nova event matching ['req-ed3c8750-12e3-442e-890a-8ad53b6ea14b'] response: {'name': 'network-changed', 'server_uuid': '2a79e2f0-60e3-40b6-aac8-665c0d755ecb', 'tag': 'b79b3356-e75e-4e92-8475-6ae3bacc0147', 'status': 'completed', 'code': 200}
Jul 11 11:26:31.413866 dv-cinder-848429-2-iscsi neutron-server[104544]: DEBUG neutron_lib.callbacks.manager [None req-d35d60c1-ee84-4b23-baf1-ad5a79d6f685 admin admin] Publish callbacks [] for security_group (8d85b4a5-55e6-4481-8ca1-42e5e458aebf), precommit_create {{(pid=104544) _notify_loop /usr/local/lib/python3.8/dist-packages/neutron_lib/callbacks/manager.py:176}}
Jul 11 11:26:31.469649 dv-cinder-848429-2-iscsi neutron-server[104543]: DEBUG neutron.pecan_wsgi.hooks.policy_enforcement [req-9aad2135-f721-479e-b32d-577771a6488b req-b6fe26b9-3043-45c6-84c0-bf35e958324b tempest-DeleteServersTestJSON-500205929 tempest-DeleteServersTestJSON-500205929-project] Attributes excluded by policy engine: ['standard_attr_id', 'binding:profile', 'binding:host_id', 'binding:vif_type', 'binding:vif_details'] {{(pid=104543) _exclude_attributes_by_policy /opt/stack/neutron/neutron/pecan_wsgi/hooks/policy_enforcement.py:259}}
Jul 11 11:26:31.471786 dv-cinder-848429-2-iscsi neutron-server[104543]: INFO neutron.wsgi [req-9aad2135-f721-479e-b32d-577771a6488b req-b6fe26b9-3043-45c6-84c0-bf35e958324b tempest-DeleteServersTestJSON-500205929 tempest-DeleteServersTestJSON-500205929-project] 10.222.0.26 "GET /v2.0/ports?device_id=f9e44714-3285-489f-91df-091b85f4c56b HTTP/1.1" status: 200 len: 945 time: 0.0526953
Jul 11 11:26:31.525351 dv-cinder-848429-2-iscsi neutron-server[104543]: INFO neutron.wsgi [req-9aad2135-f721-479e-b32d-577771a6488b req-329f17bb-29bc-47fe-aa16-33ee9eb27233 tempest-DeleteServersTestJSON-500205929 tempest-DeleteServersTestJSON-500205929-project] 10.222.0.26 "GET /v2.0/security-groups?id=33cf9b45-7e04-4b22-8d34-59c4969588a4&fields=id&fields=name HTTP/1.1" status: 200 len: 286 time: 0.0480332
Jul 11 11:26:31.577383 dv-cinder-848429-2-iscsi neutron-server[104544]: DEBUG neutron_lib.callbacks.manager [None req-d35d60c1-ee84-4b23-baf1-ad5a79d6f685 admin admin] Publish callbacks ['neutron.plugins.ml2.ovo_rpc._ObjectChangeHandler.handle_event-1797829'] for security_group (8d85b4a5-55e6-4481-8ca1-42e5e458aebf), after_create {{(pid=104544) _notify_loop /usr/local/lib/python3.8/dist-packages/neutron_lib/callbacks/manager.py:176}}
Jul 11 11:26:31.631752 dv-cinder-848429-2-iscsi neutron-server[104544]: INFO neutron.wsgi [None req-d35d60c1-ee84-4b23-baf1-ad5a79d6f685 admin admin] 10.222.0.26 "GET /v2.0/security-groups?tenant_id=45c653038a29408e929aa46078d89493&name=default HTTP/1.1" status: 200 len: 2996 time: 0.9947553
Jul 11 11:26:31.633652 dv-cinder-848429-2-iscsi neutron-server[104543]: DEBUG neutron.wsgi [-] (104543) accepted ('10.222.0.26', 58448) {{(pid=104543) server /usr/local/lib/python3.8/dist-packages/eventlet/wsgi.py:1004}}
Jul 11 11:26:31.633881 dv-cinder-848429-2-iscsi neutron-server[104544]: DEBUG neutron.api.rpc.handlers.resources_rpc [None req-d35d60c1-ee84-4b23-baf1-ad5a79d6f685 admin admin] Pushing event updated for resources: {'SecurityGroup': ['ID=8d85b4a5-55e6-4481-8ca1-42e5e458aebf,revision_number=1']} {{(pid=104544) push /opt/stack/neutron/neutron/api/rpc/handlers/resources_rpc.py:237}}
Jul 11 11:26:31.705369 dv-cinder-848429-2-iscsi neutron-server[104543]: DEBUG neutron_lib.callbacks.manager [None req-9c6f686a-dbfb-4f0d-83c6-fcbc0c16e8bb admin admin] Publish callbacks [] for security_group (8d85b4a5-55e6-4481-8ca1-42e5e458aebf), before_delete {{(pid=104543) _notify_loop /usr/local/lib/python3.8/dist-packages/neutron_lib/callbacks/manager.py:176}}
Jul 11 11:26:31.736937 dv-cinder-848429-2-iscsi neutron-server[104543]: DEBUG neutron_lib.callbacks.manager [None req-9c6f686a-dbfb-4f0d-83c6-fcbc0c16e8bb admin admin] Publish callbacks [] for security_group (8d85b4a5-55e6-4481-8ca1-42e5e458aebf), precommit_delete {{(pid=104543) _notify_loop /usr/local/lib/python3.8/dist-packages/neutron_lib/callbacks/manager.py:176}}
Jul 11 11:26:31.801578 dv-cinder-848429-2-iscsi neutron-server[104544]: DEBUG neutron.pecan_wsgi.hooks.policy_enforcement [req-fe40d484-3dfe-4fec-9f09-84a1ef2ccd61 req-45c242cc-6b47-4d68-96a1-155ae2041883 service neutron] Attributes excluded by policy engine: ['standard_attr_id'] {{(pid=104544) _exclude_attributes_by_policy /opt/stack/neutron/neutron/pecan_wsgi/hooks/policy_enforcement.py:259}}
Jul 11 11:26:31.803109 dv-cinder-848429-2-iscsi neutron-server[104544]: INFO neutron.wsgi [req-fe40d484-3dfe-4fec-9f09-84a1ef2ccd61 req-45c242cc-6b47-4d68-96a1-155ae2041883 service neutron] 10.222.0.46 "GET /v2.0/ports?tenant_id=5779b0ffa2244901a92adbee65b10421&device_id=2a79e2f0-60e3-40b6-aac8-665c0d755ecb HTTP/1.1" status: 200 len: 1127 time: 0.0426283
Jul 11 11:26:31.872855 dv-cinder-848429-2-iscsi neutron-server[104543]: INFO neutron.wsgi [req-efb26b4a-af6b-46d7-b963-8d0c325a75c8 req-c30a5174-4618-41d9-afa2-34672a01d34f service neutron] 10.222.0.46 "GET /v2.0/networks/415c4ce2-00a4-4e63-ad18-4153e0b2d10b?fields=segments HTTP/1.1" status: 200 len: 212 time: 0.1176069
Jul 11 11:26:31.882886 dv-cinder-848429-2-iscsi neutron-server[104545]: DEBUG dbcounter [-] [104545] Writing DB stats neutron:SELECT=98,neutron:UPDATE=2 {{(pid=104545) stat_writer /usr/local/lib/python3.8/dist-packages/dbcounter.py:114}}
Jul 11 11:26:31.958040 dv-cinder-848429-2-iscsi neutron-server[104543]: DEBUG neutron_lib.callbacks.manager [None req-9c6f686a-dbfb-4f0d-83c6-fcbc0c16e8bb admin admin] Publish callbacks ['neutron.plugins.ml2.ovo_rpc._ObjectChangeHandler.handle_event-1797829'] for security_group (8d85b4a5-55e6-4481-8ca1-42e5e458aebf), after_delete {{(pid=104543) _notify_loop /usr/local/lib/python3.8/dist-packages/neutron_lib/callbacks/manager.py:176}}
Jul 11 11:26:31.960541 dv-cinder-848429-2-iscsi neutron-server[104543]: DEBUG neutron_lib.callbacks.manager [None req-9c6f686a-dbfb-4f0d-83c6-fcbc0c16e8bb admin admin] Publish callbacks [] for security_group (None), before_response {{(pid=104543) _notify_loop /usr/local/lib/python3.8/dist-packages/neutron_lib/callbacks/manager.py:176}}
Jul 11 11:26:31.962456 dv-cinder-848429-2-iscsi neutron-server[104543]: INFO neutron.wsgi [None req-9c6f686a-dbfb-4f0d-83c6-fcbc0c16e8bb admin admin] 10.222.0.26 "DELETE /v2.0/security-groups/8d85b4a5-55e6-4481-8ca1-42e5e458aebf HTTP/1.1" status: 204 len: 168 time: 0.3268728
Jul 11 11:26:31.975114 dv-cinder-848429-2-iscsi neutron-server[104543]: DEBUG neutron.api.rpc.handlers.resources_rpc [None req-9c6f686a-dbfb-4f0d-83c6-fcbc0c16e8bb admin admin] Pushing event deleted for resources: {'SecurityGroup': ['ID=8d85b4a5-55e6-4481-8ca1-42e5e458aebf,revision_number=None']} {{(pid=104543) push /opt/stack/neutron/neutron/api/rpc/handlers/resources_rpc.py:237}}
Jul 11 11:26:32.038601 dv-cinder-848429-2-iscsi neutron-server[104543]: INFO neutron.wsgi [req-efb26b4a-af6b-46d7-b963-8d0c325a75c8 req-748c8db3-f5b9-4afc-908b-c02e454fc662 service neutron] 10.222.0.46 "GET /v2.0/networks/415c4ce2-00a4-4e63-ad18-4153e0b2d10b?fields=provider%3Aphysical_network&fields=provider%3Anetwork_type HTTP/1.1" status: 200 len: 281 time: 0.1585951
Jul 11 11:26:32.081831 dv-cinder-848429-2-iscsi neutron-server[104544]: DEBUG neutron.pecan_wsgi.hooks.policy_enforcement [req-e6e6548a-b6dc-450a-9033-0fd1cec1d6a2 req-5e2b8026-7529-4313-827b-39a187a3a188 tempest-ServerRescueNegativeTestJSON-187934667 tempest-ServerRescueNegativeTestJSON-187934667-project] Attributes excluded by policy engine: ['standard_attr_id', 'binding:profile', 'binding:host_id', 'binding:vif_type', 'binding:vif_details'] {{(pid=104544) _exclude_attributes_by_policy /opt/stack/neutron/neutron/pecan_wsgi/hooks/policy_enforcement.py:259}}
Jul 11 11:26:32.088757 dv-cinder-848429-2-iscsi neutron-server[104544]: INFO neutron.wsgi [req-e6e6548a-b6dc-450a-9033-0fd1cec1d6a2 req-5e2b8026-7529-4313-827b-39a187a3a188 tempest-ServerRescueNegativeTestJSON-187934667 tempest-ServerRescueNegativeTestJSON-187934667-project] 10.222.0.26 "GET /v2.0/ports?device_id=1df1a34e-6645-4776-ac7a-a03a47edeebe HTTP/1.1" status: 200 len: 944 time: 0.2197325
Jul 11 11:26:32.119504 dv-cinder-848429-2-iscsi neutron-server[104544]: DEBUG neutron.pecan_wsgi.hooks.policy_enforcement [req-fe40d484-3dfe-4fec-9f09-84a1ef2ccd61 req-f9b5dc53-6c95-419b-970c-06a4b86ac0bd service neutron] Attributes excluded by policy engine: ['standard_attr_id', 'vlan_transparent'] {{(pid=104544) _exclude_attributes_by_policy /opt/stack/neutron/neutron/pecan_wsgi/hooks/policy_enforcement.py:259}}
Jul 11 11:26:32.121537 dv-cinder-848429-2-iscsi neutron-server[104544]: INFO neutron.wsgi [req-fe40d484-3dfe-4fec-9f09-84a1ef2ccd61 req-f9b5dc53-6c95-419b-970c-06a4b86ac0bd service neutron] 10.222.0.46 "GET /v2.0/networks?tenant_id=5779b0ffa2244901a92adbee65b10421&shared=False HTTP/1.1" status: 200 len: 912 time: 0.3112004
Jul 11 11:26:32.154016 dv-cinder-848429-2-iscsi neutron-server[104543]: DEBUG neutron.pecan_wsgi.hooks.policy_enforcement [req-4bce1ec9-a9ad-4c8f-adeb-b623a1b09ad4 req-8f39f71d-550f-4584-87b4-7aecfa750d64 tempest-AttachVolumeShelveTestJSON-30953492 tempest-AttachVolumeShelveTestJSON-30953492-project] Attributes excluded by policy engine: ['standard_attr_id', 'binding:profile', 'binding:host_id', 'binding:vif_type', 'binding:vif_details'] {{(pid=104543) _exclude_attributes_by_policy /opt/stack/neutron/neutron/pecan_wsgi/hooks/policy_enforcement.py:259}}
Jul 11 11:26:32.155669 dv-cinder-848429-2-iscsi neutron-server[104543]: INFO neutron.wsgi [req-4bce1ec9-a9ad-4c8f-adeb-b623a1b09ad4 req-8f39f71d-550f-4584-87b4-7aecfa750d64 tempest-AttachVolumeShelveTestJSON-30953492 tempest-AttachVolumeShelveTestJSON-30953492-project] 10.222.0.26 "GET /v2.0/ports?device_id=4b0ec960-6583-4639-9658-a850655eb703 HTTP/1.1" status: 200 len: 945 time: 0.0677538
Jul 11 11:26:32.193427 dv-cinder-848429-2-iscsi neutron-server[104544]: INFO neutron.wsgi [req-e6e6548a-b6dc-450a-9033-0fd1cec1d6a2 req-49bc7b89-6837-4a72-97e2-aebe0ffa13d1 tempest-ServerRescueNegativeTestJSON-187934667 tempest-ServerRescueNegativeTestJSON-187934667-project] 10.222.0.26 "GET /v2.0/security-groups?id=8c992f43-7219-4050-8d01-d2c9b3d57ef3&fields=id&fields=name HTTP/1.1" status: 200 len: 286 time: 0.1038060
Jul 11 11:26:32.204981 dv-cinder-848429-2-iscsi neutron-server[104544]: DEBUG dbcounter [-] [104544] Writing DB stats neutron:SELECT=97,neutron:UPDATE=2,neutron:INSERT=1 {{(pid=104544) stat_writer /usr/local/lib/python3.8/dist-packages/dbcounter.py:114}}
Jul 11 11:26:32.219738 dv-cinder-848429-2-iscsi neutron-server[104543]: INFO neutron.wsgi [req-4bce1ec9-a9ad-4c8f-adeb-b623a1b09ad4 req-1535bfb3-988f-4632-94d8-01c1840e43eb tempest-AttachVolumeShelveTestJSON-30953492 tempest-AttachVolumeShelveTestJSON-30953492-project] 10.222.0.26 "GET /v2.0/security-groups?id=140bf53a-a76a-41fb-888c-902c2e8a9e6e&fields=id&fields=name HTTP/1.1" status: 200 len: 313 time: 0.0551474
Jul 11 11:26:32.248371 dv-cinder-848429-2-iscsi neutron-server[104543]: DEBUG dbcounter [-] [104543] Writing DB stats neutron:SELECT=92,neutron:UPDATE=4,neutron:INSERT=2,neutron:DELETE=2 {{(pid=104543) stat_writer /usr/local/lib/python3.8/dist-packages/dbcounter.py:114}}
Jul 11 11:26:32.308225 dv-cinder-848429-2-iscsi neutron-server[104544]: DEBUG neutron.pecan_wsgi.hooks.policy_enforcement [req-fe40d484-3dfe-4fec-9f09-84a1ef2ccd61 req-20dad23b-2b20-42dc-bfc4-ef210dd04786 service neutron] Attributes excluded by policy engine: ['standard_attr_id', 'vlan_transparent'] {{(pid=104544) _exclude_attributes_by_policy /opt/stack/neutron/neutron/pecan_wsgi/hooks/policy_enforcement.py:259}}
Jul 11 11:26:32.309681 dv-cinder-848429-2-iscsi neutron-server[104544]: INFO neutron.wsgi [req-fe40d484-3dfe-4fec-9f09-84a1ef2ccd61 req-20dad23b-2b20-42dc-bfc4-ef210dd04786 service neutron] 10.222.0.46 "GET /v2.0/networks?shared=True HTTP/1.1" status: 200 len: 870 time: 0.1756055
Jul 11 11:26:32.409387 dv-cinder-848429-2-iscsi neutron-server[104545]: DEBUG neutron.plugins.ml2.rpc [None req-53a512c9-7039-4f7b-84d1-39703df8d1f1 None None] Device 2f293575-af5f-45f7-a40b-ab11778b5e6c up at agent hyperv_hv-cinder-84842 {{(pid=104545) update_device_up /opt/stack/neutron/neutron/plugins/ml2/rpc.py:296}}
Jul 11 11:26:32.433532 dv-cinder-848429-2-iscsi neutron-server[104544]: DEBUG neutron.pecan_wsgi.hooks.policy_enforcement [req-8b7fc2e8-265c-434d-ba44-7892e9cc3a68 req-267b7d52-3047-4ff8-94e0-b918d4a352fa tempest-AttachVolumeTestJSON-1070974935 tempest-AttachVolumeTestJSON-1070974935-project] Attributes excluded by policy engine: ['standard_attr_id', 'binding:profile', 'binding:host_id', 'binding:vif_type', 'binding:vif_details'] {{(pid=104544) _exclude_attributes_by_policy /opt/stack/neutron/neutron/pecan_wsgi/hooks/policy_enforcement.py:259}}
Jul 11 11:26:32.435112 dv-cinder-848429-2-iscsi neutron-server[104544]: INFO neutron.wsgi [req-8b7fc2e8-265c-434d-ba44-7892e9cc3a68 req-267b7d52-3047-4ff8-94e0-b918d4a352fa tempest-AttachVolumeTestJSON-1070974935 tempest-AttachVolumeTestJSON-1070974935-project] 10.222.0.26 "GET /v2.0/ports?device_id=2a79e2f0-60e3-40b6-aac8-665c0d755ecb HTTP/1.1" status: 200 len: 943 time: 0.0502107
Jul 11 11:26:32.474767 dv-cinder-848429-2-iscsi neutron-server[104543]: DEBUG neutron.pecan_wsgi.hooks.policy_enforcement [req-727dff8b-c2c8-47f2-b330-3eaf2f579897 req-c71f639d-43aa-4039-b2e2-24f4340a8b8c tempest-AttachVolumeNegativeTest-1544092161 tempest-AttachVolumeNegativeTest-1544092161-project] Attributes excluded by policy engine: ['standard_attr_id', 'binding:profile', 'binding:host_id', 'binding:vif_type', 'binding:vif_details'] {{(pid=104543) _exclude_attributes_by_policy /opt/stack/neutron/neutron/pecan_wsgi/hooks/policy_enforcement.py:259}}
Jul 11 11:26:32.478024 dv-cinder-848429-2-iscsi neutron-server[104543]: INFO neutron.wsgi [req-727dff8b-c2c8-47f2-b330-3eaf2f579897 req-c71f639d-43aa-4039-b2e2-24f4340a8b8c tempest-AttachVolumeNegativeTest-1544092161 tempest-AttachVolumeNegativeTest-1544092161-project] 10.222.0.26 "GET /v2.0/ports?device_id=3ae01e39-7148-4e87-9ae0-a95832b38101 HTTP/1.1" status: 200 len: 944 time: 0.0663478
Jul 11 11:26:32.485429 dv-cinder-848429-2-iscsi neutron-server[104545]: DEBUG neutron.db.provisioning_blocks [None req-53a512c9-7039-4f7b-84d1-39703df8d1f1 None None] Provisioning for port 2f293575-af5f-45f7-a40b-ab11778b5e6c completed by entity L2. {{(pid=104545) provisioning_complete /opt/stack/neutron/neutron/db/provisioning_blocks.py:137}}
Jul 11 11:26:32.502523 dv-cinder-848429-2-iscsi neutron-server[104544]: INFO neutron.wsgi [req-8b7fc2e8-265c-434d-ba44-7892e9cc3a68 req-56632bb5-bc20-4d8b-98d5-89e89a6b5bcb tempest-AttachVolumeTestJSON-1070974935 tempest-AttachVolumeTestJSON-1070974935-project] 10.222.0.26 "GET /v2.0/security-groups?id=50542657-58cb-45ce-a7ee-7f9ee3e8a847&fields=id&fields=name HTTP/1.1" status: 200 len: 312 time: 0.0584216
Jul 11 11:26:32.535375 dv-cinder-848429-2-iscsi neutron-server[104543]: INFO neutron.wsgi [req-727dff8b-c2c8-47f2-b330-3eaf2f579897 req-651897b8-5bdb-4c32-af76-d91d7e8186fb tempest-AttachVolumeNegativeTest-1544092161 tempest-AttachVolumeNegativeTest-1544092161-project] 10.222.0.26 "GET /v2.0/security-groups?id=015658ae-92c3-4a5f-a014-808fcd804f11&fields=id&fields=name HTTP/1.1" status: 200 len: 313 time: 0.0557990
Jul 11 11:26:32.588623 dv-cinder-848429-2-iscsi neutron-server[104545]: DEBUG neutron.db.provisioning_blocks [None req-53a512c9-7039-4f7b-84d1-39703df8d1f1 None None] Provisioning complete for port 2f293575-af5f-45f7-a40b-ab11778b5e6c triggered by entity L2. {{(pid=104545) provisioning_complete /opt/stack/neutron/neutron/db/provisioning_blocks.py:145}}
Jul 11 11:26:32.589079 dv-cinder-848429-2-iscsi neutron-server[104545]: DEBUG neutron_lib.callbacks.manager [None req-53a512c9-7039-4f7b-84d1-39703df8d1f1 None None] Publish callbacks ['neutron.plugins.ml2.plugin.Ml2Plugin._port_provisioned-1157149'] for port (2f293575-af5f-45f7-a40b-ab11778b5e6c), provisioning_complete {{(pid=104545) _notify_loop /usr/local/lib/python3.8/dist-packages/neutron_lib/callbacks/manager.py:176}}
Jul 11 11:26:32.641913 dv-cinder-848429-2-iscsi neutron-server[104544]: DEBUG neutron.pecan_wsgi.hooks.policy_enforcement [req-94f5a9b8-3639-4a05-bfd9-f0f6fe61dae1 req-0bb4da9e-776c-4727-9f92-404482b60246 tempest-DeleteServersTestJSON-500205929 tempest-DeleteServersTestJSON-500205929-project] Attributes excluded by policy engine: ['standard_attr_id', 'binding:profile', 'binding:host_id', 'binding:vif_type', 'binding:vif_details'] {{(pid=104544) _exclude_attributes_by_policy /opt/stack/neutron/neutron/pecan_wsgi/hooks/policy_enforcement.py:259}}
Jul 11 11:26:32.643438 dv-cinder-848429-2-iscsi neutron-server[104544]: INFO neutron.wsgi [req-94f5a9b8-3639-4a05-bfd9-f0f6fe61dae1 req-0bb4da9e-776c-4727-9f92-404482b60246 tempest-DeleteServersTestJSON-500205929 tempest-DeleteServersTestJSON-500205929-project] 10.222.0.26 "GET /v2.0/ports?device_id=f9e44714-3285-489f-91df-091b85f4c56b HTTP/1.1" status: 200 len: 945 time: 0.0480618
Jul 11 11:26:32.664507 dv-cinder-848429-2-iscsi neutron-server[104545]: DEBUG neutron.plugins.ml2.plugin [None req-53a512c9-7039-4f7b-84d1-39703df8d1f1 None None] Current status of the port 2f293575-af5f-45f7-a40b-ab11778b5e6c is: BUILD; New status is: ACTIVE {{(pid=104545) _update_individual_port_db_status /opt/stack/neutron/neutron/plugins/ml2/plugin.py:2292}}
Jul 11 11:26:32.664894 dv-cinder-848429-2-iscsi neutron-server[104545]: DEBUG neutron_lib.callbacks.manager [None req-53a512c9-7039-4f7b-84d1-39703df8d1f1 None None] Publish callbacks ['neutron.plugins.ml2.plugin.SecurityGroupDbMixin._ensure_default_security_group_handler-921741'] for port (2f293575-af5f-45f7-a40b-ab11778b5e6c), before_update {{(pid=104545) _notify_loop /usr/local/lib/python3.8/dist-packages/neutron_lib/callbacks/manager.py:176}}
Jul 11 11:26:32.691101 dv-cinder-848429-2-iscsi neutron-server[104545]: DEBUG neutron.notifiers.nova [-] Sending events: [{'server_uuid': 'f9e44714-3285-489f-91df-091b85f4c56b', 'name': 'network-vif-plugged', 'status': 'completed', 'tag': '2f293575-af5f-45f7-a40b-ab11778b5e6c'}] {{(pid=104545) send_events /opt/stack/neutron/neutron/notifiers/nova.py:271}}
Jul 11 11:26:32.693702 dv-cinder-848429-2-iscsi neutron-server[104545]: DEBUG novaclient.v2.client [-] REQ: curl -g -i --cacert "/opt/stack/data/ca-bundle.pem" -X POST http://10.222.0.26/compute/v2.1/os-server-external-events -H "Accept: application/json" -H "Content-Type: application/json" -H "User-Agent: python-novaclient" -H "X-Auth-Token: {SHA256}62e564a66fef0c0b29da4656658a74239c3c9c219123a839be8c3ea71645fa21" -H "X-OpenStack-Nova-API-Version: 2.1" -H "X-OpenStack-Request-ID: req-d0c445e0-5201-41dd-a9b3-275f99ce5ed8" -d '{"events": [{"server_uuid": "f9e44714-3285-489f-91df-091b85f4c56b", "name": "network-vif-plugged", "status": "completed", "tag": "2f293575-af5f-45f7-a40b-ab11778b5e6c"}]}' {{(pid=104545) _http_log_request /usr/local/lib/python3.8/dist-packages/keystoneauth1/session.py:519}}
Jul 11 11:26:32.695846 dv-cinder-848429-2-iscsi neutron-server[104544]: INFO neutron.wsgi [req-94f5a9b8-3639-4a05-bfd9-f0f6fe61dae1 req-ef7144aa-956b-4abc-b2ca-61b540e744ba tempest-DeleteServersTestJSON-500205929 tempest-DeleteServersTestJSON-500205929-project] 10.222.0.26 "GET /v2.0/security-groups?id=33cf9b45-7e04-4b22-8d34-59c4969588a4&fields=id&fields=name HTTP/1.1" status: 200 len: 286 time: 0.0464680
Jul 11 11:26:32.712904 dv-cinder-848429-2-iscsi neutron-server[104545]: DEBUG neutron.plugins.ml2.db [None req-53a512c9-7039-4f7b-84d1-39703df8d1f1 None None] For port 2f293575-af5f-45f7-a40b-ab11778b5e6c, host hv-cinder-84842, got binding levels [PortBindingLevel(driver='hyperv',host='hv-cinder-84842',level=0,port_id=2f293575-af5f-45f7-a40b-ab11778b5e6c,segment=NetworkSegment(37edd796-db8a-4a7f-8c76-58707553bbd2),segment_id=37edd796-db8a-4a7f-8c76-58707553bbd2)] {{(pid=104545) get_binding_level_objs /opt/stack/neutron/neutron/plugins/ml2/db.py:74}}
Jul 11 11:26:32.716603 dv-cinder-848429-2-iscsi neutron-server[104543]: DEBUG dbcounter [-] [104543] Writing DB stats neutron:SELECT=95,neutron:DELETE=2,neutron:UPDATE=2,neutron:INSERT=1 {{(pid=104543) stat_writer /usr/local/lib/python3.8/dist-packages/dbcounter.py:114}}
Jul 11 11:26:32.738786 dv-cinder-848429-2-iscsi neutron-server[104545]: DEBUG novaclient.v2.client [-] RESP: [200] Connection: close Content-Length: 183 Content-Type: application/json Date: Mon, 11 Jul 2022 11:26:32 GMT OpenStack-API-Version: compute 2.1 Server: Apache/2.4.41 (Ubuntu) Vary: OpenStack-API-Version,X-OpenStack-Nova-API-Version X-OpenStack-Nova-API-Version: 2.1 x-compute-request-id: req-0d163913-2f52-419c-88f9-f2e71c89ba5c x-openstack-request-id: req-0d163913-2f52-419c-88f9-f2e71c89ba5c {{(pid=104545) _http_log_response /usr/local/lib/python3.8/dist-packages/keystoneauth1/session.py:550}}
Jul 11 11:26:32.739335 dv-cinder-848429-2-iscsi neutron-server[104545]: DEBUG novaclient.v2.client [-] RESP BODY: {"events": [{"server_uuid": "f9e44714-3285-489f-91df-091b85f4c56b", "name": "network-vif-plugged", "status": "completed", "tag": "2f293575-af5f-45f7-a40b-ab11778b5e6c", "code": 200}]} {{(pid=104545) _http_log_response /usr/local/lib/python3.8/dist-packages/keystoneauth1/session.py:582}}
Jul 11 11:26:32.739759 dv-cinder-848429-2-iscsi neutron-server[104545]: DEBUG novaclient.v2.client [-] POST call to compute for http://10.222.0.26/compute/v2.1/os-server-external-events used request id req-0d163913-2f52-419c-88f9-f2e71c89ba5c {{(pid=104545) request /usr/local/lib/python3.8/dist-packages/keystoneauth1/session.py:954}}
Jul 11 11:26:32.740167 dv-cinder-848429-2-iscsi neutron-server[104545]: INFO neutron.notifiers.nova [-] Nova event matching ['req-0d163913-2f52-419c-88f9-f2e71c89ba5c'] response: {'server_uuid': 'f9e44714-3285-489f-91df-091b85f4c56b', 'name': 'network-vif-plugged', 'status': 'completed', 'tag': '2f293575-af5f-45f7-a40b-ab11778b5e6c', 'code': 200}
Jul 11 11:26:32.794640 dv-cinder-848429-2-iscsi neutron-server[104545]: DEBUG neutron_lib.callbacks.manager [None req-53a512c9-7039-4f7b-84d1-39703df8d1f1 None None] Publish callbacks ['neutron.plugins.ml2.plugin.SecurityGroupServerNotifierRpcMixin._notify_sg_on_port_change-923464', 'neutron.plugins.ml2.ovo_rpc._ObjectChangeHandler.handle_event-29800', 'neutron.api.rpc.agentnotifiers.dhcp_rpc_agent_api.DhcpAgentNotifyAPI._native_event_send_dhcp_notification-1602142', 'neutron.db.l3_db.L3RpcNotifierMixin._notify_gateway_port_ip_changed-8776085281064', 'neutron.db.l3_dvrscheduler_db._notify_l3_agent_port_update-8776084722818', 'neutron.db.l3_hascheduler_db._notify_l3_agent_ha_port_update-8776084722836'] for port (2f293575-af5f-45f7-a40b-ab11778b5e6c), after_update {{(pid=104545) _notify_loop /usr/local/lib/python3.8/dist-packages/neutron_lib/callbacks/manager.py:176}}
Jul 11 11:26:32.795631 dv-cinder-848429-2-iscsi neutron-server[104545]: DEBUG neutron.plugins.ml2.rpc [None req-53a512c9-7039-4f7b-84d1-39703df8d1f1 None None] Device 65cc413d-9788-4b74-9e0d-f6d26d9bc4f5 up at agent hyperv_hv-cinder-84842 {{(pid=104545) update_device_up /opt/stack/neutron/neutron/plugins/ml2/rpc.py:296}}
Jul 11 11:26:32.878210 dv-cinder-848429-2-iscsi neutron-server[104545]: DEBUG neutron.api.rpc.handlers.resources_rpc [None req-53a512c9-7039-4f7b-84d1-39703df8d1f1 None None] Pushing event updated for resources: {'Port': ['ID=2f293575-af5f-45f7-a40b-ab11778b5e6c,revision_number=5']} {{(pid=104545) push /opt/stack/neutron/neutron/api/rpc/handlers/resources_rpc.py:237}}
Jul 11 11:26:32.882653 dv-cinder-848429-2-iscsi neutron-server[104545]: DEBUG neutron.db.provisioning_blocks [None req-53a512c9-7039-4f7b-84d1-39703df8d1f1 None None] Provisioning for port 65cc413d-9788-4b74-9e0d-f6d26d9bc4f5 completed by entity L2. {{(pid=104545) provisioning_complete /opt/stack/neutron/neutron/db/provisioning_blocks.py:137}}
Jul 11 11:26:32.893554 dv-cinder-848429-2-iscsi neutron-server[104544]: DEBUG neutron.wsgi [-] (104544) accepted ('10.222.0.26', 58492) {{(pid=104544) server /usr/local/lib/python3.8/dist-packages/eventlet/wsgi.py:1004}}
Jul 11 11:26:32.907121 dv-cinder-848429-2-iscsi neutron-server[104544]: DEBUG neutron_lib.callbacks.manager [None req-6aef3719-897c-4ae9-b38a-c60aff5f006a admin admin] Publish callbacks [] for security_group (None), before_create {{(pid=104544) _notify_loop /usr/local/lib/python3.8/dist-packages/neutron_lib/callbacks/manager.py:176}}
Jul 11 11:26:33.007859 dv-cinder-848429-2-iscsi neutron-server[104544]: DEBUG neutron.pecan_wsgi.hooks.policy_enforcement [req-d327ce5a-86b0-4d75-ba3a-4c704e24796a req-562be51e-1acf-4a0c-a9ef-5ae488be9365 service neutron] Attributes excluded by policy engine: ['standard_attr_id'] {{(pid=104544) _exclude_attributes_by_policy /opt/stack/neutron/neutron/pecan_wsgi/hooks/policy_enforcement.py:259}}
Jul 11 11:26:33.009429 dv-cinder-848429-2-iscsi neutron-server[104544]: INFO neutron.wsgi [req-d327ce5a-86b0-4d75-ba3a-4c704e24796a req-562be51e-1acf-4a0c-a9ef-5ae488be9365 service neutron] 10.222.0.46 "GET /v2.0/ports?tenant_id=1328a510264f4374baabad7b5243d8c2&device_id=3ae01e39-7148-4e87-9ae0-a95832b38101 HTTP/1.1" status: 200 len: 1128 time: 0.0719576
Jul 11 11:26:33.023496 dv-cinder-848429-2-iscsi neutron-server[104545]: DEBUG neutron.db.provisioning_blocks [None req-53a512c9-7039-4f7b-84d1-39703df8d1f1 None None] Provisioning complete for port 65cc413d-9788-4b74-9e0d-f6d26d9bc4f5 triggered by entity L2. {{(pid=104545) provisioning_complete /opt/stack/neutron/neutron/db/provisioning_blocks.py:145}}
Jul 11 11:26:33.023978 dv-cinder-848429-2-iscsi neutron-server[104545]: DEBUG neutron_lib.callbacks.manager [None req-53a512c9-7039-4f7b-84d1-39703df8d1f1 None None] Publish callbacks ['neutron.plugins.ml2.plugin.Ml2Plugin._port_provisioned-1157149'] for port (65cc413d-9788-4b74-9e0d-f6d26d9bc4f5), provisioning_complete {{(pid=104545) _notify_loop /usr/local/lib/python3.8/dist-packages/neutron_lib/callbacks/manager.py:176}}
Jul 11 11:26:33.027803 dv-cinder-848429-2-iscsi neutron-server[104543]: DEBUG neutron.pecan_wsgi.hooks.policy_enforcement [req-ed1459a4-fdae-4f43-8854-561f27088a66 req-00ccedc1-86d1-4749-b4bc-18fb7b05ccac service neutron] Attributes excluded by policy engine: ['standard_attr_id'] {{(pid=104543) _exclude_attributes_by_policy /opt/stack/neutron/neutron/pecan_wsgi/hooks/policy_enforcement.py:259}}
Jul 11 11:26:33.029572 dv-cinder-848429-2-iscsi neutron-server[104543]: INFO neutron.wsgi [req-ed1459a4-fdae-4f43-8854-561f27088a66 req-00ccedc1-86d1-4749-b4bc-18fb7b05ccac service neutron] 10.222.0.46 "GET /v2.0/ports?tenant_id=5779b0ffa2244901a92adbee65b10421&device_id=2a79e2f0-60e3-40b6-aac8-665c0d755ecb HTTP/1.1" status: 200 len: 1127 time: 0.0679476
Jul 11 11:26:33.094199 dv-cinder-848429-2-iscsi neutron-server[104545]: DEBUG dbcounter [-] [104545] Writing DB stats neutron:SELECT=98,neutron:UPDATE=2 {{(pid=104545) stat_writer /usr/local/lib/python3.8/dist-packages/dbcounter.py:114}}
Jul 11 11:26:33.100047 dv-cinder-848429-2-iscsi neutron-server[104543]: INFO neutron.wsgi [req-ed1459a4-fdae-4f43-8854-561f27088a66 req-fe46bb5b-4661-453f-89ce-eb0eadc81083 service neutron] 10.222.0.46 "GET /v2.0/floatingips?fixed_ip_address=172.20.0.7&port_id=b79b3356-e75e-4e92-8475-6ae3bacc0147 HTTP/1.1" status: 200 len: 217 time: 0.0642130
Jul 11 11:26:33.135708 dv-cinder-848429-2-iscsi neutron-server[104545]: DEBUG neutron.plugins.ml2.plugin [None req-53a512c9-7039-4f7b-84d1-39703df8d1f1 None None] Current status of the port 65cc413d-9788-4b74-9e0d-f6d26d9bc4f5 is: BUILD; New status is: ACTIVE {{(pid=104545) _update_individual_port_db_status /opt/stack/neutron/neutron/plugins/ml2/plugin.py:2292}}
Jul 11 11:26:33.136474 dv-cinder-848429-2-iscsi neutron-server[104545]: DEBUG neutron_lib.callbacks.manager [None req-53a512c9-7039-4f7b-84d1-39703df8d1f1 None None] Publish callbacks ['neutron.plugins.ml2.plugin.SecurityGroupDbMixin._ensure_default_security_group_handler-921741'] for port (65cc413d-9788-4b74-9e0d-f6d26d9bc4f5), before_update {{(pid=104545) _notify_loop /usr/local/lib/python3.8/dist-packages/neutron_lib/callbacks/manager.py:176}}
Jul 11 11:26:33.176431 dv-cinder-848429-2-iscsi neutron-server[104545]: DEBUG neutron.plugins.ml2.db [None req-53a512c9-7039-4f7b-84d1-39703df8d1f1 None None] For port 65cc413d-9788-4b74-9e0d-f6d26d9bc4f5, host hv-cinder-84842, got binding levels [PortBindingLevel(driver='hyperv',host='hv-cinder-84842',level=0,port_id=65cc413d-9788-4b74-9e0d-f6d26d9bc4f5,segment=NetworkSegment(6b45342e-e9ff-4cb9-abbb-163b9560a985),segment_id=6b45342e-e9ff-4cb9-abbb-163b9560a985)] {{(pid=104545) get_binding_level_objs /opt/stack/neutron/neutron/plugins/ml2/db.py:74}}
Jul 11 11:26:33.187303 dv-cinder-848429-2-iscsi neutron-server[104543]: DEBUG neutron.pecan_wsgi.hooks.policy_enforcement [req-ed1459a4-fdae-4f43-8854-561f27088a66 req-0c313737-6809-418a-8b2e-373c97d4446b service neutron] Attributes excluded by policy engine: ['standard_attr_id', 'shared'] {{(pid=104543) _exclude_attributes_by_policy /opt/stack/neutron/neutron/pecan_wsgi/hooks/policy_enforcement.py:259}}
Jul 11 11:26:33.188885 dv-cinder-848429-2-iscsi neutron-server[104543]: INFO neutron.wsgi [req-ed1459a4-fdae-4f43-8854-561f27088a66 req-0c313737-6809-418a-8b2e-373c97d4446b service neutron] 10.222.0.46 "GET /v2.0/subnets?id=b0b22b46-38ee-4dec-a1e3-53cc4abd4860 HTTP/1.1" status: 200 len: 850 time: 0.0830042
Jul 11 11:26:33.233717 dv-cinder-848429-2-iscsi neutron-server[104543]: DEBUG neutron.pecan_wsgi.hooks.policy_enforcement [req-ed1459a4-fdae-4f43-8854-561f27088a66 req-5b32fdf0-b9ed-4a5a-908d-d850bec267de service neutron] Attributes excluded by policy engine: ['standard_attr_id'] {{(pid=104543) _exclude_attributes_by_policy /opt/stack/neutron/neutron/pecan_wsgi/hooks/policy_enforcement.py:259}}
Jul 11 11:26:33.235812 dv-cinder-848429-2-iscsi neutron-server[104543]: INFO neutron.wsgi [req-ed1459a4-fdae-4f43-8854-561f27088a66 req-5b32fdf0-b9ed-4a5a-908d-d850bec267de service neutron] 10.222.0.46 "GET /v2.0/ports?network_id=dc5b5fb4-7eaf-48cc-a935-f2b28a6703f4&device_owner=network%3Adhcp HTTP/1.1" status: 200 len: 1212 time: 0.0413814
Jul 11 11:26:33.287430 dv-cinder-848429-2-iscsi neutron-server[104545]: DEBUG neutron_lib.callbacks.manager [None req-53a512c9-7039-4f7b-84d1-39703df8d1f1 None None] Publish callbacks ['neutron.plugins.ml2.plugin.SecurityGroupServerNotifierRpcMixin._notify_sg_on_port_change-923464', 'neutron.plugins.ml2.ovo_rpc._ObjectChangeHandler.handle_event-29800', 'neutron.api.rpc.agentnotifiers.dhcp_rpc_agent_api.DhcpAgentNotifyAPI._native_event_send_dhcp_notification-1602142', 'neutron.db.l3_db.L3RpcNotifierMixin._notify_gateway_port_ip_changed-8776085281064', 'neutron.db.l3_dvrscheduler_db._notify_l3_agent_port_update-8776084722818', 'neutron.db.l3_hascheduler_db._notify_l3_agent_ha_port_update-8776084722836'] for port (65cc413d-9788-4b74-9e0d-f6d26d9bc4f5), after_update {{(pid=104545) _notify_loop /usr/local/lib/python3.8/dist-packages/neutron_lib/callbacks/manager.py:176}}
Jul 11 11:26:33.288873 dv-cinder-848429-2-iscsi neutron-server[104545]: DEBUG neutron.plugins.ml2.rpc [None req-53a512c9-7039-4f7b-84d1-39703df8d1f1 None None] Device fb396fac-9f6d-4448-a468-adea47f3003f up at agent hyperv_hv-cinder-84842 {{(pid=104545) update_device_up /opt/stack/neutron/neutron/plugins/ml2/rpc.py:296}}
Jul 11 11:26:33.308847 dv-cinder-848429-2-iscsi neutron-server[104544]: DEBUG neutron_lib.callbacks.manager [None req-6aef3719-897c-4ae9-b38a-c60aff5f006a admin admin] Publish callbacks [] for security_group (de1c171a-e6fb-434e-b16b-663528982462), precommit_create {{(pid=104544) _notify_loop /usr/local/lib/python3.8/dist-packages/neutron_lib/callbacks/manager.py:176}}
Jul 11 11:26:33.398684 dv-cinder-848429-2-iscsi neutron-server[104545]: DEBUG neutron.db.provisioning_blocks [None req-53a512c9-7039-4f7b-84d1-39703df8d1f1 None None] Provisioning for port fb396fac-9f6d-4448-a468-adea47f3003f completed by entity L2. {{(pid=104545) provisioning_complete /opt/stack/neutron/neutron/db/provisioning_blocks.py:137}}
Jul 11 11:26:33.408299 dv-cinder-848429-2-iscsi neutron-server[104545]: DEBUG neutron.api.rpc.handlers.resources_rpc [None req-53a512c9-7039-4f7b-84d1-39703df8d1f1 None None] Pushing event updated for resources: {'Port': ['ID=65cc413d-9788-4b74-9e0d-f6d26d9bc4f5,revision_number=5']} {{(pid=104545) push /opt/stack/neutron/neutron/api/rpc/handlers/resources_rpc.py:237}}
Jul 11 11:26:33.415972 dv-cinder-848429-2-iscsi neutron-server[104543]: DEBUG neutron.pecan_wsgi.hooks.policy_enforcement [req-32b97d7a-3b7f-47e7-b85f-2b7fd992924d req-557a2ea7-7809-4fbd-beb2-9f151305dd3b tempest-AttachVolumeShelveTestJSON-30953492 tempest-AttachVolumeShelveTestJSON-30953492-project] Attributes excluded by policy engine: ['standard_attr_id', 'binding:profile', 'binding:host_id', 'binding:vif_type', 'binding:vif_details'] {{(pid=104543) _exclude_attributes_by_policy /opt/stack/neutron/neutron/pecan_wsgi/hooks/policy_enforcement.py:259}}
Jul 11 11:26:33.417578 dv-cinder-848429-2-iscsi neutron-server[104543]: INFO neutron.wsgi [req-32b97d7a-3b7f-47e7-b85f-2b7fd992924d req-557a2ea7-7809-4fbd-beb2-9f151305dd3b tempest-AttachVolumeShelveTestJSON-30953492 tempest-AttachVolumeShelveTestJSON-30953492-project] 10.222.0.26 "GET /v2.0/ports?device_id=4b0ec960-6583-4639-9658-a850655eb703 HTTP/1.1" status: 200 len: 945 time: 0.0746226
Jul 11 11:26:33.424562 dv-cinder-848429-2-iscsi neutron-server[104543]: INFO neutron.wsgi [req-ed1459a4-fdae-4f43-8854-561f27088a66 req-8fee1e1b-c30b-4b1d-abe7-6d0f372d3d10 service neutron] 10.222.0.46 "GET /v2.0/networks/dc5b5fb4-7eaf-48cc-a935-f2b28a6703f4?fields=segments HTTP/1.1" status: 200 len: 212 time: 0.1825089
Jul 11 11:26:33.431470 dv-cinder-848429-2-iscsi neutron-server[104544]: DEBUG neutron.pecan_wsgi.hooks.policy_enforcement [req-d327ce5a-86b0-4d75-ba3a-4c704e24796a req-843eb290-06b0-424d-86ed-fa39f911b123 service neutron] Attributes excluded by policy engine: ['standard_attr_id', 'vlan_transparent'] {{(pid=104544) _exclude_attributes_by_policy /opt/stack/neutron/neutron/pecan_wsgi/hooks/policy_enforcement.py:259}}
Jul 11 11:26:33.435763 dv-cinder-848429-2-iscsi neutron-server[104544]: INFO neutron.wsgi [req-d327ce5a-86b0-4d75-ba3a-4c704e24796a req-843eb290-06b0-424d-86ed-fa39f911b123 service neutron] 10.222.0.46 "GET /v2.0/networks?id=415c4ce2-00a4-4e63-ad18-4153e0b2d10b HTTP/1.1" status: 200 len: 916 time: 0.4178281
Jul 11 11:26:33.437354 dv-cinder-848429-2-iscsi neutron-server[104544]: DEBUG neutron_lib.callbacks.manager [None req-6aef3719-897c-4ae9-b38a-c60aff5f006a admin admin] Publish callbacks ['neutron.plugins.ml2.ovo_rpc._ObjectChangeHandler.handle_event-1797829'] for security_group (de1c171a-e6fb-434e-b16b-663528982462), after_create {{(pid=104544) _notify_loop /usr/local/lib/python3.8/dist-packages/neutron_lib/callbacks/manager.py:176}}
Jul 11 11:26:33.506034 dv-cinder-848429-2-iscsi neutron-server[104544]: DEBUG neutron.pecan_wsgi.hooks.policy_enforcement [req-fe9d713b-bca5-4723-882f-7ec784d510d0 req-953a112b-611e-4f68-930e-023c6055a605 tempest-ServerRescueNegativeTestJSON-187934667 tempest-ServerRescueNegativeTestJSON-187934667-project] Attributes excluded by policy engine: ['standard_attr_id', 'binding:profile', 'binding:host_id', 'binding:vif_type', 'binding:vif_details'] {{(pid=104544) _exclude_attributes_by_policy /opt/stack/neutron/neutron/pecan_wsgi/hooks/policy_enforcement.py:259}}
Jul 11 11:26:33.507905 dv-cinder-848429-2-iscsi neutron-server[104544]: INFO neutron.wsgi [req-fe9d713b-bca5-4723-882f-7ec784d510d0 req-953a112b-611e-4f68-930e-023c6055a605 tempest-ServerRescueNegativeTestJSON-187934667 tempest-ServerRescueNegativeTestJSON-187934667-project] 10.222.0.26 "GET /v2.0/ports?device_id=1df1a34e-6645-4776-ac7a-a03a47edeebe HTTP/1.1" status: 200 len: 945 time: 0.1818449
Jul 11 11:26:33.509141 dv-cinder-848429-2-iscsi neutron-server[104545]: DEBUG neutron.db.provisioning_blocks [None req-53a512c9-7039-4f7b-84d1-39703df8d1f1 None None] Provisioning complete for port fb396fac-9f6d-4448-a468-adea47f3003f triggered by entity L2. {{(pid=104545) provisioning_complete /opt/stack/neutron/neutron/db/provisioning_blocks.py:145}}
Jul 11 11:26:33.509677 dv-cinder-848429-2-iscsi neutron-server[104545]: DEBUG neutron_lib.callbacks.manager [None req-53a512c9-7039-4f7b-84d1-39703df8d1f1 None None] Publish callbacks ['neutron.plugins.ml2.plugin.Ml2Plugin._port_provisioned-1157149'] for port (fb396fac-9f6d-4448-a468-adea47f3003f), provisioning_complete {{(pid=104545) _notify_loop /usr/local/lib/python3.8/dist-packages/neutron_lib/callbacks/manager.py:176}}
Jul 11 11:26:33.516297 dv-cinder-848429-2-iscsi neutron-server[104544]: DEBUG neutron.pecan_wsgi.hooks.policy_enforcement [req-5efdbcfd-6dcd-42f6-97e6-1c6877f08896 req-25209137-bdca-47b7-beb3-12dbf1c8db8e service neutron] Attributes excluded by policy engine: ['standard_attr_id'] {{(pid=104544) _exclude_attributes_by_policy /opt/stack/neutron/neutron/pecan_wsgi/hooks/policy_enforcement.py:259}}
Jul 11 11:26:33.517661 dv-cinder-848429-2-iscsi neutron-server[104544]: INFO neutron.wsgi [req-5efdbcfd-6dcd-42f6-97e6-1c6877f08896 req-25209137-bdca-47b7-beb3-12dbf1c8db8e service neutron] 10.222.0.46 "GET /v2.0/ports?device_id=f9e44714-3285-489f-91df-091b85f4c56b HTTP/1.1" status: 200 len: 1130 time: 0.1346149
Jul 11 11:26:33.525549 dv-cinder-848429-2-iscsi neutron-server[104543]: INFO neutron.wsgi [req-32b97d7a-3b7f-47e7-b85f-2b7fd992924d req-909cdd44-e2dd-4b77-b4d7-a231f06266e5 tempest-AttachVolumeShelveTestJSON-30953492 tempest-AttachVolumeShelveTestJSON-30953492-project] 10.222.0.26 "GET /v2.0/security-groups?id=140bf53a-a76a-41fb-888c-902c2e8a9e6e&fields=id&fields=name HTTP/1.1" status: 200 len: 313 time: 0.1000097
Jul 11 11:26:33.526807 dv-cinder-848429-2-iscsi neutron-server[104544]: INFO neutron.wsgi [req-d327ce5a-86b0-4d75-ba3a-4c704e24796a req-17efd62d-45b9-4747-b9e6-e60d0a123757 service neutron] 10.222.0.46 "GET /v2.0/floatingips?fixed_ip_address=172.20.0.11&port_id=b54d0e28-6ca3-4d14-ab22-34f6f328aee6 HTTP/1.1" status: 200 len: 217 time: 0.0824201
Jul 11 11:26:33.596600 dv-cinder-848429-2-iscsi neutron-server[104543]: INFO neutron.wsgi [req-ed1459a4-fdae-4f43-8854-561f27088a66 req-d78a56cc-cb42-4876-8b6e-43e7d8acd695 service neutron] 10.222.0.46 "GET /v2.0/networks/dc5b5fb4-7eaf-48cc-a935-f2b28a6703f4?fields=provider%3Aphysical_network&fields=provider%3Anetwork_type HTTP/1.1" status: 200 len: 281 time: 0.1566825
Jul 11 11:26:33.641045 dv-cinder-848429-2-iscsi neutron-server[104544]: INFO neutron.wsgi [None req-6aef3719-897c-4ae9-b38a-c60aff5f006a admin admin] 10.222.0.26 "GET /v2.0/security-groups?tenant_id=7f088e9b5cf048b08136abf8574d804b&name=default HTTP/1.1" status: 200 len: 2996 time: 0.7463276
Jul 11 11:26:33.651876 dv-cinder-848429-2-iscsi neutron-server[104544]: DEBUG neutron.wsgi [-] (104544) accepted ('10.222.0.26', 58518) {{(pid=104544) server /usr/local/lib/python3.8/dist-packages/eventlet/wsgi.py:1004}}
Jul 11 11:26:33.671115 dv-cinder-848429-2-iscsi neutron-server[104545]: DEBUG neutron.plugins.ml2.plugin [None req-53a512c9-7039-4f7b-84d1-39703df8d1f1 None None] Current status of the port fb396fac-9f6d-4448-a468-adea47f3003f is: BUILD; New status is: ACTIVE {{(pid=104545) _update_individual_port_db_status /opt/stack/neutron/neutron/plugins/ml2/plugin.py:2292}}
Jul 11 11:26:33.671726 dv-cinder-848429-2-iscsi neutron-server[104545]: DEBUG neutron_lib.callbacks.manager [None req-53a512c9-7039-4f7b-84d1-39703df8d1f1 None None] Publish callbacks ['neutron.plugins.ml2.plugin.SecurityGroupDbMixin._ensure_default_security_group_handler-921741'] for port (fb396fac-9f6d-4448-a468-adea47f3003f), before_update {{(pid=104545) _notify_loop /usr/local/lib/python3.8/dist-packages/neutron_lib/callbacks/manager.py:176}}
Jul 11 11:26:33.684998 dv-cinder-848429-2-iscsi neutron-server[104544]: DEBUG neutron.api.rpc.handlers.resources_rpc [None req-6aef3719-897c-4ae9-b38a-c60aff5f006a admin admin] Pushing event updated for resources: {'SecurityGroup': ['ID=de1c171a-e6fb-434e-b16b-663528982462,revision_number=1']} {{(pid=104544) push /opt/stack/neutron/neutron/api/rpc/handlers/resources_rpc.py:237}}
Jul 11 11:26:33.689339 dv-cinder-848429-2-iscsi neutron-server[104544]: INFO neutron.wsgi [req-5efdbcfd-6dcd-42f6-97e6-1c6877f08896 req-51f8d882-1cd6-4e44-a9b2-30402205e4e9 service neutron] 10.222.0.46 "GET /v2.0/security-groups?id=33cf9b45-7e04-4b22-8d34-59c4969588a4&fields=id&fields=name HTTP/1.1" status: 200 len: 286 time: 0.1535966
Jul 11 11:26:33.702515 dv-cinder-848429-2-iscsi neutron-server[104543]: DEBUG neutron.pecan_wsgi.hooks.policy_enforcement [req-09d9f273-9909-47f7-80e9-13d720d0c7d3 req-7f6e2263-e539-44c6-9efe-c02c277d48f4 tempest-AttachVolumeTestJSON-1070974935 tempest-AttachVolumeTestJSON-1070974935-project] Attributes excluded by policy engine: ['standard_attr_id', 'binding:profile', 'binding:host_id', 'binding:vif_type', 'binding:vif_details'] {{(pid=104543) _exclude_attributes_by_policy /opt/stack/neutron/neutron/pecan_wsgi/hooks/policy_enforcement.py:259}}
Jul 11 11:26:33.703283 dv-cinder-848429-2-iscsi neutron-server[104543]: INFO neutron.wsgi [req-09d9f273-9909-47f7-80e9-13d720d0c7d3 req-7f6e2263-e539-44c6-9efe-c02c277d48f4 tempest-AttachVolumeTestJSON-1070974935 tempest-AttachVolumeTestJSON-1070974935-project] 10.222.0.26 "GET /v2.0/ports?device_id=2a79e2f0-60e3-40b6-aac8-665c0d755ecb HTTP/1.1" status: 200 len: 943 time: 0.0731537
Jul 11 11:26:33.740533 dv-cinder-848429-2-iscsi neutron-server[104545]: DEBUG neutron.plugins.ml2.db [None req-53a512c9-7039-4f7b-84d1-39703df8d1f1 None None] For port fb396fac-9f6d-4448-a468-adea47f3003f, host hv-cinder-84842, got binding levels [PortBindingLevel(driver='hyperv',host='hv-cinder-84842',level=0,port_id=fb396fac-9f6d-4448-a468-adea47f3003f,segment=NetworkSegment(5764c890-4c22-4987-83aa-89ebd9f65765),segment_id=5764c890-4c22-4987-83aa-89ebd9f65765)] {{(pid=104545) get_binding_level_objs /opt/stack/neutron/neutron/plugins/ml2/db.py:74}}
Jul 11 11:26:33.749944 dv-cinder-848429-2-iscsi neutron-server[104544]: DEBUG neutron.pecan_wsgi.hooks.policy_enforcement [req-d327ce5a-86b0-4d75-ba3a-4c704e24796a req-3fcc577a-81fd-4ace-b85c-9b4a6ff31f26 service neutron] Attributes excluded by policy engine: ['standard_attr_id', 'shared', 'segment_id'] {{(pid=104544) _exclude_attributes_by_policy /opt/stack/neutron/neutron/pecan_wsgi/hooks/policy_enforcement.py:259}}
Jul 11 11:26:33.751612 dv-cinder-848429-2-iscsi neutron-server[104544]: INFO neutron.wsgi [req-d327ce5a-86b0-4d75-ba3a-4c704e24796a req-3fcc577a-81fd-4ace-b85c-9b4a6ff31f26 service neutron] 10.222.0.46 "GET /v2.0/subnets?id=b2ff6f38-bac1-4695-bf81-71660b55a7b1 HTTP/1.1" status: 200 len: 854 time: 0.2110264
Jul 11 11:26:33.769725 dv-cinder-848429-2-iscsi neutron-server[104543]: INFO neutron.wsgi [req-09d9f273-9909-47f7-80e9-13d720d0c7d3 req-3778b12f-1d90-48cb-9e0a-d2977f66f309 tempest-AttachVolumeTestJSON-1070974935 tempest-AttachVolumeTestJSON-1070974935-project] 10.222.0.26 "GET /v2.0/security-groups?id=50542657-58cb-45ce-a7ee-7f9ee3e8a847&fields=id&fields=name HTTP/1.1" status: 200 len: 312 time: 0.0575380
Jul 11 11:26:33.790398 dv-cinder-848429-2-iscsi neutron-server[104544]: INFO neutron.wsgi [req-fe9d713b-bca5-4723-882f-7ec784d510d0 req-284d47ba-20b5-4e32-a342-8479698f302d tempest-ServerRescueNegativeTestJSON-187934667 tempest-ServerRescueNegativeTestJSON-187934667-project] 10.222.0.26 "GET /v2.0/security-groups?id=8c992f43-7219-4050-8d01-d2c9b3d57ef3&fields=id&fields=name HTTP/1.1" status: 200 len: 286 time: 0.2685933
Jul 11 11:26:33.814573 dv-cinder-848429-2-iscsi neutron-server[104544]: DEBUG neutron_lib.callbacks.manager [None req-cd2416a0-a561-4c4e-8af5-521b9fb96848 admin admin] Publish callbacks [] for security_group (de1c171a-e6fb-434e-b16b-663528982462), before_delete {{(pid=104544) _notify_loop /usr/local/lib/python3.8/dist-packages/neutron_lib/callbacks/manager.py:176}}
Jul 11 11:26:33.823006 dv-cinder-848429-2-iscsi neutron-server[104545]: DEBUG neutron_lib.callbacks.manager [None req-53a512c9-7039-4f7b-84d1-39703df8d1f1 None None] Publish callbacks ['neutron.plugins.ml2.plugin.SecurityGroupServerNotifierRpcMixin._notify_sg_on_port_change-923464', 'neutron.plugins.ml2.ovo_rpc._ObjectChangeHandler.handle_event-29800', 'neutron.api.rpc.agentnotifiers.dhcp_rpc_agent_api.DhcpAgentNotifyAPI._native_event_send_dhcp_notification-1602142', 'neutron.db.l3_db.L3RpcNotifierMixin._notify_gateway_port_ip_changed-8776085281064', 'neutron.db.l3_dvrscheduler_db._notify_l3_agent_port_update-8776084722818', 'neutron.db.l3_hascheduler_db._notify_l3_agent_ha_port_update-8776084722836'] for port (fb396fac-9f6d-4448-a468-adea47f3003f), after_update {{(pid=104545) _notify_loop /usr/local/lib/python3.8/dist-packages/neutron_lib/callbacks/manager.py:176}}
Jul 11 11:26:33.858981 dv-cinder-848429-2-iscsi neutron-server[104544]: DEBUG dbcounter [-] [104544] Writing DB stats neutron:SELECT=91,neutron:DELETE=4,neutron:INSERT=5 {{(pid=104544) stat_writer /usr/local/lib/python3.8/dist-packages/dbcounter.py:114}}
Jul 11 11:26:33.865614 dv-cinder-848429-2-iscsi neutron-server[104544]: DEBUG neutron_lib.callbacks.manager [None req-cd2416a0-a561-4c4e-8af5-521b9fb96848 admin admin] Publish callbacks [] for security_group (de1c171a-e6fb-434e-b16b-663528982462), precommit_delete {{(pid=104544) _notify_loop /usr/local/lib/python3.8/dist-packages/neutron_lib/callbacks/manager.py:176}}
Jul 11 11:26:33.913036 dv-cinder-848429-2-iscsi neutron-server[104543]: DEBUG neutron.pecan_wsgi.hooks.policy_enforcement [req-9920b51b-8649-4ae4-a266-941adfe2929b req-736dc1b4-843e-4591-97d3-e8675806a700 tempest-AttachVolumeNegativeTest-1544092161 tempest-AttachVolumeNegativeTest-1544092161-project] Attributes excluded by policy engine: ['standard_attr_id', 'binding:profile', 'binding:host_id', 'binding:vif_type', 'binding:vif_details'] {{(pid=104543) _exclude_attributes_by_policy /opt/stack/neutron/neutron/pecan_wsgi/hooks/policy_enforcement.py:259}}
Jul 11 11:26:33.915606 dv-cinder-848429-2-iscsi neutron-server[104543]: INFO neutron.wsgi [req-9920b51b-8649-4ae4-a266-941adfe2929b req-736dc1b4-843e-4591-97d3-e8675806a700 tempest-AttachVolumeNegativeTest-1544092161 tempest-AttachVolumeNegativeTest-1544092161-project] 10.222.0.26 "GET /v2.0/ports?device_id=3ae01e39-7148-4e87-9ae0-a95832b38101 HTTP/1.1" status: 200 len: 944 time: 0.0787091
Jul 11 11:26:33.919304 dv-cinder-848429-2-iscsi neutron-server[104545]: DEBUG neutron.api.rpc.handlers.resources_rpc [None req-53a512c9-7039-4f7b-84d1-39703df8d1f1 None None] Pushing event updated for resources: {'Port': ['ID=fb396fac-9f6d-4448-a468-adea47f3003f,revision_number=5']} {{(pid=104545) push /opt/stack/neutron/neutron/api/rpc/handlers/resources_rpc.py:237}}
