Jul 11 11:25:43.871899 dv-cinder-848429-2-iscsi neutron-server[104544]: DEBUG neutron_lib.callbacks.manager [None req-f65c9134-6afc-40cd-8c2a-f2d052296d2a admin admin] Publish callbacks ['neutron.services.l3_router.l3_router_plugin.L3_HA_NAT_db_mixin._precommit_router_create-1600057', 'neutron.services.l3_router.l3_router_plugin.DVRResourceOperationHandler._set_distributed_flag-1597366', 'neutron.services.l3_router.l3_router_plugin.RouterAvailabilityZoneMixin._process_az_request-1833654', 'neutron.services.l3_router.service_providers.driver_controller.DriverController._set_router_provider-768'] for router (e89bbbed-7431-4045-8acc-a02b7a64e8b7), precommit_create {{(pid=104544) _notify_loop /usr/local/lib/python3.8/dist-packages/neutron_lib/callbacks/manager.py:176}}
Jul 11 11:25:43.893790 dv-cinder-848429-2-iscsi neutron-server[104545]: DEBUG neutron.api.rpc.handlers.dhcp_rpc [None req-5eaac7f6-3fd6-49d5-a1e8-cc0b400c36b9 None None] Network b9ae3220-56d9-4f34-8631-961896ad2324 requested from dv-cinder-848429-2-iscsi {{(pid=104545) get_network_info /opt/stack/neutron/neutron/api/rpc/handlers/dhcp_rpc.py:191}}
Jul 11 11:25:43.899690 dv-cinder-848429-2-iscsi neutron-server[104543]: DEBUG neutron_lib.callbacks.manager [None req-ff7b886f-0b01-4880-9f1a-909f2bd34681 admin admin] Publish callbacks ['neutron.plugins.ml2.plugin.SecurityGroupDbMixin._ensure_default_security_group_handler-921741'] for port (None), before_create {{(pid=104543) _notify_loop /usr/local/lib/python3.8/dist-packages/neutron_lib/callbacks/manager.py:176}}
Jul 11 11:25:43.902671 dv-cinder-848429-2-iscsi neutron-server[104545]: DEBUG neutron_lib.callbacks.manager [None req-e475f863-6304-4b49-880d-7a79cd72037a None None] Publish callbacks ['neutron.plugins.ml2.plugin.SecurityGroupServerNotifierRpcMixin._notify_sg_on_port_change-923464', 'neutron.plugins.ml2.ovo_rpc._ObjectChangeHandler.handle_event-29800', 'neutron.api.rpc.agentnotifiers.dhcp_rpc_agent_api.DhcpAgentNotifyAPI._native_event_send_dhcp_notification-1602142', 'neutron.db.l3_db.L3RpcNotifierMixin._notify_gateway_port_ip_changed-8776085281064', 'neutron.db.l3_dvrscheduler_db._notify_l3_agent_port_update-8776084722818', 'neutron.db.l3_hascheduler_db._notify_l3_agent_ha_port_update-8776084722836'] for port (6da1bac0-5175-41de-871a-52f4f45ba6f4), after_update {{(pid=104545) _notify_loop /usr/local/lib/python3.8/dist-packages/neutron_lib/callbacks/manager.py:176}}
Jul 11 11:25:43.951330 dv-cinder-848429-2-iscsi neutron-server[104545]: DEBUG neutron_lib.callbacks.manager [None req-add322af-338d-4a94-8508-d85cde944fa2 None None] Publish callbacks ['neutron.plugins.ml2.plugin.SecurityGroupServerNotifierRpcMixin._notify_sg_on_port_change-923464', 'neutron.plugins.ml2.ovo_rpc._ObjectChangeHandler.handle_event-29800', 'neutron.api.rpc.agentnotifiers.dhcp_rpc_agent_api.DhcpAgentNotifyAPI._native_event_send_dhcp_notification-1602142', 'neutron.db.l3_dvrscheduler_db._notify_l3_agent_new_port-8776084722800'] for port (862cc4d3-166e-4fb4-8620-77d10936112a), after_create {{(pid=104545) _notify_loop /usr/local/lib/python3.8/dist-packages/neutron_lib/callbacks/manager.py:176}}
Jul 11 11:25:43.960652 dv-cinder-848429-2-iscsi neutron-server[104545]: DEBUG neutron.db.provisioning_blocks [None req-cd359ad3-7b71-41a1-ba58-3a7f338c7f8f None None] Provisioning complete for port 6da1bac0-5175-41de-871a-52f4f45ba6f4 triggered by entity L2. {{(pid=104545) provisioning_complete /opt/stack/neutron/neutron/db/provisioning_blocks.py:145}}
Jul 11 11:25:43.961576 dv-cinder-848429-2-iscsi neutron-server[104545]: DEBUG neutron_lib.callbacks.manager [None req-cd359ad3-7b71-41a1-ba58-3a7f338c7f8f None None] Publish callbacks ['neutron.plugins.ml2.plugin.Ml2Plugin._port_provisioned-1157149'] for port (6da1bac0-5175-41de-871a-52f4f45ba6f4), provisioning_complete {{(pid=104545) _notify_loop /usr/local/lib/python3.8/dist-packages/neutron_lib/callbacks/manager.py:176}}
Jul 11 11:25:43.971446 dv-cinder-848429-2-iscsi neutron-server[104543]: DEBUG neutron_lib.callbacks.manager [None req-4595ed70-28b7-4474-ba5c-5099730a0974 admin admin] Publish callbacks [] for router_gateway (cc2f4a68-bd9d-4848-aa8e-8bb11dbe62c4), before_create {{(pid=104543) _notify_loop /usr/local/lib/python3.8/dist-packages/neutron_lib/callbacks/manager.py:176}}
Jul 11 11:25:44.008132 dv-cinder-848429-2-iscsi neutron-server[104545]: DEBUG neutron.api.rpc.handlers.dhcp_rpc [None req-f510347b-b78e-48f9-af17-23f2992bb911 None None] Create dhcp port {'port': {'name': '', 'admin_state_up': True, 'device_id': 'dhcp6cd62a35-8dff-59c5-90ca-5c84bd81c3f6-a66f67a8-9e25-4936-aefa-ad7234de04a8', 'network_id': 'a66f67a8-9e25-4936-aefa-ad7234de04a8', 'project_id': '876864a8f283481a81ee65a1c97d0f4f', 'fixed_ips': [{'subnet_id': '5699ee8d-188a-48f5-9319-5738476fdb6c'}]}} from dv-cinder-848429-2-iscsi. {{(pid=104545) create_dhcp_port /opt/stack/neutron/neutron/api/rpc/handlers/dhcp_rpc.py:268}}
Jul 11 11:25:44.010018 dv-cinder-848429-2-iscsi neutron-server[104545]: DEBUG neutron_lib.callbacks.manager [None req-f510347b-b78e-48f9-af17-23f2992bb911 None None] Publish callbacks ['neutron.plugins.ml2.plugin.SecurityGroupDbMixin._ensure_default_security_group_handler-921741'] for port (None), before_create {{(pid=104545) _notify_loop /usr/local/lib/python3.8/dist-packages/neutron_lib/callbacks/manager.py:176}}
Jul 11 11:25:44.013138 dv-cinder-848429-2-iscsi neutron-server[104545]: DEBUG neutron_lib.callbacks.manager [None req-5d3fdcce-2937-4984-9628-cbe2f04dc1d4 None None] Publish callbacks ['neutron.plugins.ml2.plugin.SecurityGroupServerNotifierRpcMixin._notify_sg_on_port_change-923464', 'neutron.plugins.ml2.ovo_rpc._ObjectChangeHandler.handle_event-29800', 'neutron.api.rpc.agentnotifiers.dhcp_rpc_agent_api.DhcpAgentNotifyAPI._native_event_send_dhcp_notification-1602142', 'neutron.db.l3_dvrscheduler_db._notify_l3_agent_new_port-8776084722800'] for port (d1b569bc-74de-49f9-8699-b0591a937a3a), after_create {{(pid=104545) _notify_loop /usr/local/lib/python3.8/dist-packages/neutron_lib/callbacks/manager.py:176}}
Jul 11 11:25:44.041195 dv-cinder-848429-2-iscsi neutron-server[104543]: DEBUG neutron.scheduler.l3_agent_scheduler [None req-1072d2a9-3090-489f-a5af-663f93d9d5c1 admin admin] Router 16fe9676-ec9d-4e86-99bd-0314db0c91d3 is scheduled to L3 agent 51e650e4-bcd9-4a02-abce-e734e306e41e with binding_index 1 {{(pid=104543) bind_router /opt/stack/neutron/neutron/scheduler/l3_agent_scheduler.py:209}}
Jul 11 11:25:44.053632 dv-cinder-848429-2-iscsi neutron-server[104543]: DEBUG neutron_lib.callbacks.manager [None req-4595ed70-28b7-4474-ba5c-5099730a0974 admin admin] Publish callbacks ['neutron.plugins.ml2.plugin.SecurityGroupDbMixin._ensure_default_security_group_handler-921741'] for port (None), before_create {{(pid=104543) _notify_loop /usr/local/lib/python3.8/dist-packages/neutron_lib/callbacks/manager.py:176}}
Jul 11 11:25:44.080160 dv-cinder-848429-2-iscsi neutron-server[104544]: DEBUG neutron_lib.callbacks.manager [None req-f65c9134-6afc-40cd-8c2a-f2d052296d2a admin admin] Publish callbacks [] for router_controller (e89bbbed-7431-4045-8acc-a02b7a64e8b7), precommit_add_association {{(pid=104544) _notify_loop /usr/local/lib/python3.8/dist-packages/neutron_lib/callbacks/manager.py:176}}
Jul 11 11:25:44.118055 dv-cinder-848429-2-iscsi neutron-server[104545]: DEBUG neutron.db.provisioning_blocks [None req-f2611c82-e8bf-4e2f-9db8-5e6634d26efd None None] Provisioning complete for port 6da1bac0-5175-41de-871a-52f4f45ba6f4 triggered by entity DHCP. {{(pid=104545) provisioning_complete /opt/stack/neutron/neutron/db/provisioning_blocks.py:145}}
Jul 11 11:25:44.118700 dv-cinder-848429-2-iscsi neutron-server[104545]: DEBUG neutron_lib.callbacks.manager [None req-f2611c82-e8bf-4e2f-9db8-5e6634d26efd None None] Publish callbacks ['neutron.plugins.ml2.plugin.Ml2Plugin._port_provisioned-1157149'] for port (6da1bac0-5175-41de-871a-52f4f45ba6f4), provisioning_complete {{(pid=104545) _notify_loop /usr/local/lib/python3.8/dist-packages/neutron_lib/callbacks/manager.py:176}}
Jul 11 11:25:44.317564 dv-cinder-848429-2-iscsi neutron-server[104545]: DEBUG neutron.api.rpc.handlers.resources_rpc [None req-e475f863-6304-4b49-880d-7a79cd72037a None None] Pushing event updated for resources: {'Port': ['ID=6da1bac0-5175-41de-871a-52f4f45ba6f4,revision_number=3']} {{(pid=104545) push /opt/stack/neutron/neutron/api/rpc/handlers/resources_rpc.py:237}}
Jul 11 11:25:44.325457 dv-cinder-848429-2-iscsi neutron-server[104545]: DEBUG neutron.scheduler.dhcp_agent_scheduler [None req-add322af-338d-4a94-8508-d85cde944fa2 None None] Network 415c4ce2-00a4-4e63-ad18-4153e0b2d10b is already hosted by enough agents. {{(pid=104545) _get_dhcp_agents_hosting_network /opt/stack/neutron/neutron/scheduler/dhcp_agent_scheduler.py:275}}
Jul 11 11:25:44.360412 dv-cinder-848429-2-iscsi neutron-server[104545]: DEBUG neutron.scheduler.dhcp_agent_scheduler [None req-5d3fdcce-2937-4984-9628-cbe2f04dc1d4 None None] Network fa0b6b8e-0fd2-47de-97f4-2dad2b955ce6 is already hosted by enough agents. {{(pid=104545) _get_dhcp_agents_hosting_network /opt/stack/neutron/neutron/scheduler/dhcp_agent_scheduler.py:275}}
Jul 11 11:25:44.366530 dv-cinder-848429-2-iscsi neutron-server[104545]: DEBUG dbcounter [-] [104545] Writing DB stats neutron:SELECT=93,neutron:UPDATE=3,neutron:INSERT=4 {{(pid=104545) stat_writer /usr/local/lib/python3.8/dist-packages/dbcounter.py:114}}
Jul 11 11:25:44.369932 dv-cinder-848429-2-iscsi neutron-server[104545]: DEBUG neutron.scheduler.base_scheduler [None req-add322af-338d-4a94-8508-d85cde944fa2 None None] Resources bound (agent type, host, resource id): {{(pid=104545) schedule /opt/stack/neutron/neutron/scheduler/base_scheduler.py:57}}
Jul 11 11:25:44.409168 dv-cinder-848429-2-iscsi neutron-server[104545]: DEBUG neutron.db.l3_dvrscheduler_db [None req-add322af-338d-4a94-8508-d85cde944fa2 None None] Received port after_create {{(pid=104545) _notify_l3_agent_new_port /opt/stack/neutron/neutron/db/l3_dvrscheduler_db.py:542}}
Jul 11 11:25:44.500573 dv-cinder-848429-2-iscsi neutron-server[104544]: DEBUG neutron_lib.callbacks.manager [None req-f65c9134-6afc-40cd-8c2a-f2d052296d2a admin admin] Publish callbacks [] for router_gateway (e89bbbed-7431-4045-8acc-a02b7a64e8b7), precommit_update {{(pid=104544) _notify_loop /usr/local/lib/python3.8/dist-packages/neutron_lib/callbacks/manager.py:176}}
Jul 11 11:25:44.553215 dv-cinder-848429-2-iscsi neutron-server[104545]: DEBUG neutron_lib.callbacks.manager [None req-254598d5-22b5-49f8-813d-e1944f0306ca None None] Publish callbacks [] for port (f9d45d51-d069-463f-859b-68263989e671), precommit_create {{(pid=104545) _notify_loop /usr/local/lib/python3.8/dist-packages/neutron_lib/callbacks/manager.py:176}}
Jul 11 11:25:44.583201 dv-cinder-848429-2-iscsi neutron-server[104545]: DEBUG neutron.scheduler.base_scheduler [None req-5d3fdcce-2937-4984-9628-cbe2f04dc1d4 None None] Resources bound (agent type, host, resource id): {{(pid=104545) schedule /opt/stack/neutron/neutron/scheduler/base_scheduler.py:57}}
Jul 11 11:25:44.588238 dv-cinder-848429-2-iscsi neutron-server[104545]: DEBUG neutron.db.l3_dvrscheduler_db [None req-5d3fdcce-2937-4984-9628-cbe2f04dc1d4 None None] Received port after_create {{(pid=104545) _notify_l3_agent_new_port /opt/stack/neutron/neutron/db/l3_dvrscheduler_db.py:542}}
Jul 11 11:25:44.629568 dv-cinder-848429-2-iscsi neutron-server[104543]: DEBUG neutron.db.db_base_plugin_common [None req-ff7b886f-0b01-4880-9f1a-909f2bd34681 admin admin] Allocated IP 172.27.1.105 (e26bb9d7-3717-464d-80ce-3ea450eac158/3d2b9a1f-1681-46c2-ad8d-3d45a4f755e5/73141d11-cefe-4385-88b7-f107bb97de0f) {{(pid=104543) _store_ip_allocation /opt/stack/neutron/neutron/db/db_base_plugin_common.py:131}}
Jul 11 11:25:44.633988 dv-cinder-848429-2-iscsi neutron-server[104544]: DEBUG neutron_lib.callbacks.manager [None req-b18d442b-1f24-4bb4-801b-b6030ca2e9d6 admin admin] Publish callbacks [] for router_gateway (d8512a1f-458f-4cd9-84d9-44ba3611d56e), before_create {{(pid=104544) _notify_loop /usr/local/lib/python3.8/dist-packages/neutron_lib/callbacks/manager.py:176}}
Jul 11 11:25:44.636733 dv-cinder-848429-2-iscsi neutron-server[104545]: DEBUG neutron.api.rpc.handlers.resources_rpc [None req-add322af-338d-4a94-8508-d85cde944fa2 None None] Pushing event updated for resources: {'Port': ['ID=862cc4d3-166e-4fb4-8620-77d10936112a,revision_number=1']} {{(pid=104545) push /opt/stack/neutron/neutron/api/rpc/handlers/resources_rpc.py:237}}
Jul 11 11:25:44.703746 dv-cinder-848429-2-iscsi neutron-server[104543]: DEBUG neutron.api.rpc.agentnotifiers.l3_rpc_agent_api [None req-1072d2a9-3090-489f-a5af-663f93d9d5c1 admin admin] Notify agent at l3_agent.dv-cinder-848429-2-iscsi the message routers_updated {{(pid=104543) _agent_notification /opt/stack/neutron/neutron/api/rpc/agentnotifiers/l3_rpc_agent_api.py:65}}
Jul 11 11:25:44.711449 dv-cinder-848429-2-iscsi neutron-server[104544]: DEBUG neutron_lib.callbacks.manager [None req-b18d442b-1f24-4bb4-801b-b6030ca2e9d6 admin admin] Publish callbacks ['neutron.plugins.ml2.plugin.SecurityGroupDbMixin._ensure_default_security_group_handler-921741'] for port (None), before_create {{(pid=104544) _notify_loop /usr/local/lib/python3.8/dist-packages/neutron_lib/callbacks/manager.py:176}}
Jul 11 11:25:44.715554 dv-cinder-848429-2-iscsi neutron-server[104546]: DEBUG neutron.api.rpc.handlers.l3_rpc [None req-7a8fa50c-c924-4bce-b751-ae4d402e50db None None] Sync routers for ids ['16fe9676-ec9d-4e86-99bd-0314db0c91d3'] in dv-cinder-848429-2-iscsi {{(pid=104546) sync_routers /opt/stack/neutron/neutron/api/rpc/handlers/l3_rpc.py:125}}
Jul 11 11:25:44.738614 dv-cinder-848429-2-iscsi neutron-server[104546]: DEBUG neutron.db.l3_dvrscheduler_db [None req-7a8fa50c-c924-4bce-b751-ae4d402e50db None None] Routers {'16fe9676-ec9d-4e86-99bd-0314db0c91d3'} bound to L3 agent in host dv-cinder-848429-2-iscsi {{(pid=104546) _get_router_ids_for_agent /opt/stack/neutron/neutron/db/l3_dvrscheduler_db.py:426}}
Jul 11 11:25:44.739344 dv-cinder-848429-2-iscsi neutron-server[104546]: DEBUG neutron.db.l3_hamode_db [None req-7a8fa50c-c924-4bce-b751-ae4d402e50db None None] neutron.services.l3_router.l3_router_plugin.L3RouterPlugin method get_ha_sync_data_for_host called with arguments (, 'dv-cinder-848429-2-iscsi', Agent(admin_state_up=True,agent_type='L3 agent',availability_zone='nova',binary='neutron-l3-agent',configurations={"agent_mode": "legacy", "ex_gw_ports": 1, "extensions": [], "floating_ips": 0, "handle_internal_only_routers": true, "interface_driver": "openvswitch", "interfaces": 1, "log_agent_heartbeats": false, "routers": 1},created_at=2022-07-11T11:17:06Z,description=,heartbeat_timestamp=2022-07-11T11:25:36Z,host='dv-cinder-848429-2-iscsi',id=51e650e4-bcd9-4a02-abce-e734e306e41e,load=0,resource_versions=,resources_synced=,started_at=2022-07-11T11:17:07Z,topic='l3_agent')) {'router_ids': ['16fe9676-ec9d-4e86-99bd-0314db0c91d3'], 'active': True} {{(pid=104546) wrapper /usr/local/lib/python3.8/dist-packages/oslo_log/helpers.py:65}}
Jul 11 11:25:44.820154 dv-cinder-848429-2-iscsi neutron-server[104543]: DEBUG neutron.wsgi [-] (104543) accepted ('10.222.0.26', 57158) {{(pid=104543) server /usr/local/lib/python3.8/dist-packages/eventlet/wsgi.py:1004}}
Jul 11 11:25:44.827963 dv-cinder-848429-2-iscsi neutron-server[104543]: DEBUG neutron.api.v2.base [None req-d9d5637c-7661-42fe-83d9-3cb24f0955ec admin admin] Request body: {'network': {'name': 'tempest-EncryptedVolumesExtendAttachedTest-323765115-network', 'tenant_id': 'cfba21ecf40a42d08cb398fad71783f6'}} {{(pid=104543) prepare_request_body /opt/stack/neutron/neutron/api/v2/base.py:730}}
Jul 11 11:25:44.900482 dv-cinder-848429-2-iscsi neutron-server[104545]: DEBUG neutron.db.db_base_plugin_common [None req-f510347b-b78e-48f9-af17-23f2992bb911 None None] Allocated IP 172.20.0.2 (a66f67a8-9e25-4936-aefa-ad7234de04a8/5699ee8d-188a-48f5-9319-5738476fdb6c/2cfa70c8-860c-4de2-86a4-52e3eefbf6a6) {{(pid=104545) _store_ip_allocation /opt/stack/neutron/neutron/db/db_base_plugin_common.py:131}}
Jul 11 11:25:44.935864 dv-cinder-848429-2-iscsi neutron-server[104543]: DEBUG neutron_lib.callbacks.manager [None req-1072d2a9-3090-489f-a5af-663f93d9d5c1 admin admin] Publish callbacks [] for router (None), before_response {{(pid=104543) _notify_loop /usr/local/lib/python3.8/dist-packages/neutron_lib/callbacks/manager.py:176}}
Jul 11 11:25:44.939614 dv-cinder-848429-2-iscsi neutron-server[104543]: INFO neutron.wsgi [None req-1072d2a9-3090-489f-a5af-663f93d9d5c1 admin admin] 10.222.0.26 "POST /v2.0/routers HTTP/1.1" status: 201 len: 930 time: 4.9546633
Jul 11 11:25:44.940604 dv-cinder-848429-2-iscsi neutron-server[104543]: DEBUG neutron.wsgi [-] (104543) accepted ('10.222.0.26', 57162) {{(pid=104543) server /usr/local/lib/python3.8/dist-packages/eventlet/wsgi.py:1004}}
Jul 11 11:25:44.983763 dv-cinder-848429-2-iscsi neutron-server[104546]: DEBUG neutron.db.l3_dvr_db [None req-7a8fa50c-c924-4bce-b751-ae4d402e50db None None] Set router 16fe9676-ec9d-4e86-99bd-0314db0c91d3 gateway port host: dv-cinder-848429-2-iscsi {{(pid=104546) _build_routers_list /opt/stack/neutron/neutron/db/l3_dvr_db.py:907}}
Jul 11 11:25:45.003673 dv-cinder-848429-2-iscsi neutron-server[104543]: DEBUG neutron_lib.callbacks.manager [None req-ff7b886f-0b01-4880-9f1a-909f2bd34681 admin admin] Publish callbacks [] for port (73141d11-cefe-4385-88b7-f107bb97de0f), precommit_create {{(pid=104543) _notify_loop /usr/local/lib/python3.8/dist-packages/neutron_lib/callbacks/manager.py:176}}
Jul 11 11:25:45.005595 dv-cinder-848429-2-iscsi neutron-server[104543]: DEBUG neutron.pecan_wsgi.hooks.quota_enforcement [None req-d9d5637c-7661-42fe-83d9-3cb24f0955ec admin admin] Made reservation on behalf of cfba21ecf40a42d08cb398fad71783f6 for: {'network': 1} {{(pid=104543) before /opt/stack/neutron/neutron/pecan_wsgi/hooks/quota_enforcement.py:53}}
Jul 11 11:25:45.009484 dv-cinder-848429-2-iscsi neutron-server[104543]: DEBUG neutron_lib.callbacks.manager [None req-d9d5637c-7661-42fe-83d9-3cb24f0955ec admin admin] Publish callbacks ['neutron.plugins.ml2.plugin.SecurityGroupDbMixin._ensure_default_security_group_handler-921741'] for network (None), before_create {{(pid=104543) _notify_loop /usr/local/lib/python3.8/dist-packages/neutron_lib/callbacks/manager.py:176}}
Jul 11 11:25:45.055594 dv-cinder-848429-2-iscsi neutron-server[104543]: DEBUG neutron_lib.callbacks.manager [None req-d9d5637c-7661-42fe-83d9-3cb24f0955ec admin admin] Publish callbacks [] for security_group (None), before_create {{(pid=104543) _notify_loop /usr/local/lib/python3.8/dist-packages/neutron_lib/callbacks/manager.py:176}}
Jul 11 11:25:45.127466 dv-cinder-848429-2-iscsi neutron-server[104545]: DEBUG neutron_lib.callbacks.manager [None req-f510347b-b78e-48f9-af17-23f2992bb911 None None] Publish callbacks [] for port (2cfa70c8-860c-4de2-86a4-52e3eefbf6a6), precommit_create {{(pid=104545) _notify_loop /usr/local/lib/python3.8/dist-packages/neutron_lib/callbacks/manager.py:176}}
Jul 11 11:25:45.129962 dv-cinder-848429-2-iscsi neutron-server[104544]: DEBUG neutron_lib.callbacks.manager [None req-f65c9134-6afc-40cd-8c2a-f2d052296d2a admin admin] Publish callbacks [] for router_gateway (e89bbbed-7431-4045-8acc-a02b7a64e8b7), before_create {{(pid=104544) _notify_loop /usr/local/lib/python3.8/dist-packages/neutron_lib/callbacks/manager.py:176}}
Jul 11 11:25:45.160035 dv-cinder-848429-2-iscsi neutron-server[104544]: DEBUG neutron_lib.callbacks.manager [None req-f65c9134-6afc-40cd-8c2a-f2d052296d2a admin admin] Publish callbacks ['neutron.plugins.ml2.plugin.SecurityGroupDbMixin._ensure_default_security_group_handler-921741'] for port (None), before_create {{(pid=104544) _notify_loop /usr/local/lib/python3.8/dist-packages/neutron_lib/callbacks/manager.py:176}}
Jul 11 11:25:45.190925 dv-cinder-848429-2-iscsi neutron-server[104543]: DEBUG neutron_lib.callbacks.manager [None req-d9d5637c-7661-42fe-83d9-3cb24f0955ec admin admin] Publish callbacks [] for security_group (84346ca2-21ec-4d50-ab13-e03da0f22dfc), precommit_create {{(pid=104543) _notify_loop /usr/local/lib/python3.8/dist-packages/neutron_lib/callbacks/manager.py:176}}
Jul 11 11:25:45.196960 dv-cinder-848429-2-iscsi neutron-server[104546]: DEBUG neutron.db.l3_hamode_db [None req-7a8fa50c-c924-4bce-b751-ae4d402e50db None None] neutron.services.l3_router.l3_router_plugin.L3RouterPlugin method _process_sync_ha_data called with arguments (, [{'id': '16fe9676-ec9d-4e86-99bd-0314db0c91d3', 'name': 'tempest-ServerRescueNegativeTestJSON-1288214753-router', 'tenant_id': 'c8639f8c836d4ad79d147b855d9017f8', 'admin_state_up': True, 'status': 'ACTIVE', 'external_gateway_info': {'network_id': 'e26bb9d7-3717-464d-80ce-3ea450eac158', 'external_fixed_ips': [{'subnet_id': '3d2b9a1f-1681-46c2-ad8d-3d45a4f755e5', 'ip_address': '172.27.1.92'}], 'enable_snat': True}, 'gw_port_id': '96b589cf-41f3-4161-8b65-07216f116c44', 'description': '', 'availability_zones': ['nova'], 'distributed': False, 'ha': False, 'ha_vr_id': 0, 'availability_zone_hints': [], 'routes': [], 'flavor_id': None, 'tags': [], 'created_at': '2022-07-11T11:25:40Z', 'updated_at': '2022-07-11T11:25:41Z', 'revision_number': 3, 'project_id': 'c8639f8c836d4ad79d147b855d9017f8', 'gw_port': {'id': '96b589cf-41f3-4161-8b65-07216f116c44', 'name': '', 'network_id': 'e26bb9d7-3717-464d-80ce-3ea450eac158', 'tenant_id': '', 'mac_address': 'fa:16:3e:f3:b3:f4', 'admin_state_up': True, 'status': 'DOWN', 'device_id': '16fe9676-ec9d-4e86-99bd-0314db0c91d3', 'device_owner': 'network:router_gateway', 'standard_attr_id': 78, 'fixed_ips': [{'subnet_id': '3d2b9a1f-1681-46c2-ad8d-3d45a4f755e5', 'ip_address': '172.27.1.92', 'prefixlen': 24}], 'allowed_address_pairs': [], 'extra_dhcp_opts': [], 'security_groups': [], 'description': '', 'binding:vnic_type': 'normal', 'binding:profile': {}, 'binding:host_id': '', 'binding:vif_type': 'unbound', 'binding:vif_details': {}, 'port_security_enabled': False, 'tags': [], 'created_at': '2022-07-11T11:25:41Z', 'updated_at': '2022-07-11T11:25:41Z', 'revision_number': 1, 'project_id': '', 'subnets': [{'id': '3d2b9a1f-1681-46c2-ad8d-3d45a4f755e5', 'cidr': '172.27.1.0/24', 'gateway_ip': '172.27.1.1', 'dns_nameservers': [], 'ipv6_ra_mode': None, 'subnetpool_id': None}], 'extra_subnets': [], 'address_scopes': {4: None, 6: None}, 'mtu': 1500}, 'enable_snat': True, 'gw_port_host': 'dv-cinder-848429-2-iscsi'}], 'dv-cinder-848429-2-iscsi', False) {} {{(pid=104546) wrapper /usr/local/lib/python3.8/dist-packages/oslo_log/helpers.py:65}}
Jul 11 11:25:45.203043 dv-cinder-848429-2-iscsi neutron-server[104543]: DEBUG dbcounter [-] [104543] Writing DB stats neutron:SELECT=100 {{(pid=104543) stat_writer /usr/local/lib/python3.8/dist-packages/dbcounter.py:114}}
Jul 11 11:25:45.228693 dv-cinder-848429-2-iscsi neutron-server[104546]: DEBUG neutron.api.rpc.handlers.l3_rpc [None req-7a8fa50c-c924-4bce-b751-ae4d402e50db None None] Checking router: 16fe9676-ec9d-4e86-99bd-0314db0c91d3 for host: dv-cinder-848429-2-iscsi {{(pid=104546) _ensure_host_set_on_ports /opt/stack/neutron/neutron/api/rpc/handlers/l3_rpc.py:155}}
Jul 11 11:25:45.232913 dv-cinder-848429-2-iscsi neutron-server[104546]: DEBUG neutron.api.rpc.handlers.l3_rpc [None req-7a8fa50c-c924-4bce-b751-ae4d402e50db None None] Updating router 16fe9676-ec9d-4e86-99bd-0314db0c91d3 port 96b589cf-41f3-4161-8b65-07216f116c44 binding host dv-cinder-848429-2-iscsi {{(pid=104546) _ensure_host_set_on_port /opt/stack/neutron/neutron/api/rpc/handlers/l3_rpc.py:205}}
Jul 11 11:25:45.265792 dv-cinder-848429-2-iscsi neutron-server[104546]: DEBUG neutron_lib.callbacks.manager [None req-7a8fa50c-c924-4bce-b751-ae4d402e50db None None] Publish callbacks ['neutron.plugins.ml2.plugin.SecurityGroupDbMixin._ensure_default_security_group_handler-921741'] for port (96b589cf-41f3-4161-8b65-07216f116c44), before_update {{(pid=104546) _notify_loop /usr/local/lib/python3.8/dist-packages/neutron_lib/callbacks/manager.py:176}}
Jul 11 11:25:45.334866 dv-cinder-848429-2-iscsi neutron-server[104543]: DEBUG neutron_lib.callbacks.manager [None req-d9d5637c-7661-42fe-83d9-3cb24f0955ec admin admin] Publish callbacks ['neutron.plugins.ml2.ovo_rpc._ObjectChangeHandler.handle_event-1797829'] for security_group (84346ca2-21ec-4d50-ab13-e03da0f22dfc), after_create {{(pid=104543) _notify_loop /usr/local/lib/python3.8/dist-packages/neutron_lib/callbacks/manager.py:176}}
Jul 11 11:25:45.339649 dv-cinder-848429-2-iscsi neutron-server[104545]: DEBUG neutron.api.rpc.handlers.resources_rpc [None req-5d3fdcce-2937-4984-9628-cbe2f04dc1d4 None None] Pushing event updated for resources: {'Port': ['ID=d1b569bc-74de-49f9-8699-b0591a937a3a,revision_number=1']} {{(pid=104545) push /opt/stack/neutron/neutron/api/rpc/handlers/resources_rpc.py:237}}
Jul 11 11:25:45.368141 dv-cinder-848429-2-iscsi neutron-server[104545]: DEBUG neutron.plugins.ml2.plugin [None req-f2611c82-e8bf-4e2f-9db8-5e6634d26efd None None] Current status of the port 6da1bac0-5175-41de-871a-52f4f45ba6f4 is: ACTIVE; New status is: ACTIVE {{(pid=104545) _update_individual_port_db_status /opt/stack/neutron/neutron/plugins/ml2/plugin.py:2292}}
Jul 11 11:25:45.372928 dv-cinder-848429-2-iscsi neutron-server[104545]: DEBUG neutron_lib.callbacks.manager [None req-254598d5-22b5-49f8-813d-e1944f0306ca None None] Publish callbacks ['neutron.plugins.ml2.plugin.SecurityGroupServerNotifierRpcMixin._notify_sg_on_port_change-923464', 'neutron.plugins.ml2.ovo_rpc._ObjectChangeHandler.handle_event-29800', 'neutron.api.rpc.agentnotifiers.dhcp_rpc_agent_api.DhcpAgentNotifyAPI._native_event_send_dhcp_notification-1602142', 'neutron.db.l3_dvrscheduler_db._notify_l3_agent_new_port-8776084722800'] for port (f9d45d51-d069-463f-859b-68263989e671), after_create {{(pid=104545) _notify_loop /usr/local/lib/python3.8/dist-packages/neutron_lib/callbacks/manager.py:176}}
Jul 11 11:25:45.374987 dv-cinder-848429-2-iscsi neutron-server[104543]: DEBUG neutron_lib.callbacks.manager [None req-ff7b886f-0b01-4880-9f1a-909f2bd34681 admin admin] Publish callbacks ['neutron.plugins.ml2.plugin.SecurityGroupServerNotifierRpcMixin._notify_sg_on_port_change-923464', 'neutron.plugins.ml2.ovo_rpc._ObjectChangeHandler.handle_event-29800', 'neutron.api.rpc.agentnotifiers.dhcp_rpc_agent_api.DhcpAgentNotifyAPI._native_event_send_dhcp_notification-1602142', 'neutron.db.l3_dvrscheduler_db._notify_l3_agent_new_port-8776084722800'] for port (73141d11-cefe-4385-88b7-f107bb97de0f), after_create {{(pid=104543) _notify_loop /usr/local/lib/python3.8/dist-packages/neutron_lib/callbacks/manager.py:176}}
Jul 11 11:25:45.383067 dv-cinder-848429-2-iscsi neutron-server[104545]: DEBUG neutron_lib.callbacks.manager [None req-f510347b-b78e-48f9-af17-23f2992bb911 None None] Publish callbacks ['neutron.plugins.ml2.plugin.SecurityGroupServerNotifierRpcMixin._notify_sg_on_port_change-923464', 'neutron.plugins.ml2.ovo_rpc._ObjectChangeHandler.handle_event-29800', 'neutron.api.rpc.agentnotifiers.dhcp_rpc_agent_api.DhcpAgentNotifyAPI._native_event_send_dhcp_notification-1602142', 'neutron.db.l3_dvrscheduler_db._notify_l3_agent_new_port-8776084722800'] for port (2cfa70c8-860c-4de2-86a4-52e3eefbf6a6), after_create {{(pid=104545) _notify_loop /usr/local/lib/python3.8/dist-packages/neutron_lib/callbacks/manager.py:176}}
Jul 11 11:25:45.395285 dv-cinder-848429-2-iscsi neutron-server[104545]: DEBUG neutron.plugins.ml2.plugin [None req-cd359ad3-7b71-41a1-ba58-3a7f338c7f8f None None] Current status of the port 6da1bac0-5175-41de-871a-52f4f45ba6f4 is: ACTIVE; New status is: ACTIVE {{(pid=104545) _update_individual_port_db_status /opt/stack/neutron/neutron/plugins/ml2/plugin.py:2292}}
Jul 11 11:25:45.435770 dv-cinder-848429-2-iscsi neutron-server[104543]: DEBUG neutron.plugins.ml2.drivers.helpers [None req-d9d5637c-7661-42fe-83d9-3cb24f0955ec admin admin] vlan segment allocate from pool success with {'vlan_id': 337, 'physical_network': 'physnet1'} {{(pid=104543) allocate_partially_specified_segment /opt/stack/neutron/neutron/plugins/ml2/drivers/helpers.py:153}}
Jul 11 11:25:45.481641 dv-cinder-848429-2-iscsi neutron-server[104543]: DEBUG neutron_lib.callbacks.manager [None req-d9d5637c-7661-42fe-83d9-3cb24f0955ec admin admin] Publish callbacks ['neutron.plugins.ml2.plugin.Ml2Plugin._handle_segment_change-969234'] for segment (3131070a-490d-4471-a6a6-2afc1695f8b7), precommit_create {{(pid=104543) _notify_loop /usr/local/lib/python3.8/dist-packages/neutron_lib/callbacks/manager.py:176}}
Jul 11 11:25:45.483754 dv-cinder-848429-2-iscsi neutron-server[104543]: INFO neutron.db.segments_db [None req-d9d5637c-7661-42fe-83d9-3cb24f0955ec admin admin] Added segment 3131070a-490d-4471-a6a6-2afc1695f8b7 of type vlan for network 72d93805-ccf5-460e-bd9a-e8a6a1df655a
Jul 11 11:25:45.489465 dv-cinder-848429-2-iscsi neutron-server[104545]: DEBUG neutron.scheduler.dhcp_agent_scheduler [None req-254598d5-22b5-49f8-813d-e1944f0306ca None None] Network dc5b5fb4-7eaf-48cc-a935-f2b28a6703f4 is already hosted by enough agents. {{(pid=104545) _get_dhcp_agents_hosting_network /opt/stack/neutron/neutron/scheduler/dhcp_agent_scheduler.py:275}}
Jul 11 11:25:45.506027 dv-cinder-848429-2-iscsi neutron-server[104545]: DEBUG neutron.plugins.ml2.rpc [None req-cd359ad3-7b71-41a1-ba58-3a7f338c7f8f None None] Device 6da1bac0-5175-41de-871a-52f4f45ba6f4 up at agent ovs-agent-dv-cinder-848429-2-iscsi {{(pid=104545) update_device_up /opt/stack/neutron/neutron/plugins/ml2/rpc.py:296}}
Jul 11 11:25:45.514565 dv-cinder-848429-2-iscsi neutron-server[104545]: DEBUG neutron.scheduler.dhcp_agent_scheduler [None req-f510347b-b78e-48f9-af17-23f2992bb911 None None] Network a66f67a8-9e25-4936-aefa-ad7234de04a8 is already hosted by enough agents. {{(pid=104545) _get_dhcp_agents_hosting_network /opt/stack/neutron/neutron/scheduler/dhcp_agent_scheduler.py:275}}
Jul 11 11:25:45.515511 dv-cinder-848429-2-iscsi neutron-server[104544]: DEBUG dbcounter [-] [104544] Writing DB stats neutron:SELECT=82,neutron:INSERT=13,neutron:UPDATE=3,neutron:DELETE=2 {{(pid=104544) stat_writer /usr/local/lib/python3.8/dist-packages/dbcounter.py:114}}
Jul 11 11:25:45.518115 dv-cinder-848429-2-iscsi neutron-server[104545]: DEBUG neutron.scheduler.base_scheduler [None req-254598d5-22b5-49f8-813d-e1944f0306ca None None] Resources bound (agent type, host, resource id): {{(pid=104545) schedule /opt/stack/neutron/neutron/scheduler/base_scheduler.py:57}}
Jul 11 11:25:45.557311 dv-cinder-848429-2-iscsi neutron-server[104545]: DEBUG neutron.db.l3_dvrscheduler_db [None req-254598d5-22b5-49f8-813d-e1944f0306ca None None] Received port after_create {{(pid=104545) _notify_l3_agent_new_port /opt/stack/neutron/neutron/db/l3_dvrscheduler_db.py:542}}
Jul 11 11:25:45.564603 dv-cinder-848429-2-iscsi neutron-server[104545]: DEBUG neutron.scheduler.base_scheduler [None req-f510347b-b78e-48f9-af17-23f2992bb911 None None] Resources bound (agent type, host, resource id): {{(pid=104545) schedule /opt/stack/neutron/neutron/scheduler/base_scheduler.py:57}}
Jul 11 11:25:45.576266 dv-cinder-848429-2-iscsi neutron-server[104543]: DEBUG neutron.scheduler.dhcp_agent_scheduler [None req-ff7b886f-0b01-4880-9f1a-909f2bd34681 admin admin] Network e26bb9d7-3717-464d-80ce-3ea450eac158 is already hosted by enough agents. {{(pid=104543) _get_dhcp_agents_hosting_network /opt/stack/neutron/neutron/scheduler/dhcp_agent_scheduler.py:275}}
Jul 11 11:25:45.577418 dv-cinder-848429-2-iscsi neutron-server[104543]: DEBUG neutron.api.rpc.handlers.resources_rpc [None req-d9d5637c-7661-42fe-83d9-3cb24f0955ec admin admin] Pushing event updated for resources: {'SecurityGroup': ['ID=84346ca2-21ec-4d50-ab13-e03da0f22dfc,revision_number=1']} {{(pid=104543) push /opt/stack/neutron/neutron/api/rpc/handlers/resources_rpc.py:237}}
Jul 11 11:25:45.581706 dv-cinder-848429-2-iscsi neutron-server[104545]: DEBUG neutron.db.l3_dvrscheduler_db [None req-f510347b-b78e-48f9-af17-23f2992bb911 None None] Received port after_create {{(pid=104545) _notify_l3_agent_new_port /opt/stack/neutron/neutron/db/l3_dvrscheduler_db.py:542}}
Jul 11 11:25:45.592055 dv-cinder-848429-2-iscsi neutron-server[104545]: DEBUG neutron.plugins.ml2.managers [None req-5d3fdcce-2937-4984-9628-cbe2f04dc1d4 None None] Attempting to bind port d1b569bc-74de-49f9-8699-b0591a937a3a on host dv-cinder-848429-2-iscsi for vnic_type normal with profile {{(pid=104545) bind_port /opt/stack/neutron/neutron/plugins/ml2/managers.py:810}}
Jul 11 11:25:45.592260 dv-cinder-848429-2-iscsi neutron-server[104545]: DEBUG neutron.plugins.ml2.managers [None req-5d3fdcce-2937-4984-9628-cbe2f04dc1d4 None None] Attempting to bind port d1b569bc-74de-49f9-8699-b0591a937a3a by drivers openvswitch,hyperv on host dv-cinder-848429-2-iscsi at level 0 using segments [{'id': '37edd796-db8a-4a7f-8c76-58707553bbd2', 'network_type': 'vlan', 'physical_network': 'physnet1', 'segmentation_id': 322, 'network_id': 'fa0b6b8e-0fd2-47de-97f4-2dad2b955ce6'}] {{(pid=104545) _bind_port_level /opt/stack/neutron/neutron/plugins/ml2/managers.py:835}}
Jul 11 11:25:45.592478 dv-cinder-848429-2-iscsi neutron-server[104545]: DEBUG neutron.plugins.ml2.drivers.mech_agent [None req-5d3fdcce-2937-4984-9628-cbe2f04dc1d4 None None] Attempting to bind port d1b569bc-74de-49f9-8699-b0591a937a3a on network fa0b6b8e-0fd2-47de-97f4-2dad2b955ce6 {{(pid=104545) bind_port /opt/stack/neutron/neutron/plugins/ml2/drivers/mech_agent.py:91}}
Jul 11 11:25:45.594076 dv-cinder-848429-2-iscsi neutron-server[104543]: DEBUG neutron.scheduler.base_scheduler [None req-ff7b886f-0b01-4880-9f1a-909f2bd34681 admin admin] Resources bound (agent type, host, resource id): {{(pid=104543) schedule /opt/stack/neutron/neutron/scheduler/base_scheduler.py:57}}
Jul 11 11:25:45.601692 dv-cinder-848429-2-iscsi neutron-server[104545]: DEBUG neutron.api.rpc.handlers.resources_rpc [None req-254598d5-22b5-49f8-813d-e1944f0306ca None None] Pushing event updated for resources: {'Port': ['ID=f9d45d51-d069-463f-859b-68263989e671,revision_number=1']} {{(pid=104545) push /opt/stack/neutron/neutron/api/rpc/handlers/resources_rpc.py:237}}
Jul 11 11:25:45.610147 dv-cinder-848429-2-iscsi neutron-server[104543]: DEBUG neutron.db.db_base_plugin_common [None req-4595ed70-28b7-4474-ba5c-5099730a0974 admin admin] Allocated IP 172.27.1.164 (e26bb9d7-3717-464d-80ce-3ea450eac158/3d2b9a1f-1681-46c2-ad8d-3d45a4f755e5/81d822f6-b1f5-4f8b-b646-3a8cfdb8caab) {{(pid=104543) _store_ip_allocation /opt/stack/neutron/neutron/db/db_base_plugin_common.py:131}}
Jul 11 11:25:45.613669 dv-cinder-848429-2-iscsi neutron-server[104543]: DEBUG neutron.db.l3_dvrscheduler_db [None req-ff7b886f-0b01-4880-9f1a-909f2bd34681 admin admin] Received port after_create {{(pid=104543) _notify_l3_agent_new_port /opt/stack/neutron/neutron/db/l3_dvrscheduler_db.py:542}}
Jul 11 11:25:45.618967 dv-cinder-848429-2-iscsi neutron-server[104543]: DEBUG neutron_lib.callbacks.manager [None req-d9d5637c-7661-42fe-83d9-3cb24f0955ec admin admin] Publish callbacks ['neutron.services.auto_allocate.db._ensure_external_network_default_value_callback-8776084757414'] for network (72d93805-ccf5-460e-bd9a-e8a6a1df655a), precommit_create {{(pid=104543) _notify_loop /usr/local/lib/python3.8/dist-packages/neutron_lib/callbacks/manager.py:176}}
Jul 11 11:25:45.623220 dv-cinder-848429-2-iscsi neutron-server[104543]: DEBUG neutron.api.rpc.handlers.resources_rpc [None req-ff7b886f-0b01-4880-9f1a-909f2bd34681 admin admin] Pushing event updated for resources: {'Port': ['ID=73141d11-cefe-4385-88b7-f107bb97de0f,revision_number=1']} {{(pid=104543) push /opt/stack/neutron/neutron/api/rpc/handlers/resources_rpc.py:237}}
Jul 11 11:25:45.657029 dv-cinder-848429-2-iscsi neutron-server[104545]: DEBUG neutron.plugins.ml2.drivers.mech_agent [None req-5d3fdcce-2937-4984-9628-cbe2f04dc1d4 None None] Checking agent: {'id': '9eb38230-d767-40b0-80dd-3d3bb09a2be6', 'agent_type': 'Open vSwitch agent', 'binary': 'neutron-openvswitch-agent', 'topic': 'N/A', 'host': 'dv-cinder-848429-2-iscsi', 'admin_state_up': True, 'created_at': datetime.datetime(2022, 7, 11, 11, 17, 9), 'started_at': datetime.datetime(2022, 7, 11, 11, 17, 39), 'heartbeat_timestamp': datetime.datetime(2022, 7, 11, 11, 25, 40), 'description': None, 'resources_synced': None, 'availability_zone': None, 'alive': True, 'configurations': {'arp_responder_enabled': False, 'baremetal_smartnic': False, 'bridge_mappings': {'physnet1': 'br-data'}, 'datapath_type': 'system', 'devices': 0, 'enable_distributed_routing': False, 'extensions': [], 'in_distributed_mode': False, 'integration_bridge': 'br-int', 'l2_population': False, 'log_agent_heartbeats': False, 'ovs_capabilities': {'datapath_types': ['netdev', 'system'], 'iface_types': ['erspan', 'geneve', 'gre', 'internal', 'ip6erspan', 'ip6gre', 'lisp', 'patch', 'stt', 'system', 'tap', 'vxlan']}, 'ovs_hybrid_plug': False, 'resource_provider_bandwidths': {}, 'resource_provider_hypervisors': {'br-data': 'dv-cinder-848429-2-iscsi'}, 'resource_provider_inventory_defaults': {'allocation_ratio': 1.0, 'min_unit': 1, 'step_size': 1, 'reserved': 0}, 'resource_provider_packet_processing_inventory_defaults': {'allocation_ratio': 1.0, 'min_unit': 1, 'step_size': 1, 'reserved': 0}, 'resource_provider_packet_processing_with_direction': {}, 'resource_provider_packet_processing_without_direction': {}, 'tunnel_types': [], 'tunneling_ip': None, 'vhostuser_socket_dir': '/var/run/openvswitch'}, 'resource_versions': {'AddressGroup': '1.2', 'Agent': '1.1', 'ConntrackHelper': '1.0', 'LocalIPAssociation': '1.0', 'Log': '1.0', 'NDPProxy': '1.0', 'Network': '1.1', 'Port': '1.7', 'PortForwarding': '1.3', 'QosPolicy': '1.10', 'SecurityGroup': '1.5', 'SecurityGroupRule': '1.2', 'SubPort': '1.0', 'Subnet': '1.1', 'Trunk': '1.1'}} {{(pid=104545) bind_port /opt/stack/neutron/neutron/plugins/ml2/drivers/mech_agent.py:110}}
Jul 11 11:25:45.657389 dv-cinder-848429-2-iscsi neutron-server[104545]: DEBUG neutron.plugins.ml2.drivers.mech_agent [None req-5d3fdcce-2937-4984-9628-cbe2f04dc1d4 None None] Checking segment: {'id': '37edd796-db8a-4a7f-8c76-58707553bbd2', 'network_type': 'vlan', 'physical_network': 'physnet1', 'segmentation_id': 322, 'network_id': 'fa0b6b8e-0fd2-47de-97f4-2dad2b955ce6'} for mappings: {'physnet1': 'br-data'} with network types: ['local', 'flat', 'vlan'] {{(pid=104545) check_segment_for_agent /opt/stack/neutron/neutron/plugins/ml2/drivers/mech_agent.py:373}}
Jul 11 11:25:45.657792 dv-cinder-848429-2-iscsi neutron-server[104545]: DEBUG neutron_lib.callbacks.manager [None req-5d3fdcce-2937-4984-9628-cbe2f04dc1d4 None None] Publish callbacks [] for ovs_bridge_name (None), before_read {{(pid=104545) _notify_loop /usr/local/lib/python3.8/dist-packages/neutron_lib/callbacks/manager.py:176}}
Jul 11 11:25:45.658193 dv-cinder-848429-2-iscsi neutron-server[104545]: DEBUG neutron.plugins.ml2.drivers.mech_agent [None req-5d3fdcce-2937-4984-9628-cbe2f04dc1d4 None None] Bound using segment: {'id': '37edd796-db8a-4a7f-8c76-58707553bbd2', 'network_type': 'vlan', 'physical_network': 'physnet1', 'segmentation_id': 322, 'network_id': 'fa0b6b8e-0fd2-47de-97f4-2dad2b955ce6'} {{(pid=104545) bind_port /opt/stack/neutron/neutron/plugins/ml2/drivers/mech_agent.py:120}}
Jul 11 11:25:45.658706 dv-cinder-848429-2-iscsi neutron-server[104545]: DEBUG neutron.plugins.ml2.managers [None req-5d3fdcce-2937-4984-9628-cbe2f04dc1d4 None None] Bound port: d1b569bc-74de-49f9-8699-b0591a937a3a, host: dv-cinder-848429-2-iscsi, vif_type: ovs, vif_details: {"connectivity": "l2", "port_filter": true, "ovs_hybrid_plug": false, "datapath_type": "system", "bridge_name": "br-int"}, binding_levels: [{'bound_driver': 'openvswitch', 'bound_segment': {'id': '37edd796-db8a-4a7f-8c76-58707553bbd2', 'network_type': 'vlan', 'physical_network': 'physnet1', 'segmentation_id': 322, 'network_id': 'fa0b6b8e-0fd2-47de-97f4-2dad2b955ce6'}}] {{(pid=104545) _bind_port_level /opt/stack/neutron/neutron/plugins/ml2/managers.py:947}}
Jul 11 11:25:45.659093 dv-cinder-848429-2-iscsi neutron-server[104545]: DEBUG neutron_lib.callbacks.manager [None req-5d3fdcce-2937-4984-9628-cbe2f04dc1d4 None None] Publish callbacks ['neutron.plugins.ml2.plugin.SecurityGroupDbMixin._ensure_default_security_group_handler-921741'] for port (d1b569bc-74de-49f9-8699-b0591a937a3a), before_update {{(pid=104545) _notify_loop /usr/local/lib/python3.8/dist-packages/neutron_lib/callbacks/manager.py:176}}
Jul 11 11:25:45.662608 dv-cinder-848429-2-iscsi neutron-server[104545]: DEBUG neutron.plugins.ml2.managers [None req-add322af-338d-4a94-8508-d85cde944fa2 None None] Attempting to bind port 862cc4d3-166e-4fb4-8620-77d10936112a on host dv-cinder-848429-2-iscsi for vnic_type normal with profile {{(pid=104545) bind_port /opt/stack/neutron/neutron/plugins/ml2/managers.py:810}}
Jul 11 11:25:45.662608 dv-cinder-848429-2-iscsi neutron-server[104545]: DEBUG neutron.plugins.ml2.managers [None req-add322af-338d-4a94-8508-d85cde944fa2 None None] Attempting to bind port 862cc4d3-166e-4fb4-8620-77d10936112a by drivers openvswitch,hyperv on host dv-cinder-848429-2-iscsi at level 0 using segments [{'id': '41c25efd-fb5e-472d-af11-924662632819', 'network_type': 'vlan', 'physical_network': 'physnet1', 'segmentation_id': 329, 'network_id': '415c4ce2-00a4-4e63-ad18-4153e0b2d10b'}] {{(pid=104545) _bind_port_level /opt/stack/neutron/neutron/plugins/ml2/managers.py:835}}
Jul 11 11:25:45.662608 dv-cinder-848429-2-iscsi neutron-server[104545]: DEBUG neutron.plugins.ml2.drivers.mech_agent [None req-add322af-338d-4a94-8508-d85cde944fa2 None None] Attempting to bind port 862cc4d3-166e-4fb4-8620-77d10936112a on network 415c4ce2-00a4-4e63-ad18-4153e0b2d10b {{(pid=104545) bind_port /opt/stack/neutron/neutron/plugins/ml2/drivers/mech_agent.py:91}}
Jul 11 11:25:45.715837 dv-cinder-848429-2-iscsi neutron-server[104544]: DEBUG dbcounter [-] [104544] Writing DB stats neutron:SELECT=92,neutron:INSERT=5,neutron:UPDATE=1,neutron:DELETE=2 {{(pid=104544) stat_writer /usr/local/lib/python3.8/dist-packages/dbcounter.py:114}}
Jul 11 11:25:45.716685 dv-cinder-848429-2-iscsi neutron-server[104545]: DEBUG neutron.plugins.ml2.drivers.mech_agent [None req-add322af-338d-4a94-8508-d85cde944fa2 None None] Checking agent: {'id': '9eb38230-d767-40b0-80dd-3d3bb09a2be6', 'agent_type': 'Open vSwitch agent', 'binary': 'neutron-openvswitch-agent', 'topic': 'N/A', 'host': 'dv-cinder-848429-2-iscsi', 'admin_state_up': True, 'created_at': datetime.datetime(2022, 7, 11, 11, 17, 9), 'started_at': datetime.datetime(2022, 7, 11, 11, 17, 39), 'heartbeat_timestamp': datetime.datetime(2022, 7, 11, 11, 25, 40), 'description': None, 'resources_synced': None, 'availability_zone': None, 'alive': True, 'configurations': {'arp_responder_enabled': False, 'baremetal_smartnic': False, 'bridge_mappings': {'physnet1': 'br-data'}, 'datapath_type': 'system', 'devices': 0, 'enable_distributed_routing': False, 'extensions': [], 'in_distributed_mode': False, 'integration_bridge': 'br-int', 'l2_population': False, 'log_agent_heartbeats': False, 'ovs_capabilities': {'datapath_types': ['netdev', 'system'], 'iface_types': ['erspan', 'geneve', 'gre', 'internal', 'ip6erspan', 'ip6gre', 'lisp', 'patch', 'stt', 'system', 'tap', 'vxlan']}, 'ovs_hybrid_plug': False, 'resource_provider_bandwidths': {}, 'resource_provider_hypervisors': {'br-data': 'dv-cinder-848429-2-iscsi'}, 'resource_provider_inventory_defaults': {'allocation_ratio': 1.0, 'min_unit': 1, 'step_size': 1, 'reserved': 0}, 'resource_provider_packet_processing_inventory_defaults': {'allocation_ratio': 1.0, 'min_unit': 1, 'step_size': 1, 'reserved': 0}, 'resource_provider_packet_processing_with_direction': {}, 'resource_provider_packet_processing_without_direction': {}, 'tunnel_types': [], 'tunneling_ip': None, 'vhostuser_socket_dir': '/var/run/openvswitch'}, 'resource_versions': {'AddressGroup': '1.2', 'Agent': '1.1', 'ConntrackHelper': '1.0', 'LocalIPAssociation': '1.0', 'Log': '1.0', 'NDPProxy': '1.0', 'Network': '1.1', 'Port': '1.7', 'PortForwarding': '1.3', 'QosPolicy': '1.10', 'SecurityGroup': '1.5', 'SecurityGroupRule': '1.2', 'SubPort': '1.0', 'Subnet': '1.1', 'Trunk': '1.1'}} {{(pid=104545) bind_port /opt/stack/neutron/neutron/plugins/ml2/drivers/mech_agent.py:110}}
Jul 11 11:25:45.717062 dv-cinder-848429-2-iscsi neutron-server[104545]: DEBUG neutron.plugins.ml2.drivers.mech_agent [None req-add322af-338d-4a94-8508-d85cde944fa2 None None] Checking segment: {'id': '41c25efd-fb5e-472d-af11-924662632819', 'network_type': 'vlan', 'physical_network': 'physnet1', 'segmentation_id': 329, 'network_id': '415c4ce2-00a4-4e63-ad18-4153e0b2d10b'} for mappings: {'physnet1': 'br-data'} with network types: ['local', 'flat', 'vlan'] {{(pid=104545) check_segment_for_agent /opt/stack/neutron/neutron/plugins/ml2/drivers/mech_agent.py:373}}
Jul 11 11:25:45.717459 dv-cinder-848429-2-iscsi neutron-server[104545]: DEBUG neutron_lib.callbacks.manager [None req-add322af-338d-4a94-8508-d85cde944fa2 None None] Publish callbacks [] for ovs_bridge_name (None), before_read {{(pid=104545) _notify_loop /usr/local/lib/python3.8/dist-packages/neutron_lib/callbacks/manager.py:176}}
Jul 11 11:25:45.717850 dv-cinder-848429-2-iscsi neutron-server[104545]: DEBUG neutron.plugins.ml2.drivers.mech_agent [None req-add322af-338d-4a94-8508-d85cde944fa2 None None] Bound using segment: {'id': '41c25efd-fb5e-472d-af11-924662632819', 'network_type': 'vlan', 'physical_network': 'physnet1', 'segmentation_id': 329, 'network_id': '415c4ce2-00a4-4e63-ad18-4153e0b2d10b'} {{(pid=104545) bind_port /opt/stack/neutron/neutron/plugins/ml2/drivers/mech_agent.py:120}}
Jul 11 11:25:45.718320 dv-cinder-848429-2-iscsi neutron-server[104545]: DEBUG neutron.plugins.ml2.managers [None req-add322af-338d-4a94-8508-d85cde944fa2 None None] Bound port: 862cc4d3-166e-4fb4-8620-77d10936112a, host: dv-cinder-848429-2-iscsi, vif_type: ovs, vif_details: {"connectivity": "l2", "port_filter": true, "ovs_hybrid_plug": false, "datapath_type": "system", "bridge_name": "br-int"}, binding_levels: [{'bound_driver': 'openvswitch', 'bound_segment': {'id': '41c25efd-fb5e-472d-af11-924662632819', 'network_type': 'vlan', 'physical_network': 'physnet1', 'segmentation_id': 329, 'network_id': '415c4ce2-00a4-4e63-ad18-4153e0b2d10b'}}] {{(pid=104545) _bind_port_level /opt/stack/neutron/neutron/plugins/ml2/managers.py:947}}
Jul 11 11:25:45.718701 dv-cinder-848429-2-iscsi neutron-server[104545]: DEBUG neutron_lib.callbacks.manager [None req-add322af-338d-4a94-8508-d85cde944fa2 None None] Publish callbacks ['neutron.plugins.ml2.plugin.SecurityGroupDbMixin._ensure_default_security_group_handler-921741'] for port (862cc4d3-166e-4fb4-8620-77d10936112a), before_update {{(pid=104545) _notify_loop /usr/local/lib/python3.8/dist-packages/neutron_lib/callbacks/manager.py:176}}
Jul 11 11:25:45.783956 dv-cinder-848429-2-iscsi neutron-server[104545]: DEBUG neutron.api.rpc.handlers.resources_rpc [None req-f510347b-b78e-48f9-af17-23f2992bb911 None None] Pushing event updated for resources: {'Port': ['ID=2cfa70c8-860c-4de2-86a4-52e3eefbf6a6,revision_number=1']} {{(pid=104545) push /opt/stack/neutron/neutron/api/rpc/handlers/resources_rpc.py:237}}
Jul 11 11:25:45.799139 dv-cinder-848429-2-iscsi neutron-server[104543]: DEBUG dbcounter [-] [104543] Writing DB stats neutron:SELECT=85,neutron:INSERT=8,neutron:UPDATE=5,neutron:DELETE=2 {{(pid=104543) stat_writer /usr/local/lib/python3.8/dist-packages/dbcounter.py:114}}
Jul 11 11:25:45.806963 dv-cinder-848429-2-iscsi neutron-server[104545]: DEBUG neutron.db.provisioning_blocks [None req-cd359ad3-7b71-41a1-ba58-3a7f338c7f8f None None] Provisioning complete for port 6da1bac0-5175-41de-871a-52f4f45ba6f4 triggered by entity L2. {{(pid=104545) provisioning_complete /opt/stack/neutron/neutron/db/provisioning_blocks.py:145}}
Jul 11 11:25:45.807389 dv-cinder-848429-2-iscsi neutron-server[104545]: DEBUG neutron_lib.callbacks.manager [None req-cd359ad3-7b71-41a1-ba58-3a7f338c7f8f None None] Publish callbacks ['neutron.plugins.ml2.plugin.Ml2Plugin._port_provisioned-1157149'] for port (6da1bac0-5175-41de-871a-52f4f45ba6f4), provisioning_complete {{(pid=104545) _notify_loop /usr/local/lib/python3.8/dist-packages/neutron_lib/callbacks/manager.py:176}}
Jul 11 11:25:45.808961 dv-cinder-848429-2-iscsi neutron-server[104545]: DEBUG neutron.plugins.ml2.managers [None req-254598d5-22b5-49f8-813d-e1944f0306ca None None] Attempting to bind port f9d45d51-d069-463f-859b-68263989e671 on host dv-cinder-848429-2-iscsi for vnic_type normal with profile {{(pid=104545) bind_port /opt/stack/neutron/neutron/plugins/ml2/managers.py:810}}
Jul 11 11:25:45.809339 dv-cinder-848429-2-iscsi neutron-server[104545]: DEBUG neutron.plugins.ml2.managers [None req-254598d5-22b5-49f8-813d-e1944f0306ca None None] Attempting to bind port f9d45d51-d069-463f-859b-68263989e671 by drivers openvswitch,hyperv on host dv-cinder-848429-2-iscsi at level 0 using segments [{'id': 'bb53d335-45dd-4cff-a00e-998390c8cbfd', 'network_type': 'vlan', 'physical_network': 'physnet1', 'segmentation_id': 307, 'network_id': 'dc5b5fb4-7eaf-48cc-a935-f2b28a6703f4'}] {{(pid=104545) _bind_port_level /opt/stack/neutron/neutron/plugins/ml2/managers.py:835}}
Jul 11 11:25:45.809691 dv-cinder-848429-2-iscsi neutron-server[104545]: DEBUG neutron.plugins.ml2.drivers.mech_agent [None req-254598d5-22b5-49f8-813d-e1944f0306ca None None] Attempting to bind port f9d45d51-d069-463f-859b-68263989e671 on network dc5b5fb4-7eaf-48cc-a935-f2b28a6703f4 {{(pid=104545) bind_port /opt/stack/neutron/neutron/plugins/ml2/drivers/mech_agent.py:91}}
Jul 11 11:25:45.858342 dv-cinder-848429-2-iscsi neutron-server[104543]: DEBUG dbcounter [-] [104543] Writing DB stats neutron:SELECT=84,neutron:INSERT=15,neutron:UPDATE=1 {{(pid=104543) stat_writer /usr/local/lib/python3.8/dist-packages/dbcounter.py:114}}
