Jun 29 16:19:56.255582 dv-cinder-848147-1-smb devstack@c-api.service[111278]: DEBUG cinder.volume.api [None req-a17f9450-6e14-48a0-955d-5e1cb5baade9 tempest-VolumeManageAdminTest-1625249266 tempest-VolumeManageAdminTest-1625249266-project-admin] Task 'cinder.volume.flows.api.manage_existing.EntryCreateTask;volume:manage_existing' (93ec0655-796e-4b6c-800f-191a75d5f46d) transitioned into state 'SUCCESS' from state 'RUNNING' with result '{'volume_properties': {'size': 0, 'user_id': '8ad7a3824fdf4845a4aa8f80598a0fd3', 'project_id': 'b5767729d99441b482bab02e675c970e', 'status': 'managing', 'attach_status': 'detached', 'display_description': None, 'display_name': 'tempest-VolumeManageAdminTest-volume-870337482', 'host': 'hv-cinder-84814@wincnd#smbshare', 'cluster_name': None, 'availability_zone': 'nova', 'volume_type_id': 'dc41a27b-0341-4ee7-bf8c-40a58a7e8f3b', 'metadata': {}, 'bootable': False, 'multiattach': False}, 'volume': Volume(_name_id=None,admin_metadata={},attach_status='detached',availability_zone='nova',bootable=False,cluster=,cluster_name=None,consistencygroup=,consistencygroup_id=None,created_at=2022-06-29T16:19:56Z,deleted=False,deleted_at=None,display_description=None,display_name='tempest-VolumeManageAdminTest-volume-870337482',ec2_id=None,encryption_key_id=None,glance_metadata=,group=,group_id=None,host='hv-cinder-84814@wincnd#smbshare',id=2ebccc89-d547-43ed-9e24-d932d73bb4a8,launched_at=None,metadata={},migration_status=None,multiattach=False,previous_status=None,project_id='b5767729d99441b482bab02e675c970e',provider_auth=None,provider_geometry=None,provider_id=None,provider_location=None,replication_driver_data=None,replication_extended_status=None,replication_status=None,scheduled_at=None,service_uuid=None,shared_targets=True,size=0,snapshot_id=None,snapshots=,source_volid=None,status='managing',terminated_at=None,updated_at=None,use_quota=True,user_id='8ad7a3824fdf4845a4aa8f80598a0fd3',volume_attachment=VolumeAttachmentList,volume_type=VolumeType(dc41a27b-0341-4ee7-bf8c-40a58a7e8f3b),volume_type_id=dc41a27b-0341-4ee7-bf8c-40a58a7e8f3b)}' {{(pid=111278) _task_receiver /usr/local/lib/python3.8/dist-packages/taskflow/listeners/logging.py:178}}
Jun 29 16:19:56.257432 dv-cinder-848147-1-smb devstack@c-api.service[111278]: DEBUG cinder.volume.api [None req-a17f9450-6e14-48a0-955d-5e1cb5baade9 tempest-VolumeManageAdminTest-1625249266 tempest-VolumeManageAdminTest-1625249266-project-admin] Task 'cinder.volume.flows.api.create_volume.QuotaCommitTask;volume:create' (6c0bbb90-8c1c-44ad-b119-2cb99bebffab) transitioned into state 'RUNNING' from state 'PENDING' {{(pid=111278) _task_receiver /usr/local/lib/python3.8/dist-packages/taskflow/listeners/logging.py:190}}
Jun 29 16:19:56.349552 dv-cinder-848147-1-smb devstack@c-api.service[111279]: DEBUG cinder.api.middleware.request_id [None req-8ef94234-8596-4dd1-8a17-2d31183ef707 None None] RequestId filter calling following filter/app {{(pid=111279) _context_setter /opt/stack/cinder/cinder/api/middleware/request_id.py:62}}
Jun 29 16:19:56.353135 dv-cinder-848147-1-smb devstack@c-api.service[111279]: INFO cinder.api.openstack.wsgi [None req-8ef94234-8596-4dd1-8a17-2d31183ef707 tempest-VolumeRetypeWithoutMigrationTest-1488968657 tempest-VolumeRetypeWithoutMigrationTest-1488968657-project] GET http://10.222.0.50/volume/v3/d28c3e862b8f44feb59a0f059e4f5f4c/volumes/2db9f36e-328f-461e-87a6-d2039e2deb7f
Jun 29 16:19:56.353576 dv-cinder-848147-1-smb devstack@c-api.service[111279]: DEBUG cinder.api.openstack.wsgi [None req-8ef94234-8596-4dd1-8a17-2d31183ef707 tempest-VolumeRetypeWithoutMigrationTest-1488968657 tempest-VolumeRetypeWithoutMigrationTest-1488968657-project] Empty body provided in request {{(pid=111279) get_body /opt/stack/cinder/cinder/api/openstack/wsgi.py:715}}
Jun 29 16:19:56.354036 dv-cinder-848147-1-smb devstack@c-api.service[111279]: DEBUG cinder.api.openstack.wsgi [None req-8ef94234-8596-4dd1-8a17-2d31183ef707 tempest-VolumeRetypeWithoutMigrationTest-1488968657 tempest-VolumeRetypeWithoutMigrationTest-1488968657-project] Calling method 'show' {{(pid=111279) _process_stack /opt/stack/cinder/cinder/api/openstack/wsgi.py:868}}
Jun 29 16:19:56.368476 dv-cinder-848147-1-smb devstack@c-api.service[111279]: /usr/local/lib/python3.8/dist-packages/oslo_context/context.py:100: DeprecationWarning: Policy enforcement is depending on the value of is_admin. This key is deprecated. Please update your policy file to use the standard policy values.
Jun 29 16:19:56.368476 dv-cinder-848147-1-smb devstack@c-api.service[111279]: warnings.warn('Policy enforcement is depending on the value of '
Jun 29 16:19:56.375649 dv-cinder-848147-1-smb devstack@c-api.service[111279]: INFO cinder.volume.api [None req-8ef94234-8596-4dd1-8a17-2d31183ef707 tempest-VolumeRetypeWithoutMigrationTest-1488968657 tempest-VolumeRetypeWithoutMigrationTest-1488968657-project] Volume info retrieved successfully.
Jun 29 16:19:56.381950 dv-cinder-848147-1-smb devstack@c-api.service[111278]: DEBUG cinder.volume.api [None req-a17f9450-6e14-48a0-955d-5e1cb5baade9 tempest-VolumeManageAdminTest-1625249266 tempest-VolumeManageAdminTest-1625249266-project-admin] Task 'cinder.volume.flows.api.create_volume.QuotaCommitTask;volume:create' (6c0bbb90-8c1c-44ad-b119-2cb99bebffab) transitioned into state 'SUCCESS' from state 'RUNNING' with result '{'volume_properties': {'size': 0, 'user_id': '8ad7a3824fdf4845a4aa8f80598a0fd3', 'project_id': 'b5767729d99441b482bab02e675c970e', 'status': 'managing', 'attach_status': 'detached', 'display_description': None, 'display_name': 'tempest-VolumeManageAdminTest-volume-870337482', 'host': 'hv-cinder-84814@wincnd#smbshare', 'cluster_name': None, 'availability_zone': 'nova', 'volume_type_id': 'dc41a27b-0341-4ee7-bf8c-40a58a7e8f3b', 'metadata': {}, 'bootable': False, 'multiattach': False}}' {{(pid=111278) _task_receiver /usr/local/lib/python3.8/dist-packages/taskflow/listeners/logging.py:178}}
Jun 29 16:19:56.383689 dv-cinder-848147-1-smb devstack@c-api.service[111278]: DEBUG cinder.volume.api [None req-a17f9450-6e14-48a0-955d-5e1cb5baade9 tempest-VolumeManageAdminTest-1625249266 tempest-VolumeManageAdminTest-1625249266-project-admin] Task 'cinder.volume.flows.api.manage_existing.ManageCastTask;volume:manage_existing' (970fd4c7-03b2-471f-9343-f60cee759555) transitioned into state 'RUNNING' from state 'PENDING' {{(pid=111278) _task_receiver /usr/local/lib/python3.8/dist-packages/taskflow/listeners/logging.py:190}}
Jun 29 16:19:56.387048 dv-cinder-848147-1-smb devstack@c-api.service[111279]: INFO cinder.api.openstack.wsgi [None req-8ef94234-8596-4dd1-8a17-2d31183ef707 tempest-VolumeRetypeWithoutMigrationTest-1488968657 tempest-VolumeRetypeWithoutMigrationTest-1488968657-project] http://10.222.0.50/volume/v3/d28c3e862b8f44feb59a0f059e4f5f4c/volumes/2db9f36e-328f-461e-87a6-d2039e2deb7f returned with HTTP 200
Jun 29 16:19:56.387862 dv-cinder-848147-1-smb devstack@c-api.service[111279]: [pid: 111279|app: 0|req: 100/198] 10.222.0.50 () {58 vars in 1324 bytes} [Wed Jun 29 16:19:56 2022] GET /volume/v3/d28c3e862b8f44feb59a0f059e4f5f4c/volumes/2db9f36e-328f-461e-87a6-d2039e2deb7f => generated 925 bytes in 40 msecs (HTTP/1.1 200) 7 headers in 285 bytes (2 switches on core 0)
Jun 29 16:19:56.399108 dv-cinder-848147-1-smb devstack@c-api.service[111278]: DEBUG cinder.volume.api [None req-a17f9450-6e14-48a0-955d-5e1cb5baade9 tempest-VolumeManageAdminTest-1625249266 tempest-VolumeManageAdminTest-1625249266-project-admin] Task 'cinder.volume.flows.api.manage_existing.ManageCastTask;volume:manage_existing' (970fd4c7-03b2-471f-9343-f60cee759555) transitioned into state 'SUCCESS' from state 'RUNNING' with result 'None' {{(pid=111278) _task_receiver /usr/local/lib/python3.8/dist-packages/taskflow/listeners/logging.py:178}}
Jun 29 16:19:56.399248 dv-cinder-848147-1-smb devstack@c-api.service[111279]: DEBUG cinder.api.middleware.request_id [None req-5371cb5a-790d-4f37-9c94-754b7436fe1c None None] RequestId filter calling following filter/app {{(pid=111279) _context_setter /opt/stack/cinder/cinder/api/middleware/request_id.py:62}}
Jun 29 16:19:56.403684 dv-cinder-848147-1-smb devstack@c-api.service[111279]: INFO cinder.api.openstack.wsgi [None req-5371cb5a-790d-4f37-9c94-754b7436fe1c tempest-VolumeRetypeWithoutMigrationTest-1289514723 tempest-VolumeRetypeWithoutMigrationTest-1289514723-project-admin] GET http://10.222.0.50/volume/v3/42760367a36d4dc1ba6480b1d7bef212/volumes/2db9f36e-328f-461e-87a6-d2039e2deb7f
Jun 29 16:19:56.404797 dv-cinder-848147-1-smb devstack@c-api.service[111279]: DEBUG cinder.api.openstack.wsgi [None req-5371cb5a-790d-4f37-9c94-754b7436fe1c tempest-VolumeRetypeWithoutMigrationTest-1289514723 tempest-VolumeRetypeWithoutMigrationTest-1289514723-project-admin] Empty body provided in request {{(pid=111279) get_body /opt/stack/cinder/cinder/api/openstack/wsgi.py:715}}
Jun 29 16:19:56.405694 dv-cinder-848147-1-smb devstack@c-api.service[111279]: DEBUG cinder.api.openstack.wsgi [None req-5371cb5a-790d-4f37-9c94-754b7436fe1c tempest-VolumeRetypeWithoutMigrationTest-1289514723 tempest-VolumeRetypeWithoutMigrationTest-1289514723-project-admin] Calling method 'show' {{(pid=111279) _process_stack /opt/stack/cinder/cinder/api/openstack/wsgi.py:868}}
Jun 29 16:19:56.406338 dv-cinder-848147-1-smb devstack@c-api.service[111278]: DEBUG cinder.volume.api [None req-a17f9450-6e14-48a0-955d-5e1cb5baade9 tempest-VolumeManageAdminTest-1625249266 tempest-VolumeManageAdminTest-1625249266-project-admin] Flow 'volume_manage_existing_api' (527feab8-4261-4ac8-a61e-462926bc9f23) transitioned into state 'SUCCESS' from state 'RUNNING' {{(pid=111278) _flow_receiver /usr/local/lib/python3.8/dist-packages/taskflow/listeners/logging.py:141}}
Jun 29 16:19:56.407073 dv-cinder-848147-1-smb devstack@c-api.service[111278]: INFO cinder.volume.api [None req-a17f9450-6e14-48a0-955d-5e1cb5baade9 tempest-VolumeManageAdminTest-1625249266 tempest-VolumeManageAdminTest-1625249266-project-admin] Manage volume request issued successfully.
Jun 29 16:19:56.409445 dv-cinder-848147-1-smb devstack@c-api.service[111278]: INFO cinder.api.openstack.wsgi [None req-a17f9450-6e14-48a0-955d-5e1cb5baade9 tempest-VolumeManageAdminTest-1625249266 tempest-VolumeManageAdminTest-1625249266-project-admin] http://10.222.0.50/volume/v3/b5767729d99441b482bab02e675c970e/os-volume-manage returned with HTTP 202
Jun 29 16:19:56.411913 dv-cinder-848147-1-smb devstack@c-api.service[111278]: [pid: 111278|app: 0|req: 99/199] 10.222.0.50 () {60 vars in 1262 bytes} [Wed Jun 29 16:19:55 2022] POST /volume/v3/b5767729d99441b482bab02e675c970e/os-volume-manage => generated 846 bytes in 799 msecs (HTTP/1.1 202) 7 headers in 291 bytes (1 switches on core 0)
Jun 29 16:19:56.425962 dv-cinder-848147-1-smb devstack@c-api.service[111278]: DEBUG cinder.api.middleware.request_id [None req-c0fc42a4-a400-412a-a1a2-e07eae28e2da None None] RequestId filter calling following filter/app {{(pid=111278) _context_setter /opt/stack/cinder/cinder/api/middleware/request_id.py:62}}
Jun 29 16:19:56.431188 dv-cinder-848147-1-smb devstack@c-api.service[111278]: INFO cinder.api.openstack.wsgi [None req-c0fc42a4-a400-412a-a1a2-e07eae28e2da tempest-VolumeManageAdminTest-1625249266 tempest-VolumeManageAdminTest-1625249266-project-admin] GET http://10.222.0.50/volume/v3/b5767729d99441b482bab02e675c970e/volumes/2ebccc89-d547-43ed-9e24-d932d73bb4a8
Jun 29 16:19:56.431693 dv-cinder-848147-1-smb devstack@c-api.service[111278]: DEBUG cinder.api.openstack.wsgi [None req-c0fc42a4-a400-412a-a1a2-e07eae28e2da tempest-VolumeManageAdminTest-1625249266 tempest-VolumeManageAdminTest-1625249266-project-admin] Empty body provided in request {{(pid=111278) get_body /opt/stack/cinder/cinder/api/openstack/wsgi.py:715}}
Jun 29 16:19:56.432405 dv-cinder-848147-1-smb devstack@c-api.service[111278]: DEBUG cinder.api.openstack.wsgi [None req-c0fc42a4-a400-412a-a1a2-e07eae28e2da tempest-VolumeManageAdminTest-1625249266 tempest-VolumeManageAdminTest-1625249266-project-admin] Calling method 'show' {{(pid=111278) _process_stack /opt/stack/cinder/cinder/api/openstack/wsgi.py:868}}
Jun 29 16:19:56.443959 dv-cinder-848147-1-smb devstack@c-api.service[111279]: /usr/local/lib/python3.8/dist-packages/oslo_context/context.py:100: DeprecationWarning: Policy enforcement is depending on the value of is_admin. This key is deprecated. Please update your policy file to use the standard policy values.
Jun 29 16:19:56.443959 dv-cinder-848147-1-smb devstack@c-api.service[111279]: warnings.warn('Policy enforcement is depending on the value of '
Jun 29 16:19:56.456274 dv-cinder-848147-1-smb devstack@c-api.service[111279]: INFO cinder.volume.api [None req-5371cb5a-790d-4f37-9c94-754b7436fe1c tempest-VolumeRetypeWithoutMigrationTest-1289514723 tempest-VolumeRetypeWithoutMigrationTest-1289514723-project-admin] Volume info retrieved successfully.
Jun 29 16:19:56.457234 dv-cinder-848147-1-smb devstack@c-api.service[111278]: /usr/local/lib/python3.8/dist-packages/oslo_context/context.py:100: DeprecationWarning: Policy enforcement is depending on the value of is_admin. This key is deprecated. Please update your policy file to use the standard policy values.
Jun 29 16:19:56.457234 dv-cinder-848147-1-smb devstack@c-api.service[111278]: warnings.warn('Policy enforcement is depending on the value of '
Jun 29 16:19:56.460346 dv-cinder-848147-1-smb devstack@c-api.service[111279]: INFO cinder.api.openstack.wsgi [None req-5371cb5a-790d-4f37-9c94-754b7436fe1c tempest-VolumeRetypeWithoutMigrationTest-1289514723 tempest-VolumeRetypeWithoutMigrationTest-1289514723-project-admin] http://10.222.0.50/volume/v3/42760367a36d4dc1ba6480b1d7bef212/volumes/2db9f36e-328f-461e-87a6-d2039e2deb7f returned with HTTP 200
Jun 29 16:19:56.471237 dv-cinder-848147-1-smb devstack@c-api.service[111279]: [pid: 111279|app: 0|req: 101/200] 10.222.0.50 () {58 vars in 1324 bytes} [Wed Jun 29 16:19:56 2022] GET /volume/v3/42760367a36d4dc1ba6480b1d7bef212/volumes/2db9f36e-328f-461e-87a6-d2039e2deb7f => generated 1091 bytes in 67 msecs (HTTP/1.1 200) 7 headers in 286 bytes (2 switches on core 0)
Jun 29 16:19:56.471427 dv-cinder-848147-1-smb devstack@c-api.service[111278]: INFO cinder.volume.api [None req-c0fc42a4-a400-412a-a1a2-e07eae28e2da tempest-VolumeManageAdminTest-1625249266 tempest-VolumeManageAdminTest-1625249266-project-admin] Volume info retrieved successfully.
Jun 29 16:19:56.473490 dv-cinder-848147-1-smb devstack@c-api.service[111279]: DEBUG cinder.api.middleware.request_id [None req-279e309e-2341-40b8-abfc-43b465cc55a1 None None] RequestId filter calling following filter/app {{(pid=111279) _context_setter /opt/stack/cinder/cinder/api/middleware/request_id.py:62}}
Jun 29 16:19:56.474788 dv-cinder-848147-1-smb devstack@c-api.service[111278]: INFO cinder.api.openstack.wsgi [None req-c0fc42a4-a400-412a-a1a2-e07eae28e2da tempest-VolumeManageAdminTest-1625249266 tempest-VolumeManageAdminTest-1625249266-project-admin] http://10.222.0.50/volume/v3/b5767729d99441b482bab02e675c970e/volumes/2ebccc89-d547-43ed-9e24-d932d73bb4a8 returned with HTTP 200
Jun 29 16:19:56.476797 dv-cinder-848147-1-smb devstack@c-api.service[111278]: [pid: 111278|app: 0|req: 100/201] 10.222.0.50 () {58 vars in 1324 bytes} [Wed Jun 29 16:19:56 2022] GET /volume/v3/b5767729d99441b482bab02e675c970e/volumes/2ebccc89-d547-43ed-9e24-d932d73bb4a8 => generated 1054 bytes in 53 msecs (HTTP/1.1 200) 7 headers in 286 bytes (2 switches on core 0)
Jun 29 16:19:56.485081 dv-cinder-848147-1-smb devstack@c-api.service[111279]: INFO cinder.api.openstack.wsgi [None req-279e309e-2341-40b8-abfc-43b465cc55a1 tempest-VolumeRetypeWithoutMigrationTest-1488968657 tempest-VolumeRetypeWithoutMigrationTest-1488968657-project] POST http://10.222.0.50/volume/v3/d28c3e862b8f44feb59a0f059e4f5f4c/volumes/2db9f36e-328f-461e-87a6-d2039e2deb7f/action
Jun 29 16:19:56.485081 dv-cinder-848147-1-smb devstack@c-api.service[111279]: DEBUG cinder.api.openstack.wsgi [None req-279e309e-2341-40b8-abfc-43b465cc55a1 tempest-VolumeRetypeWithoutMigrationTest-1488968657 tempest-VolumeRetypeWithoutMigrationTest-1488968657-project] Action body: b'{"os-retype": {"new_type": "volume-type-2", "migration_policy": "never"}}' {{(pid=111279) get_method /opt/stack/cinder/cinder/api/openstack/wsgi.py:983}}
Jun 29 16:19:56.485081 dv-cinder-848147-1-smb devstack@c-api.service[111279]: DEBUG cinder.api.openstack.wsgi [None req-279e309e-2341-40b8-abfc-43b465cc55a1 tempest-VolumeRetypeWithoutMigrationTest-1488968657 tempest-VolumeRetypeWithoutMigrationTest-1488968657-project] Action: 'action', calling method: _retype, body: {"os-retype": {"new_type": "volume-type-2", "migration_policy": "never"}} {{(pid=111279) _process_stack /opt/stack/cinder/cinder/api/openstack/wsgi.py:866}}
Jun 29 16:19:56.495375 dv-cinder-848147-1-smb devstack@c-api.service[111279]: /usr/local/lib/python3.8/dist-packages/oslo_context/context.py:100: DeprecationWarning: Policy enforcement is depending on the value of is_admin. This key is deprecated. Please update your policy file to use the standard policy values.
Jun 29 16:19:56.495375 dv-cinder-848147-1-smb devstack@c-api.service[111279]: warnings.warn('Policy enforcement is depending on the value of '
Jun 29 16:19:56.497016 dv-cinder-848147-1-smb devstack@c-api.service[111279]: INFO cinder.volume.api [None req-279e309e-2341-40b8-abfc-43b465cc55a1 tempest-VolumeRetypeWithoutMigrationTest-1488968657 tempest-VolumeRetypeWithoutMigrationTest-1488968657-project] Volume info retrieved successfully.
Jun 29 16:19:56.533720 dv-cinder-848147-1-smb devstack@c-api.service[111279]: WARNING cinder.quota [None req-279e309e-2341-40b8-abfc-43b465cc55a1 tempest-VolumeRetypeWithoutMigrationTest-1488968657 tempest-VolumeRetypeWithoutMigrationTest-1488968657-project] Deprecated: Default quota for resource: volumes_volume-type-2 is set by the default quota flag: quota_volumes_volume-type-2, it is now deprecated. Please use the default quota class for default quota.
Jun 29 16:19:56.534845 dv-cinder-848147-1-smb devstack@c-api.service[111279]: WARNING cinder.quota [None req-279e309e-2341-40b8-abfc-43b465cc55a1 tempest-VolumeRetypeWithoutMigrationTest-1488968657 tempest-VolumeRetypeWithoutMigrationTest-1488968657-project] Deprecated: Default quota for resource: gigabytes_volume-type-2 is set by the default quota flag: quota_gigabytes_volume-type-2, it is now deprecated. Please use the default quota class for default quota.
Jun 29 16:19:56.632507 dv-cinder-848147-1-smb devstack@c-api.service[111278]: DEBUG cinder.api.middleware.request_id [None req-f560fcf8-d23e-4af0-859c-6865db084a29 None None] RequestId filter calling following filter/app {{(pid=111278) _context_setter /opt/stack/cinder/cinder/api/middleware/request_id.py:62}}
Jun 29 16:19:56.727353 dv-cinder-848147-1-smb devstack@c-api.service[111279]: DEBUG cinder.quota [None req-279e309e-2341-40b8-abfc-43b465cc55a1 tempest-VolumeRetypeWithoutMigrationTest-1488968657 tempest-VolumeRetypeWithoutMigrationTest-1488968657-project] Created reservations ['6c66693b-e5ad-4156-992d-e5ab5ddee633', 'a11b0489-0fdd-4e3b-81ca-7200b6f1e444'] {{(pid=111279) reserve /opt/stack/cinder/cinder/quota.py:755}}
Jun 29 16:19:56.739860 dv-cinder-848147-1-smb devstack@c-api.service[111278]: INFO cinder.api.openstack.wsgi [None req-f560fcf8-d23e-4af0-859c-6865db084a29 tempest-VolumeTypesTest-780738750 tempest-VolumeTypesTest-780738750-project-admin] POST http://10.222.0.50/volume/v3/42e53eaad2834c6eace363e6c2c0e61c/types
Jun 29 16:19:56.739860 dv-cinder-848147-1-smb devstack@c-api.service[111278]: DEBUG cinder.api.openstack.wsgi [None req-f560fcf8-d23e-4af0-859c-6865db084a29 tempest-VolumeTypesTest-780738750 tempest-VolumeTypesTest-780738750-project-admin] Action: 'create', calling method: _create, body: {"volume_type": {"name": "tempest-VolumeTypesTest-volume-type-1574553452", "extra_specs": {"storage_protocol": "smbfs", "vendor_name": "Open Source"}}} {{(pid=111278) _process_stack /opt/stack/cinder/cinder/api/openstack/wsgi.py:866}}
Jun 29 16:19:56.762131 dv-cinder-848147-1-smb devstack@c-api.service[111279]: WARNING cinder.quota [None req-279e309e-2341-40b8-abfc-43b465cc55a1 tempest-VolumeRetypeWithoutMigrationTest-1488968657 tempest-VolumeRetypeWithoutMigrationTest-1488968657-project] Deprecated: Default quota for resource: volumes_volume-type-1 is set by the default quota flag: quota_volumes_volume-type-1, it is now deprecated. Please use the default quota class for default quota.
Jun 29 16:19:56.765699 dv-cinder-848147-1-smb devstack@c-api.service[111279]: WARNING cinder.quota [None req-279e309e-2341-40b8-abfc-43b465cc55a1 tempest-VolumeRetypeWithoutMigrationTest-1488968657 tempest-VolumeRetypeWithoutMigrationTest-1488968657-project] Deprecated: Default quota for resource: gigabytes_volume-type-1 is set by the default quota flag: quota_gigabytes_volume-type-1, it is now deprecated. Please use the default quota class for default quota.
Jun 29 16:19:56.891185 dv-cinder-848147-1-smb devstack@c-api.service[111278]: INFO cinder.api.openstack.wsgi [None req-f560fcf8-d23e-4af0-859c-6865db084a29 tempest-VolumeTypesTest-780738750 tempest-VolumeTypesTest-780738750-project-admin] http://10.222.0.50/volume/v3/42e53eaad2834c6eace363e6c2c0e61c/types returned with HTTP 200
Jun 29 16:19:56.891887 dv-cinder-848147-1-smb devstack@c-api.service[111278]: [pid: 111278|app: 0|req: 101/202] 10.222.0.50 () {60 vars in 1229 bytes} [Wed Jun 29 16:19:56 2022] POST /volume/v3/42e53eaad2834c6eace363e6c2c0e61c/types => generated 278 bytes in 260 msecs (HTTP/1.1 200) 7 headers in 285 bytes (2 switches on core 0)
Jun 29 16:19:56.893294 dv-cinder-848147-1-smb devstack@c-api.service[111278]: DEBUG cinder.api.middleware.request_id [None req-5b5eadca-56c9-485b-9fb0-6a432f7b50a1 None None] RequestId filter calling following filter/app {{(pid=111278) _context_setter /opt/stack/cinder/cinder/api/middleware/request_id.py:62}}
Jun 29 16:19:56.900181 dv-cinder-848147-1-smb devstack@c-api.service[111278]: INFO cinder.api.openstack.wsgi [None req-5b5eadca-56c9-485b-9fb0-6a432f7b50a1 tempest-GroupSnapshotsTest-574219804 tempest-GroupSnapshotsTest-574219804-project] GET http://10.222.0.50/volume/v3/d9717c98262242ddb73ebca8f530ba35/group_snapshots/993bd817-9276-45b4-9bc1-a43e2bb7200d
Jun 29 16:19:56.900670 dv-cinder-848147-1-smb devstack@c-api.service[111278]: DEBUG cinder.api.openstack.wsgi [None req-5b5eadca-56c9-485b-9fb0-6a432f7b50a1 tempest-GroupSnapshotsTest-574219804 tempest-GroupSnapshotsTest-574219804-project] Empty body provided in request {{(pid=111278) get_body /opt/stack/cinder/cinder/api/openstack/wsgi.py:715}}
Jun 29 16:19:56.901134 dv-cinder-848147-1-smb devstack@c-api.service[111278]: DEBUG cinder.api.openstack.wsgi [None req-5b5eadca-56c9-485b-9fb0-6a432f7b50a1 tempest-GroupSnapshotsTest-574219804 tempest-GroupSnapshotsTest-574219804-project] Calling method 'version_select' {{(pid=111278) _process_stack /opt/stack/cinder/cinder/api/openstack/wsgi.py:868}}
Jun 29 16:19:56.901470 dv-cinder-848147-1-smb devstack@c-api.service[111278]: DEBUG cinder.api.v3.group_snapshots [None req-5b5eadca-56c9-485b-9fb0-6a432f7b50a1 tempest-GroupSnapshotsTest-574219804 tempest-GroupSnapshotsTest-574219804-project] show called for member 993bd817-9276-45b4-9bc1-a43e2bb7200d {{(pid=111278) show /opt/stack/cinder/cinder/api/v3/group_snapshots.py:58}}
Jun 29 16:19:56.905759 dv-cinder-848147-1-smb devstack@c-api.service[111279]: DEBUG cinder.quota [None req-279e309e-2341-40b8-abfc-43b465cc55a1 tempest-VolumeRetypeWithoutMigrationTest-1488968657 tempest-VolumeRetypeWithoutMigrationTest-1488968657-project] Created reservations ['f6756a8b-cd7b-42b3-8faa-f3be5aa7a2f8', 'c6cffdc1-f9bd-4b66-baef-752ccbf98677'] {{(pid=111279) reserve /opt/stack/cinder/cinder/quota.py:755}}
Jun 29 16:19:56.912920 dv-cinder-848147-1-smb devstack@c-api.service[111278]: /usr/local/lib/python3.8/dist-packages/oslo_context/context.py:100: DeprecationWarning: Policy enforcement is depending on the value of is_admin. This key is deprecated. Please update your policy file to use the standard policy values.
Jun 29 16:19:56.912920 dv-cinder-848147-1-smb devstack@c-api.service[111278]: warnings.warn('Policy enforcement is depending on the value of '
Jun 29 16:19:56.924643 dv-cinder-848147-1-smb devstack@c-api.service[111279]: /opt/stack/cinder/cinder/db/sqlalchemy/api.py:3374: SADeprecationWarning: The SelectBase.as_scalar() method is deprecated and will be removed in a future release. Please refer to SelectBase.scalar_subquery(). (deprecated since: 1.4)
Jun 29 16:19:56.924643 dv-cinder-848147-1-smb devstack@c-api.service[111279]: models.VolumeType.qos_specs_id == q.as_scalar(),
Jun 29 16:19:56.925782 dv-cinder-848147-1-smb devstack@c-api.service[111278]: INFO cinder.api.openstack.wsgi [None req-5b5eadca-56c9-485b-9fb0-6a432f7b50a1 tempest-GroupSnapshotsTest-574219804 tempest-GroupSnapshotsTest-574219804-project] http://10.222.0.50/volume/v3/d9717c98262242ddb73ebca8f530ba35/group_snapshots/993bd817-9276-45b4-9bc1-a43e2bb7200d returned with HTTP 200
Jun 29 16:19:56.932907 dv-cinder-848147-1-smb devstack@c-api.service[111278]: [pid: 111278|app: 0|req: 102/203] 10.222.0.50 () {60 vars in 1389 bytes} [Wed Jun 29 16:19:56 2022] GET /volume/v3/d9717c98262242ddb73ebca8f530ba35/group_snapshots/993bd817-9276-45b4-9bc1-a43e2bb7200d => generated 327 bytes in 40 msecs (HTTP/1.1 200) 7 headers in 286 bytes (1 switches on core 0)
Jun 29 16:19:56.934603 dv-cinder-848147-1-smb devstack@c-api.service[111278]: DEBUG cinder.api.middleware.request_id [None req-b90cec60-87c8-4e94-992d-fcb7d5579604 None None] RequestId filter calling following filter/app {{(pid=111278) _context_setter /opt/stack/cinder/cinder/api/middleware/request_id.py:62}}
Jun 29 16:19:56.938271 dv-cinder-848147-1-smb devstack@c-api.service[111278]: INFO cinder.api.openstack.wsgi [None req-b90cec60-87c8-4e94-992d-fcb7d5579604 tempest-VolumeTypesTest-780738750 tempest-VolumeTypesTest-780738750-project-admin] POST http://10.222.0.50/volume/v3/42e53eaad2834c6eace363e6c2c0e61c/types
Jun 29 16:19:56.938975 dv-cinder-848147-1-smb devstack@c-api.service[111278]: DEBUG cinder.api.openstack.wsgi [None req-b90cec60-87c8-4e94-992d-fcb7d5579604 tempest-VolumeTypesTest-780738750 tempest-VolumeTypesTest-780738750-project-admin] Action: 'create', calling method: _create, body: {"volume_type": {"name": "tempest-VolumeTypesTest-volume-type-225749969", "extra_specs": {"storage_protocol": "smbfs", "vendor_name": "Open Source"}}} {{(pid=111278) _process_stack /opt/stack/cinder/cinder/api/openstack/wsgi.py:866}}
Jun 29 16:19:57.126550 dv-cinder-848147-1-smb devstack@c-api.service[111278]: INFO cinder.api.openstack.wsgi [None req-b90cec60-87c8-4e94-992d-fcb7d5579604 tempest-VolumeTypesTest-780738750 tempest-VolumeTypesTest-780738750-project-admin] http://10.222.0.50/volume/v3/42e53eaad2834c6eace363e6c2c0e61c/types returned with HTTP 200
Jun 29 16:19:57.128638 dv-cinder-848147-1-smb devstack@c-api.service[111278]: [pid: 111278|app: 0|req: 103/204] 10.222.0.50 () {60 vars in 1229 bytes} [Wed Jun 29 16:19:56 2022] POST /volume/v3/42e53eaad2834c6eace363e6c2c0e61c/types => generated 277 bytes in 195 msecs (HTTP/1.1 200) 7 headers in 285 bytes (1 switches on core 0)
Jun 29 16:19:57.130511 dv-cinder-848147-1-smb devstack@c-api.service[111278]: DEBUG cinder.api.middleware.request_id [None req-c1cfdb86-4131-4b99-805d-6575cbe67fe4 None None] RequestId filter calling following filter/app {{(pid=111278) _context_setter /opt/stack/cinder/cinder/api/middleware/request_id.py:62}}
Jun 29 16:19:57.144477 dv-cinder-848147-1-smb devstack@c-api.service[111278]: INFO cinder.api.openstack.wsgi [None req-c1cfdb86-4131-4b99-805d-6575cbe67fe4 tempest-GroupSnapshotsTest-574219804 tempest-GroupSnapshotsTest-574219804-project] GET http://10.222.0.50/volume/v3/d9717c98262242ddb73ebca8f530ba35/snapshots/detail
Jun 29 16:19:57.145875 dv-cinder-848147-1-smb devstack@c-api.service[111278]: DEBUG cinder.api.openstack.wsgi [None req-c1cfdb86-4131-4b99-805d-6575cbe67fe4 tempest-GroupSnapshotsTest-574219804 tempest-GroupSnapshotsTest-574219804-project] Empty body provided in request {{(pid=111278) get_body /opt/stack/cinder/cinder/api/openstack/wsgi.py:715}}
Jun 29 16:19:57.147987 dv-cinder-848147-1-smb devstack@c-api.service[111278]: DEBUG cinder.api.openstack.wsgi [None req-c1cfdb86-4131-4b99-805d-6575cbe67fe4 tempest-GroupSnapshotsTest-574219804 tempest-GroupSnapshotsTest-574219804-project] Calling method 'detail' {{(pid=111278) _process_stack /opt/stack/cinder/cinder/api/openstack/wsgi.py:868}}
Jun 29 16:19:57.148876 dv-cinder-848147-1-smb devstack@c-api.service[111278]: DEBUG cinder.api.api_utils [None req-c1cfdb86-4131-4b99-805d-6575cbe67fe4 tempest-GroupSnapshotsTest-574219804 tempest-GroupSnapshotsTest-574219804-project] Removing options '' from query. {{(pid=111278) remove_invalid_filter_options /opt/stack/cinder/cinder/api/api_utils.py:83}}
Jun 29 16:19:57.160387 dv-cinder-848147-1-smb devstack@c-api.service[111279]: INFO cinder.volume.api [None req-279e309e-2341-40b8-abfc-43b465cc55a1 tempest-VolumeRetypeWithoutMigrationTest-1488968657 tempest-VolumeRetypeWithoutMigrationTest-1488968657-project] Retype volume request issued successfully.
Jun 29 16:19:57.161129 dv-cinder-848147-1-smb devstack@c-api.service[111279]: INFO cinder.api.openstack.wsgi [None req-279e309e-2341-40b8-abfc-43b465cc55a1 tempest-VolumeRetypeWithoutMigrationTest-1488968657 tempest-VolumeRetypeWithoutMigrationTest-1488968657-project] http://10.222.0.50/volume/v3/d28c3e862b8f44feb59a0f059e4f5f4c/volumes/2db9f36e-328f-461e-87a6-d2039e2deb7f/action returned with HTTP 202
Jun 29 16:19:57.162477 dv-cinder-848147-1-smb devstack@c-api.service[111279]: [pid: 111279|app: 0|req: 102/205] 10.222.0.50 () {60 vars in 1366 bytes} [Wed Jun 29 16:19:56 2022] POST /volume/v3/d28c3e862b8f44feb59a0f059e4f5f4c/volumes/2db9f36e-328f-461e-87a6-d2039e2deb7f/action => generated 0 bytes in 690 msecs (HTTP/1.1 202) 7 headers in 289 bytes (1 switches on core 0)
Jun 29 16:19:57.165532 dv-cinder-848147-1-smb devstack@c-api.service[111279]: DEBUG cinder.api.middleware.request_id [None req-43f6eb74-0c6e-4a0c-88ee-642e32a591aa None None] RequestId filter calling following filter/app {{(pid=111279) _context_setter /opt/stack/cinder/cinder/api/middleware/request_id.py:62}}
Jun 29 16:19:57.169386 dv-cinder-848147-1-smb devstack@c-api.service[111278]: DEBUG cinder.db.sqlalchemy.api [None req-c1cfdb86-4131-4b99-805d-6575cbe67fe4 tempest-GroupSnapshotsTest-574219804 tempest-GroupSnapshotsTest-574219804-project] Building query based on filter {{(pid=111278) _process_snaps_filters /opt/stack/cinder/cinder/db/sqlalchemy/api.py:3878}}
Jun 29 16:19:57.190285 dv-cinder-848147-1-smb devstack@c-api.service[111278]: INFO cinder.volume.api [None req-c1cfdb86-4131-4b99-805d-6575cbe67fe4 tempest-GroupSnapshotsTest-574219804 tempest-GroupSnapshotsTest-574219804-project] Get all snapshots completed successfully.
Jun 29 16:19:57.191597 dv-cinder-848147-1-smb devstack@c-api.service[111278]: /usr/local/lib/python3.8/dist-packages/oslo_context/context.py:100: DeprecationWarning: Policy enforcement is depending on the value of is_admin. This key is deprecated. Please update your policy file to use the standard policy values.
Jun 29 16:19:57.191597 dv-cinder-848147-1-smb devstack@c-api.service[111278]: warnings.warn('Policy enforcement is depending on the value of '
Jun 29 16:19:57.195697 dv-cinder-848147-1-smb devstack@c-api.service[111278]: INFO cinder.api.openstack.wsgi [None req-c1cfdb86-4131-4b99-805d-6575cbe67fe4 tempest-GroupSnapshotsTest-574219804 tempest-GroupSnapshotsTest-574219804-project] http://10.222.0.50/volume/v3/d9717c98262242ddb73ebca8f530ba35/snapshots/detail returned with HTTP 200
Jun 29 16:19:57.195697 dv-cinder-848147-1-smb devstack@c-api.service[111278]: [pid: 111278|app: 0|req: 104/206] 10.222.0.50 () {58 vars in 1240 bytes} [Wed Jun 29 16:19:57 2022] GET /volume/v3/d9717c98262242ddb73ebca8f530ba35/snapshots/detail => generated 1063 bytes in 66 msecs (HTTP/1.1 200) 7 headers in 286 bytes (1 switches on core 0)
Jun 29 16:19:57.196678 dv-cinder-848147-1-smb devstack@c-api.service[111278]: DEBUG cinder.api.middleware.request_id [None req-fba13c00-1fb7-40c8-bece-8d9c2c0cb4e2 None None] RequestId filter calling following filter/app {{(pid=111278) _context_setter /opt/stack/cinder/cinder/api/middleware/request_id.py:62}}
Jun 29 16:19:57.201686 dv-cinder-848147-1-smb devstack@c-api.service[111278]: INFO cinder.api.openstack.wsgi [None req-fba13c00-1fb7-40c8-bece-8d9c2c0cb4e2 tempest-VolumeRetypeWithoutMigrationTest-1488968657 tempest-VolumeRetypeWithoutMigrationTest-1488968657-project] GET http://10.222.0.50/volume/v3/d28c3e862b8f44feb59a0f059e4f5f4c/volumes/2db9f36e-328f-461e-87a6-d2039e2deb7f
Jun 29 16:19:57.202399 dv-cinder-848147-1-smb devstack@c-api.service[111278]: DEBUG cinder.api.openstack.wsgi [None req-fba13c00-1fb7-40c8-bece-8d9c2c0cb4e2 tempest-VolumeRetypeWithoutMigrationTest-1488968657 tempest-VolumeRetypeWithoutMigrationTest-1488968657-project] Empty body provided in request {{(pid=111278) get_body /opt/stack/cinder/cinder/api/openstack/wsgi.py:715}}
Jun 29 16:19:57.203235 dv-cinder-848147-1-smb devstack@c-api.service[111278]: DEBUG cinder.api.openstack.wsgi [None req-fba13c00-1fb7-40c8-bece-8d9c2c0cb4e2 tempest-VolumeRetypeWithoutMigrationTest-1488968657 tempest-VolumeRetypeWithoutMigrationTest-1488968657-project] Calling method 'show' {{(pid=111278) _process_stack /opt/stack/cinder/cinder/api/openstack/wsgi.py:868}}
Jun 29 16:19:57.240653 dv-cinder-848147-1-smb devstack@c-api.service[111278]: /usr/local/lib/python3.8/dist-packages/oslo_context/context.py:100: DeprecationWarning: Policy enforcement is depending on the value of is_admin. This key is deprecated. Please update your policy file to use the standard policy values.
Jun 29 16:19:57.240653 dv-cinder-848147-1-smb devstack@c-api.service[111278]: warnings.warn('Policy enforcement is depending on the value of '
Jun 29 16:19:57.258182 dv-cinder-848147-1-smb devstack@c-api.service[111278]: INFO cinder.volume.api [None req-fba13c00-1fb7-40c8-bece-8d9c2c0cb4e2 tempest-VolumeRetypeWithoutMigrationTest-1488968657 tempest-VolumeRetypeWithoutMigrationTest-1488968657-project] Volume info retrieved successfully.
Jun 29 16:19:57.270718 dv-cinder-848147-1-smb devstack@c-api.service[111278]: INFO cinder.api.openstack.wsgi [None req-fba13c00-1fb7-40c8-bece-8d9c2c0cb4e2 tempest-VolumeRetypeWithoutMigrationTest-1488968657 tempest-VolumeRetypeWithoutMigrationTest-1488968657-project] http://10.222.0.50/volume/v3/d28c3e862b8f44feb59a0f059e4f5f4c/volumes/2db9f36e-328f-461e-87a6-d2039e2deb7f returned with HTTP 200
Jun 29 16:19:57.272056 dv-cinder-848147-1-smb devstack@c-api.service[111278]: [pid: 111278|app: 0|req: 105/207] 10.222.0.50 () {58 vars in 1324 bytes} [Wed Jun 29 16:19:57 2022] GET /volume/v3/d28c3e862b8f44feb59a0f059e4f5f4c/volumes/2db9f36e-328f-461e-87a6-d2039e2deb7f => generated 924 bytes in 77 msecs (HTTP/1.1 200) 7 headers in 285 bytes (1 switches on core 0)
Jun 29 16:19:57.273747 dv-cinder-848147-1-smb devstack@c-api.service[111278]: DEBUG cinder.api.middleware.request_id [None req-f9e5722c-c130-4654-8159-0d6142bf62ca None None] RequestId filter calling following filter/app {{(pid=111278) _context_setter /opt/stack/cinder/cinder/api/middleware/request_id.py:62}}
Jun 29 16:19:57.279221 dv-cinder-848147-1-smb devstack@c-api.service[111278]: INFO cinder.api.openstack.wsgi [None req-f9e5722c-c130-4654-8159-0d6142bf62ca tempest-GroupSnapshotsTest-574219804 tempest-GroupSnapshotsTest-574219804-project] GET http://10.222.0.50/volume/v3/d9717c98262242ddb73ebca8f530ba35/snapshots/f33fda16-c650-47ed-bf20-cf24d5830528
Jun 29 16:19:57.279993 dv-cinder-848147-1-smb devstack@c-api.service[111278]: DEBUG cinder.api.openstack.wsgi [None req-f9e5722c-c130-4654-8159-0d6142bf62ca tempest-GroupSnapshotsTest-574219804 tempest-GroupSnapshotsTest-574219804-project] Empty body provided in request {{(pid=111278) get_body /opt/stack/cinder/cinder/api/openstack/wsgi.py:715}}
Jun 29 16:19:57.280697 dv-cinder-848147-1-smb devstack@c-api.service[111278]: DEBUG cinder.api.openstack.wsgi [None req-f9e5722c-c130-4654-8159-0d6142bf62ca tempest-GroupSnapshotsTest-574219804 tempest-GroupSnapshotsTest-574219804-project] Calling method 'show' {{(pid=111278) _process_stack /opt/stack/cinder/cinder/api/openstack/wsgi.py:868}}
Jun 29 16:19:57.291973 dv-cinder-848147-1-smb devstack@c-api.service[111278]: /usr/local/lib/python3.8/dist-packages/oslo_context/context.py:100: DeprecationWarning: Policy enforcement is depending on the value of is_admin. This key is deprecated. Please update your policy file to use the standard policy values.
Jun 29 16:19:57.291973 dv-cinder-848147-1-smb devstack@c-api.service[111278]: warnings.warn('Policy enforcement is depending on the value of '
Jun 29 16:19:57.293551 dv-cinder-848147-1-smb devstack@c-api.service[111278]: INFO cinder.volume.api [None req-f9e5722c-c130-4654-8159-0d6142bf62ca tempest-GroupSnapshotsTest-574219804 tempest-GroupSnapshotsTest-574219804-project] Snapshot retrieved successfully.
Jun 29 16:19:57.296430 dv-cinder-848147-1-smb devstack@c-api.service[111278]: INFO cinder.api.openstack.wsgi [None req-f9e5722c-c130-4654-8159-0d6142bf62ca tempest-GroupSnapshotsTest-574219804 tempest-GroupSnapshotsTest-574219804-project] http://10.222.0.50/volume/v3/d9717c98262242ddb73ebca8f530ba35/snapshots/f33fda16-c650-47ed-bf20-cf24d5830528 returned with HTTP 200
Jun 29 16:19:57.297497 dv-cinder-848147-1-smb devstack@c-api.service[111278]: [pid: 111278|app: 0|req: 106/208] 10.222.0.50 () {58 vars in 1330 bytes} [Wed Jun 29 16:19:57 2022] GET /volume/v3/d9717c98262242ddb73ebca8f530ba35/snapshots/f33fda16-c650-47ed-bf20-cf24d5830528 => generated 536 bytes in 25 msecs (HTTP/1.1 200) 7 headers in 285 bytes (1 switches on core 0)
Jun 29 16:19:57.306148 dv-cinder-848147-1-smb devstack@c-api.service[111278]: DEBUG cinder.api.middleware.request_id [None req-71f5b97b-79aa-493f-81d8-94366c420d49 None None] RequestId filter calling following filter/app {{(pid=111278) _context_setter /opt/stack/cinder/cinder/api/middleware/request_id.py:62}}
Jun 29 16:19:57.310901 dv-cinder-848147-1-smb devstack@c-api.service[111278]: INFO cinder.api.openstack.wsgi [None req-71f5b97b-79aa-493f-81d8-94366c420d49 tempest-GroupSnapshotsTest-574219804 tempest-GroupSnapshotsTest-574219804-project] GET http://10.222.0.50/volume/v3/d9717c98262242ddb73ebca8f530ba35/snapshots/0b0ae7c7-b648-4180-a49f-022b5df9dc7a
Jun 29 16:19:57.311549 dv-cinder-848147-1-smb devstack@c-api.service[111278]: DEBUG cinder.api.openstack.wsgi [None req-71f5b97b-79aa-493f-81d8-94366c420d49 tempest-GroupSnapshotsTest-574219804 tempest-GroupSnapshotsTest-574219804-project] Empty body provided in request {{(pid=111278) get_body /opt/stack/cinder/cinder/api/openstack/wsgi.py:715}}
Jun 29 16:19:57.312170 dv-cinder-848147-1-smb devstack@c-api.service[111278]: DEBUG cinder.api.openstack.wsgi [None req-71f5b97b-79aa-493f-81d8-94366c420d49 tempest-GroupSnapshotsTest-574219804 tempest-GroupSnapshotsTest-574219804-project] Calling method 'show' {{(pid=111278) _process_stack /opt/stack/cinder/cinder/api/openstack/wsgi.py:868}}
Jun 29 16:19:57.323263 dv-cinder-848147-1-smb devstack@c-api.service[111278]: /usr/local/lib/python3.8/dist-packages/oslo_context/context.py:100: DeprecationWarning: Policy enforcement is depending on the value of is_admin. This key is deprecated. Please update your policy file to use the standard policy values.
Jun 29 16:19:57.323263 dv-cinder-848147-1-smb devstack@c-api.service[111278]: warnings.warn('Policy enforcement is depending on the value of '
Jun 29 16:19:57.325208 dv-cinder-848147-1-smb devstack@c-api.service[111278]: INFO cinder.volume.api [None req-71f5b97b-79aa-493f-81d8-94366c420d49 tempest-GroupSnapshotsTest-574219804 tempest-GroupSnapshotsTest-574219804-project] Snapshot retrieved successfully.
Jun 29 16:19:57.327768 dv-cinder-848147-1-smb devstack@c-api.service[111278]: INFO cinder.api.openstack.wsgi [None req-71f5b97b-79aa-493f-81d8-94366c420d49 tempest-GroupSnapshotsTest-574219804 tempest-GroupSnapshotsTest-574219804-project] http://10.222.0.50/volume/v3/d9717c98262242ddb73ebca8f530ba35/snapshots/0b0ae7c7-b648-4180-a49f-022b5df9dc7a returned with HTTP 200
Jun 29 16:19:57.333262 dv-cinder-848147-1-smb devstack@c-api.service[111278]: [pid: 111278|app: 0|req: 107/209] 10.222.0.50 () {58 vars in 1330 bytes} [Wed Jun 29 16:19:57 2022] GET /volume/v3/d9717c98262242ddb73ebca8f530ba35/snapshots/0b0ae7c7-b648-4180-a49f-022b5df9dc7a => generated 536 bytes in 28 msecs (HTTP/1.1 200) 7 headers in 285 bytes (1 switches on core 0)
Jun 29 16:19:57.342761 dv-cinder-848147-1-smb devstack@c-api.service[111278]: DEBUG cinder.api.middleware.request_id [None req-ed4d7bbf-27ed-40e3-b645-611b3aa04f54 None None] RequestId filter calling following filter/app {{(pid=111278) _context_setter /opt/stack/cinder/cinder/api/middleware/request_id.py:62}}
Jun 29 16:19:57.347823 dv-cinder-848147-1-smb devstack@c-api.service[111278]: INFO cinder.api.openstack.wsgi [None req-ed4d7bbf-27ed-40e3-b645-611b3aa04f54 tempest-GroupSnapshotsTest-574219804 tempest-GroupSnapshotsTest-574219804-project] DELETE http://10.222.0.50/volume/v3/d9717c98262242ddb73ebca8f530ba35/group_snapshots/993bd817-9276-45b4-9bc1-a43e2bb7200d
Jun 29 16:19:57.348495 dv-cinder-848147-1-smb devstack@c-api.service[111278]: DEBUG cinder.api.openstack.wsgi [None req-ed4d7bbf-27ed-40e3-b645-611b3aa04f54 tempest-GroupSnapshotsTest-574219804 tempest-GroupSnapshotsTest-574219804-project] Empty body provided in request {{(pid=111278) get_body /opt/stack/cinder/cinder/api/openstack/wsgi.py:715}}
Jun 29 16:19:57.349122 dv-cinder-848147-1-smb devstack@c-api.service[111278]: DEBUG cinder.api.openstack.wsgi [None req-ed4d7bbf-27ed-40e3-b645-611b3aa04f54 tempest-GroupSnapshotsTest-574219804 tempest-GroupSnapshotsTest-574219804-project] Calling method 'version_select' {{(pid=111278) _process_stack /opt/stack/cinder/cinder/api/openstack/wsgi.py:868}}
Jun 29 16:19:57.350338 dv-cinder-848147-1-smb devstack@c-api.service[111278]: DEBUG cinder.api.v3.group_snapshots [None req-ed4d7bbf-27ed-40e3-b645-611b3aa04f54 tempest-GroupSnapshotsTest-574219804 tempest-GroupSnapshotsTest-574219804-project] delete called for member 993bd817-9276-45b4-9bc1-a43e2bb7200d {{(pid=111278) delete /opt/stack/cinder/cinder/api/v3/group_snapshots.py:72}}
Jun 29 16:19:57.350817 dv-cinder-848147-1-smb devstack@c-api.service[111278]: INFO cinder.api.v3.group_snapshots [None req-ed4d7bbf-27ed-40e3-b645-611b3aa04f54 tempest-GroupSnapshotsTest-574219804 tempest-GroupSnapshotsTest-574219804-project] Delete group_snapshot with id: 993bd817-9276-45b4-9bc1-a43e2bb7200d
Jun 29 16:19:57.360834 dv-cinder-848147-1-smb devstack@c-api.service[111278]: /usr/local/lib/python3.8/dist-packages/oslo_context/context.py:100: DeprecationWarning: Policy enforcement is depending on the value of is_admin. This key is deprecated. Please update your policy file to use the standard policy values.
Jun 29 16:19:57.360834 dv-cinder-848147-1-smb devstack@c-api.service[111278]: warnings.warn('Policy enforcement is depending on the value of '
Jun 29 16:19:57.374193 dv-cinder-848147-1-smb devstack@c-api.service[111279]: INFO cinder.api.openstack.wsgi [None req-43f6eb74-0c6e-4a0c-88ee-642e32a591aa tempest-VolumeTypesTest-1876572416 tempest-VolumeTypesTest-1876572416-project] POST http://10.222.0.50/volume/v3/f3a7ccd4f4cd4b4587723fe77f48f9d2/volumes
Jun 29 16:19:57.375061 dv-cinder-848147-1-smb devstack@c-api.service[111279]: DEBUG cinder.api.openstack.wsgi [None req-43f6eb74-0c6e-4a0c-88ee-642e32a591aa tempest-VolumeTypesTest-1876572416 tempest-VolumeTypesTest-1876572416-project] Action: 'create', calling method: create, body: {"volume": {"name": "tempest-VolumeTypesTest-volume-1269775387", "volume_type": "d6d37afd-739f-4560-ae2a-95734f17692b", "size": 1}} {{(pid=111279) _process_stack /opt/stack/cinder/cinder/api/openstack/wsgi.py:866}}
Jun 29 16:19:57.384844 dv-cinder-848147-1-smb devstack@c-api.service[111279]: DEBUG cinder.api.v3.volumes [None req-43f6eb74-0c6e-4a0c-88ee-642e32a591aa tempest-VolumeTypesTest-1876572416 tempest-VolumeTypesTest-1876572416-project] Create volume request body: {'volume': {'name': 'tempest-VolumeTypesTest-volume-1269775387', 'volume_type': 'd6d37afd-739f-4560-ae2a-95734f17692b', 'size': 1}} {{(pid=111279) create /opt/stack/cinder/cinder/api/v3/volumes.py:298}}
Jun 29 16:19:57.403790 dv-cinder-848147-1-smb devstack@c-api.service[111279]: INFO cinder.api.v3.volumes [None req-43f6eb74-0c6e-4a0c-88ee-642e32a591aa tempest-VolumeTypesTest-1876572416 tempest-VolumeTypesTest-1876572416-project] Create volume of 1 GB
Jun 29 16:19:57.404550 dv-cinder-848147-1-smb devstack@c-api.service[111279]: /usr/local/lib/python3.8/dist-packages/oslo_context/context.py:100: DeprecationWarning: Policy enforcement is depending on the value of is_admin. This key is deprecated. Please update your policy file to use the standard policy values.
Jun 29 16:19:57.404550 dv-cinder-848147-1-smb devstack@c-api.service[111279]: warnings.warn('Policy enforcement is depending on the value of '
Jun 29 16:19:57.405639 dv-cinder-848147-1-smb devstack@c-api.service[111279]: INFO cinder.volume.api [None req-43f6eb74-0c6e-4a0c-88ee-642e32a591aa tempest-VolumeTypesTest-1876572416 tempest-VolumeTypesTest-1876572416-project] Availability Zones retrieved successfully.
Jun 29 16:19:57.420899 dv-cinder-848147-1-smb devstack@c-api.service[111279]: DEBUG cinder.volume.api [None req-43f6eb74-0c6e-4a0c-88ee-642e32a591aa tempest-VolumeTypesTest-1876572416 tempest-VolumeTypesTest-1876572416-project] Flow 'volume_create_api' (2da11d81-fae4-4209-b294-d0bf1b20dc25) transitioned into state 'RUNNING' from state 'PENDING' {{(pid=111279) _flow_receiver /usr/local/lib/python3.8/dist-packages/taskflow/listeners/logging.py:141}}
Jun 29 16:19:57.423354 dv-cinder-848147-1-smb devstack@c-api.service[111279]: DEBUG cinder.volume.api [None req-43f6eb74-0c6e-4a0c-88ee-642e32a591aa tempest-VolumeTypesTest-1876572416 tempest-VolumeTypesTest-1876572416-project] Task 'cinder.volume.flows.api.create_volume.ExtractVolumeRequestTask;volume:create' (0ed3abe0-21d1-4fd8-8f47-e1803e9713fc) transitioned into state 'RUNNING' from state 'PENDING' {{(pid=111279) _task_receiver /usr/local/lib/python3.8/dist-packages/taskflow/listeners/logging.py:190}}
Jun 29 16:19:57.425741 dv-cinder-848147-1-smb devstack@c-api.service[111279]: DEBUG cinder.volume.flows.api.create_volume [None req-43f6eb74-0c6e-4a0c-88ee-642e32a591aa tempest-VolumeTypesTest-1876572416 tempest-VolumeTypesTest-1876572416-project] Validating volume size '1' using validate_int {{(pid=111279) _extract_size /opt/stack/cinder/cinder/volume/flows/api/create_volume.py:228}}
Jun 29 16:19:57.456504 dv-cinder-848147-1-smb devstack@c-api.service[111279]: DEBUG cinder.volume.api [None req-43f6eb74-0c6e-4a0c-88ee-642e32a591aa tempest-VolumeTypesTest-1876572416 tempest-VolumeTypesTest-1876572416-project] Task 'cinder.volume.flows.api.create_volume.ExtractVolumeRequestTask;volume:create' (0ed3abe0-21d1-4fd8-8f47-e1803e9713fc) transitioned into state 'SUCCESS' from state 'RUNNING' with result '{'size': 1, 'snapshot_id': None, 'source_volid': None, 'volume_type': VolumeType(created_at=2022-06-29T16:19:57Z,deleted=False,deleted_at=None,description=None,extra_specs={storage_protocol='smbfs',vendor_name='Open Source'},id=d6d37afd-739f-4560-ae2a-95734f17692b,is_public=True,name='tempest-VolumeTypesTest-volume-type-1574553452',projects=[],qos_specs=,qos_specs_id=None,updated_at=None), 'volume_type_id': 'd6d37afd-739f-4560-ae2a-95734f17692b', 'encryption_key_id': None, 'qos_specs': None, 'consistencygroup_id': None, 'cgsnapshot_id': None, 'group_id': None, 'replication_status': 'disabled', 'refresh_az': False, 'backup_id': None, 'multiattach': False, 'availability_zones': ['nova']}' {{(pid=111279) _task_receiver /usr/local/lib/python3.8/dist-packages/taskflow/listeners/logging.py:178}}
Jun 29 16:19:57.458755 dv-cinder-848147-1-smb devstack@c-api.service[111279]: DEBUG cinder.volume.api [None req-43f6eb74-0c6e-4a0c-88ee-642e32a591aa tempest-VolumeTypesTest-1876572416 tempest-VolumeTypesTest-1876572416-project] Task 'cinder.volume.flows.api.create_volume.QuotaReserveTask;volume:create' (7dd8b26f-ff12-4793-af41-f1f8cd248b0d) transitioned into state 'RUNNING' from state 'PENDING' {{(pid=111279) _task_receiver /usr/local/lib/python3.8/dist-packages/taskflow/listeners/logging.py:190}}
Jun 29 16:19:57.494152 dv-cinder-848147-1-smb devstack@c-api.service[111279]: WARNING cinder.quota [None req-43f6eb74-0c6e-4a0c-88ee-642e32a591aa tempest-VolumeTypesTest-1876572416 tempest-VolumeTypesTest-1876572416-project] Deprecated: Default quota for resource: volumes_tempest-VolumeTypesTest-volume-type-1574553452 is set by the default quota flag: quota_volumes_tempest-VolumeTypesTest-volume-type-1574553452, it is now deprecated. Please use the default quota class for default quota.
Jun 29 16:19:57.494921 dv-cinder-848147-1-smb devstack@c-api.service[111279]: WARNING cinder.quota [None req-43f6eb74-0c6e-4a0c-88ee-642e32a591aa tempest-VolumeTypesTest-1876572416 tempest-VolumeTypesTest-1876572416-project] Deprecated: Default quota for resource: gigabytes_tempest-VolumeTypesTest-volume-type-1574553452 is set by the default quota flag: quota_gigabytes_tempest-VolumeTypesTest-volume-type-1574553452, it is now deprecated. Please use the default quota class for default quota.
Jun 29 16:19:57.733391 dv-cinder-848147-1-smb devstack@c-api.service[111279]: DEBUG cinder.quota [None req-43f6eb74-0c6e-4a0c-88ee-642e32a591aa tempest-VolumeTypesTest-1876572416 tempest-VolumeTypesTest-1876572416-project] Created reservations ['c09588d3-1423-4675-9cbe-3031abe3f7b9', 'ea64e441-0939-4529-8ef3-6550e6c9bd03', '0185c2cf-1973-453e-bde6-87b6282e0950', '0a95fdf2-1568-45e2-b838-ae66c460b736'] {{(pid=111279) reserve /opt/stack/cinder/cinder/quota.py:755}}
