Jun 29 16:10:20.021415 dv-cinder-848147-1-iscsi neutron-server[103991]: DEBUG neutron.plugins.ml2.drivers.mech_agent [req-b50d4fa9-0182-4085-9ea4-86ee88811463 req-1e8eb309-a418-4578-a79c-33aef8cdc5a3 service neutron] Bound using segment: {'id': '80c691a3-d8c9-4311-a1ee-ae1a6da937f3', 'network_type': 'vlan', 'physical_network': 'physnet1', 'segmentation_id': 597, 'network_id': '02207256-1ae5-4ba0-a64e-1eb06f43dbfd'} {{(pid=103991) bind_port /opt/stack/neutron/neutron/plugins/ml2/drivers/mech_agent.py:120}}
Jun 29 16:10:20.021918 dv-cinder-848147-1-iscsi neutron-server[103991]: DEBUG neutron.plugins.ml2.managers [req-b50d4fa9-0182-4085-9ea4-86ee88811463 req-1e8eb309-a418-4578-a79c-33aef8cdc5a3 service neutron] Bound port: fb153181-1b50-4fe4-af4b-8c992e6820af, host: hv-cinder-84814, vif_type: hyperv, vif_details: {"connectivity": "legacy", "port_filter": false}, binding_levels: [{'bound_driver': 'hyperv', 'bound_segment': {'id': '80c691a3-d8c9-4311-a1ee-ae1a6da937f3', 'network_type': 'vlan', 'physical_network': 'physnet1', 'segmentation_id': 597, 'network_id': '02207256-1ae5-4ba0-a64e-1eb06f43dbfd'}}] {{(pid=103991) _bind_port_level /opt/stack/neutron/neutron/plugins/ml2/managers.py:948}}
Jun 29 16:10:20.022278 dv-cinder-848147-1-iscsi neutron-server[103991]: DEBUG neutron_lib.callbacks.manager [req-b50d4fa9-0182-4085-9ea4-86ee88811463 req-1e8eb309-a418-4578-a79c-33aef8cdc5a3 service neutron] Publish callbacks ['neutron.plugins.ml2.plugin.SecurityGroupDbMixin._ensure_default_security_group_handler-4129524'] for port (fb153181-1b50-4fe4-af4b-8c992e6820af), before_update {{(pid=103991) _notify_loop /usr/local/lib/python3.8/dist-packages/neutron_lib/callbacks/manager.py:176}}
Jun 29 16:10:20.024216 dv-cinder-848147-1-iscsi neutron-server[103993]: DEBUG neutron.plugins.ml2.plugin [None req-1f6ae878-2b56-447e-90fb-0f1ec2d659fe None None] Port 348e22b7-2fb7-43b6-8faa-ccc5e3b72cd9 cannot update to ACTIVE because it is not bound. {{(pid=103993) _port_provisioned /opt/stack/neutron/neutron/plugins/ml2/plugin.py:348}}
Jun 29 16:10:20.035119 dv-cinder-848147-1-iscsi neutron-server[103992]: DEBUG neutron.plugins.ml2.drivers.type_vlan [None req-24bafc32-dfed-4995-b1f5-feadb29249ee admin admin] Releasing vlan 558 on physical network physnet1 to pool {{(pid=103992) release_segment /opt/stack/neutron/neutron/plugins/ml2/drivers/type_vlan.py:304}}
Jun 29 16:10:20.035587 dv-cinder-848147-1-iscsi neutron-server[103992]: DEBUG neutron_lib.callbacks.manager [None req-24bafc32-dfed-4995-b1f5-feadb29249ee admin admin] Publish callbacks ['neutron.plugins.ml2.plugin.Ml2Plugin._handle_segment_change-4166797', 'neutron.services.segments.plugin.NovaSegmentNotifier._notify_segment_deleted-11559945'] for segment (9f9b1efe-4ac6-4c90-ab54-36c0f2ea2f7a), after_delete {{(pid=103992) _notify_loop /usr/local/lib/python3.8/dist-packages/neutron_lib/callbacks/manager.py:176}}
Jun 29 16:10:20.072088 dv-cinder-848147-1-iscsi neutron-server[103991]: DEBUG neutron.pecan_wsgi.hooks.policy_enforcement [req-c47b9996-cd3b-4e5c-a41f-728c4cd4c979 req-b3c2f5f8-18d8-4841-b159-bfdb3172e355 tempest-ServerRescueNegativeTestJSON-131662024 tempest-ServerRescueNegativeTestJSON-131662024-project] Attributes excluded by policy engine: ['standard_attr_id', 'binding:profile', 'binding:host_id', 'binding:vif_type', 'binding:vif_details'] {{(pid=103991) _exclude_attributes_by_policy /opt/stack/neutron/neutron/pecan_wsgi/hooks/policy_enforcement.py:259}}
Jun 29 16:10:20.089016 dv-cinder-848147-1-iscsi neutron-server[103991]: INFO neutron.wsgi [req-c47b9996-cd3b-4e5c-a41f-728c4cd4c979 req-b3c2f5f8-18d8-4841-b159-bfdb3172e355 tempest-ServerRescueNegativeTestJSON-131662024 tempest-ServerRescueNegativeTestJSON-131662024-project] 10.222.0.47 "GET /v2.0/ports?device_id=5f66543e-7e81-4899-afc9-ce96bb61bcaa HTTP/1.1" status: 200 len: 932 time: 0.2025762
Jun 29 16:10:20.157423 dv-cinder-848147-1-iscsi neutron-server[103993]: DEBUG neutron.plugins.ml2.plugin [None req-922b3cbb-e559-4d61-944e-3650f8faeca7 None None] Current status of the port 25a628f8-986f-4379-a53b-39c50d70e125 is: ACTIVE; New status is: ACTIVE {{(pid=103993) _update_individual_port_db_status /opt/stack/neutron/neutron/plugins/ml2/plugin.py:2292}}
Jun 29 16:10:20.158923 dv-cinder-848147-1-iscsi neutron-server[103993]: DEBUG neutron.plugins.ml2.rpc [None req-922b3cbb-e559-4d61-944e-3650f8faeca7 None None] Device 03fb5ce3-f52a-49f5-a14c-c9e0460fb306 up at agent ovs-agent-dv-cinder-848147-1-iscsi {{(pid=103993) update_device_up /opt/stack/neutron/neutron/plugins/ml2/rpc.py:296}}
Jun 29 16:10:20.188356 dv-cinder-848147-1-iscsi neutron-server[103991]: DEBUG dbcounter [-] [103991] Writing DB stats neutron:SELECT=98,neutron:UPDATE=2 {{(pid=103991) stat_writer /usr/local/lib/python3.8/dist-packages/dbcounter.py:114}}
Jun 29 16:10:20.194274 dv-cinder-848147-1-iscsi neutron-server[103992]: INFO neutron.wsgi [req-b54890a0-669e-441c-8257-2c2f206e1807 req-91907c16-26f5-44ea-91d1-8984efba0400 tempest-AttachVolumeShelveTestJSON-1512342876 tempest-AttachVolumeShelveTestJSON-1512342876-project] 10.222.0.47 "GET /v2.0/ports?device_id=7c8c3aca-bf52-4212-9953-29cdfc5cc8fe HTTP/1.1" status: 200 len: 210 time: 0.1092827
Jun 29 16:10:20.206190 dv-cinder-848147-1-iscsi neutron-server[103992]: DEBUG neutron_lib.callbacks.manager [None req-24bafc32-dfed-4995-b1f5-feadb29249ee admin admin] Publish callbacks ['neutron.plugins.ml2.plugin.Ml2Plugin._network_delete_after_delete_handler-4089769', 'neutron.plugins.ml2.ovo_rpc._ObjectChangeHandler.handle_event-565164', 'neutron.api.rpc.agentnotifiers.dhcp_rpc_agent_api.DhcpAgentNotifyAPI._native_event_send_dhcp_notification-527910', 'neutron.services.l3_router.l3_router_plugin.DVRResourceOperationHandler.delete_fip_namespaces_for_ext_net-1038281'] for network (c85d0be8-4b5b-4f19-bdb3-5ab0aba4715a), after_delete {{(pid=103992) _notify_loop /usr/local/lib/python3.8/dist-packages/neutron_lib/callbacks/manager.py:176}}
Jun 29 16:10:20.208669 dv-cinder-848147-1-iscsi neutron-server[103991]: DEBUG neutron.plugins.ml2.db [req-b50d4fa9-0182-4085-9ea4-86ee88811463 req-1e8eb309-a418-4578-a79c-33aef8cdc5a3 service neutron] For port fb153181-1b50-4fe4-af4b-8c992e6820af, host hv-cinder-84814, cleared binding levels {{(pid=103991) clear_binding_levels /opt/stack/neutron/neutron/plugins/ml2/db.py:87}}
Jun 29 16:10:20.215463 dv-cinder-848147-1-iscsi neutron-server[103991]: DEBUG neutron.plugins.ml2.db [req-b50d4fa9-0182-4085-9ea4-86ee88811463 req-1e8eb309-a418-4578-a79c-33aef8cdc5a3 service neutron] For port fb153181-1b50-4fe4-af4b-8c992e6820af, host hv-cinder-84814, set binding levels [PortBindingLevel(driver='hyperv',host='hv-cinder-84814',level=0,port_id=fb153181-1b50-4fe4-af4b-8c992e6820af,segment=NetworkSegment(80c691a3-d8c9-4311-a1ee-ae1a6da937f3),segment_id=80c691a3-d8c9-4311-a1ee-ae1a6da937f3)] {{(pid=103991) set_binding_levels /opt/stack/neutron/neutron/plugins/ml2/db.py:59}}
Jun 29 16:10:20.223300 dv-cinder-848147-1-iscsi neutron-server[103991]: INFO neutron.wsgi [req-c47b9996-cd3b-4e5c-a41f-728c4cd4c979 req-d1ce0824-c937-4ba8-b327-bfa7e3e57488 tempest-ServerRescueNegativeTestJSON-131662024 tempest-ServerRescueNegativeTestJSON-131662024-project] 10.222.0.47 "GET /v2.0/security-groups?id=376e39a9-6402-4ff7-ad98-61b6963284bd&fields=id&fields=name HTTP/1.1" status: 200 len: 286 time: 0.0963893
Jun 29 16:10:20.226791 dv-cinder-848147-1-iscsi neutron-server[103991]: DEBUG neutron_lib.callbacks.manager [req-b50d4fa9-0182-4085-9ea4-86ee88811463 req-1e8eb309-a418-4578-a79c-33aef8cdc5a3 service neutron] Publish callbacks ['neutron.plugins.ml2.plugin.SecurityGroupServerNotifierRpcMixin._notify_sg_on_port_change-4129467', 'neutron.plugins.ml2.ovo_rpc._ObjectChangeHandler.handle_event-416333', 'neutron.api.rpc.agentnotifiers.dhcp_rpc_agent_api.DhcpAgentNotifyAPI._native_event_send_dhcp_notification-527910', 'neutron.db.l3_db.L3RpcNotifierMixin._notify_gateway_port_ip_changed-8780689171146', 'neutron.db.l3_dvrscheduler_db._notify_l3_agent_port_update-8780688678503', 'neutron.db.l3_hascheduler_db._notify_l3_agent_ha_port_update-8780688678521'] for port (fb153181-1b50-4fe4-af4b-8c992e6820af), after_update {{(pid=103991) _notify_loop /usr/local/lib/python3.8/dist-packages/neutron_lib/callbacks/manager.py:176}}
Jun 29 16:10:20.254661 dv-cinder-848147-1-iscsi neutron-server[103992]: DEBUG neutron.api.rpc.handlers.resources_rpc [None req-24bafc32-dfed-4995-b1f5-feadb29249ee admin admin] Pushing event deleted for resources: {'Network': ['ID=c85d0be8-4b5b-4f19-bdb3-5ab0aba4715a,revision_number=None']} {{(pid=103992) push /opt/stack/neutron/neutron/api/rpc/handlers/resources_rpc.py:237}}
Jun 29 16:10:20.258501 dv-cinder-848147-1-iscsi neutron-server[103992]: DEBUG neutron_lib.callbacks.manager [None req-24bafc32-dfed-4995-b1f5-feadb29249ee admin admin] Publish callbacks ['neutron.api.rpc.agentnotifiers.dhcp_rpc_agent_api.DhcpAgentNotifyAPI._send_dhcp_notification-527892'] for network (None), before_response {{(pid=103992) _notify_loop /usr/local/lib/python3.8/dist-packages/neutron_lib/callbacks/manager.py:176}}
Jun 29 16:10:20.264748 dv-cinder-848147-1-iscsi neutron-server[103992]: INFO neutron.wsgi [None req-24bafc32-dfed-4995-b1f5-feadb29249ee admin admin] 10.222.0.47 "DELETE /v2.0/networks/c85d0be8-4b5b-4f19-bdb3-5ab0aba4715a HTTP/1.1" status: 204 len: 168 time: 1.3343234
Jun 29 16:10:20.268336 dv-cinder-848147-1-iscsi neutron-server[103992]: DEBUG neutron.wsgi [-] (103992) accepted ('10.222.0.47', 43328) {{(pid=103992) server /usr/local/lib/python3.8/dist-packages/eventlet/wsgi.py:1004}}
Jun 29 16:10:20.291572 dv-cinder-848147-1-iscsi neutron-server[103991]: DEBUG neutron.pecan_wsgi.hooks.policy_enforcement [req-b50d4fa9-0182-4085-9ea4-86ee88811463 req-1e8eb309-a418-4578-a79c-33aef8cdc5a3 service neutron] Attributes excluded by policy engine: ['standard_attr_id'] {{(pid=103991) _exclude_attributes_by_policy /opt/stack/neutron/neutron/pecan_wsgi/hooks/policy_enforcement.py:259}}
Jun 29 16:10:20.292499 dv-cinder-848147-1-iscsi neutron-server[103991]: DEBUG neutron_lib.callbacks.manager [req-b50d4fa9-0182-4085-9ea4-86ee88811463 req-1e8eb309-a418-4578-a79c-33aef8cdc5a3 service neutron] Publish callbacks ['neutron.notifiers.nova.Notifier._send_nova_notification-4332', 'neutron.api.rpc.agentnotifiers.dhcp_rpc_agent_api.DhcpAgentNotifyAPI._send_dhcp_notification-527892'] for port (None), before_response {{(pid=103991) _notify_loop /usr/local/lib/python3.8/dist-packages/neutron_lib/callbacks/manager.py:176}}
Jun 29 16:10:20.294424 dv-cinder-848147-1-iscsi neutron-server[103991]: INFO neutron.wsgi [req-b50d4fa9-0182-4085-9ea4-86ee88811463 req-1e8eb309-a418-4578-a79c-33aef8cdc5a3 service neutron] 10.222.0.57 "PUT /v2.0/ports/fb153181-1b50-4fe4-af4b-8c992e6820af HTTP/1.1" status: 200 len: 1094 time: 5.5360830
Jun 29 16:10:20.313115 dv-cinder-848147-1-iscsi neutron-server[103993]: DEBUG neutron.db.provisioning_blocks [None req-922b3cbb-e559-4d61-944e-3650f8faeca7 None None] Provisioning complete for port 03fb5ce3-f52a-49f5-a14c-c9e0460fb306 triggered by entity L2. {{(pid=103993) provisioning_complete /opt/stack/neutron/neutron/db/provisioning_blocks.py:145}}
Jun 29 16:10:20.314239 dv-cinder-848147-1-iscsi neutron-server[103993]: DEBUG neutron_lib.callbacks.manager [None req-922b3cbb-e559-4d61-944e-3650f8faeca7 None None] Publish callbacks ['neutron.plugins.ml2.plugin.Ml2Plugin._port_provisioned-4009487'] for port (03fb5ce3-f52a-49f5-a14c-c9e0460fb306), provisioning_complete {{(pid=103993) _notify_loop /usr/local/lib/python3.8/dist-packages/neutron_lib/callbacks/manager.py:176}}
Jun 29 16:10:20.345805 dv-cinder-848147-1-iscsi neutron-server[103991]: DEBUG neutron.api.rpc.handlers.resources_rpc [None req-1e8eb309-a418-4578-a79c-33aef8cdc5a3 service neutron] Pushing event updated for resources: {'Port': ['ID=fb153181-1b50-4fe4-af4b-8c992e6820af,revision_number=3']} {{(pid=103991) push /opt/stack/neutron/neutron/api/rpc/handlers/resources_rpc.py:237}}
Jun 29 16:10:20.351425 dv-cinder-848147-1-iscsi neutron-server[103992]: DEBUG neutron.db.db_base_plugin_v2 [None req-1d344897-01ce-4521-8c75-6bf0dabd24f8 admin admin] Deleting subnet 20a52811-c0a4-4896-abf6-ecc22df9e4dd {{(pid=103992) delete_subnet /opt/stack/neutron/neutron/db/db_base_plugin_v2.py:1067}}
Jun 29 16:10:20.355584 dv-cinder-848147-1-iscsi neutron-server[103992]: DEBUG neutron_lib.callbacks.manager [None req-1d344897-01ce-4521-8c75-6bf0dabd24f8 admin admin] Publish callbacks [] for subnet (20a52811-c0a4-4896-abf6-ecc22df9e4dd), before_delete {{(pid=103992) _notify_loop /usr/local/lib/python3.8/dist-packages/neutron_lib/callbacks/manager.py:176}}
Jun 29 16:10:20.370017 dv-cinder-848147-1-iscsi neutron-server[103993]: DEBUG dbcounter [-] [103993] Writing DB stats neutron:SELECT=100 {{(pid=103993) stat_writer /usr/local/lib/python3.8/dist-packages/dbcounter.py:114}}
Jun 29 16:10:20.412799 dv-cinder-848147-1-iscsi neutron-server[103992]: DEBUG neutron_lib.callbacks.manager [None req-1d344897-01ce-4521-8c75-6bf0dabd24f8 admin admin] Publish callbacks ['neutron.services.segments.plugin.Plugin._validate_auto_address_subnet_delete-11875410'] for subnet (20a52811-c0a4-4896-abf6-ecc22df9e4dd), precommit_delete_associations {{(pid=103992) _notify_loop /usr/local/lib/python3.8/dist-packages/neutron_lib/callbacks/manager.py:176}}
Jun 29 16:10:20.421311 dv-cinder-848147-1-iscsi neutron-server[103993]: DEBUG neutron.plugins.ml2.plugin [None req-922b3cbb-e559-4d61-944e-3650f8faeca7 None None] Current status of the port 03fb5ce3-f52a-49f5-a14c-c9e0460fb306 is: ACTIVE; New status is: ACTIVE {{(pid=103993) _update_individual_port_db_status /opt/stack/neutron/neutron/plugins/ml2/plugin.py:2292}}
Jun 29 16:10:20.422580 dv-cinder-848147-1-iscsi neutron-server[103993]: DEBUG neutron.plugins.ml2.rpc [None req-922b3cbb-e559-4d61-944e-3650f8faeca7 None None] Device 51497ed1-eabf-402b-8d80-9e54978de02f up at agent ovs-agent-dv-cinder-848147-1-iscsi {{(pid=103993) update_device_up /opt/stack/neutron/neutron/plugins/ml2/rpc.py:296}}
Jun 29 16:10:20.468419 dv-cinder-848147-1-iscsi neutron-server[103992]: DEBUG neutron_lib.callbacks.manager [None req-1d344897-01ce-4521-8c75-6bf0dabd24f8 admin admin] Publish callbacks ['neutron.plugins.ml2.plugin.Ml2Plugin._subnet_delete_precommit_handler-4009862'] for subnet (20a52811-c0a4-4896-abf6-ecc22df9e4dd), precommit_delete {{(pid=103992) _notify_loop /usr/local/lib/python3.8/dist-packages/neutron_lib/callbacks/manager.py:176}}
Jun 29 16:10:20.479273 dv-cinder-848147-1-iscsi neutron-server[103993]: DEBUG neutron.db.provisioning_blocks [None req-922b3cbb-e559-4d61-944e-3650f8faeca7 None None] Provisioning complete for port 51497ed1-eabf-402b-8d80-9e54978de02f triggered by entity L2. {{(pid=103993) provisioning_complete /opt/stack/neutron/neutron/db/provisioning_blocks.py:145}}
Jun 29 16:10:20.479813 dv-cinder-848147-1-iscsi neutron-server[103993]: DEBUG neutron_lib.callbacks.manager [None req-922b3cbb-e559-4d61-944e-3650f8faeca7 None None] Publish callbacks ['neutron.plugins.ml2.plugin.Ml2Plugin._port_provisioned-4009487'] for port (51497ed1-eabf-402b-8d80-9e54978de02f), provisioning_complete {{(pid=103993) _notify_loop /usr/local/lib/python3.8/dist-packages/neutron_lib/callbacks/manager.py:176}}
Jun 29 16:10:20.504981 dv-cinder-848147-1-iscsi neutron-server[103992]: INFO neutron.services.segments.plugin [-] Segment 9f9b1efe-4ac6-4c90-ab54-36c0f2ea2f7a resource provider aggregate not found
Jun 29 16:10:20.532399 dv-cinder-848147-1-iscsi neutron-server[103991]: DEBUG novaclient.v2.client [-] RESP: [200] Connection: close Content-Length: 179 Content-Type: application/json Date: Wed, 29 Jun 2022 16:10:19 GMT OpenStack-API-Version: compute 2.1 Server: Apache/2.4.41 (Ubuntu) Vary: OpenStack-API-Version,X-OpenStack-Nova-API-Version X-OpenStack-Nova-API-Version: 2.1 x-compute-request-id: req-575ae148-af4a-4909-ab79-899cce8b3a22 x-openstack-request-id: req-575ae148-af4a-4909-ab79-899cce8b3a22 {{(pid=103991) _http_log_response /usr/local/lib/python3.8/dist-packages/keystoneauth1/session.py:550}}
Jun 29 16:10:20.532842 dv-cinder-848147-1-iscsi neutron-server[103991]: DEBUG novaclient.v2.client [-] RESP BODY: {"events": [{"name": "network-changed", "server_uuid": "4c2c1b61-3bb3-4ea8-ab66-b0f322e855dd", "tag": "8c5430ef-08ce-4e09-b34f-53198b507833", "status": "completed", "code": 200}]} {{(pid=103991) _http_log_response /usr/local/lib/python3.8/dist-packages/keystoneauth1/session.py:582}}
Jun 29 16:10:20.533252 dv-cinder-848147-1-iscsi neutron-server[103991]: DEBUG novaclient.v2.client [-] POST call to compute for http://10.222.0.47/compute/v2.1/os-server-external-events used request id req-575ae148-af4a-4909-ab79-899cce8b3a22 {{(pid=103991) request /usr/local/lib/python3.8/dist-packages/keystoneauth1/session.py:954}}
Jun 29 16:10:20.533757 dv-cinder-848147-1-iscsi neutron-server[103991]: INFO neutron.notifiers.nova [-] Nova event matching ['req-575ae148-af4a-4909-ab79-899cce8b3a22'] response: {'name': 'network-changed', 'server_uuid': '4c2c1b61-3bb3-4ea8-ab66-b0f322e855dd', 'tag': '8c5430ef-08ce-4e09-b34f-53198b507833', 'status': 'completed', 'code': 200}
Jun 29 16:10:20.536792 dv-cinder-848147-1-iscsi neutron-server[103992]: INFO neutron.services.segments.plugin [-] Segment 9f9b1efe-4ac6-4c90-ab54-36c0f2ea2f7a resource provider not found; error: Placement Client Error (4xx): {"errors": [{"status": 404, "title": "Not Found", "detail": "The resource could not be found.\n\n No resource provider with uuid 9f9b1efe-4ac6-4c90-ab54-36c0f2ea2f7a found for delete ", "request_id": "req-fc138951-e066-41dd-8d89-98296d4170f3"}]}
Jun 29 16:10:20.549601 dv-cinder-848147-1-iscsi neutron-server[103992]: DEBUG neutron_lib.callbacks.manager [None req-1d344897-01ce-4521-8c75-6bf0dabd24f8 admin admin] Publish callbacks ['neutron.plugins.ml2.plugin.Ml2Plugin._subnet_delete_after_delete_handler-4009869', 'neutron.plugins.ml2.ovo_rpc._ObjectChangeHandler.handle_event-632929', 'neutron.api.rpc.agentnotifiers.dhcp_rpc_agent_api.DhcpAgentNotifyAPI._native_event_send_dhcp_notification-527910', 'neutron.services.segments.plugin.NovaSegmentNotifier._notify_subnet_deleted-11560115', 'neutron.services.segments.plugin.SegmentHostRoutes.host_routes_after_delete-12138888'] for subnet (20a52811-c0a4-4896-abf6-ecc22df9e4dd), after_delete {{(pid=103992) _notify_loop /usr/local/lib/python3.8/dist-packages/neutron_lib/callbacks/manager.py:176}}
Jun 29 16:10:20.572768 dv-cinder-848147-1-iscsi neutron-server[103993]: DEBUG neutron.plugins.ml2.plugin [None req-922b3cbb-e559-4d61-944e-3650f8faeca7 None None] Current status of the port 51497ed1-eabf-402b-8d80-9e54978de02f is: ACTIVE; New status is: ACTIVE {{(pid=103993) _update_individual_port_db_status /opt/stack/neutron/neutron/plugins/ml2/plugin.py:2292}}
Jun 29 16:10:20.585635 dv-cinder-848147-1-iscsi neutron-server[103992]: DEBUG neutron.api.rpc.handlers.resources_rpc [None req-1d344897-01ce-4521-8c75-6bf0dabd24f8 admin admin] Pushing event deleted for resources: {'Subnet': ['ID=20a52811-c0a4-4896-abf6-ecc22df9e4dd,revision_number=None']} {{(pid=103992) push /opt/stack/neutron/neutron/api/rpc/handlers/resources_rpc.py:237}}
Jun 29 16:10:20.587453 dv-cinder-848147-1-iscsi neutron-server[103992]: DEBUG neutron_lib.callbacks.manager [None req-1d344897-01ce-4521-8c75-6bf0dabd24f8 admin admin] Publish callbacks [] for subnet (None), before_response {{(pid=103992) _notify_loop /usr/local/lib/python3.8/dist-packages/neutron_lib/callbacks/manager.py:176}}
Jun 29 16:10:20.591878 dv-cinder-848147-1-iscsi neutron-server[103992]: INFO neutron.wsgi [None req-1d344897-01ce-4521-8c75-6bf0dabd24f8 admin admin] 10.222.0.47 "DELETE /v2.0/subnets/20a52811-c0a4-4896-abf6-ecc22df9e4dd HTTP/1.1" status: 204 len: 168 time: 0.3207433
Jun 29 16:10:20.595547 dv-cinder-848147-1-iscsi neutron-server[103992]: DEBUG neutron.wsgi [-] (103992) accepted ('10.222.0.47', 43342) {{(pid=103992) server /usr/local/lib/python3.8/dist-packages/eventlet/wsgi.py:1004}}
Jun 29 16:10:20.611500 dv-cinder-848147-1-iscsi neutron-server[103991]: DEBUG neutron.pecan_wsgi.hooks.policy_enforcement [req-2186bda0-fa5f-4594-9f67-4b6195bbf440 req-d46842fd-566a-4f14-8746-1fa754ac02e2 tempest-DeleteServersTestJSON-142372462 tempest-DeleteServersTestJSON-142372462-project] Attributes excluded by policy engine: ['standard_attr_id', 'binding:profile', 'binding:host_id', 'binding:vif_type', 'binding:vif_details'] {{(pid=103991) _exclude_attributes_by_policy /opt/stack/neutron/neutron/pecan_wsgi/hooks/policy_enforcement.py:259}}
Jun 29 16:10:20.613195 dv-cinder-848147-1-iscsi neutron-server[103991]: INFO neutron.wsgi [req-2186bda0-fa5f-4594-9f67-4b6195bbf440 req-d46842fd-566a-4f14-8746-1fa754ac02e2 tempest-DeleteServersTestJSON-142372462 tempest-DeleteServersTestJSON-142372462-project] 10.222.0.47 "GET /v2.0/ports?device_id=4c2c1b61-3bb3-4ea8-ab66-b0f322e855dd HTTP/1.1" status: 200 len: 943 time: 0.0669370
Jun 29 16:10:20.672308 dv-cinder-848147-1-iscsi neutron-server[103991]: INFO neutron.wsgi [req-2186bda0-fa5f-4594-9f67-4b6195bbf440 req-9367047f-b450-4ff5-b610-775ef4dc64f8 tempest-DeleteServersTestJSON-142372462 tempest-DeleteServersTestJSON-142372462-project] 10.222.0.47 "GET /v2.0/security-groups?id=d930a074-3b44-47cd-afd4-174ef8e1949d&fields=id&fields=name HTTP/1.1" status: 200 len: 286 time: 0.0526631
Jun 29 16:10:20.679312 dv-cinder-848147-1-iscsi neutron-server[103992]: DEBUG neutron_lib.callbacks.manager [None req-5f9c9d81-e40c-49c4-9817-9f0239bb7765 admin admin] Publish callbacks ['neutron.plugins.ml2.plugin.External_net_db_mixin._before_network_delete_handler-4114229'] for network (a69e73a1-036f-4616-b895-a85d3d8f7904), before_delete {{(pid=103992) _notify_loop /usr/local/lib/python3.8/dist-packages/neutron_lib/callbacks/manager.py:176}}
Jun 29 16:10:20.843374 dv-cinder-848147-1-iscsi neutron-server[103993]: DEBUG neutron.plugins.ml2.rpc [None req-922b3cbb-e559-4d61-944e-3650f8faeca7 None None] Device 805f7392-b81e-4e3d-81bc-5e18e51d9de6 up at agent ovs-agent-dv-cinder-848147-1-iscsi {{(pid=103993) update_device_up /opt/stack/neutron/neutron/plugins/ml2/rpc.py:296}}
Jun 29 16:10:20.899516 dv-cinder-848147-1-iscsi neutron-server[103992]: INFO neutron.wsgi [req-f4b921f1-414a-47f2-8bac-d82f6f958fd3 req-9b3a5c41-fe56-4a93-972a-9b91a472e133 tempest-AttachVolumeNegativeTest-2067932430 tempest-AttachVolumeNegativeTest-2067932430-project] 10.222.0.47 "GET /v2.0/ports?device_id=5c170b82-196f-4eb1-aee4-915ea0fdbffd HTTP/1.1" status: 200 len: 210 time: 0.0392461
Jun 29 16:10:20.938651 dv-cinder-848147-1-iscsi neutron-server[103992]: DEBUG neutron_lib.callbacks.manager [None req-5f9c9d81-e40c-49c4-9817-9f0239bb7765 admin admin] Publish callbacks ['neutron.plugins.ml2.plugin.Ml2Plugin._network_delete_precommit_handler-4089744', 'neutron.services.segments.db._delete_segments_for_network-8780689079390'] for network (a69e73a1-036f-4616-b895-a85d3d8f7904), precommit_delete {{(pid=103992) _notify_loop /usr/local/lib/python3.8/dist-packages/neutron_lib/callbacks/manager.py:176}}
Jun 29 16:10:20.963953 dv-cinder-848147-1-iscsi neutron-server[103992]: DEBUG neutron.services.segments.db [None req-5f9c9d81-e40c-49c4-9817-9f0239bb7765 admin admin] neutron.services.segments.plugin.Plugin method get_segments called with arguments (,) {'filters': {'network_id': ['a69e73a1-036f-4616-b895-a85d3d8f7904']}} {{(pid=103992) wrapper /usr/local/lib/python3.8/dist-packages/oslo_log/helpers.py:65}}
Jun 29 16:10:20.974212 dv-cinder-848147-1-iscsi neutron-server[103992]: DEBUG neutron.services.segments.db [None req-5f9c9d81-e40c-49c4-9817-9f0239bb7765 admin admin] neutron.services.segments.plugin.Plugin method delete_segment called with arguments (, '4a2400b1-6cae-45e9-891e-a50aa518e36a') {'for_net_delete': True} {{(pid=103992) wrapper /usr/local/lib/python3.8/dist-packages/oslo_log/helpers.py:65}}
Jun 29 16:10:20.974212 dv-cinder-848147-1-iscsi neutron-server[103992]: DEBUG neutron.services.segments.db [None req-5f9c9d81-e40c-49c4-9817-9f0239bb7765 admin admin] neutron.services.segments.plugin.Plugin method get_segment called with arguments (, '4a2400b1-6cae-45e9-891e-a50aa518e36a') {} {{(pid=103992) wrapper /usr/local/lib/python3.8/dist-packages/oslo_log/helpers.py:65}}
Jun 29 16:10:20.987259 dv-cinder-848147-1-iscsi neutron-server[103992]: DEBUG neutron_lib.callbacks.manager [None req-5f9c9d81-e40c-49c4-9817-9f0239bb7765 admin admin] Publish callbacks ['neutron.plugins.ml2.db._prevent_segment_delete_with_port_bound-8780689212007', 'neutron.services.segments.plugin.Plugin._prevent_segment_delete_with_subnet_associated-11875433'] for segment (4a2400b1-6cae-45e9-891e-a50aa518e36a), before_delete {{(pid=103992) _notify_loop /usr/local/lib/python3.8/dist-packages/neutron_lib/callbacks/manager.py:176}}
Jun 29 16:10:21.006875 dv-cinder-848147-1-iscsi neutron-server[103992]: DEBUG neutron_lib.callbacks.manager [None req-5f9c9d81-e40c-49c4-9817-9f0239bb7765 admin admin] Publish callbacks ['neutron.plugins.ml2.plugin.Ml2Plugin._handle_segment_change-4166797'] for segment (4a2400b1-6cae-45e9-891e-a50aa518e36a), precommit_delete {{(pid=103992) _notify_loop /usr/local/lib/python3.8/dist-packages/neutron_lib/callbacks/manager.py:176}}
Jun 29 16:10:21.013491 dv-cinder-848147-1-iscsi neutron-server[103993]: DEBUG neutron.db.provisioning_blocks [None req-922b3cbb-e559-4d61-944e-3650f8faeca7 None None] Provisioning complete for port 805f7392-b81e-4e3d-81bc-5e18e51d9de6 triggered by entity L2. {{(pid=103993) provisioning_complete /opt/stack/neutron/neutron/db/provisioning_blocks.py:145}}
Jun 29 16:10:21.014003 dv-cinder-848147-1-iscsi neutron-server[103993]: DEBUG neutron_lib.callbacks.manager [None req-922b3cbb-e559-4d61-944e-3650f8faeca7 None None] Publish callbacks ['neutron.plugins.ml2.plugin.Ml2Plugin._port_provisioned-4009487'] for port (805f7392-b81e-4e3d-81bc-5e18e51d9de6), provisioning_complete {{(pid=103993) _notify_loop /usr/local/lib/python3.8/dist-packages/neutron_lib/callbacks/manager.py:176}}
Jun 29 16:10:21.014110 dv-cinder-848147-1-iscsi neutron-server[103992]: DEBUG neutron.plugins.ml2.drivers.type_vlan [None req-5f9c9d81-e40c-49c4-9817-9f0239bb7765 admin admin] Releasing vlan 579 on physical network physnet1 to pool {{(pid=103992) release_segment /opt/stack/neutron/neutron/plugins/ml2/drivers/type_vlan.py:304}}
Jun 29 16:10:21.014512 dv-cinder-848147-1-iscsi neutron-server[103992]: DEBUG neutron_lib.callbacks.manager [None req-5f9c9d81-e40c-49c4-9817-9f0239bb7765 admin admin] Publish callbacks ['neutron.plugins.ml2.plugin.Ml2Plugin._handle_segment_change-4166797', 'neutron.services.segments.plugin.NovaSegmentNotifier._notify_segment_deleted-11559945'] for segment (4a2400b1-6cae-45e9-891e-a50aa518e36a), after_delete {{(pid=103992) _notify_loop /usr/local/lib/python3.8/dist-packages/neutron_lib/callbacks/manager.py:176}}
Jun 29 16:10:21.014847 dv-cinder-848147-1-iscsi neutron-server[103991]: INFO neutron.wsgi [req-09d0c2fd-a333-4645-9af7-bca4441e875f req-81fb7078-cf26-4838-b401-9ada31d691fe tempest-AttachVolumeTestJSON-1342727613 tempest-AttachVolumeTestJSON-1342727613-project] 10.222.0.47 "GET /v2.0/ports?device_id=6c82fec7-271e-4a90-82ae-0425c0c53431 HTTP/1.1" status: 200 len: 210 time: 0.0392053
Jun 29 16:10:21.072122 dv-cinder-848147-1-iscsi neutron-server[103992]: DEBUG neutron_lib.callbacks.manager [None req-5f9c9d81-e40c-49c4-9817-9f0239bb7765 admin admin] Publish callbacks ['neutron.plugins.ml2.plugin.Ml2Plugin._network_delete_after_delete_handler-4089769', 'neutron.plugins.ml2.ovo_rpc._ObjectChangeHandler.handle_event-565164', 'neutron.api.rpc.agentnotifiers.dhcp_rpc_agent_api.DhcpAgentNotifyAPI._native_event_send_dhcp_notification-527910', 'neutron.services.l3_router.l3_router_plugin.DVRResourceOperationHandler.delete_fip_namespaces_for_ext_net-1038281'] for network (a69e73a1-036f-4616-b895-a85d3d8f7904), after_delete {{(pid=103992) _notify_loop /usr/local/lib/python3.8/dist-packages/neutron_lib/callbacks/manager.py:176}}
Jun 29 16:10:21.086501 dv-cinder-848147-1-iscsi neutron-server[103992]: DEBUG neutron_lib.callbacks.manager [None req-5f9c9d81-e40c-49c4-9817-9f0239bb7765 admin admin] Publish callbacks ['neutron.api.rpc.agentnotifiers.dhcp_rpc_agent_api.DhcpAgentNotifyAPI._send_dhcp_notification-527892'] for network (None), before_response {{(pid=103992) _notify_loop /usr/local/lib/python3.8/dist-packages/neutron_lib/callbacks/manager.py:176}}
Jun 29 16:10:21.088576 dv-cinder-848147-1-iscsi neutron-server[103993]: DEBUG neutron.plugins.ml2.plugin [None req-922b3cbb-e559-4d61-944e-3650f8faeca7 None None] Current status of the port 805f7392-b81e-4e3d-81bc-5e18e51d9de6 is: ACTIVE; New status is: ACTIVE {{(pid=103993) _update_individual_port_db_status /opt/stack/neutron/neutron/plugins/ml2/plugin.py:2292}}
Jun 29 16:10:21.091796 dv-cinder-848147-1-iscsi neutron-server[103992]: INFO neutron.wsgi [None req-5f9c9d81-e40c-49c4-9817-9f0239bb7765 admin admin] 10.222.0.47 "DELETE /v2.0/networks/a69e73a1-036f-4616-b895-a85d3d8f7904 HTTP/1.1" status: 204 len: 168 time: 0.4929070
Jun 29 16:10:21.093981 dv-cinder-848147-1-iscsi neutron-server[103992]: DEBUG neutron.api.rpc.handlers.resources_rpc [None req-5f9c9d81-e40c-49c4-9817-9f0239bb7765 admin admin] Pushing event deleted for resources: {'Network': ['ID=a69e73a1-036f-4616-b895-a85d3d8f7904,revision_number=None']} {{(pid=103992) push /opt/stack/neutron/neutron/api/rpc/handlers/resources_rpc.py:237}}
Jun 29 16:10:21.260952 dv-cinder-848147-1-iscsi neutron-server[103992]: DEBUG neutron.wsgi [-] (103992) accepted ('10.222.0.47', 43354) {{(pid=103992) server /usr/local/lib/python3.8/dist-packages/eventlet/wsgi.py:1004}}
Jun 29 16:10:21.330587 dv-cinder-848147-1-iscsi neutron-server[103992]: INFO neutron.wsgi [req-ccb4c280-f23f-4bff-aadf-98a97fc52589 req-3433ba6f-5b70-4eee-8333-877c37dad5b1 tempest-AttachVolumeShelveTestJSON-1512342876 tempest-AttachVolumeShelveTestJSON-1512342876-project] 10.222.0.47 "GET /v2.0/ports?device_id=7c8c3aca-bf52-4212-9953-29cdfc5cc8fe HTTP/1.1" status: 200 len: 210 time: 0.0368311
Jun 29 16:10:21.333084 dv-cinder-848147-1-iscsi neutron-server[103992]: INFO neutron.wsgi [None req-226022a9-ebf5-4ce0-82cb-63122575dd90 admin admin] 10.222.0.47 "GET /v2.0/security-groups?tenant_id=10e4de90a5c942aa86cd9067510b751e&name=default HTTP/1.1" status: 200 len: 2996 time: 0.0711625
Jun 29 16:10:21.335638 dv-cinder-848147-1-iscsi neutron-server[103992]: DEBUG neutron.wsgi [-] (103992) accepted ('10.222.0.47', 43358) {{(pid=103992) server /usr/local/lib/python3.8/dist-packages/eventlet/wsgi.py:1004}}
Jun 29 16:10:21.362588 dv-cinder-848147-1-iscsi neutron-server[103991]: DEBUG neutron.pecan_wsgi.hooks.policy_enforcement [req-7b6425c3-2843-4338-9e71-9f9df6447274 req-97f7d0dc-963f-4b2d-877a-98cf3a379c2f tempest-ServerRescueNegativeTestJSON-131662024 tempest-ServerRescueNegativeTestJSON-131662024-project] Attributes excluded by policy engine: ['standard_attr_id', 'binding:profile', 'binding:host_id', 'binding:vif_type', 'binding:vif_details'] {{(pid=103991) _exclude_attributes_by_policy /opt/stack/neutron/neutron/pecan_wsgi/hooks/policy_enforcement.py:259}}
Jun 29 16:10:21.363123 dv-cinder-848147-1-iscsi neutron-server[103992]: DEBUG dbcounter [-] [103992] Writing DB stats neutron:SELECT=95,neutron:UPDATE=2,neutron:DELETE=3 {{(pid=103992) stat_writer /usr/local/lib/python3.8/dist-packages/dbcounter.py:114}}
Jun 29 16:10:21.364131 dv-cinder-848147-1-iscsi neutron-server[103991]: INFO neutron.wsgi [req-7b6425c3-2843-4338-9e71-9f9df6447274 req-97f7d0dc-963f-4b2d-877a-98cf3a379c2f tempest-ServerRescueNegativeTestJSON-131662024 tempest-ServerRescueNegativeTestJSON-131662024-project] 10.222.0.47 "GET /v2.0/ports?device_id=5f66543e-7e81-4899-afc9-ce96bb61bcaa HTTP/1.1" status: 200 len: 932 time: 0.0543041
Jun 29 16:10:21.393480 dv-cinder-848147-1-iscsi neutron-server[103992]: DEBUG neutron_lib.callbacks.manager [None req-a5e51430-abb8-4dfa-bfc8-7f8b2d04e9ae admin admin] Publish callbacks [] for security_group (2aba3d57-ac5e-4a11-9b5e-6556bb74f028), before_delete {{(pid=103992) _notify_loop /usr/local/lib/python3.8/dist-packages/neutron_lib/callbacks/manager.py:176}}
Jun 29 16:10:21.411574 dv-cinder-848147-1-iscsi neutron-server[103991]: INFO neutron.wsgi [req-7b6425c3-2843-4338-9e71-9f9df6447274 req-0ab99a03-267a-453c-83db-ff0b25088f19 tempest-ServerRescueNegativeTestJSON-131662024 tempest-ServerRescueNegativeTestJSON-131662024-project] 10.222.0.47 "GET /v2.0/security-groups?id=376e39a9-6402-4ff7-ad98-61b6963284bd&fields=id&fields=name HTTP/1.1" status: 200 len: 286 time: 0.0417104
Jun 29 16:10:21.415666 dv-cinder-848147-1-iscsi neutron-server[103992]: DEBUG neutron_lib.callbacks.manager [None req-a5e51430-abb8-4dfa-bfc8-7f8b2d04e9ae admin admin] Publish callbacks [] for security_group (2aba3d57-ac5e-4a11-9b5e-6556bb74f028), precommit_delete {{(pid=103992) _notify_loop /usr/local/lib/python3.8/dist-packages/neutron_lib/callbacks/manager.py:176}}
Jun 29 16:10:21.448230 dv-cinder-848147-1-iscsi neutron-server[103992]: DEBUG dbcounter [-] [103992] Writing DB stats neutron:SELECT=84,neutron:DELETE=14,neutron:UPDATE=2 {{(pid=103992) stat_writer /usr/local/lib/python3.8/dist-packages/dbcounter.py:114}}
Jun 29 16:10:21.463279 dv-cinder-848147-1-iscsi neutron-server[103992]: DEBUG neutron_lib.callbacks.manager [None req-a5e51430-abb8-4dfa-bfc8-7f8b2d04e9ae admin admin] Publish callbacks ['neutron.plugins.ml2.ovo_rpc._ObjectChangeHandler.handle_event-565245'] for security_group (2aba3d57-ac5e-4a11-9b5e-6556bb74f028), after_delete {{(pid=103992) _notify_loop /usr/local/lib/python3.8/dist-packages/neutron_lib/callbacks/manager.py:176}}
Jun 29 16:10:21.465774 dv-cinder-848147-1-iscsi neutron-server[103992]: DEBUG neutron_lib.callbacks.manager [None req-a5e51430-abb8-4dfa-bfc8-7f8b2d04e9ae admin admin] Publish callbacks [] for security_group (None), before_response {{(pid=103992) _notify_loop /usr/local/lib/python3.8/dist-packages/neutron_lib/callbacks/manager.py:176}}
Jun 29 16:10:21.466907 dv-cinder-848147-1-iscsi neutron-server[103992]: INFO neutron.wsgi [None req-a5e51430-abb8-4dfa-bfc8-7f8b2d04e9ae admin admin] 10.222.0.47 "DELETE /v2.0/security-groups/2aba3d57-ac5e-4a11-9b5e-6556bb74f028 HTTP/1.1" status: 204 len: 168 time: 0.1301100
Jun 29 16:10:21.475839 dv-cinder-848147-1-iscsi neutron-server[103992]: DEBUG neutron.api.rpc.handlers.resources_rpc [None req-a5e51430-abb8-4dfa-bfc8-7f8b2d04e9ae admin admin] Pushing event deleted for resources: {'SecurityGroup': ['ID=2aba3d57-ac5e-4a11-9b5e-6556bb74f028,revision_number=None']} {{(pid=103992) push /opt/stack/neutron/neutron/api/rpc/handlers/resources_rpc.py:237}}
Jun 29 16:10:21.800241 dv-cinder-848147-1-iscsi neutron-server[103992]: DEBUG neutron.pecan_wsgi.hooks.policy_enforcement [req-794ad3ab-9ea5-42a5-8cb6-73800891f26b req-cd28f3ea-3d48-44b6-8448-909898c1c881 tempest-DeleteServersTestJSON-142372462 tempest-DeleteServersTestJSON-142372462-project] Attributes excluded by policy engine: ['standard_attr_id', 'binding:profile', 'binding:host_id', 'binding:vif_type', 'binding:vif_details'] {{(pid=103992) _exclude_attributes_by_policy /opt/stack/neutron/neutron/pecan_wsgi/hooks/policy_enforcement.py:259}}
Jun 29 16:10:21.800241 dv-cinder-848147-1-iscsi neutron-server[103992]: INFO neutron.wsgi [req-794ad3ab-9ea5-42a5-8cb6-73800891f26b req-cd28f3ea-3d48-44b6-8448-909898c1c881 tempest-DeleteServersTestJSON-142372462 tempest-DeleteServersTestJSON-142372462-project] 10.222.0.47 "GET /v2.0/ports?device_id=4c2c1b61-3bb3-4ea8-ab66-b0f322e855dd HTTP/1.1" status: 200 len: 943 time: 0.0568559
Jun 29 16:10:21.800944 dv-cinder-848147-1-iscsi neutron-server[103991]: DEBUG neutron.wsgi [-] (103991) accepted ('10.222.0.47', 43368) {{(pid=103991) server /usr/local/lib/python3.8/dist-packages/eventlet/wsgi.py:1004}}
Jun 29 16:10:21.845991 dv-cinder-848147-1-iscsi neutron-server[103991]: INFO neutron.wsgi [None req-723ea48c-d938-4c17-a18a-cc75504ca4f5 admin admin] 10.222.0.47 "GET /v2.0/security-groups?tenant_id=25a59f8c34fa4e3caf88e8f65c38a94b&name=default HTTP/1.1" status: 200 len: 2996 time: 0.0439174
Jun 29 16:10:21.848581 dv-cinder-848147-1-iscsi neutron-server[103991]: DEBUG neutron.wsgi [-] (103991) accepted ('10.222.0.47', 43370) {{(pid=103991) server /usr/local/lib/python3.8/dist-packages/eventlet/wsgi.py:1004}}
Jun 29 16:10:21.850802 dv-cinder-848147-1-iscsi neutron-server[103992]: INFO neutron.wsgi [req-794ad3ab-9ea5-42a5-8cb6-73800891f26b req-9ec53e20-c89b-40fa-8c22-68d9d26faaeb tempest-DeleteServersTestJSON-142372462 tempest-DeleteServersTestJSON-142372462-project] 10.222.0.47 "GET /v2.0/security-groups?id=d930a074-3b44-47cd-afd4-174ef8e1949d&fields=id&fields=name HTTP/1.1" status: 200 len: 286 time: 0.0454774
Jun 29 16:10:21.908454 dv-cinder-848147-1-iscsi neutron-server[103991]: DEBUG neutron_lib.callbacks.manager [None req-90ab0542-4424-436c-9ffa-3a257b27c89c admin admin] Publish callbacks [] for security_group (fcdd346c-312f-43a3-8669-ca9b45f5b038), before_delete {{(pid=103991) _notify_loop /usr/local/lib/python3.8/dist-packages/neutron_lib/callbacks/manager.py:176}}
Jun 29 16:10:21.935649 dv-cinder-848147-1-iscsi neutron-server[103991]: DEBUG neutron_lib.callbacks.manager [None req-90ab0542-4424-436c-9ffa-3a257b27c89c admin admin] Publish callbacks [] for security_group (fcdd346c-312f-43a3-8669-ca9b45f5b038), precommit_delete {{(pid=103991) _notify_loop /usr/local/lib/python3.8/dist-packages/neutron_lib/callbacks/manager.py:176}}
Jun 29 16:10:22.000172 dv-cinder-848147-1-iscsi neutron-server[103991]: INFO neutron.wsgi [req-6bbc5054-9f67-45e9-9366-5704cb2f4be0 req-f1b87dd6-75ea-4f51-b7bb-c37425f84154 tempest-AttachVolumeNegativeTest-2067932430 tempest-AttachVolumeNegativeTest-2067932430-project] 10.222.0.47 "GET /v2.0/ports?device_id=5c170b82-196f-4eb1-aee4-915ea0fdbffd HTTP/1.1" status: 200 len: 210 time: 0.0302339
Jun 29 16:10:22.012015 dv-cinder-848147-1-iscsi neutron-server[103991]: DEBUG neutron_lib.callbacks.manager [None req-90ab0542-4424-436c-9ffa-3a257b27c89c admin admin] Publish callbacks ['neutron.plugins.ml2.ovo_rpc._ObjectChangeHandler.handle_event-565245'] for security_group (fcdd346c-312f-43a3-8669-ca9b45f5b038), after_delete {{(pid=103991) _notify_loop /usr/local/lib/python3.8/dist-packages/neutron_lib/callbacks/manager.py:176}}
Jun 29 16:10:22.014826 dv-cinder-848147-1-iscsi neutron-server[103991]: DEBUG neutron_lib.callbacks.manager [None req-90ab0542-4424-436c-9ffa-3a257b27c89c admin admin] Publish callbacks [] for security_group (None), before_response {{(pid=103991) _notify_loop /usr/local/lib/python3.8/dist-packages/neutron_lib/callbacks/manager.py:176}}
Jun 29 16:10:22.016281 dv-cinder-848147-1-iscsi neutron-server[103991]: INFO neutron.wsgi [None req-90ab0542-4424-436c-9ffa-3a257b27c89c admin admin] 10.222.0.47 "DELETE /v2.0/security-groups/fcdd346c-312f-43a3-8669-ca9b45f5b038 HTTP/1.1" status: 204 len: 168 time: 0.1667283
Jun 29 16:10:22.028274 dv-cinder-848147-1-iscsi neutron-server[103991]: DEBUG neutron.api.rpc.handlers.resources_rpc [None req-90ab0542-4424-436c-9ffa-3a257b27c89c admin admin] Pushing event deleted for resources: {'SecurityGroup': ['ID=fcdd346c-312f-43a3-8669-ca9b45f5b038,revision_number=None']} {{(pid=103991) push /opt/stack/neutron/neutron/api/rpc/handlers/resources_rpc.py:237}}
Jun 29 16:10:22.131414 dv-cinder-848147-1-iscsi neutron-server[103992]: INFO neutron.wsgi [req-250cf648-626c-48c1-9979-051be78de420 req-1b44b882-49c7-4c54-867c-7dda51e8c261 tempest-AttachVolumeTestJSON-1342727613 tempest-AttachVolumeTestJSON-1342727613-project] 10.222.0.47 "GET /v2.0/ports?device_id=6c82fec7-271e-4a90-82ae-0425c0c53431 HTTP/1.1" status: 200 len: 210 time: 0.0354974
Jun 29 16:10:22.442522 dv-cinder-848147-1-iscsi neutron-server[103991]: INFO neutron.wsgi [req-0b45cb75-273e-49ce-a1f8-a1c470b0b67d req-73bd7b21-26e2-4588-9bb5-683f4df6d861 tempest-AttachVolumeShelveTestJSON-1512342876 tempest-AttachVolumeShelveTestJSON-1512342876-project] 10.222.0.47 "GET /v2.0/ports?device_id=7c8c3aca-bf52-4212-9953-29cdfc5cc8fe HTTP/1.1" status: 200 len: 210 time: 0.0383606
Jun 29 16:10:22.534911 dv-cinder-848147-1-iscsi neutron-server[103991]: DEBUG neutron.notifiers.nova [-] Sending events: [{'name': 'network-changed', 'server_uuid': 'dcf0d9bb-22cd-43e2-a70c-ea778282a1d7', 'tag': 'fb153181-1b50-4fe4-af4b-8c992e6820af'}] {{(pid=103991) send_events /opt/stack/neutron/neutron/notifiers/nova.py:271}}
Jun 29 16:10:22.537596 dv-cinder-848147-1-iscsi neutron-server[103991]: DEBUG novaclient.v2.client [-] REQ: curl -g -i --cacert "/opt/stack/data/ca-bundle.pem" -X POST http://10.222.0.47/compute/v2.1/os-server-external-events -H "Accept: application/json" -H "Content-Type: application/json" -H "User-Agent: python-novaclient" -H "X-Auth-Token: {SHA256}c3d30e3f8e63de46f2033e998f86dbe5a0b102c278a0e2e2a42078135ad9ea22" -H "X-OpenStack-Nova-API-Version: 2.1" -H "X-OpenStack-Request-ID: req-c77a3fd0-8af1-49f7-a519-24054719a756" -d '{"events": [{"name": "network-changed", "server_uuid": "dcf0d9bb-22cd-43e2-a70c-ea778282a1d7", "tag": "fb153181-1b50-4fe4-af4b-8c992e6820af"}]}' {{(pid=103991) _http_log_request /usr/local/lib/python3.8/dist-packages/keystoneauth1/session.py:519}}
Jun 29 16:10:22.545568 dv-cinder-848147-1-iscsi neutron-server[103992]: DEBUG neutron.pecan_wsgi.hooks.policy_enforcement [req-1aa366f0-fb66-41b9-84c0-50bc4f909264 req-eadbfba0-a765-4399-8c24-81fcd3906b80 tempest-ServerRescueNegativeTestJSON-131662024 tempest-ServerRescueNegativeTestJSON-131662024-project] Attributes excluded by policy engine: ['standard_attr_id', 'binding:profile', 'binding:host_id', 'binding:vif_type', 'binding:vif_details'] {{(pid=103992) _exclude_attributes_by_policy /opt/stack/neutron/neutron/pecan_wsgi/hooks/policy_enforcement.py:259}}
Jun 29 16:10:22.547226 dv-cinder-848147-1-iscsi neutron-server[103992]: INFO neutron.wsgi [req-1aa366f0-fb66-41b9-84c0-50bc4f909264 req-eadbfba0-a765-4399-8c24-81fcd3906b80 tempest-ServerRescueNegativeTestJSON-131662024 tempest-ServerRescueNegativeTestJSON-131662024-project] 10.222.0.47 "GET /v2.0/ports?device_id=5f66543e-7e81-4899-afc9-ce96bb61bcaa HTTP/1.1" status: 200 len: 932 time: 0.0611753
Jun 29 16:10:22.569970 dv-cinder-848147-1-iscsi neutron-server[103992]: INFO neutron.services.segments.plugin [-] Segment 4a2400b1-6cae-45e9-891e-a50aa518e36a resource provider aggregate not found
Jun 29 16:10:22.602747 dv-cinder-848147-1-iscsi neutron-server[103992]: INFO neutron.services.segments.plugin [-] Segment 4a2400b1-6cae-45e9-891e-a50aa518e36a resource provider not found; error: Placement Client Error (4xx): {"errors": [{"status": 404, "title": "Not Found", "detail": "The resource could not be found.\n\n No resource provider with uuid 4a2400b1-6cae-45e9-891e-a50aa518e36a found for delete ", "request_id": "req-9a62ae8f-8ea0-4237-b941-87542d55f3b9"}]}
Jun 29 16:10:22.618002 dv-cinder-848147-1-iscsi neutron-server[103992]: INFO neutron.wsgi [req-1aa366f0-fb66-41b9-84c0-50bc4f909264 req-33180539-2338-41cb-ba55-0a8364e41225 tempest-ServerRescueNegativeTestJSON-131662024 tempest-ServerRescueNegativeTestJSON-131662024-project] 10.222.0.47 "GET /v2.0/security-groups?id=376e39a9-6402-4ff7-ad98-61b6963284bd&fields=id&fields=name HTTP/1.1" status: 200 len: 286 time: 0.0639963
Jun 29 16:10:22.664072 dv-cinder-848147-1-iscsi neutron-server[103991]: DEBUG novaclient.v2.client [-] RESP: [200] Connection: close Content-Length: 179 Content-Type: application/json Date: Wed, 29 Jun 2022 16:10:22 GMT OpenStack-API-Version: compute 2.1 Server: Apache/2.4.41 (Ubuntu) Vary: OpenStack-API-Version,X-OpenStack-Nova-API-Version X-OpenStack-Nova-API-Version: 2.1 x-compute-request-id: req-686b556d-eeec-42fb-b24d-1255626f1074 x-openstack-request-id: req-686b556d-eeec-42fb-b24d-1255626f1074 {{(pid=103991) _http_log_response /usr/local/lib/python3.8/dist-packages/keystoneauth1/session.py:550}}
Jun 29 16:10:22.664448 dv-cinder-848147-1-iscsi neutron-server[103991]: DEBUG novaclient.v2.client [-] RESP BODY: {"events": [{"name": "network-changed", "server_uuid": "dcf0d9bb-22cd-43e2-a70c-ea778282a1d7", "tag": "fb153181-1b50-4fe4-af4b-8c992e6820af", "status": "completed", "code": 200}]} {{(pid=103991) _http_log_response /usr/local/lib/python3.8/dist-packages/keystoneauth1/session.py:582}}
Jun 29 16:10:22.664767 dv-cinder-848147-1-iscsi neutron-server[103991]: DEBUG novaclient.v2.client [-] POST call to compute for http://10.222.0.47/compute/v2.1/os-server-external-events used request id req-686b556d-eeec-42fb-b24d-1255626f1074 {{(pid=103991) request /usr/local/lib/python3.8/dist-packages/keystoneauth1/session.py:954}}
Jun 29 16:10:22.665229 dv-cinder-848147-1-iscsi neutron-server[103991]: INFO neutron.notifiers.nova [-] Nova event matching ['req-686b556d-eeec-42fb-b24d-1255626f1074'] response: {'name': 'network-changed', 'server_uuid': 'dcf0d9bb-22cd-43e2-a70c-ea778282a1d7', 'tag': 'fb153181-1b50-4fe4-af4b-8c992e6820af', 'status': 'completed', 'code': 200}
Jun 29 16:10:22.974403 dv-cinder-848147-1-iscsi neutron-server[103992]: DEBUG neutron.pecan_wsgi.hooks.policy_enforcement [req-623cbca1-0a67-4322-a32c-f6a4a6586b0e req-6665a3f9-84fa-49c8-af73-682a533be5b4 tempest-DeleteServersTestJSON-142372462 tempest-DeleteServersTestJSON-142372462-project] Attributes excluded by policy engine: ['standard_attr_id', 'binding:profile', 'binding:host_id', 'binding:vif_type', 'binding:vif_details'] {{(pid=103992) _exclude_attributes_by_policy /opt/stack/neutron/neutron/pecan_wsgi/hooks/policy_enforcement.py:259}}
Jun 29 16:10:22.975871 dv-cinder-848147-1-iscsi neutron-server[103992]: INFO neutron.wsgi [req-623cbca1-0a67-4322-a32c-f6a4a6586b0e req-6665a3f9-84fa-49c8-af73-682a533be5b4 tempest-DeleteServersTestJSON-142372462 tempest-DeleteServersTestJSON-142372462-project] 10.222.0.47 "GET /v2.0/ports?device_id=4c2c1b61-3bb3-4ea8-ab66-b0f322e855dd HTTP/1.1" status: 200 len: 943 time: 0.0526264
Jun 29 16:10:23.024042 dv-cinder-848147-1-iscsi neutron-server[103992]: INFO neutron.wsgi [req-623cbca1-0a67-4322-a32c-f6a4a6586b0e req-b16a729c-00df-4aac-b9da-28411ae4f478 tempest-DeleteServersTestJSON-142372462 tempest-DeleteServersTestJSON-142372462-project] 10.222.0.47 "GET /v2.0/security-groups?id=d930a074-3b44-47cd-afd4-174ef8e1949d&fields=id&fields=name HTTP/1.1" status: 200 len: 286 time: 0.0422146
Jun 29 16:10:23.105560 dv-cinder-848147-1-iscsi neutron-server[103991]: INFO neutron.wsgi [req-e0e512ae-b38d-48a3-92af-54d183af974b req-31c1c304-d2cd-49bf-9bc8-a1885c2e4760 tempest-AttachVolumeNegativeTest-2067932430 tempest-AttachVolumeNegativeTest-2067932430-project] 10.222.0.47 "GET /v2.0/ports?device_id=5c170b82-196f-4eb1-aee4-915ea0fdbffd HTTP/1.1" status: 200 len: 210 time: 0.0305393
Jun 29 16:10:23.244550 dv-cinder-848147-1-iscsi neutron-server[103992]: INFO neutron.wsgi [req-51556c6e-3257-4d31-9ca9-a627df604c04 req-95df4348-8945-400f-abaa-aef810dc9f81 tempest-AttachVolumeTestJSON-1342727613 tempest-AttachVolumeTestJSON-1342727613-project] 10.222.0.47 "GET /v2.0/ports?device_id=6c82fec7-271e-4a90-82ae-0425c0c53431 HTTP/1.1" status: 200 len: 210 time: 0.0447452
Jun 29 16:10:23.252037 dv-cinder-848147-1-iscsi neutron-server[103993]: DEBUG neutron_lib.callbacks.manager [None req-c1524043-0c5e-4dff-a9f7-0195a7783ca7 None None] Publish callbacks ['neutron.services.segments.db._update_segment_host_mapping_for_agent-8780689079372', 'neutron.plugins.ml2.plugin.Ml2Plugin._retry_binding_revived_agents-4009681'] for agent (d782f90f-d7cc-4e25-bd9b-d3adc8d64cd1), after_update {{(pid=103993) _notify_loop /usr/local/lib/python3.8/dist-packages/neutron_lib/callbacks/manager.py:176}}
Jun 29 16:10:23.577593 dv-cinder-848147-1-iscsi neutron-server[103991]: INFO neutron.wsgi [req-5aa7bd43-07e6-4518-9ec2-4e8da541bf50 req-1cced330-684e-45ee-b0b1-89522becfadb tempest-AttachVolumeShelveTestJSON-1512342876 tempest-AttachVolumeShelveTestJSON-1512342876-project] 10.222.0.47 "GET /v2.0/ports?device_id=7c8c3aca-bf52-4212-9953-29cdfc5cc8fe HTTP/1.1" status: 200 len: 210 time: 0.0398448
Jun 29 16:10:23.726627 dv-cinder-848147-1-iscsi neutron-server[103992]: DEBUG neutron.pecan_wsgi.hooks.policy_enforcement [req-58321104-2c16-45f6-880f-44440b839931 req-c9555082-b488-4996-932a-1a521728d89e tempest-ServerRescueNegativeTestJSON-131662024 tempest-ServerRescueNegativeTestJSON-131662024-project] Attributes excluded by policy engine: ['standard_attr_id', 'binding:profile', 'binding:host_id', 'binding:vif_type', 'binding:vif_details'] {{(pid=103992) _exclude_attributes_by_policy /opt/stack/neutron/neutron/pecan_wsgi/hooks/policy_enforcement.py:259}}
Jun 29 16:10:23.733664 dv-cinder-848147-1-iscsi neutron-server[103992]: INFO neutron.wsgi [req-58321104-2c16-45f6-880f-44440b839931 req-c9555082-b488-4996-932a-1a521728d89e tempest-ServerRescueNegativeTestJSON-131662024 tempest-ServerRescueNegativeTestJSON-131662024-project] 10.222.0.47 "GET /v2.0/ports?device_id=5f66543e-7e81-4899-afc9-ce96bb61bcaa HTTP/1.1" status: 200 len: 932 time: 0.0553830
Jun 29 16:10:23.808889 dv-cinder-848147-1-iscsi neutron-server[103992]: INFO neutron.wsgi [req-58321104-2c16-45f6-880f-44440b839931 req-f032319b-bcc4-4605-9124-cf9a87383d16 tempest-ServerRescueNegativeTestJSON-131662024 tempest-ServerRescueNegativeTestJSON-131662024-project] 10.222.0.47 "GET /v2.0/security-groups?id=376e39a9-6402-4ff7-ad98-61b6963284bd&fields=id&fields=name HTTP/1.1" status: 200 len: 286 time: 0.0737815
Jun 29 16:10:24.153983 dv-cinder-848147-1-iscsi neutron-server[103991]: DEBUG neutron.pecan_wsgi.hooks.policy_enforcement [req-42607d03-fe54-424c-9ee4-441cfd7222a9 req-de608e91-f22a-408e-92c0-fd736754b058 tempest-DeleteServersTestJSON-142372462 tempest-DeleteServersTestJSON-142372462-project] Attributes excluded by policy engine: ['standard_attr_id', 'binding:profile', 'binding:host_id', 'binding:vif_type', 'binding:vif_details'] {{(pid=103991) _exclude_attributes_by_policy /opt/stack/neutron/neutron/pecan_wsgi/hooks/policy_enforcement.py:259}}
