Jun 29 16:09:42.374469 dv-cinder-848147-1-iscsi neutron-server[103992]: DEBUG neutron.api.rpc.handlers.resources_rpc [None req-0231924e-0731-415c-98f1-9564039a6a2c admin admin] Pushing event updated for resources: {'Network': ['ID=02207256-1ae5-4ba0-a64e-1eb06f43dbfd,revision_number=1']} {{(pid=103992) push /opt/stack/neutron/neutron/api/rpc/handlers/resources_rpc.py:237}}
Jun 29 16:09:42.385313 dv-cinder-848147-1-iscsi neutron-server[103992]: DEBUG neutron_lib.callbacks.manager [None req-5d6731ee-12be-4d77-819a-b13f60908a71 admin admin] Publish callbacks [] for security_group (None), before_create {{(pid=103992) _notify_loop /usr/local/lib/python3.8/dist-packages/neutron_lib/callbacks/manager.py:176}}
Jun 29 16:09:42.388370 dv-cinder-848147-1-iscsi neutron-server[103993]: DEBUG neutron.plugins.ml2.rpc [None req-922b3cbb-e559-4d61-944e-3650f8faeca7 None None] Network 02207256-1ae5-4ba0-a64e-1eb06f43dbfd details requested by agent ovs-agent-dv-cinder-848147-1-iscsi with host dv-cinder-848147-1-iscsi {{(pid=103993) get_network_details /opt/stack/neutron/neutron/plugins/ml2/rpc.py:248}}
Jun 29 16:09:42.389595 dv-cinder-848147-1-iscsi neutron-server[103992]: DEBUG neutron_lib.callbacks.manager [None req-dac965a7-78e5-406c-863b-6e49ded3e66a admin admin] Publish callbacks [] for security_group (4f042ef8-dfce-4513-b817-7985f769b769), precommit_create {{(pid=103992) _notify_loop /usr/local/lib/python3.8/dist-packages/neutron_lib/callbacks/manager.py:176}}
Jun 29 16:09:42.396916 dv-cinder-848147-1-iscsi neutron-server[103993]: DEBUG neutron.scheduler.dhcp_agent_scheduler [None req-d0ee6ec6-c649-4bcc-ab9a-2ca4ce6769a1 None None] Network 21d5652b-ebdf-4f62-8dff-3c7d8917f3da is already hosted by enough agents. {{(pid=103993) _get_dhcp_agents_hosting_network /opt/stack/neutron/neutron/scheduler/dhcp_agent_scheduler.py:275}}
Jun 29 16:09:42.405115 dv-cinder-848147-1-iscsi neutron-server[103993]: DEBUG neutron.scheduler.base_scheduler [None req-d0ee6ec6-c649-4bcc-ab9a-2ca4ce6769a1 None None] Resources bound (agent type, host, resource id): {{(pid=103993) schedule /opt/stack/neutron/neutron/scheduler/base_scheduler.py:57}}
Jun 29 16:09:42.413053 dv-cinder-848147-1-iscsi neutron-server[103993]: DEBUG neutron.db.l3_dvrscheduler_db [None req-d0ee6ec6-c649-4bcc-ab9a-2ca4ce6769a1 None None] Received port after_create {{(pid=103993) _notify_l3_agent_new_port /opt/stack/neutron/neutron/db/l3_dvrscheduler_db.py:542}}
Jun 29 16:09:42.421850 dv-cinder-848147-1-iscsi neutron-server[103993]: DEBUG neutron.api.rpc.handlers.resources_rpc [None req-d0ee6ec6-c649-4bcc-ab9a-2ca4ce6769a1 None None] Pushing event updated for resources: {'Port': ['ID=652de50d-b602-47a8-836c-c094b3eec82a,revision_number=1']} {{(pid=103993) push /opt/stack/neutron/neutron/api/rpc/handlers/resources_rpc.py:237}}
Jun 29 16:09:42.481010 dv-cinder-848147-1-iscsi neutron-server[103992]: DEBUG neutron_lib.callbacks.manager [None req-dac965a7-78e5-406c-863b-6e49ded3e66a admin admin] Publish callbacks ['neutron.plugins.ml2.ovo_rpc._ObjectChangeHandler.handle_event-565245'] for security_group (4f042ef8-dfce-4513-b817-7985f769b769), after_create {{(pid=103992) _notify_loop /usr/local/lib/python3.8/dist-packages/neutron_lib/callbacks/manager.py:176}}
Jun 29 16:09:42.488120 dv-cinder-848147-1-iscsi neutron-server[103991]: DEBUG neutron.pecan_wsgi.hooks.quota_enforcement [None req-a6b82394-7857-4d98-a703-a6eb3a615f47 admin admin] Made reservation on behalf of 6a410f5a9cef44b39a657b28f6c1772b for: {'subnet': 1} {{(pid=103991) before /opt/stack/neutron/neutron/pecan_wsgi/hooks/quota_enforcement.py:53}}
Jun 29 16:09:42.490510 dv-cinder-848147-1-iscsi neutron-server[103991]: DEBUG neutron_lib.callbacks.manager [None req-a6b82394-7857-4d98-a703-a6eb3a615f47 admin admin] Publish callbacks [] for subnet (None), before_create {{(pid=103991) _notify_loop /usr/local/lib/python3.8/dist-packages/neutron_lib/callbacks/manager.py:176}}
Jun 29 16:09:42.493793 dv-cinder-848147-1-iscsi neutron-server[103993]: DEBUG neutron.api.rpc.callbacks.version_manager [None req-d0ee6ec6-c649-4bcc-ab9a-2ca4ce6769a1 None None] Version for resource type AddressGroup changed None to 1.2 on consumer Open vSwitch agent@dv-cinder-848147-1-iscsi {{(pid=103993) _set_version /opt/stack/neutron/neutron/api/rpc/callbacks/version_manager.py:113}}
Jun 29 16:09:42.494873 dv-cinder-848147-1-iscsi neutron-server[103993]: DEBUG neutron.api.rpc.callbacks.version_manager [None req-d0ee6ec6-c649-4bcc-ab9a-2ca4ce6769a1 None None] Version for resource type Agent changed None to 1.1 on consumer Open vSwitch agent@dv-cinder-848147-1-iscsi {{(pid=103993) _set_version /opt/stack/neutron/neutron/api/rpc/callbacks/version_manager.py:113}}
Jun 29 16:09:42.494995 dv-cinder-848147-1-iscsi neutron-server[103992]: DEBUG neutron.plugins.ml2.drivers.helpers [None req-dac965a7-78e5-406c-863b-6e49ded3e66a admin admin] vlan segment allocate from pool success with {'vlan_id': 566, 'physical_network': 'physnet1'} {{(pid=103992) allocate_partially_specified_segment /opt/stack/neutron/neutron/plugins/ml2/drivers/helpers.py:153}}
Jun 29 16:09:42.495586 dv-cinder-848147-1-iscsi neutron-server[103993]: DEBUG neutron.api.rpc.callbacks.version_manager [None req-d0ee6ec6-c649-4bcc-ab9a-2ca4ce6769a1 None None] Version for resource type ConntrackHelper changed None to 1.0 on consumer Open vSwitch agent@dv-cinder-848147-1-iscsi {{(pid=103993) _set_version /opt/stack/neutron/neutron/api/rpc/callbacks/version_manager.py:113}}
Jun 29 16:09:42.496097 dv-cinder-848147-1-iscsi neutron-server[103993]: DEBUG neutron.api.rpc.callbacks.version_manager [None req-d0ee6ec6-c649-4bcc-ab9a-2ca4ce6769a1 None None] Version for resource type LocalIPAssociation changed None to 1.0 on consumer Open vSwitch agent@dv-cinder-848147-1-iscsi {{(pid=103993) _set_version /opt/stack/neutron/neutron/api/rpc/callbacks/version_manager.py:113}}
Jun 29 16:09:42.497546 dv-cinder-848147-1-iscsi neutron-server[103993]: DEBUG neutron.api.rpc.callbacks.version_manager [None req-d0ee6ec6-c649-4bcc-ab9a-2ca4ce6769a1 None None] Version for resource type Log changed None to 1.0 on consumer Open vSwitch agent@dv-cinder-848147-1-iscsi {{(pid=103993) _set_version /opt/stack/neutron/neutron/api/rpc/callbacks/version_manager.py:113}}
Jun 29 16:09:42.498863 dv-cinder-848147-1-iscsi neutron-server[103993]: DEBUG neutron.api.rpc.callbacks.version_manager [None req-d0ee6ec6-c649-4bcc-ab9a-2ca4ce6769a1 None None] Version for resource type NDPProxy changed None to 1.0 on consumer Open vSwitch agent@dv-cinder-848147-1-iscsi {{(pid=103993) _set_version /opt/stack/neutron/neutron/api/rpc/callbacks/version_manager.py:113}}
Jun 29 16:09:42.499618 dv-cinder-848147-1-iscsi neutron-server[103993]: DEBUG neutron.api.rpc.callbacks.version_manager [None req-d0ee6ec6-c649-4bcc-ab9a-2ca4ce6769a1 None None] Version for resource type Network changed None to 1.1 on consumer Open vSwitch agent@dv-cinder-848147-1-iscsi {{(pid=103993) _set_version /opt/stack/neutron/neutron/api/rpc/callbacks/version_manager.py:113}}
Jun 29 16:09:42.501763 dv-cinder-848147-1-iscsi neutron-server[103993]: DEBUG neutron.api.rpc.callbacks.version_manager [None req-d0ee6ec6-c649-4bcc-ab9a-2ca4ce6769a1 None None] Version for resource type Port changed None to 1.7 on consumer Open vSwitch agent@dv-cinder-848147-1-iscsi {{(pid=103993) _set_version /opt/stack/neutron/neutron/api/rpc/callbacks/version_manager.py:113}}
Jun 29 16:09:42.502246 dv-cinder-848147-1-iscsi neutron-server[103993]: DEBUG neutron.api.rpc.callbacks.version_manager [None req-d0ee6ec6-c649-4bcc-ab9a-2ca4ce6769a1 None None] Version for resource type PortForwarding changed None to 1.3 on consumer Open vSwitch agent@dv-cinder-848147-1-iscsi {{(pid=103993) _set_version /opt/stack/neutron/neutron/api/rpc/callbacks/version_manager.py:113}}
Jun 29 16:09:42.505124 dv-cinder-848147-1-iscsi neutron-server[103993]: DEBUG neutron.api.rpc.callbacks.version_manager [None req-d0ee6ec6-c649-4bcc-ab9a-2ca4ce6769a1 None None] Version for resource type QosPolicy changed None to 1.10 on consumer Open vSwitch agent@dv-cinder-848147-1-iscsi {{(pid=103993) _set_version /opt/stack/neutron/neutron/api/rpc/callbacks/version_manager.py:113}}
Jun 29 16:09:42.505721 dv-cinder-848147-1-iscsi neutron-server[103993]: DEBUG neutron.api.rpc.callbacks.version_manager [None req-d0ee6ec6-c649-4bcc-ab9a-2ca4ce6769a1 None None] Version for resource type SecurityGroup changed None to 1.5 on consumer Open vSwitch agent@dv-cinder-848147-1-iscsi {{(pid=103993) _set_version /opt/stack/neutron/neutron/api/rpc/callbacks/version_manager.py:113}}
Jun 29 16:09:42.506214 dv-cinder-848147-1-iscsi neutron-server[103993]: DEBUG neutron.api.rpc.callbacks.version_manager [None req-d0ee6ec6-c649-4bcc-ab9a-2ca4ce6769a1 None None] Version for resource type SecurityGroupRule changed None to 1.2 on consumer Open vSwitch agent@dv-cinder-848147-1-iscsi {{(pid=103993) _set_version /opt/stack/neutron/neutron/api/rpc/callbacks/version_manager.py:113}}
Jun 29 16:09:42.506514 dv-cinder-848147-1-iscsi neutron-server[103992]: DEBUG neutron_lib.callbacks.manager [None req-dac965a7-78e5-406c-863b-6e49ded3e66a admin admin] Publish callbacks ['neutron.plugins.ml2.plugin.Ml2Plugin._handle_segment_change-4166797'] for segment (a5f84217-02fa-4adb-a2d1-1bc70f0de5e6), precommit_create {{(pid=103992) _notify_loop /usr/local/lib/python3.8/dist-packages/neutron_lib/callbacks/manager.py:176}}
Jun 29 16:09:42.506882 dv-cinder-848147-1-iscsi neutron-server[103993]: DEBUG neutron.api.rpc.callbacks.version_manager [None req-d0ee6ec6-c649-4bcc-ab9a-2ca4ce6769a1 None None] Version for resource type SubPort changed None to 1.0 on consumer Open vSwitch agent@dv-cinder-848147-1-iscsi {{(pid=103993) _set_version /opt/stack/neutron/neutron/api/rpc/callbacks/version_manager.py:113}}
Jun 29 16:09:42.507217 dv-cinder-848147-1-iscsi neutron-server[103993]: DEBUG neutron.api.rpc.callbacks.version_manager [None req-d0ee6ec6-c649-4bcc-ab9a-2ca4ce6769a1 None None] Version for resource type Subnet changed None to 1.1 on consumer Open vSwitch agent@dv-cinder-848147-1-iscsi {{(pid=103993) _set_version /opt/stack/neutron/neutron/api/rpc/callbacks/version_manager.py:113}}
Jun 29 16:09:42.507373 dv-cinder-848147-1-iscsi neutron-server[103992]: INFO neutron.db.segments_db [None req-dac965a7-78e5-406c-863b-6e49ded3e66a admin admin] Added segment a5f84217-02fa-4adb-a2d1-1bc70f0de5e6 of type vlan for network a8b4a59a-8d13-4d0c-b500-ca8a3cc543b2
Jun 29 16:09:42.507538 dv-cinder-848147-1-iscsi neutron-server[103993]: DEBUG neutron.api.rpc.callbacks.version_manager [None req-d0ee6ec6-c649-4bcc-ab9a-2ca4ce6769a1 None None] Version for resource type Trunk changed None to 1.1 on consumer Open vSwitch agent@dv-cinder-848147-1-iscsi {{(pid=103993) _set_version /opt/stack/neutron/neutron/api/rpc/callbacks/version_manager.py:113}}
Jun 29 16:09:42.510739 dv-cinder-848147-1-iscsi neutron-server[103993]: DEBUG neutron.api.rpc.callbacks.version_manager [None req-d0ee6ec6-c649-4bcc-ab9a-2ca4ce6769a1 None None] Tracked resource versions report:
Jun 29 16:09:42.510739 dv-cinder-848147-1-iscsi neutron-server[103993]: pushed versions:
Jun 29 16:09:42.510739 dv-cinder-848147-1-iscsi neutron-server[103993]: { 'AddressGroup': {'1.2'},
Jun 29 16:09:42.510739 dv-cinder-848147-1-iscsi neutron-server[103993]: 'Agent': {'1.1'},
Jun 29 16:09:42.510739 dv-cinder-848147-1-iscsi neutron-server[103993]: 'ConntrackHelper': {'1.0'},
Jun 29 16:09:42.510739 dv-cinder-848147-1-iscsi neutron-server[103993]: 'LocalIPAssociation': {'1.0'},
Jun 29 16:09:42.510739 dv-cinder-848147-1-iscsi neutron-server[103993]: 'Log': {'1.0'},
Jun 29 16:09:42.510739 dv-cinder-848147-1-iscsi neutron-server[103993]: 'NDPProxy': {'1.0'},
Jun 29 16:09:42.510739 dv-cinder-848147-1-iscsi neutron-server[103993]: 'Network': {'1.1'},
Jun 29 16:09:42.510739 dv-cinder-848147-1-iscsi neutron-server[103993]: 'Port': {'1.7'},
Jun 29 16:09:42.510739 dv-cinder-848147-1-iscsi neutron-server[103993]: 'PortForwarding': {'1.3'},
Jun 29 16:09:42.510739 dv-cinder-848147-1-iscsi neutron-server[103993]: 'QosPolicy': {'1.10'},
Jun 29 16:09:42.510739 dv-cinder-848147-1-iscsi neutron-server[103993]: 'SecurityGroup': {'1.5'},
Jun 29 16:09:42.510739 dv-cinder-848147-1-iscsi neutron-server[103993]: 'SecurityGroupRule': {'1.2'},
Jun 29 16:09:42.510739 dv-cinder-848147-1-iscsi neutron-server[103993]: 'SubPort': {'1.0'},
Jun 29 16:09:42.510739 dv-cinder-848147-1-iscsi neutron-server[103993]: 'Subnet': {'1.1'},
Jun 29 16:09:42.510739 dv-cinder-848147-1-iscsi neutron-server[103993]: 'Trunk': {'1.1'}}
Jun 29 16:09:42.510739 dv-cinder-848147-1-iscsi neutron-server[103993]: consumer versions:
Jun 29 16:09:42.510739 dv-cinder-848147-1-iscsi neutron-server[103993]: { DHCP agent@dv-cinder-848147-1-iscsi: {},
Jun 29 16:09:42.510739 dv-cinder-848147-1-iscsi neutron-server[103993]: HyperV agent@hv-cinder-84814: {},
Jun 29 16:09:42.510739 dv-cinder-848147-1-iscsi neutron-server[103993]: L3 agent@dv-cinder-848147-1-iscsi: {},
Jun 29 16:09:42.510739 dv-cinder-848147-1-iscsi neutron-server[103993]: Metadata agent@dv-cinder-848147-1-iscsi: {},
Jun 29 16:09:42.510739 dv-cinder-848147-1-iscsi neutron-server[103993]: Metering agent@dv-cinder-848147-1-iscsi: {},
Jun 29 16:09:42.510739 dv-cinder-848147-1-iscsi neutron-server[103993]: Open vSwitch agent@dv-cinder-848147-1-iscsi: { 'AddressGroup': '1.2',
Jun 29 16:09:42.510739 dv-cinder-848147-1-iscsi neutron-server[103993]: 'Agent': '1.1',
Jun 29 16:09:42.510739 dv-cinder-848147-1-iscsi neutron-server[103993]: 'ConntrackHelper': '1.0',
Jun 29 16:09:42.510739 dv-cinder-848147-1-iscsi neutron-server[103993]: 'LocalIPAssociation': '1.0',
Jun 29 16:09:42.510739 dv-cinder-848147-1-iscsi neutron-server[103993]: 'Log': '1.0',
Jun 29 16:09:42.510739 dv-cinder-848147-1-iscsi neutron-server[103993]: 'NDPProxy': '1.0',
Jun 29 16:09:42.510739 dv-cinder-848147-1-iscsi neutron-server[103993]: 'Network': '1.1',
Jun 29 16:09:42.510739 dv-cinder-848147-1-iscsi neutron-server[103993]: 'Port': '1.7',
Jun 29 16:09:42.510739 dv-cinder-848147-1-iscsi neutron-server[103993]: 'PortForwarding': '1.3',
Jun 29 16:09:42.510739 dv-cinder-848147-1-iscsi neutron-server[103993]: 'QosPolicy': '1.10',
Jun 29 16:09:42.510739 dv-cinder-848147-1-iscsi neutron-server[103993]: 'SecurityGroup': '1.5',
Jun 29 16:09:42.510739 dv-cinder-848147-1-iscsi neutron-server[103993]: 'SecurityGroupRule': '1.2',
Jun 29 16:09:42.510739 dv-cinder-848147-1-iscsi neutron-server[103993]: 'SubPort': '1.0',
Jun 29 16:09:42.510739 dv-cinder-848147-1-iscsi neutron-server[103993]: 'Subnet': '1.1',
Jun 29 16:09:42.510739 dv-cinder-848147-1-iscsi neutron-server[103993]: 'Trunk': '1.1'}}
Jun 29 16:09:42.510739 dv-cinder-848147-1-iscsi neutron-server[103993]: {{(pid=103993) report /opt/stack/neutron/neutron/api/rpc/callbacks/version_manager.py:175}}
Jun 29 16:09:42.556951 dv-cinder-848147-1-iscsi neutron-server[103992]: DEBUG neutron_lib.callbacks.manager [None req-dac965a7-78e5-406c-863b-6e49ded3e66a admin admin] Publish callbacks ['neutron.services.auto_allocate.db._ensure_external_network_default_value_callback-8780688649355'] for network (a8b4a59a-8d13-4d0c-b500-ca8a3cc543b2), precommit_create {{(pid=103992) _notify_loop /usr/local/lib/python3.8/dist-packages/neutron_lib/callbacks/manager.py:176}}
Jun 29 16:09:42.633487 dv-cinder-848147-1-iscsi neutron-server[103993]: DEBUG neutron.plugins.ml2.managers [None req-d0ee6ec6-c649-4bcc-ab9a-2ca4ce6769a1 None None] Attempting to bind port 652de50d-b602-47a8-836c-c094b3eec82a on host dv-cinder-848147-1-iscsi for vnic_type normal with profile {{(pid=103993) bind_port /opt/stack/neutron/neutron/plugins/ml2/managers.py:811}}
Jun 29 16:09:42.634391 dv-cinder-848147-1-iscsi neutron-server[103993]: DEBUG neutron.plugins.ml2.managers [None req-d0ee6ec6-c649-4bcc-ab9a-2ca4ce6769a1 None None] Attempting to bind port 652de50d-b602-47a8-836c-c094b3eec82a by drivers openvswitch,hyperv on host dv-cinder-848147-1-iscsi at level 0 using segments [{'id': 'aeb4da40-1522-4eb5-abb2-b9a0fe0b7391', 'network_type': 'vlan', 'physical_network': 'physnet1', 'segmentation_id': 557, 'network_id': '21d5652b-ebdf-4f62-8dff-3c7d8917f3da'}] {{(pid=103993) _bind_port_level /opt/stack/neutron/neutron/plugins/ml2/managers.py:836}}
Jun 29 16:09:42.634760 dv-cinder-848147-1-iscsi neutron-server[103993]: DEBUG neutron.plugins.ml2.drivers.mech_agent [None req-d0ee6ec6-c649-4bcc-ab9a-2ca4ce6769a1 None None] Attempting to bind port 652de50d-b602-47a8-836c-c094b3eec82a on network 21d5652b-ebdf-4f62-8dff-3c7d8917f3da {{(pid=103993) bind_port /opt/stack/neutron/neutron/plugins/ml2/drivers/mech_agent.py:91}}
Jun 29 16:09:42.647051 dv-cinder-848147-1-iscsi neutron-server[103992]: DEBUG neutron_lib.callbacks.manager [None req-5d6731ee-12be-4d77-819a-b13f60908a71 admin admin] Publish callbacks [] for security_group (09bb2892-7f43-422f-842f-71deed93f7d6), precommit_create {{(pid=103992) _notify_loop /usr/local/lib/python3.8/dist-packages/neutron_lib/callbacks/manager.py:176}}
Jun 29 16:09:42.647244 dv-cinder-848147-1-iscsi neutron-server[103993]: DEBUG neutron.plugins.ml2.drivers.mech_agent [None req-d0ee6ec6-c649-4bcc-ab9a-2ca4ce6769a1 None None] Checking agent: {'id': 'a6789c08-ebf5-4b4a-aae8-9ba476afd43c', 'agent_type': 'Open vSwitch agent', 'binary': 'neutron-openvswitch-agent', 'topic': 'N/A', 'host': 'dv-cinder-848147-1-iscsi', 'admin_state_up': True, 'created_at': datetime.datetime(2022, 6, 29, 16, 1, 41), 'started_at': datetime.datetime(2022, 6, 29, 16, 2, 11), 'heartbeat_timestamp': datetime.datetime(2022, 6, 29, 16, 9, 41), 'description': None, 'resources_synced': None, 'availability_zone': None, 'alive': True, 'configurations': {'arp_responder_enabled': False, 'baremetal_smartnic': False, 'bridge_mappings': {'physnet1': 'br-data'}, 'datapath_type': 'system', 'devices': 0, 'enable_distributed_routing': False, 'extensions': [], 'in_distributed_mode': False, 'integration_bridge': 'br-int', 'l2_population': False, 'log_agent_heartbeats': False, 'ovs_capabilities': {'datapath_types': ['netdev', 'system'], 'iface_types': ['erspan', 'geneve', 'gre', 'internal', 'ip6erspan', 'ip6gre', 'lisp', 'patch', 'stt', 'system', 'tap', 'vxlan']}, 'ovs_hybrid_plug': False, 'resource_provider_bandwidths': {}, 'resource_provider_hypervisors': {'br-data': 'dv-cinder-848147-1-iscsi'}, 'resource_provider_inventory_defaults': {'allocation_ratio': 1.0, 'min_unit': 1, 'step_size': 1, 'reserved': 0}, 'resource_provider_packet_processing_inventory_defaults': {'allocation_ratio': 1.0, 'min_unit': 1, 'step_size': 1, 'reserved': 0}, 'resource_provider_packet_processing_with_direction': {}, 'resource_provider_packet_processing_without_direction': {}, 'tunnel_types': [], 'tunneling_ip': None, 'vhostuser_socket_dir': '/var/run/openvswitch'}, 'resource_versions': {'AddressGroup': '1.2', 'Agent': '1.1', 'ConntrackHelper': '1.0', 'LocalIPAssociation': '1.0', 'Log': '1.0', 'NDPProxy': '1.0', 'Network': '1.1', 'Port': '1.7', 'PortForwarding': '1.3', 'QosPolicy': '1.10', 'SecurityGroup': '1.5', 'SecurityGroupRule': '1.2', 'SubPort': '1.0', 'Subnet': '1.1', 'Trunk': '1.1'}} {{(pid=103993) bind_port /opt/stack/neutron/neutron/plugins/ml2/drivers/mech_agent.py:110}}
Jun 29 16:09:42.647543 dv-cinder-848147-1-iscsi neutron-server[103993]: DEBUG neutron.plugins.ml2.drivers.mech_agent [None req-d0ee6ec6-c649-4bcc-ab9a-2ca4ce6769a1 None None] Checking segment: {'id': 'aeb4da40-1522-4eb5-abb2-b9a0fe0b7391', 'network_type': 'vlan', 'physical_network': 'physnet1', 'segmentation_id': 557, 'network_id': '21d5652b-ebdf-4f62-8dff-3c7d8917f3da'} for mappings: {'physnet1': 'br-data'} with network types: ['local', 'flat', 'vlan'] {{(pid=103993) check_segment_for_agent /opt/stack/neutron/neutron/plugins/ml2/drivers/mech_agent.py:373}}
Jun 29 16:09:42.647860 dv-cinder-848147-1-iscsi neutron-server[103993]: DEBUG neutron_lib.callbacks.manager [None req-d0ee6ec6-c649-4bcc-ab9a-2ca4ce6769a1 None None] Publish callbacks [] for ovs_bridge_name (None), before_read {{(pid=103993) _notify_loop /usr/local/lib/python3.8/dist-packages/neutron_lib/callbacks/manager.py:176}}
Jun 29 16:09:42.648257 dv-cinder-848147-1-iscsi neutron-server[103993]: DEBUG neutron.plugins.ml2.drivers.mech_agent [None req-d0ee6ec6-c649-4bcc-ab9a-2ca4ce6769a1 None None] Bound using segment: {'id': 'aeb4da40-1522-4eb5-abb2-b9a0fe0b7391', 'network_type': 'vlan', 'physical_network': 'physnet1', 'segmentation_id': 557, 'network_id': '21d5652b-ebdf-4f62-8dff-3c7d8917f3da'} {{(pid=103993) bind_port /opt/stack/neutron/neutron/plugins/ml2/drivers/mech_agent.py:120}}
Jun 29 16:09:42.650607 dv-cinder-848147-1-iscsi neutron-server[103992]: DEBUG dbcounter [-] [103992] Writing DB stats neutron:SELECT=71,neutron:INSERT=23,neutron:DELETE=2,neutron:UPDATE=4 {{(pid=103992) stat_writer /usr/local/lib/python3.8/dist-packages/dbcounter.py:114}}
Jun 29 16:09:42.652884 dv-cinder-848147-1-iscsi neutron-server[103993]: DEBUG neutron.plugins.ml2.managers [None req-d0ee6ec6-c649-4bcc-ab9a-2ca4ce6769a1 None None] Bound port: 652de50d-b602-47a8-836c-c094b3eec82a, host: dv-cinder-848147-1-iscsi, vif_type: ovs, vif_details: {"connectivity": "l2", "port_filter": true, "ovs_hybrid_plug": false, "datapath_type": "system", "bridge_name": "br-int"}, binding_levels: [{'bound_driver': 'openvswitch', 'bound_segment': {'id': 'aeb4da40-1522-4eb5-abb2-b9a0fe0b7391', 'network_type': 'vlan', 'physical_network': 'physnet1', 'segmentation_id': 557, 'network_id': '21d5652b-ebdf-4f62-8dff-3c7d8917f3da'}}] {{(pid=103993) _bind_port_level /opt/stack/neutron/neutron/plugins/ml2/managers.py:948}}
Jun 29 16:09:42.653491 dv-cinder-848147-1-iscsi neutron-server[103993]: DEBUG neutron_lib.callbacks.manager [None req-d0ee6ec6-c649-4bcc-ab9a-2ca4ce6769a1 None None] Publish callbacks ['neutron.plugins.ml2.plugin.SecurityGroupDbMixin._ensure_default_security_group_handler-4129524'] for port (652de50d-b602-47a8-836c-c094b3eec82a), before_update {{(pid=103993) _notify_loop /usr/local/lib/python3.8/dist-packages/neutron_lib/callbacks/manager.py:176}}
Jun 29 16:09:42.661313 dv-cinder-848147-1-iscsi neutron-server[103992]: DEBUG neutron_lib.callbacks.manager [None req-dac965a7-78e5-406c-863b-6e49ded3e66a admin admin] Publish callbacks ['neutron.plugins.ml2.ovo_rpc._ObjectChangeHandler.handle_event-565164', 'neutron.api.rpc.agentnotifiers.dhcp_rpc_agent_api.DhcpAgentNotifyAPI._native_event_send_dhcp_notification-527910'] for network (a8b4a59a-8d13-4d0c-b500-ca8a3cc543b2), after_create {{(pid=103992) _notify_loop /usr/local/lib/python3.8/dist-packages/neutron_lib/callbacks/manager.py:176}}
Jun 29 16:09:42.662130 dv-cinder-848147-1-iscsi neutron-server[103992]: DEBUG neutron.pecan_wsgi.hooks.policy_enforcement [None req-dac965a7-78e5-406c-863b-6e49ded3e66a admin admin] Attributes excluded by policy engine: ['standard_attr_id', 'vlan_transparent'] {{(pid=103992) _exclude_attributes_by_policy /opt/stack/neutron/neutron/pecan_wsgi/hooks/policy_enforcement.py:259}}
Jun 29 16:09:42.662695 dv-cinder-848147-1-iscsi neutron-server[103992]: DEBUG neutron_lib.callbacks.manager [None req-dac965a7-78e5-406c-863b-6e49ded3e66a admin admin] Publish callbacks ['neutron.api.rpc.agentnotifiers.dhcp_rpc_agent_api.DhcpAgentNotifyAPI._send_dhcp_notification-527892'] for network (None), before_response {{(pid=103992) _notify_loop /usr/local/lib/python3.8/dist-packages/neutron_lib/callbacks/manager.py:176}}
Jun 29 16:09:42.679197 dv-cinder-848147-1-iscsi neutron-server[103992]: DEBUG neutron_lib.callbacks.manager [None req-5d6731ee-12be-4d77-819a-b13f60908a71 admin admin] Publish callbacks ['neutron.plugins.ml2.ovo_rpc._ObjectChangeHandler.handle_event-565245'] for security_group (09bb2892-7f43-422f-842f-71deed93f7d6), after_create {{(pid=103992) _notify_loop /usr/local/lib/python3.8/dist-packages/neutron_lib/callbacks/manager.py:176}}
Jun 29 16:09:42.694985 dv-cinder-848147-1-iscsi neutron-server[103992]: DEBUG neutron.plugins.ml2.drivers.helpers [None req-5d6731ee-12be-4d77-819a-b13f60908a71 admin admin] vlan segment allocate from pool success with {'vlan_id': 550, 'physical_network': 'physnet1'} {{(pid=103992) allocate_partially_specified_segment /opt/stack/neutron/neutron/plugins/ml2/drivers/helpers.py:153}}
Jun 29 16:09:42.706592 dv-cinder-848147-1-iscsi neutron-server[103992]: DEBUG neutron_lib.callbacks.manager [None req-5d6731ee-12be-4d77-819a-b13f60908a71 admin admin] Publish callbacks ['neutron.plugins.ml2.plugin.Ml2Plugin._handle_segment_change-4166797'] for segment (b2f89e24-48fe-4e2c-aefd-597a3fc37387), precommit_create {{(pid=103992) _notify_loop /usr/local/lib/python3.8/dist-packages/neutron_lib/callbacks/manager.py:176}}
Jun 29 16:09:42.707008 dv-cinder-848147-1-iscsi neutron-server[103992]: INFO neutron.db.segments_db [None req-5d6731ee-12be-4d77-819a-b13f60908a71 admin admin] Added segment b2f89e24-48fe-4e2c-aefd-597a3fc37387 of type vlan for network 1d31a991-2d95-49d3-82c4-03bcb2a7b773
Jun 29 16:09:42.812109 dv-cinder-848147-1-iscsi neutron-server[103991]: DEBUG neutron_lib.callbacks.manager [None req-a6b82394-7857-4d98-a703-a6eb3a615f47 admin admin] Publish callbacks ['neutron.plugins.ml2.ovo_rpc._ObjectChangeHandler.handle_event-632929', 'neutron.api.rpc.agentnotifiers.dhcp_rpc_agent_api.DhcpAgentNotifyAPI._native_event_send_dhcp_notification-527910'] for subnet (37fa225e-8f03-4221-a9ea-7c1d83248346), after_create {{(pid=103991) _notify_loop /usr/local/lib/python3.8/dist-packages/neutron_lib/callbacks/manager.py:176}}
Jun 29 16:09:42.826657 dv-cinder-848147-1-iscsi neutron-server[103993]: DEBUG neutron.plugins.ml2.db [None req-d0ee6ec6-c649-4bcc-ab9a-2ca4ce6769a1 None None] For port 652de50d-b602-47a8-836c-c094b3eec82a, host dv-cinder-848147-1-iscsi, cleared binding levels {{(pid=103993) clear_binding_levels /opt/stack/neutron/neutron/plugins/ml2/db.py:87}}
Jun 29 16:09:42.829736 dv-cinder-848147-1-iscsi neutron-server[103991]: DEBUG neutron.db.db_base_plugin_common [None req-cca22b03-0f2d-44c3-b509-84b044c5c6f4 admin admin] Allocated IP 172.27.0.226 (29abc875-211d-4fcb-9ed2-da41a37f40c4/b5515d81-c48e-4cb4-a9ec-59e793116aae/26dcd2fc-0373-4de9-9d83-3d4a11ced5d9) {{(pid=103991) _store_ip_allocation /opt/stack/neutron/neutron/db/db_base_plugin_common.py:131}}
Jun 29 16:09:42.834055 dv-cinder-848147-1-iscsi neutron-server[103993]: DEBUG neutron.plugins.ml2.db [None req-d0ee6ec6-c649-4bcc-ab9a-2ca4ce6769a1 None None] For port 652de50d-b602-47a8-836c-c094b3eec82a, host dv-cinder-848147-1-iscsi, set binding levels [PortBindingLevel(driver='openvswitch',host='dv-cinder-848147-1-iscsi',level=0,port_id=652de50d-b602-47a8-836c-c094b3eec82a,segment=NetworkSegment(aeb4da40-1522-4eb5-abb2-b9a0fe0b7391),segment_id=aeb4da40-1522-4eb5-abb2-b9a0fe0b7391)] {{(pid=103993) set_binding_levels /opt/stack/neutron/neutron/plugins/ml2/db.py:59}}
Jun 29 16:09:42.839170 dv-cinder-848147-1-iscsi neutron-server[103993]: DEBUG dbcounter [-] [103993] Writing DB stats neutron:SELECT=89,neutron:UPDATE=7,neutron:INSERT=4 {{(pid=103993) stat_writer /usr/local/lib/python3.8/dist-packages/dbcounter.py:114}}
Jun 29 16:09:42.855067 dv-cinder-848147-1-iscsi neutron-server[103993]: DEBUG neutron_lib.callbacks.manager [None req-d0ee6ec6-c649-4bcc-ab9a-2ca4ce6769a1 None None] Publish callbacks ['neutron.plugins.ml2.plugin.SecurityGroupServerNotifierRpcMixin._notify_sg_on_port_change-4129467', 'neutron.plugins.ml2.ovo_rpc._ObjectChangeHandler.handle_event-416333', 'neutron.api.rpc.agentnotifiers.dhcp_rpc_agent_api.DhcpAgentNotifyAPI._native_event_send_dhcp_notification-527910', 'neutron.db.l3_db.L3RpcNotifierMixin._notify_gateway_port_ip_changed-8780689171146', 'neutron.db.l3_dvrscheduler_db._notify_l3_agent_port_update-8780688678503', 'neutron.db.l3_hascheduler_db._notify_l3_agent_ha_port_update-8780688678521'] for port (652de50d-b602-47a8-836c-c094b3eec82a), after_update {{(pid=103993) _notify_loop /usr/local/lib/python3.8/dist-packages/neutron_lib/callbacks/manager.py:176}}
Jun 29 16:09:42.877106 dv-cinder-848147-1-iscsi neutron-server[103993]: DEBUG dbcounter [-] [103993] Writing DB stats neutron:SELECT=91,neutron:UPDATE=6,neutron:INSERT=3 {{(pid=103993) stat_writer /usr/local/lib/python3.8/dist-packages/dbcounter.py:114}}
Jun 29 16:09:42.883303 dv-cinder-848147-1-iscsi neutron-server[103992]: DEBUG neutron_lib.callbacks.manager [None req-5d6731ee-12be-4d77-819a-b13f60908a71 admin admin] Publish callbacks ['neutron.services.auto_allocate.db._ensure_external_network_default_value_callback-8780688649355'] for network (1d31a991-2d95-49d3-82c4-03bcb2a7b773), precommit_create {{(pid=103992) _notify_loop /usr/local/lib/python3.8/dist-packages/neutron_lib/callbacks/manager.py:176}}
Jun 29 16:09:42.920654 dv-cinder-848147-1-iscsi neutron-server[103991]: DEBUG neutron.api.rpc.handlers.resources_rpc [None req-a6b82394-7857-4d98-a703-a6eb3a615f47 admin admin] Pushing event updated for resources: {'Subnet': ['ID=37fa225e-8f03-4221-a9ea-7c1d83248346,revision_number=0']} {{(pid=103991) push /opt/stack/neutron/neutron/api/rpc/handlers/resources_rpc.py:237}}
Jun 29 16:09:42.949640 dv-cinder-848147-1-iscsi neutron-server[103992]: DEBUG neutron.api.rpc.handlers.resources_rpc [None req-dac965a7-78e5-406c-863b-6e49ded3e66a admin admin] Pushing event updated for resources: {'SecurityGroup': ['ID=4f042ef8-dfce-4513-b817-7985f769b769,revision_number=1']} {{(pid=103992) push /opt/stack/neutron/neutron/api/rpc/handlers/resources_rpc.py:237}}
Jun 29 16:09:42.955519 dv-cinder-848147-1-iscsi neutron-server[103991]: DEBUG dbcounter [-] [103991] Writing DB stats neutron:SELECT=89,neutron:INSERT=7,neutron:UPDATE=4 {{(pid=103991) stat_writer /usr/local/lib/python3.8/dist-packages/dbcounter.py:114}}
Jun 29 16:09:43.027626 dv-cinder-848147-1-iscsi neutron-server[103991]: DEBUG neutron.plugins.ml2.drivers.mech_agent [None req-a6b82394-7857-4d98-a703-a6eb3a615f47 admin admin] Checking segment: {'id': '80c691a3-d8c9-4311-a1ee-ae1a6da937f3', 'network_type': 'vlan', 'physical_network': 'physnet1', 'segmentation_id': 597, 'network_id': '02207256-1ae5-4ba0-a64e-1eb06f43dbfd'} for mappings: {'physnet1': 'br-data'} with network types: ['local', 'flat', 'vlan'] {{(pid=103991) check_segment_for_agent /opt/stack/neutron/neutron/plugins/ml2/drivers/mech_agent.py:373}}
Jun 29 16:09:43.031064 dv-cinder-848147-1-iscsi neutron-server[103991]: DEBUG neutron.scheduler.dhcp_agent_scheduler [None req-a6b82394-7857-4d98-a703-a6eb3a615f47 admin admin] Network hostable DHCP agents. Network: 02207256-1ae5-4ba0-a64e-1eb06f43dbfd, hostable agents: ['f540c23c-ee0e-4345-b766-9644fab546d0'], hosted agents: [] {{(pid=103991) _get_network_hostable_dhcp_agents /opt/stack/neutron/neutron/scheduler/dhcp_agent_scheduler.py:329}}
Jun 29 16:09:43.036034 dv-cinder-848147-1-iscsi neutron-server[103993]: DEBUG neutron.api.rpc.handlers.resources_rpc [None req-d0ee6ec6-c649-4bcc-ab9a-2ca4ce6769a1 None None] Pushing event updated for resources: {'Port': ['ID=652de50d-b602-47a8-836c-c094b3eec82a,revision_number=2']} {{(pid=103993) push /opt/stack/neutron/neutron/api/rpc/handlers/resources_rpc.py:237}}
Jun 29 16:09:43.090704 dv-cinder-848147-1-iscsi neutron-server[103991]: DEBUG neutron.wsgi [-] (103991) accepted ('10.222.0.47', 42302) {{(pid=103991) server /usr/local/lib/python3.8/dist-packages/eventlet/wsgi.py:1004}}
Jun 29 16:09:43.097853 dv-cinder-848147-1-iscsi neutron-server[103991]: DEBUG neutron.api.v2.base [None req-d9ad71cd-1dd0-441b-9d3b-51cf38bc2c5e admin admin] Request body: {'subnet': {'network_id': 'a8b4a59a-8d13-4d0c-b500-ca8a3cc543b2', 'cidr': '172.20.0.0/28', 'name': 'tempest-AttachVolumeTestJSON-102160313-subnet', 'tenant_id': '3fa6a9273bf24c67bfc20849da531320', 'enable_dhcp': True, 'ip_version': 4}} {{(pid=103991) prepare_request_body /opt/stack/neutron/neutron/api/v2/base.py:730}}
Jun 29 16:09:43.099037 dv-cinder-848147-1-iscsi neutron-server[103992]: INFO neutron.wsgi [None req-dac965a7-78e5-406c-863b-6e49ded3e66a admin admin] 10.222.0.47 "POST /v2.0/networks HTTP/1.1" status: 201 len: 864 time: 1.7938373
Jun 29 16:09:43.130909 dv-cinder-848147-1-iscsi neutron-server[103991]: DEBUG neutron.scheduler.dhcp_agent_scheduler [None req-a6b82394-7857-4d98-a703-a6eb3a615f47 admin admin] Network 02207256-1ae5-4ba0-a64e-1eb06f43dbfd is scheduled to be hosted by DHCP agent f540c23c-ee0e-4345-b766-9644fab546d0 with binding_index 1 {{(pid=103991) bind /opt/stack/neutron/neutron/scheduler/dhcp_agent_scheduler.py:227}}
Jun 29 16:09:43.138870 dv-cinder-848147-1-iscsi neutron-server[103991]: DEBUG dbcounter [-] [103991] Writing DB stats neutron:SELECT=87,neutron:INSERT=10,neutron:DELETE=1,neutron:UPDATE=2 {{(pid=103991) stat_writer /usr/local/lib/python3.8/dist-packages/dbcounter.py:114}}
Jun 29 16:09:43.146893 dv-cinder-848147-1-iscsi neutron-server[103991]: DEBUG neutron_lib.callbacks.manager [None req-cca22b03-0f2d-44c3-b509-84b044c5c6f4 admin admin] Publish callbacks [] for port (26dcd2fc-0373-4de9-9d83-3d4a11ced5d9), precommit_create {{(pid=103991) _notify_loop /usr/local/lib/python3.8/dist-packages/neutron_lib/callbacks/manager.py:176}}
Jun 29 16:09:43.160202 dv-cinder-848147-1-iscsi neutron-server[103992]: DEBUG neutron_lib.db.resource_extend [None req-5d6731ee-12be-4d77-819a-b13f60908a71 admin admin] It took 0.23 seconds to run function 'neutron_lib.db.resource_extend.apply_funcs' {{(pid=103992) wrapper /usr/local/lib/python3.8/dist-packages/oslo_utils/timeutils.py:322}}
Jun 29 16:09:43.163047 dv-cinder-848147-1-iscsi neutron-server[103992]: DEBUG neutron.api.rpc.handlers.resources_rpc [None req-dac965a7-78e5-406c-863b-6e49ded3e66a admin admin] Pushing event updated for resources: {'Network': ['ID=a8b4a59a-8d13-4d0c-b500-ca8a3cc543b2,revision_number=1']} {{(pid=103992) push /opt/stack/neutron/neutron/api/rpc/handlers/resources_rpc.py:237}}
Jun 29 16:09:43.168124 dv-cinder-848147-1-iscsi neutron-server[103991]: DEBUG neutron.scheduler.base_scheduler [None req-a6b82394-7857-4d98-a703-a6eb3a615f47 admin admin] Resources bound (agent type, host, resource id): (DHCP agent, dv-cinder-848147-1-iscsi, 02207256-1ae5-4ba0-a64e-1eb06f43dbfd) {{(pid=103991) schedule /opt/stack/neutron/neutron/scheduler/base_scheduler.py:57}}
Jun 29 16:09:43.178031 dv-cinder-848147-1-iscsi neutron-server[103993]: DEBUG neutron.plugins.ml2.rpc [None req-922b3cbb-e559-4d61-944e-3650f8faeca7 None None] Network a8b4a59a-8d13-4d0c-b500-ca8a3cc543b2 details requested by agent ovs-agent-dv-cinder-848147-1-iscsi with host dv-cinder-848147-1-iscsi {{(pid=103993) get_network_details /opt/stack/neutron/neutron/plugins/ml2/rpc.py:248}}
Jun 29 16:09:43.183052 dv-cinder-848147-1-iscsi neutron-server[103991]: DEBUG neutron.pecan_wsgi.hooks.policy_enforcement [None req-a6b82394-7857-4d98-a703-a6eb3a615f47 admin admin] Attributes excluded by policy engine: ['standard_attr_id', 'shared', 'network'] {{(pid=103991) _exclude_attributes_by_policy /opt/stack/neutron/neutron/pecan_wsgi/hooks/policy_enforcement.py:259}}
Jun 29 16:09:43.184708 dv-cinder-848147-1-iscsi neutron-server[103991]: DEBUG neutron_lib.callbacks.manager [None req-a6b82394-7857-4d98-a703-a6eb3a615f47 admin admin] Publish callbacks ['neutron.api.rpc.agentnotifiers.dhcp_rpc_agent_api.DhcpAgentNotifyAPI._send_dhcp_notification-527892'] for subnet (None), before_response {{(pid=103991) _notify_loop /usr/local/lib/python3.8/dist-packages/neutron_lib/callbacks/manager.py:176}}
Jun 29 16:09:43.204580 dv-cinder-848147-1-iscsi neutron-server[103992]: DEBUG neutron.api.rpc.handlers.resources_rpc [None req-5d6731ee-12be-4d77-819a-b13f60908a71 admin admin] Pushing event updated for resources: {'SecurityGroup': ['ID=09bb2892-7f43-422f-842f-71deed93f7d6,revision_number=1']} {{(pid=103992) push /opt/stack/neutron/neutron/api/rpc/handlers/resources_rpc.py:237}}
Jun 29 16:09:43.209288 dv-cinder-848147-1-iscsi neutron-server[103991]: DEBUG neutron.pecan_wsgi.hooks.quota_enforcement [None req-d9ad71cd-1dd0-441b-9d3b-51cf38bc2c5e admin admin] Made reservation on behalf of 3fa6a9273bf24c67bfc20849da531320 for: {'subnet': 1} {{(pid=103991) before /opt/stack/neutron/neutron/pecan_wsgi/hooks/quota_enforcement.py:53}}
Jun 29 16:09:43.218733 dv-cinder-848147-1-iscsi neutron-server[103991]: DEBUG neutron_lib.callbacks.manager [None req-d9ad71cd-1dd0-441b-9d3b-51cf38bc2c5e admin admin] Publish callbacks [] for subnet (None), before_create {{(pid=103991) _notify_loop /usr/local/lib/python3.8/dist-packages/neutron_lib/callbacks/manager.py:176}}
Jun 29 16:09:43.224502 dv-cinder-848147-1-iscsi neutron-server[103993]: DEBUG neutron.api.rpc.handlers.dhcp_rpc [None req-f9b476ef-1631-49ef-9df1-8cd193e4ea5a None None] Network 02207256-1ae5-4ba0-a64e-1eb06f43dbfd requested from dv-cinder-848147-1-iscsi {{(pid=103993) get_network_info /opt/stack/neutron/neutron/api/rpc/handlers/dhcp_rpc.py:191}}
Jun 29 16:09:43.236057 dv-cinder-848147-1-iscsi neutron-server[103992]: DEBUG neutron_lib.callbacks.manager [None req-5d6731ee-12be-4d77-819a-b13f60908a71 admin admin] Publish callbacks ['neutron.plugins.ml2.ovo_rpc._ObjectChangeHandler.handle_event-565164', 'neutron.api.rpc.agentnotifiers.dhcp_rpc_agent_api.DhcpAgentNotifyAPI._native_event_send_dhcp_notification-527910'] for network (1d31a991-2d95-49d3-82c4-03bcb2a7b773), after_create {{(pid=103992) _notify_loop /usr/local/lib/python3.8/dist-packages/neutron_lib/callbacks/manager.py:176}}
Jun 29 16:09:43.237714 dv-cinder-848147-1-iscsi neutron-server[103992]: DEBUG neutron.pecan_wsgi.hooks.policy_enforcement [None req-5d6731ee-12be-4d77-819a-b13f60908a71 admin admin] Attributes excluded by policy engine: ['standard_attr_id', 'vlan_transparent'] {{(pid=103992) _exclude_attributes_by_policy /opt/stack/neutron/neutron/pecan_wsgi/hooks/policy_enforcement.py:259}}
Jun 29 16:09:43.237714 dv-cinder-848147-1-iscsi neutron-server[103992]: DEBUG neutron_lib.callbacks.manager [None req-5d6731ee-12be-4d77-819a-b13f60908a71 admin admin] Publish callbacks ['neutron.api.rpc.agentnotifiers.dhcp_rpc_agent_api.DhcpAgentNotifyAPI._send_dhcp_notification-527892'] for network (None), before_response {{(pid=103992) _notify_loop /usr/local/lib/python3.8/dist-packages/neutron_lib/callbacks/manager.py:176}}
Jun 29 16:09:43.297161 dv-cinder-848147-1-iscsi neutron-server[103991]: INFO neutron.wsgi [None req-a6b82394-7857-4d98-a703-a6eb3a615f47 admin admin] 10.222.0.47 "POST /v2.0/subnets HTTP/1.1" status: 201 len: 854 time: 1.0678010
Jun 29 16:09:43.303404 dv-cinder-848147-1-iscsi neutron-server[103992]: DEBUG neutron.wsgi [-] (103992) accepted ('10.222.0.47', 42314) {{(pid=103992) server /usr/local/lib/python3.8/dist-packages/eventlet/wsgi.py:1004}}
Jun 29 16:09:43.334148 dv-cinder-848147-1-iscsi neutron-server[103992]: DEBUG neutron.api.v2.base [None req-48606647-bae0-4567-9f90-16b1bf72a19d admin admin] Request body: {'router': {'name': 'tempest-ServerRescueNegativeTestJSON-654460431-router', 'tenant_id': '6a410f5a9cef44b39a657b28f6c1772b', 'external_gateway_info': {'network_id': '29abc875-211d-4fcb-9ed2-da41a37f40c4'}}} {{(pid=103992) prepare_request_body /opt/stack/neutron/neutron/api/v2/base.py:730}}
Jun 29 16:09:43.389361 dv-cinder-848147-1-iscsi neutron-server[103991]: DEBUG neutron_lib.callbacks.manager [None req-cca22b03-0f2d-44c3-b509-84b044c5c6f4 admin admin] Publish callbacks ['neutron.plugins.ml2.plugin.SecurityGroupServerNotifierRpcMixin._notify_sg_on_port_change-4129467', 'neutron.plugins.ml2.ovo_rpc._ObjectChangeHandler.handle_event-416333', 'neutron.api.rpc.agentnotifiers.dhcp_rpc_agent_api.DhcpAgentNotifyAPI._native_event_send_dhcp_notification-527910', 'neutron.db.l3_dvrscheduler_db._notify_l3_agent_new_port-8780688678485'] for port (26dcd2fc-0373-4de9-9d83-3d4a11ced5d9), after_create {{(pid=103991) _notify_loop /usr/local/lib/python3.8/dist-packages/neutron_lib/callbacks/manager.py:176}}
Jun 29 16:09:43.496138 dv-cinder-848147-1-iscsi neutron-server[103992]: INFO neutron.wsgi [None req-5d6731ee-12be-4d77-819a-b13f60908a71 admin admin] 10.222.0.47 "POST /v2.0/networks HTTP/1.1" status: 201 len: 868 time: 2.0638385
Jun 29 16:09:43.499272 dv-cinder-848147-1-iscsi neutron-server[103991]: DEBUG neutron.wsgi [-] (103991) accepted ('10.222.0.47', 42322) {{(pid=103991) server /usr/local/lib/python3.8/dist-packages/eventlet/wsgi.py:1004}}
Jun 29 16:09:43.499272 dv-cinder-848147-1-iscsi neutron-server[103991]: DEBUG neutron.api.v2.base [None req-80390b92-c8d1-4628-8bb9-b911770f34c7 admin admin] Request body: {'subnet': {'network_id': '1d31a991-2d95-49d3-82c4-03bcb2a7b773', 'cidr': '172.20.0.0/28', 'name': 'tempest-AttachVolumeNegativeTest-232493230-subnet', 'tenant_id': 'f81b8fe398ae4ed19d6b9f49f6490e5a', 'enable_dhcp': True, 'ip_version': 4}} {{(pid=103991) prepare_request_body /opt/stack/neutron/neutron/api/v2/base.py:730}}
Jun 29 16:09:43.508929 dv-cinder-848147-1-iscsi neutron-server[103991]: DEBUG neutron.scheduler.dhcp_agent_scheduler [None req-cca22b03-0f2d-44c3-b509-84b044c5c6f4 admin admin] Network 29abc875-211d-4fcb-9ed2-da41a37f40c4 is already hosted by enough agents. {{(pid=103991) _get_dhcp_agents_hosting_network /opt/stack/neutron/neutron/scheduler/dhcp_agent_scheduler.py:275}}
Jun 29 16:09:43.514450 dv-cinder-848147-1-iscsi neutron-server[103992]: DEBUG neutron_lib.callbacks.manager [None req-847fd17f-b809-4f76-b18f-b91e125d776d admin admin] Publish callbacks ['neutron.plugins.ml2.ovo_rpc._ObjectChangeHandler.handle_event-632929', 'neutron.api.rpc.agentnotifiers.dhcp_rpc_agent_api.DhcpAgentNotifyAPI._native_event_send_dhcp_notification-527910'] for subnet (f55b776c-e1bd-4c2c-a151-30ef841655ab), after_create {{(pid=103992) _notify_loop /usr/local/lib/python3.8/dist-packages/neutron_lib/callbacks/manager.py:176}}
Jun 29 16:09:43.517114 dv-cinder-848147-1-iscsi neutron-server[103991]: DEBUG neutron.api.rpc.handlers.resources_rpc [None req-cca22b03-0f2d-44c3-b509-84b044c5c6f4 admin admin] Pushing event updated for resources: {'Port': ['ID=26dcd2fc-0373-4de9-9d83-3d4a11ced5d9,revision_number=1']} {{(pid=103991) push /opt/stack/neutron/neutron/api/rpc/handlers/resources_rpc.py:237}}
Jun 29 16:09:43.532547 dv-cinder-848147-1-iscsi neutron-server[103991]: DEBUG neutron.scheduler.base_scheduler [None req-cca22b03-0f2d-44c3-b509-84b044c5c6f4 admin admin] Resources bound (agent type, host, resource id): {{(pid=103991) schedule /opt/stack/neutron/neutron/scheduler/base_scheduler.py:57}}
Jun 29 16:09:43.540689 dv-cinder-848147-1-iscsi neutron-server[103991]: DEBUG neutron.db.l3_dvrscheduler_db [None req-cca22b03-0f2d-44c3-b509-84b044c5c6f4 admin admin] Received port after_create {{(pid=103991) _notify_l3_agent_new_port /opt/stack/neutron/neutron/db/l3_dvrscheduler_db.py:542}}
Jun 29 16:09:43.613738 dv-cinder-848147-1-iscsi neutron-server[103992]: DEBUG neutron_lib.callbacks.manager [None req-48606647-bae0-4567-9f90-16b1bf72a19d admin admin] Publish callbacks ['neutron.services.l3_router.l3_router_plugin.L3_HA_NAT_db_mixin._before_router_create_handler-1046365', 'neutron.services.l3_router.service_providers.driver_controller.DriverController._check_router_request-506827'] for router (2c1cbb5b-f027-4ece-abdb-c47988d9e7c8), before_create {{(pid=103992) _notify_loop /usr/local/lib/python3.8/dist-packages/neutron_lib/callbacks/manager.py:176}}
Jun 29 16:09:43.615237 dv-cinder-848147-1-iscsi neutron-server[103992]: DEBUG neutron_lib.callbacks.manager [None req-48606647-bae0-4567-9f90-16b1bf72a19d admin admin] Publish callbacks ['neutron.services.l3_router.l3_router_plugin.L3_HA_NAT_db_mixin._precommit_router_create-1046235', 'neutron.services.l3_router.l3_router_plugin.DVRResourceOperationHandler._set_distributed_flag-1043098', 'neutron.services.l3_router.l3_router_plugin.RouterAvailabilityZoneMixin._process_az_request-908784', 'neutron.services.l3_router.service_providers.driver_controller.DriverController._set_router_provider-506818'] for router (2c1cbb5b-f027-4ece-abdb-c47988d9e7c8), precommit_create {{(pid=103992) _notify_loop /usr/local/lib/python3.8/dist-packages/neutron_lib/callbacks/manager.py:176}}
Jun 29 16:09:43.627492 dv-cinder-848147-1-iscsi neutron-server[103992]: DEBUG neutron.api.rpc.handlers.resources_rpc [None req-5d6731ee-12be-4d77-819a-b13f60908a71 admin admin] Pushing event updated for resources: {'Network': ['ID=1d31a991-2d95-49d3-82c4-03bcb2a7b773,revision_number=1']} {{(pid=103992) push /opt/stack/neutron/neutron/api/rpc/handlers/resources_rpc.py:237}}
Jun 29 16:09:43.658799 dv-cinder-848147-1-iscsi neutron-server[103992]: DEBUG dbcounter [-] [103992] Writing DB stats neutron:SELECT=83,neutron:INSERT=12,neutron:UPDATE=4,neutron:DELETE=1 {{(pid=103992) stat_writer /usr/local/lib/python3.8/dist-packages/dbcounter.py:114}}
Jun 29 16:09:43.672629 dv-cinder-848147-1-iscsi neutron-server[103991]: DEBUG neutron.pecan_wsgi.hooks.quota_enforcement [None req-80390b92-c8d1-4628-8bb9-b911770f34c7 admin admin] Made reservation on behalf of f81b8fe398ae4ed19d6b9f49f6490e5a for: {'subnet': 1} {{(pid=103991) before /opt/stack/neutron/neutron/pecan_wsgi/hooks/quota_enforcement.py:53}}
Jun 29 16:09:43.673544 dv-cinder-848147-1-iscsi neutron-server[103993]: DEBUG neutron.plugins.ml2.rpc [None req-922b3cbb-e559-4d61-944e-3650f8faeca7 None None] Network 1d31a991-2d95-49d3-82c4-03bcb2a7b773 details requested by agent ovs-agent-dv-cinder-848147-1-iscsi with host dv-cinder-848147-1-iscsi {{(pid=103993) get_network_details /opt/stack/neutron/neutron/plugins/ml2/rpc.py:248}}
Jun 29 16:09:43.677222 dv-cinder-848147-1-iscsi neutron-server[103991]: DEBUG neutron_lib.callbacks.manager [None req-80390b92-c8d1-4628-8bb9-b911770f34c7 admin admin] Publish callbacks [] for subnet (None), before_create {{(pid=103991) _notify_loop /usr/local/lib/python3.8/dist-packages/neutron_lib/callbacks/manager.py:176}}
Jun 29 16:09:43.693895 dv-cinder-848147-1-iscsi neutron-server[103993]: DEBUG neutron.api.rpc.handlers.dhcp_rpc [None req-973a1eb1-8148-45dc-b012-ce743851b4dd None None] Create dhcp port {'port': {'name': '', 'admin_state_up': True, 'device_id': 'dhcp99018864-abc5-5f37-974c-68e63584d96c-02207256-1ae5-4ba0-a64e-1eb06f43dbfd', 'network_id': '02207256-1ae5-4ba0-a64e-1eb06f43dbfd', 'project_id': '6a410f5a9cef44b39a657b28f6c1772b', 'fixed_ips': [{'subnet_id': '37fa225e-8f03-4221-a9ea-7c1d83248346'}]}} from dv-cinder-848147-1-iscsi. {{(pid=103993) create_dhcp_port /opt/stack/neutron/neutron/api/rpc/handlers/dhcp_rpc.py:268}}
Jun 29 16:09:43.695105 dv-cinder-848147-1-iscsi neutron-server[103993]: DEBUG neutron_lib.callbacks.manager [None req-973a1eb1-8148-45dc-b012-ce743851b4dd None None] Publish callbacks ['neutron.plugins.ml2.plugin.SecurityGroupDbMixin._ensure_default_security_group_handler-4129524'] for port (None), before_create {{(pid=103993) _notify_loop /usr/local/lib/python3.8/dist-packages/neutron_lib/callbacks/manager.py:176}}
Jun 29 16:09:43.756399 dv-cinder-848147-1-iscsi neutron-server[103992]: DEBUG neutron.api.rpc.handlers.resources_rpc [None req-847fd17f-b809-4f76-b18f-b91e125d776d admin admin] Pushing event updated for resources: {'Subnet': ['ID=f55b776c-e1bd-4c2c-a151-30ef841655ab,revision_number=0']} {{(pid=103992) push /opt/stack/neutron/neutron/api/rpc/handlers/resources_rpc.py:237}}
Jun 29 16:09:43.958372 dv-cinder-848147-1-iscsi neutron-server[103992]: DEBUG neutron_lib.callbacks.manager [None req-48606647-bae0-4567-9f90-16b1bf72a19d admin admin] Publish callbacks [] for router_controller (2c1cbb5b-f027-4ece-abdb-c47988d9e7c8), precommit_add_association {{(pid=103992) _notify_loop /usr/local/lib/python3.8/dist-packages/neutron_lib/callbacks/manager.py:176}}
Jun 29 16:09:43.960360 dv-cinder-848147-1-iscsi neutron-server[103992]: DEBUG neutron.plugins.ml2.drivers.mech_agent [None req-847fd17f-b809-4f76-b18f-b91e125d776d admin admin] Checking segment: {'id': '90d8139b-75eb-4cba-994a-2631ea6c909d', 'network_type': 'vlan', 'physical_network': 'physnet1', 'segmentation_id': 565, 'network_id': '23d87460-3054-4323-bbfc-60f319d2d13d'} for mappings: {'physnet1': 'br-data'} with network types: ['local', 'flat', 'vlan'] {{(pid=103992) check_segment_for_agent /opt/stack/neutron/neutron/plugins/ml2/drivers/mech_agent.py:373}}
Jun 29 16:09:43.961057 dv-cinder-848147-1-iscsi neutron-server[103992]: DEBUG neutron.scheduler.dhcp_agent_scheduler [None req-847fd17f-b809-4f76-b18f-b91e125d776d admin admin] Network hostable DHCP agents. Network: 23d87460-3054-4323-bbfc-60f319d2d13d, hostable agents: ['f540c23c-ee0e-4345-b766-9644fab546d0'], hosted agents: [] {{(pid=103992) _get_network_hostable_dhcp_agents /opt/stack/neutron/neutron/scheduler/dhcp_agent_scheduler.py:329}}
Jun 29 16:09:44.028063 dv-cinder-848147-1-iscsi neutron-server[103991]: DEBUG neutron_lib.callbacks.manager [None req-d9ad71cd-1dd0-441b-9d3b-51cf38bc2c5e admin admin] Publish callbacks ['neutron.plugins.ml2.ovo_rpc._ObjectChangeHandler.handle_event-632929', 'neutron.api.rpc.agentnotifiers.dhcp_rpc_agent_api.DhcpAgentNotifyAPI._native_event_send_dhcp_notification-527910'] for subnet (33d935b3-12cf-4d76-8dca-9ac167658abb), after_create {{(pid=103991) _notify_loop /usr/local/lib/python3.8/dist-packages/neutron_lib/callbacks/manager.py:176}}
Jun 29 16:09:44.114593 dv-cinder-848147-1-iscsi neutron-server[103993]: DEBUG neutron.db.db_base_plugin_common [None req-973a1eb1-8148-45dc-b012-ce743851b4dd None None] Allocated IP 172.20.0.2 (02207256-1ae5-4ba0-a64e-1eb06f43dbfd/37fa225e-8f03-4221-a9ea-7c1d83248346/5ca4ae46-bf45-4386-bdbc-d19492d4c0f2) {{(pid=103993) _store_ip_allocation /opt/stack/neutron/neutron/db/db_base_plugin_common.py:131}}
Jun 29 16:09:44.133504 dv-cinder-848147-1-iscsi neutron-server[103992]: DEBUG neutron.scheduler.dhcp_agent_scheduler [None req-847fd17f-b809-4f76-b18f-b91e125d776d admin admin] Network 23d87460-3054-4323-bbfc-60f319d2d13d is scheduled to be hosted by DHCP agent f540c23c-ee0e-4345-b766-9644fab546d0 with binding_index 1 {{(pid=103992) bind /opt/stack/neutron/neutron/scheduler/dhcp_agent_scheduler.py:227}}
