Sep 19 17:24:51.625738 dv-cinder-848013-2-iscsi neutron-server[106880]: INFO neutron.wsgi [None req-76843943-b268-4315-a11e-bc2663f4e470 admin admin] 10.222.0.61 "DELETE /networking/v2.0/routers/56c881c8-df00-4f6b-9a66-d0dcbe74117a HTTP/1.1" status: 204 len: 168 time: 1.4150677
Sep 19 17:24:51.628442 dv-cinder-848013-2-iscsi neutron-server[106879]: DEBUG neutron.wsgi [-] (106879) accepted ('10.222.0.61', 54202) {{(pid=106879) server /usr/local/lib/python3.8/dist-packages/eventlet/wsgi.py:1004}}
Sep 19 17:24:51.675386 dv-cinder-848013-2-iscsi neutron-server[106880]: DEBUG neutron_lib.callbacks.manager [None req-1a0680ca-5d88-488b-bc4d-241cd03ae311 admin admin] Publish callbacks [] for security_group (1af199e9-a5ae-4433-9c6e-9daf834c5f1a), precommit_create {{(pid=106880) _notify_loop /usr/local/lib/python3.8/dist-packages/neutron_lib/callbacks/manager.py:176}}
Sep 19 17:24:51.679241 dv-cinder-848013-2-iscsi neutron-server[106879]: DEBUG neutron.db.db_base_plugin_v2 [None req-990b5946-f1af-457d-99a7-59af671069c7 admin admin] Deleting subnet ada66cab-bb48-4c8b-a887-63ee84f2f05b {{(pid=106879) delete_subnet /opt/stack/neutron/neutron/db/db_base_plugin_v2.py:1067}}
Sep 19 17:24:51.682855 dv-cinder-848013-2-iscsi neutron-server[106879]: DEBUG neutron_lib.callbacks.manager [None req-990b5946-f1af-457d-99a7-59af671069c7 admin admin] Publish callbacks [] for subnet (ada66cab-bb48-4c8b-a887-63ee84f2f05b), before_delete {{(pid=106879) _notify_loop /usr/local/lib/python3.8/dist-packages/neutron_lib/callbacks/manager.py:176}}
Sep 19 17:24:51.721351 dv-cinder-848013-2-iscsi neutron-server[106879]: DEBUG neutron_lib.callbacks.manager [None req-990b5946-f1af-457d-99a7-59af671069c7 admin admin] Publish callbacks [] for subnet (ada66cab-bb48-4c8b-a887-63ee84f2f05b), precommit_delete_associations {{(pid=106879) _notify_loop /usr/local/lib/python3.8/dist-packages/neutron_lib/callbacks/manager.py:176}}
Sep 19 17:24:51.742472 dv-cinder-848013-2-iscsi neutron-server[106880]: DEBUG neutron_lib.callbacks.manager [None req-1a0680ca-5d88-488b-bc4d-241cd03ae311 admin admin] Publish callbacks ['neutron.plugins.ml2.ovo_rpc._ObjectChangeHandler.handle_event-537543'] for security_group (1af199e9-a5ae-4433-9c6e-9daf834c5f1a), after_create {{(pid=106880) _notify_loop /usr/local/lib/python3.8/dist-packages/neutron_lib/callbacks/manager.py:176}}
Sep 19 17:24:51.787558 dv-cinder-848013-2-iscsi neutron-server[106880]: INFO neutron.wsgi [None req-1a0680ca-5d88-488b-bc4d-241cd03ae311 admin admin] 10.222.0.61 "GET /networking/v2.0/security-groups?tenant_id=cc0eb312db3245978378451037cc9e55&name=default HTTP/1.1" status: 200 len: 2996 time: 0.3535230
Sep 19 17:24:51.788677 dv-cinder-848013-2-iscsi neutron-server[106880]: DEBUG neutron.api.rpc.handlers.resources_rpc [None req-1a0680ca-5d88-488b-bc4d-241cd03ae311 admin admin] Pushing event updated for resources: {'SecurityGroup': ['ID=1af199e9-a5ae-4433-9c6e-9daf834c5f1a,revision_number=1']} {{(pid=106880) push /opt/stack/neutron/neutron/api/rpc/handlers/resources_rpc.py:237}}
Sep 19 17:24:51.791231 dv-cinder-848013-2-iscsi neutron-server[106880]: DEBUG neutron.wsgi [-] (106880) accepted ('10.222.0.61', 54208) {{(pid=106880) server /usr/local/lib/python3.8/dist-packages/eventlet/wsgi.py:1004}}
Sep 19 17:24:51.812739 dv-cinder-848013-2-iscsi neutron-server[106879]: DEBUG neutron.wsgi [-] (106879) accepted ('10.222.0.61', 54212) {{(pid=106879) server /usr/local/lib/python3.8/dist-packages/eventlet/wsgi.py:1004}}
Sep 19 17:24:51.819609 dv-cinder-848013-2-iscsi neutron-server[106879]: DEBUG neutron_lib.callbacks.manager [None req-990b5946-f1af-457d-99a7-59af671069c7 admin admin] Publish callbacks ['neutron.plugins.ml2.plugin.Ml2Plugin._subnet_delete_precommit_handler-33422186'] for subnet (ada66cab-bb48-4c8b-a887-63ee84f2f05b), precommit_delete {{(pid=106879) _notify_loop /usr/local/lib/python3.8/dist-packages/neutron_lib/callbacks/manager.py:176}}
Sep 19 17:24:51.870668 dv-cinder-848013-2-iscsi neutron-server[106880]: DEBUG neutron_lib.callbacks.manager [None req-a4155f40-86db-4fa0-bc94-2771afa6cb19 admin admin] Publish callbacks [] for security_group (1af199e9-a5ae-4433-9c6e-9daf834c5f1a), before_delete {{(pid=106880) _notify_loop /usr/local/lib/python3.8/dist-packages/neutron_lib/callbacks/manager.py:176}}
Sep 19 17:24:51.924237 dv-cinder-848013-2-iscsi neutron-server[106880]: DEBUG neutron_lib.callbacks.manager [None req-a4155f40-86db-4fa0-bc94-2771afa6cb19 admin admin] Publish callbacks [] for security_group (1af199e9-a5ae-4433-9c6e-9daf834c5f1a), precommit_delete {{(pid=106880) _notify_loop /usr/local/lib/python3.8/dist-packages/neutron_lib/callbacks/manager.py:176}}
Sep 19 17:24:51.957580 dv-cinder-848013-2-iscsi neutron-server[106879]: DEBUG neutron.api.v2.base [None req-acced161-ab90-4fe7-a162-2d4f5aea7147 admin admin] Request body: {'network': {'name': 'tempest-VolumesSnapshotTestJSON-73527017-network', 'tenant_id': '6198c6cbed294d0eb4ef8fcd97ba96fe'}} {{(pid=106879) prepare_request_body /opt/stack/neutron/neutron/api/v2/base.py:730}}
Sep 19 17:24:51.990418 dv-cinder-848013-2-iscsi neutron-server[106881]: DEBUG neutron.plugins.ml2.rpc [None req-37206546-911d-4b22-9463-1f2ef320b3eb None None] Device 8621d68b-333d-40c5-bfe0-33b8103832f6 no longer exists at agent ovs-agent-dv-cinder-848013-2-iscsi {{(pid=106881) update_device_down /opt/stack/neutron/neutron/plugins/ml2/rpc.py:259}}
Sep 19 17:24:52.014695 dv-cinder-848013-2-iscsi neutron-server[106881]: DEBUG neutron.plugins.ml2.plugin [None req-37206546-911d-4b22-9463-1f2ef320b3eb None None] No Port match for: 8621d68b-333d-40c5-bfe0-33b8103832f6 {{(pid=106881) port_bound_to_host /opt/stack/neutron/neutron/plugins/ml2/plugin.py:2405}}
Sep 19 17:24:52.015275 dv-cinder-848013-2-iscsi neutron-server[106881]: DEBUG neutron.plugins.ml2.rpc [None req-37206546-911d-4b22-9463-1f2ef320b3eb None None] Device 8621d68b-333d-40c5-bfe0-33b8103832f6 not bound to the agent host dv-cinder-848013-2-iscsi {{(pid=106881) update_device_down /opt/stack/neutron/neutron/plugins/ml2/rpc.py:269}}
Sep 19 17:24:52.015729 dv-cinder-848013-2-iscsi neutron-server[106881]: DEBUG neutron.plugins.ml2.rpc [None req-37206546-911d-4b22-9463-1f2ef320b3eb None None] Device ab1c6d10-edd2-4ff2-b49f-80341af3ce81 no longer exists at agent ovs-agent-dv-cinder-848013-2-iscsi {{(pid=106881) update_device_down /opt/stack/neutron/neutron/plugins/ml2/rpc.py:259}}
Sep 19 17:24:52.024214 dv-cinder-848013-2-iscsi neutron-server[106879]: DEBUG neutron_lib.callbacks.manager [None req-990b5946-f1af-457d-99a7-59af671069c7 admin admin] Publish callbacks ['neutron.plugins.ml2.plugin.Ml2Plugin._subnet_delete_after_delete_handler-33420887', 'neutron.plugins.ml2.ovo_rpc._ObjectChangeHandler.handle_event-539027', 'neutron.api.rpc.agentnotifiers.dhcp_rpc_agent_api.DhcpAgentNotifyAPI._native_event_send_dhcp_notification-540434'] for subnet (ada66cab-bb48-4c8b-a887-63ee84f2f05b), after_delete {{(pid=106879) _notify_loop /usr/local/lib/python3.8/dist-packages/neutron_lib/callbacks/manager.py:176}}
Sep 19 17:24:52.038449 dv-cinder-848013-2-iscsi neutron-server[106881]: DEBUG neutron.plugins.ml2.plugin [None req-37206546-911d-4b22-9463-1f2ef320b3eb None None] No Port match for: ab1c6d10-edd2-4ff2-b49f-80341af3ce81 {{(pid=106881) port_bound_to_host /opt/stack/neutron/neutron/plugins/ml2/plugin.py:2405}}
Sep 19 17:24:52.038818 dv-cinder-848013-2-iscsi neutron-server[106881]: DEBUG neutron.plugins.ml2.rpc [None req-37206546-911d-4b22-9463-1f2ef320b3eb None None] Device ab1c6d10-edd2-4ff2-b49f-80341af3ce81 not bound to the agent host dv-cinder-848013-2-iscsi {{(pid=106881) update_device_down /opt/stack/neutron/neutron/plugins/ml2/rpc.py:269}}
Sep 19 17:24:52.046628 dv-cinder-848013-2-iscsi neutron-server[106880]: DEBUG dbcounter [-] [106880] Writing DB stats neutron:SELECT=83,neutron:DELETE=4,neutron:UPDATE=2,neutron:INSERT=11 {{(pid=106880) stat_writer /usr/local/lib/python3.8/dist-packages/dbcounter.py:114}}
Sep 19 17:24:52.046628 dv-cinder-848013-2-iscsi neutron-server[106880]: DEBUG neutron_lib.callbacks.manager [None req-a4155f40-86db-4fa0-bc94-2771afa6cb19 admin admin] Publish callbacks ['neutron.plugins.ml2.ovo_rpc._ObjectChangeHandler.handle_event-537543'] for security_group (1af199e9-a5ae-4433-9c6e-9daf834c5f1a), after_delete {{(pid=106880) _notify_loop /usr/local/lib/python3.8/dist-packages/neutron_lib/callbacks/manager.py:176}}
Sep 19 17:24:52.047167 dv-cinder-848013-2-iscsi neutron-server[106880]: DEBUG neutron_lib.callbacks.manager [None req-a4155f40-86db-4fa0-bc94-2771afa6cb19 admin admin] Publish callbacks [] for security_group (None), before_response {{(pid=106880) _notify_loop /usr/local/lib/python3.8/dist-packages/neutron_lib/callbacks/manager.py:176}}
Sep 19 17:24:52.051077 dv-cinder-848013-2-iscsi neutron-server[106880]: INFO neutron.wsgi [None req-a4155f40-86db-4fa0-bc94-2771afa6cb19 admin admin] 10.222.0.61 "DELETE /networking/v2.0/security-groups/1af199e9-a5ae-4433-9c6e-9daf834c5f1a HTTP/1.1" status: 204 len: 168 time: 0.2587423
Sep 19 17:24:52.060830 dv-cinder-848013-2-iscsi neutron-server[106880]: DEBUG neutron.api.rpc.handlers.resources_rpc [None req-a4155f40-86db-4fa0-bc94-2771afa6cb19 admin admin] Pushing event deleted for resources: {'SecurityGroup': ['ID=1af199e9-a5ae-4433-9c6e-9daf834c5f1a,revision_number=None']} {{(pid=106880) push /opt/stack/neutron/neutron/api/rpc/handlers/resources_rpc.py:237}}
Sep 19 17:24:52.069347 dv-cinder-848013-2-iscsi neutron-server[106879]: DEBUG neutron.pecan_wsgi.hooks.quota_enforcement [None req-acced161-ab90-4fe7-a162-2d4f5aea7147 admin admin] Made reservation on behalf of 6198c6cbed294d0eb4ef8fcd97ba96fe for: {'network': 1} {{(pid=106879) before /opt/stack/neutron/neutron/pecan_wsgi/hooks/quota_enforcement.py:53}}
Sep 19 17:24:52.071463 dv-cinder-848013-2-iscsi neutron-server[106879]: DEBUG neutron_lib.callbacks.manager [None req-acced161-ab90-4fe7-a162-2d4f5aea7147 admin admin] Publish callbacks ['neutron.plugins.ml2.plugin.SecurityGroupDbMixin._ensure_default_security_group_handler-33457742'] for network (None), before_create {{(pid=106879) _notify_loop /usr/local/lib/python3.8/dist-packages/neutron_lib/callbacks/manager.py:176}}
Sep 19 17:24:52.074738 dv-cinder-848013-2-iscsi neutron-server[106879]: DEBUG neutron.api.rpc.handlers.resources_rpc [None req-990b5946-f1af-457d-99a7-59af671069c7 admin admin] Pushing event deleted for resources: {'Subnet': ['ID=ada66cab-bb48-4c8b-a887-63ee84f2f05b,revision_number=None']} {{(pid=106879) push /opt/stack/neutron/neutron/api/rpc/handlers/resources_rpc.py:237}}
Sep 19 17:24:52.097875 dv-cinder-84801