Jun 28 17:47:43.432193 dv-cinder-848013-1-smb neutron-server[110455]: DEBUG novaclient.v2.client [-] REQ: curl -g -i --cacert "/opt/stack/data/ca-bundle.pem" -X POST http://10.222.0.48/compute/v2.1/os-server-external-events -H "Accept: application/json" -H "Content-Type: application/json" -H "User-Agent: python-novaclient" -H "X-Auth-Token: {SHA256}d1d6114168c06bcd1f84f33bbbaec0e6e0d5948485a871170476f41567b80b9b" -H "X-OpenStack-Nova-API-Version: 2.1" -H "X-OpenStack-Request-ID: req-b310acdd-cd37-449d-9729-3c6fc6a81a5f" -d '{"events": [{"server_uuid": "e7dffecd-3c06-4846-b17c-512f4a10b9ca", "name": "network-vif-plugged", "status": "completed", "tag": "ea4204c5-7c3e-4a03-a893-9094a9f92618"}]}' {{(pid=110455) _http_log_request /usr/local/lib/python3.8/dist-packages/keystoneauth1/session.py:519}}
Jun 28 17:47:43.512084 dv-cinder-848013-1-smb neutron-server[110453]: DEBUG neutron.wsgi [-] (110453) accepted ('10.222.0.48', 43588) {{(pid=110453) server /usr/local/lib/python3.8/dist-packages/eventlet/wsgi.py:1004}}
Jun 28 17:47:43.513251 dv-cinder-848013-1-smb neutron-server[110455]: DEBUG novaclient.v2.client [-] RESP: [200] Connection: close Content-Length: 183 Content-Type: application/json Date: Tue, 28 Jun 2022 17:47:43 GMT OpenStack-API-Version: compute 2.1 Server: Apache/2.4.41 (Ubuntu) Vary: OpenStack-API-Version,X-OpenStack-Nova-API-Version X-OpenStack-Nova-API-Version: 2.1 x-compute-request-id: req-5e4ed428-887e-4e7e-adc7-fce5348ba9cf x-openstack-request-id: req-5e4ed428-887e-4e7e-adc7-fce5348ba9cf {{(pid=110455) _http_log_response /usr/local/lib/python3.8/dist-packages/keystoneauth1/session.py:550}}
Jun 28 17:47:43.513564 dv-cinder-848013-1-smb neutron-server[110455]: DEBUG novaclient.v2.client [-] RESP BODY: {"events": [{"server_uuid": "e7dffecd-3c06-4846-b17c-512f4a10b9ca", "name": "network-vif-plugged", "status": "completed", "tag": "ea4204c5-7c3e-4a03-a893-9094a9f92618", "code": 200}]} {{(pid=110455) _http_log_response /usr/local/lib/python3.8/dist-packages/keystoneauth1/session.py:582}}
Jun 28 17:47:43.513836 dv-cinder-848013-1-smb neutron-server[110455]: DEBUG novaclient.v2.client [-] POST call to compute for http://10.222.0.48/compute/v2.1/os-server-external-events used request id req-5e4ed428-887e-4e7e-adc7-fce5348ba9cf {{(pid=110455) request /usr/local/lib/python3.8/dist-packages/keystoneauth1/session.py:954}}
Jun 28 17:47:43.514234 dv-cinder-848013-1-smb neutron-server[110455]: INFO neutron.notifiers.nova [-] Nova event matching ['req-5e4ed428-887e-4e7e-adc7-fce5348ba9cf'] response: {'server_uuid': 'e7dffecd-3c06-4846-b17c-512f4a10b9ca', 'name': 'network-vif-plugged', 'status': 'completed', 'tag': 'ea4204c5-7c3e-4a03-a893-9094a9f92618', 'code': 200}
Jun 28 17:47:43.628823 dv-cinder-848013-1-smb neutron-server[110453]: DEBUG neutron.wsgi [-] (110453) accepted ('10.222.0.48', 43592) {{(pid=110453) server /usr/local/lib/python3.8/dist-packages/eventlet/wsgi.py:1004}}
Jun 28 17:47:43.640525 dv-cinder-848013-1-smb neutron-server[110454]: DEBUG neutron.pecan_wsgi.hooks.policy_enforcement [req-3acbfe31-4acb-450a-8fb2-3d03fb0457fb req-b879e28f-d0ab-4ca5-a340-56d2a46867c2 tempest-AttachVolumeTestJSON-763977615 tempest-AttachVolumeTestJSON-763977615-project] Attributes excluded by policy engine: ['standard_attr_id', 'binding:profile', 'binding:host_id', 'binding:vif_type', 'binding:vif_details'] {{(pid=110454) _exclude_attributes_by_policy /opt/stack/neutron/neutron/pecan_wsgi/hooks/policy_enforcement.py:259}}
Jun 28 17:47:43.642933 dv-cinder-848013-1-smb neutron-server[110454]: INFO neutron.wsgi [req-3acbfe31-4acb-450a-8fb2-3d03fb0457fb req-b879e28f-d0ab-4ca5-a340-56d2a46867c2 tempest-AttachVolumeTestJSON-763977615 tempest-AttachVolumeTestJSON-763977615-project] 10.222.0.48 "GET /v2.0/ports?device_id=ab1a09b4-f602-4215-8beb-ab52a08c88a3 HTTP/1.1" status: 200 len: 946 time: 0.1159968
Jun 28 17:47:43.729154 dv-cinder-848013-1-smb neutron-server[110453]: DEBUG neutron_lib.callbacks.manager [None req-62390fa9-7865-4d1e-b79b-a4ab68846738 admin admin] Publish callbacks [] for security_group (None), before_create {{(pid=110453) _notify_loop /usr/local/lib/python3.8/dist-packages/neutron_lib/callbacks/manager.py:176}}
Jun 28 17:47:43.738149 dv-cinder-848013-1-smb neutron-server[110454]: INFO neutron.wsgi [req-3acbfe31-4acb-450a-8fb2-3d03fb0457fb req-25e1cd31-18d1-485b-8ba1-017785649a3f tempest-AttachVolumeTestJSON-763977615 tempest-AttachVolumeTestJSON-763977615-project] 10.222.0.48 "GET /v2.0/security-groups?id=aa24c35d-ca5f-4380-b692-c4985a46e213&fields=id&fields=name HTTP/1.1" status: 200 len: 311 time: 0.0852220
Jun 28 17:47:43.817935 dv-cinder-848013-1-smb neutron-server[110453]: DEBUG neutron_lib.callbacks.manager [None req-2aa800ca-6517-49b4-9834-f213533ef31d admin admin] Publish callbacks [] for security_group (None), before_create {{(pid=110453) _notify_loop /usr/local/lib/python3.8/dist-packages/neutron_lib/callbacks/manager.py:176}}
Jun 28 17:47:43.950613 dv-cinder-848013-1-smb neutron-server[110454]: DEBUG neutron.pecan_wsgi.hooks.policy_enforcement [req-91013192-0e7d-40c1-b932-bcf482ba6722 req-503d6dc4-3f3d-4b26-a1c3-3361ff21532a tempest-ServerRescueNegativeTestJSON-1452963999 tempest-ServerRescueNegativeTestJSON-1452963999-project] Attributes excluded by policy engine: ['standard_attr_id', 'binding:profile', 'binding:host_id', 'binding:vif_type', 'binding:vif_details'] {{(pid=110454) _exclude_attributes_by_policy /opt/stack/neutron/neutron/pecan_wsgi/hooks/policy_enforcement.py:259}}
Jun 28 17:47:43.952200 dv-cinder-848013-1-smb neutron-server[110454]: INFO neutron.wsgi [req-91013192-0e7d-40c1-b932-bcf482ba6722 req-503d6dc4-3f3d-4b26-a1c3-3361ff21532a tempest-ServerRescueNegativeTestJSON-1452963999 tempest-ServerRescueNegativeTestJSON-1452963999-project] 10.222.0.48 "GET /v2.0/ports?device_id=e7dffecd-3c06-4846-b17c-512f4a10b9ca HTTP/1.1" status: 200 len: 945 time: 0.0748723
Jun 28 17:47:43.972497 dv-cinder-848013-1-smb neutron-server[110453]: DEBUG neutron.pecan_wsgi.hooks.policy_enforcement [req-5cad5985-ca3d-45e4-ab78-a87966d18bc0 req-0923c59e-5fe5-4384-8312-c5e0da0c3b3f tempest-AttachVolumeShelveTestJSON-881936519 tempest-AttachVolumeShelveTestJSON-881936519-project] Attributes excluded by policy engine: ['standard_attr_id', 'binding:profile', 'binding:host_id', 'binding:vif_type', 'binding:vif_details'] {{(pid=110453) _exclude_attributes_by_policy /opt/stack/neutron/neutron/pecan_wsgi/hooks/policy_enforcement.py:259}}
Jun 28 17:47:43.974423 dv-cinder-848013-1-smb neutron-server[110453]: INFO neutron.wsgi [req-5cad5985-ca3d-45e4-ab78-a87966d18bc0 req-0923c59e-5fe5-4384-8312-c5e0da0c3b3f tempest-AttachVolumeShelveTestJSON-881936519 tempest-AttachVolumeShelveTestJSON-881936519-project] 10.222.0.48 "GET /v2.0/ports?device_id=1d59f040-0c44-460c-bf8d-22352c2bcf66 HTTP/1.1" status: 200 len: 945 time: 0.1483085
Jun 28 17:47:43.989972 dv-cinder-848013-1-smb neutron-server[110453]: DEBUG neutron.wsgi [-] (110453) accepted ('10.222.0.48', 43612) {{(pid=110453) server /usr/local/lib/python3.8/dist-packages/eventlet/wsgi.py:1004}}
Jun 28 17:47:44.002498 dv-cinder-848013-1-smb neutron-server[110453]: DEBUG neutron.api.v2.base [None req-d8eaafa0-5d67-485d-8fc9-5c9cab22e534 tempest-AttachVolumeShelveTestJSON-881936519 tempest-AttachVolumeShelveTestJSON-881936519-project] Request body: {'floatingip': {'port_id': '9887cf0e-2a68-468b-8848-72c7505e9b81'}} {{(pid=110453) prepare_request_body /opt/stack/neutron/neutron/api/v2/base.py:730}}
Jun 28 17:47:44.059450 dv-cinder-848013-1-smb neutron-server[110454]: INFO neutron.wsgi [req-91013192-0e7d-40c1-b932-bcf482ba6722 req-d96d9f3e-a4c3-449e-a887-26f5b0580065 tempest-ServerRescueNegativeTestJSON-1452963999 tempest-ServerRescueNegativeTestJSON-1452963999-project] 10.222.0.48 "GET /v2.0/security-groups?id=4ba4bed0-b057-4f90-9599-74ba850ff4ad&fields=id&fields=name HTTP/1.1" status: 200 len: 286 time: 0.0947669
Jun 28 17:47:44.148253 dv-cinder-848013-1-smb neutron-server[110453]: DEBUG neutron_lib.callbacks.manager [None req-d8eaafa0-5d67-485d-8fc9-5c9cab22e534 tempest-AttachVolumeShelveTestJSON-881936519 tempest-AttachVolumeShelveTestJSON-881936519-project] Publish callbacks [] for floatingip (957460fc-0bc1-41a1-b3fa-791ed77ec2b1), before_update {{(pid=110453) _notify_loop /usr/local/lib/python3.8/dist-packages/neutron_lib/callbacks/manager.py:176}}
Jun 28 17:47:44.322313 dv-cinder-848013-1-smb neutron-server[110453]: DEBUG neutron.pecan_wsgi.hooks.policy_enforcement [req-2a72becd-34bf-4b84-bcc2-6077d8b5d8a6 req-87e57c7b-4e3b-4d65-b631-04b6fbeace1f tempest-DeleteServersTestJSON-1876451825 tempest-DeleteServersTestJSON-1876451825-project] Attributes excluded by policy engine: ['standard_attr_id', 'binding:profile', 'binding:host_id', 'binding:vif_type', 'binding:vif_details'] {{(pid=110453) _exclude_attributes_by_policy /opt/stack/neutron/neutron/pecan_wsgi/hooks/policy_enforcement.py:259}}
Jun 28 17:47:44.323899 dv-cinder-848013-1-smb neutron-server[110453]: INFO neutron.wsgi [req-2a72becd-34bf-4b84-bcc2-6077d8b5d8a6 req-87e57c7b-4e3b-4d65-b631-04b6fbeace1f tempest-DeleteServersTestJSON-1876451825 tempest-DeleteServersTestJSON-1876451825-project] 10.222.0.48 "GET /v2.0/ports?device_id=8c7a8232-472a-48d9-b291-bc18821adeff HTTP/1.1" status: 200 len: 946 time: 0.2048926
Jun 28 17:47:44.326067 dv-cinder-848013-1-smb neutron-server[110453]: DEBUG neutron_lib.callbacks.manager [None req-62390fa9-7865-4d1e-b79b-a4ab68846738 admin admin] Publish callbacks [] for security_group (e11db3c9-dd1b-42a1-b26e-5ff439298a51), precommit_create {{(pid=110453) _notify_loop /usr/local/lib/python3.8/dist-packages/neutron_lib/callbacks/manager.py:176}}
Jun 28 17:47:44.346969 dv-cinder-848013-1-smb neutron-server[110453]: DEBUG neutron_lib.callbacks.manager [None req-62390fa9-7865-4d1e-b79b-a4ab68846738 admin admin] Publish callbacks ['neutron.plugins.ml2.ovo_rpc._ObjectChangeHandler.handle_event-811625'] for security_group (e11db3c9-dd1b-42a1-b26e-5ff439298a51), after_create {{(pid=110453) _notify_loop /usr/local/lib/python3.8/dist-packages/neutron_lib/callbacks/manager.py:176}}
Jun 28 17:47:44.386498 dv-cinder-848013-1-smb neutron-server[110453]: DEBUG neutron_lib.callbacks.manager [None req-2aa800ca-6517-49b4-9834-f213533ef31d admin admin] Publish callbacks [] for security_group (93ac2eac-5fc9-47cd-828e-db3b03e13bcb), precommit_create {{(pid=110453) _notify_loop /usr/local/lib/python3.8/dist-packages/neutron_lib/callbacks/manager.py:176}}
Jun 28 17:47:44.411509 dv-cinder-848013-1-smb neutron-server[110453]: DEBUG neutron_lib.callbacks.manager [None req-2aa800ca-6517-49b4-9834-f213533ef31d admin admin] Publish callbacks ['neutron.plugins.ml2.ovo_rpc._ObjectChangeHandler.handle_event-811625'] for security_group (93ac2eac-5fc9-47cd-828e-db3b03e13bcb), after_create {{(pid=110453) _notify_loop /usr/local/lib/python3.8/dist-packages/neutron_lib/callbacks/manager.py:176}}
Jun 28 17:47:44.413687 dv-cinder-848013-1-smb neutron-server[110453]: DEBUG dbcounter [-] [110453] Writing DB stats neutron:SELECT=89,neutron:INSERT=11 {{(pid=110453) stat_writer /usr/local/lib/python3.8/dist-packages/dbcounter.py:114}}
Jun 28 17:47:44.468642 dv-cinder-848013-1-smb neutron-server[110453]: DEBUG neutron.api.rpc.handlers.resources_rpc [None req-62390fa9-7865-4d1e-b79b-a4ab68846738 admin admin] Pushing event updated for resources: {'SecurityGroup': ['ID=e11db3c9-dd1b-42a1-b26e-5ff439298a51,revision_number=1']} {{(pid=110453) push /opt/stack/neutron/neutron/api/rpc/handlers/resources_rpc.py:237}}
Jun 28 17:47:44.490712 dv-cinder-848013-1-smb neutron-server[110453]: INFO neutron.wsgi [None req-62390fa9-7865-4d1e-b79b-a4ab68846738 admin admin] 10.222.0.48 "GET /v2.0/security-groups?tenant_id=b3b6efccd0e546f4a0d1b6511f4dfc2f&name=default HTTP/1.1" status: 200 len: 2996 time: 0.8593979
Jun 28 17:47:44.493785 dv-cinder-848013-1-smb neutron-server[110454]: DEBUG neutron.wsgi [-] (110454) accepted ('10.222.0.48', 43614) {{(pid=110454) server /usr/local/lib/python3.8/dist-packages/eventlet/wsgi.py:1004}}
Jun 28 17:47:44.548340 dv-cinder-848013-1-smb neutron-server[110453]: INFO neutron.wsgi [None req-2aa800ca-6517-49b4-9834-f213533ef31d admin admin] 10.222.0.48 "GET /v2.0/security-groups?tenant_id=6c849253bac84756b70e49bcff969e14&name=default HTTP/1.1" status: 200 len: 2996 time: 1.0350807
Jun 28 17:47:44.555339 dv-cinder-848013-1-smb neutron-server[110454]: DEBUG neutron.wsgi [-] (110454) accepted ('10.222.0.48', 43616) {{(pid=110454) server /usr/local/lib/python3.8/dist-packages/eventlet/wsgi.py:1004}}
Jun 28 17:47:44.567499 dv-cinder-848013-1-smb neutron-server[110453]: INFO neutron.wsgi [req-2a72becd-34bf-4b84-bcc2-6077d8b5d8a6 req-ce9c6ad0-411e-4d2d-91b7-0e9b63028541 tempest-DeleteServersTestJSON-1876451825 tempest-DeleteServersTestJSON-1876451825-project] 10.222.0.48 "GET /v2.0/security-groups?id=6bfd21a4-f116-4bd0-bd91-28e2426f3a11&fields=id&fields=name HTTP/1.1" status: 200 len: 286 time: 0.2325432
Jun 28 17:47:44.572694 dv-cinder-848013-1-smb neutron-server[110454]: DEBUG neutron_lib.callbacks.manager [None req-89e24e57-3922-4136-b0c8-ea3a8002848f admin admin] Publish callbacks [] for security_group (e11db3c9-dd1b-42a1-b26e-5ff439298a51), before_delete {{(pid=110454) _notify_loop /usr/local/lib/python3.8/dist-packages/neutron_lib/callbacks/manager.py:176}}
Jun 28 17:47:44.585354 dv-cinder-848013-1-smb neutron-server[110453]: DEBUG neutron.api.rpc.handlers.resources_rpc [None req-2aa800ca-6517-49b4-9834-f213533ef31d admin admin] Pushing event updated for resources: {'SecurityGroup': ['ID=93ac2eac-5fc9-47cd-828e-db3b03e13bcb,revision_number=1']} {{(pid=110453) push /opt/stack/neutron/neutron/api/rpc/handlers/resources_rpc.py:237}}
Jun 28 17:47:44.623474 dv-cinder-848013-1-smb neutron-server[110453]: DEBUG dbcounter [-] [110453] Writing DB stats neutron:SELECT=87,neutron:INSERT=11,neutron:UPDATE=2 {{(pid=110453) stat_writer /usr/local/lib/python3.8/dist-packages/dbcounter.py:114}}
Jun 28 17:47:44.629267 dv-cinder-848013-1-smb neutron-server[110454]: DEBUG neutron_lib.callbacks.manager [None req-89e24e57-3922-4136-b0c8-ea3a8002848f admin admin] Publish callbacks [] for security_group (e11db3c9-dd1b-42a1-b26e-5ff439298a51), precommit_delete {{(pid=110454) _notify_loop /usr/local/lib/python3.8/dist-packages/neutron_lib/callbacks/manager.py:176}}
Jun 28 17:47:44.678748 dv-cinder-848013-1-smb neutron-server[110454]: DEBUG neutron_lib.callbacks.manager [None req-0aed0108-2ce6-4503-8e31-afc3e8985877 admin admin] Publish callbacks [] for security_group (93ac2eac-5fc9-47cd-828e-db3b03e13bcb), before_delete {{(pid=110454) _notify_loop /usr/local/lib/python3.8/dist-packages/neutron_lib/callbacks/manager.py:176}}
Jun 28 17:47:44.705039 dv-cinder-848013-1-smb neutron-server[110454]: DEBUG neutron_lib.callbacks.manager [None req-0aed0108-2ce6-4503-8e31-afc3e8985877 admin admin] Publish callbacks [] for security_group (93ac2eac-5fc9-47cd-828e-db3b03e13bcb), precommit_delete {{(pid=110454) _notify_loop /usr/local/lib/python3.8/dist-packages/neutron_lib/callbacks/manager.py:176}}
Jun 28 17:47:44.742518 dv-cinder-848013-1-smb neutron-server[110454]: DEBUG neutron_lib.callbacks.manager [None req-89e24e57-3922-4136-b0c8-ea3a8002848f admin admin] Publish callbacks ['neutron.plugins.ml2.ovo_rpc._ObjectChangeHandler.handle_event-811625'] for security_group (e11db3c9-dd1b-42a1-b26e-5ff439298a51), after_delete {{(pid=110454) _notify_loop /usr/local/lib/python3.8/dist-packages/neutron_lib/callbacks/manager.py:176}}
Jun 28 17:47:44.745278 dv-cinder-848013-1-smb neutron-server[110454]: DEBUG neutron_lib.callbacks.manager [None req-89e24e57-3922-4136-b0c8-ea3a8002848f admin admin] Publish callbacks [] for security_group (None), before_response {{(pid=110454) _notify_loop /usr/local/lib/python3.8/dist-packages/neutron_lib/callbacks/manager.py:176}}
Jun 28 17:47:44.746520 dv-cinder-848013-1-smb neutron-server[110454]: INFO neutron.wsgi [None req-89e24e57-3922-4136-b0c8-ea3a8002848f admin admin] 10.222.0.48 "DELETE /v2.0/security-groups/e11db3c9-dd1b-42a1-b26e-5ff439298a51 HTTP/1.1" status: 204 len: 168 time: 0.2511933
Jun 28 17:47:44.780485 dv-cinder-848013-1-smb neutron-server[110454]: DEBUG neutron.api.rpc.handlers.resources_rpc [None req-89e24e57-3922-4136-b0c8-ea3a8002848f admin admin] Pushing event deleted for resources: {'SecurityGroup': ['ID=e11db3c9-dd1b-42a1-b26e-5ff439298a51,revision_number=None']} {{(pid=110454) push /opt/stack/neutron/neutron/api/rpc/handlers/resources_rpc.py:237}}
Jun 28 17:47:44.818536 dv-cinder-848013-1-smb neutron-server[110454]: DEBUG neutron_lib.callbacks.manager [None req-0aed0108-2ce6-4503-8e31-afc3e8985877 admin admin] Publish callbacks ['neutron.plugins.ml2.ovo_rpc._ObjectChangeHandler.handle_event-811625'] for security_group (93ac2eac-5fc9-47cd-828e-db3b03e13bcb), after_delete {{(pid=110454) _notify_loop /usr/local/lib/python3.8/dist-packages/neutron_lib/callbacks/manager.py:176}}
Jun 28 17:47:44.821486 dv-cinder-848013-1-smb neutron-server[110454]: DEBUG neutron_lib.callbacks.manager [None req-0aed0108-2ce6-4503-8e31-afc3e8985877 admin admin] Publish callbacks [] for security_group (None), before_response {{(pid=110454) _notify_loop /usr/local/lib/python3.8/dist-packages/neutron_lib/callbacks/manager.py:176}}
Jun 28 17:47:44.828480 dv-cinder-848013-1-smb neutron-server[110454]: INFO neutron.wsgi [None req-0aed0108-2ce6-4503-8e31-afc3e8985877 admin admin] 10.222.0.48 "DELETE /v2.0/security-groups/93ac2eac-5fc9-47cd-828e-db3b03e13bcb HTTP/1.1" status: 204 len: 168 time: 0.2666502
Jun 28 17:47:44.839557 dv-cinder-848013-1-smb neutron-server[110454]: DEBUG neutron.api.rpc.handlers.resources_rpc [None req-0aed0108-2ce6-4503-8e31-afc3e8985877 admin admin] Pushing event deleted for resources: {'SecurityGroup': ['ID=93ac2eac-5fc9-47cd-828e-db3b03e13bcb,revision_number=None']} {{(pid=110454) push /opt/stack/neutron/neutron/api/rpc/handlers/resources_rpc.py:237}}
Jun 28 17:47:45.001447 dv-cinder-848013-1-smb neutron-server[110454]: DEBUG neutron.pecan_wsgi.hooks.policy_enforcement [req-bc91b7e3-bae9-4899-a403-aaa3f6e61d8c req-0ac90e5e-29cf-4503-b2f3-9343f07abec6 tempest-AttachVolumeTestJSON-763977615 tempest-AttachVolumeTestJSON-763977615-project] Attributes excluded by policy engine: ['standard_attr_id', 'binding:profile', 'binding:host_id', 'binding:vif_type', 'binding:vif_details'] {{(pid=110454) _exclude_attributes_by_policy /opt/stack/neutron/neutron/pecan_wsgi/hooks/policy_enforcement.py:259}}
Jun 28 17:47:45.007722 dv-cinder-848013-1-smb neutron-server[110454]: INFO neutron.wsgi [req-bc91b7e3-bae9-4899-a403-aaa3f6e61d8c req-0ac90e5e-29cf-4503-b2f3-9343f07abec6 tempest-AttachVolumeTestJSON-763977615 tempest-AttachVolumeTestJSON-763977615-project] 10.222.0.48 "GET /v2.0/ports?device_id=ab1a09b4-f602-4215-8beb-ab52a08c88a3 HTTP/1.1" status: 200 len: 946 time: 0.1210663
Jun 28 17:47:45.100741 dv-cinder-848013-1-smb neutron-server[110455]: DEBUG neutron_lib.callbacks.manager [None req-6e31827b-9c4d-4eb9-b46f-9e06fda68eb0 None None] Publish callbacks ['neutron.services.segments.db._update_segment_host_mapping_for_agent-8742504224826', 'neutron.plugins.ml2.plugin.Ml2Plugin._retry_binding_revived_agents-4122878'] for agent (bfa1f0e3-77f6-4238-9104-db8488cc4351), after_update {{(pid=110455) _notify_loop /usr/local/lib/python3.8/dist-packages/neutron_lib/callbacks/manager.py:176}}
Jun 28 17:47:45.180568 dv-cinder-848013-1-smb neutron-server[110454]: INFO neutron.wsgi [req-bc91b7e3-bae9-4899-a403-aaa3f6e61d8c req-9fce6c90-3c8a-4be6-93f2-f00053437979 tempest-AttachVolumeTestJSON-763977615 tempest-AttachVolumeTestJSON-763977615-project] 10.222.0.48 "GET /v2.0/security-groups?id=aa24c35d-ca5f-4380-b692-c4985a46e213&fields=id&fields=name HTTP/1.1" status: 200 len: 311 time: 0.1660919
Jun 28 17:47:45.419675 dv-cinder-848013-1-smb neutron-server[110453]: DEBUG neutron_lib.db.resource_extend [None req-d8eaafa0-5d67-485d-8fc9-5c9cab22e534 tempest-AttachVolumeShelveTestJSON-881936519 tempest-AttachVolumeShelveTestJSON-881936519-project] It took 0.24 seconds to run function 'neutron_lib.db.resource_extend.apply_funcs' {{(pid=110453) wrapper /usr/local/lib/python3.8/dist-packages/oslo_utils/timeutils.py:322}}
Jun 28 17:47:45.569453 dv-cinder-848013-1-smb neutron-server[110454]: DEBUG neutron.wsgi [-] (110454) accepted ('10.222.0.48', 43650) {{(pid=110454) server /usr/local/lib/python3.8/dist-packages/eventlet/wsgi.py:1004}}
Jun 28 17:47:45.645180 dv-cinder-848013-1-smb neutron-server[110454]: DEBUG neutron_lib.callbacks.manager [None req-1d0ba42a-54e1-44f1-805a-4036147cd54d admin admin] Publish callbacks [] for security_group (None), before_create {{(pid=110454) _notify_loop /usr/local/lib/python3.8/dist-packages/neutron_lib/callbacks/manager.py:176}}
Jun 28 17:47:45.647119 dv-cinder-848013-1-smb neutron-server[110454]: DEBUG dbcounter [-] [110454] Writing DB stats neutron:SELECT=98,neutron:DELETE=2 {{(pid=110454) stat_writer /usr/local/lib/python3.8/dist-packages/dbcounter.py:114}}
Jun 28 17:47:45.748527 dv-cinder-848013-1-smb neutron-server[110453]: DEBUG neutron.pecan_wsgi.hooks.policy_enforcement [req-b2402f0b-2a79-4f0b-a0ce-d28ad6d9542d req-21489d62-b8b2-4241-b219-7522415101f4 tempest-ServerRescueNegativeTestJSON-1452963999 tempest-ServerRescueNegativeTestJSON-1452963999-project] Attributes excluded by policy engine: ['standard_attr_id', 'binding:profile', 'binding:host_id', 'binding:vif_type', 'binding:vif_details'] {{(pid=110453) _exclude_attributes_by_policy /opt/stack/neutron/neutron/pecan_wsgi/hooks/policy_enforcement.py:259}}
Jun 28 17:47:45.761198 dv-cinder-848013-1-smb neutron-server[110453]: INFO neutron.wsgi [req-b2402f0b-2a79-4f0b-a0ce-d28ad6d9542d req-21489d62-b8b2-4241-b219-7522415101f4 tempest-ServerRescueNegativeTestJSON-1452963999 tempest-ServerRescueNegativeTestJSON-1452963999-project] 10.222.0.48 "GET /v2.0/ports?device_id=e7dffecd-3c06-4846-b17c-512f4a10b9ca HTTP/1.1" status: 200 len: 945 time: 0.4798849
Jun 28 17:47:45.814501 dv-cinder-848013-1-smb neutron-server[110454]: DEBUG dbcounter [-] [110454] Writing DB stats neutron:SELECT=90,neutron:DELETE=6,neutron:INSERT=4 {{(pid=110454) stat_writer /usr/local/lib/python3.8/dist-packages/dbcounter.py:114}}
Jun 28 17:47:45.872044 dv-cinder-848013-1-smb neutron-server[110453]: DEBUG neutron_lib.callbacks.manager [None req-d8eaafa0-5d67-485d-8fc9-5c9cab22e534 tempest-AttachVolumeShelveTestJSON-881936519 tempest-AttachVolumeShelveTestJSON-881936519-project] Publish callbacks [] for floatingip (None), precommit_update {{(pid=110453) _notify_loop /usr/local/lib/python3.8/dist-packages/neutron_lib/callbacks/manager.py:176}}
Jun 28 17:47:45.890227 dv-cinder-848013-1-smb neutron-server[110453]: DEBUG neutron_lib.callbacks.manager [None req-d8eaafa0-5d67-485d-8fc9-5c9cab22e534 tempest-AttachVolumeShelveTestJSON-881936519 tempest-AttachVolumeShelveTestJSON-881936519-project] Publish callbacks ['neutron.services.l3_router.l3_router_plugin.DVRResourceOperationHandler._create_dvr_floating_gw_port-993869'] for floatingip (957460fc-0bc1-41a1-b3fa-791ed77ec2b1), after_update {{(pid=110453) _notify_loop /usr/local/lib/python3.8/dist-packages/neutron_lib/callbacks/manager.py:176}}
Jun 28 17:47:45.944452 dv-cinder-848013-1-smb neutron-server[110453]: INFO neutron.wsgi [req-b2402f0b-2a79-4f0b-a0ce-d28ad6d9542d req-a5720b9f-a09d-4c40-8c6b-cf2081885518 tempest-ServerRescueNegativeTestJSON-1452963999 tempest-ServerRescueNegativeTestJSON-1452963999-project] 10.222.0.48 "GET /v2.0/security-groups?id=4ba4bed0-b057-4f90-9599-74ba850ff4ad&fields=id&fields=name HTTP/1.1" status: 200 len: 286 time: 0.1799941
Jun 28 17:47:46.007303 dv-cinder-848013-1-smb neutron-server[110454]: DEBUG neutron.pecan_wsgi.hooks.policy_enforcement [req-df95d630-5a27-49ea-bad2-57a131d39358 req-ef8ee8f9-75d4-4f2b-bb1c-e693f4acb4a6 tempest-DeleteServersTestJSON-1876451825 tempest-DeleteServersTestJSON-1876451825-project] Attributes excluded by policy engine: ['standard_attr_id', 'binding:profile', 'binding:host_id', 'binding:vif_type', 'binding:vif_details'] {{(pid=110454) _exclude_attributes_by_policy /opt/stack/neutron/neutron/pecan_wsgi/hooks/policy_enforcement.py:259}}
Jun 28 17:47:46.015347 dv-cinder-848013-1-smb neutron-server[110454]: INFO neutron.wsgi [req-df95d630-5a27-49ea-bad2-57a131d39358 req-ef8ee8f9-75d4-4f2b-bb1c-e693f4acb4a6 tempest-DeleteServersTestJSON-1876451825 tempest-DeleteServersTestJSON-1876451825-project] 10.222.0.48 "GET /v2.0/ports?device_id=8c7a8232-472a-48d9-b291-bc18821adeff HTTP/1.1" status: 200 len: 946 time: 0.2049165
Jun 28 17:47:46.031490 dv-cinder-848013-1-smb neutron-server[110454]: DEBUG neutron_lib.callbacks.manager [None req-1d0ba42a-54e1-44f1-805a-4036147cd54d admin admin] Publish callbacks [] for security_group (45ae982e-8b6a-469d-beb9-21de484dc27d), precommit_create {{(pid=110454) _notify_loop /usr/local/lib/python3.8/dist-packages/neutron_lib/callbacks/manager.py:176}}
Jun 28 17:47:46.059053 dv-cinder-848013-1-smb neutron-server[110454]: DEBUG neutron_lib.callbacks.manager [None req-1d0ba42a-54e1-44f1-805a-4036147cd54d admin admin] Publish callbacks ['neutron.plugins.ml2.ovo_rpc._ObjectChangeHandler.handle_event-811625'] for security_group (45ae982e-8b6a-469d-beb9-21de484dc27d), after_create {{(pid=110454) _notify_loop /usr/local/lib/python3.8/dist-packages/neutron_lib/callbacks/manager.py:176}}
Jun 28 17:47:46.083178 dv-cinder-848013-1-smb neutron-server[110453]: INFO neutron.db.l3_db [None req-d8eaafa0-5d67-485d-8fc9-5c9cab22e534 tempest-AttachVolumeShelveTestJSON-881936519 tempest-AttachVolumeShelveTestJSON-881936519-project] Floating IP 957460fc-0bc1-41a1-b3fa-791ed77ec2b1 associated. External IP: 172.28.2.247, port: 9887cf0e-2a68-468b-8848-72c7505e9b81.
Jun 28 17:47:46.135964 dv-cinder-848013-1-smb neutron-server[110454]: INFO neutron.wsgi [req-df95d630-5a27-49ea-bad2-57a131d39358 req-00930aba-2454-4aed-8608-c11635fdbbb6 tempest-DeleteServersTestJSON-1876451825 tempest-DeleteServersTestJSON-1876451825-project] 10.222.0.48 "GET /v2.0/security-groups?id=6bfd21a4-f116-4bd0-bd91-28e2426f3a11&fields=id&fields=name HTTP/1.1" status: 200 len: 286 time: 0.1195810
Jun 28 17:47:46.182889 dv-cinder-848013-1-smb neutron-server[110454]: DEBUG neutron.api.rpc.handlers.resources_rpc [None req-1d0ba42a-54e1-44f1-805a-4036147cd54d admin admin] Pushing event updated for resources: {'SecurityGroup': ['ID=45ae982e-8b6a-469d-beb9-21de484dc27d,revision_number=1']} {{(pid=110454) push /opt/stack/neutron/neutron/api/rpc/handlers/resources_rpc.py:237}}
Jun 28 17:47:46.209065 dv-cinder-848013-1-smb neutron-server[110454]: INFO neutron.wsgi [None req-1d0ba42a-54e1-44f1-805a-4036147cd54d admin admin] 10.222.0.48 "GET /v2.0/security-groups?tenant_id=fe62cf5b6fbc4f48bef20e5bb6012dc6&name=default HTTP/1.1" status: 200 len: 2996 time: 0.6375682
Jun 28 17:47:46.212156 dv-cinder-848013-1-smb neutron-server[110454]: DEBUG neutron.wsgi [-] (110454) accepted ('10.222.0.48', 43668) {{(pid=110454) server /usr/local/lib/python3.8/dist-packages/eventlet/wsgi.py:1004}}
Jun 28 17:47:46.281219 dv-cinder-848013-1-smb neutron-server[110454]: DEBUG neutron_lib.callbacks.manager [None req-19365ea1-e633-49c0-8932-dbcfc2210208 admin admin] Publish callbacks [] for security_group (45ae982e-8b6a-469d-beb9-21de484dc27d), before_delete {{(pid=110454) _notify_loop /usr/local/lib/python3.8/dist-packages/neutron_lib/callbacks/manager.py:176}}
Jun 28 17:47:46.314032 dv-cinder-848013-1-smb neutron-server[110454]: DEBUG neutron_lib.callbacks.manager [None req-19365ea1-e633-49c0-8932-dbcfc2210208 admin admin] Publish callbacks [] for security_group (45ae982e-8b6a-469d-beb9-21de484dc27d), precommit_delete {{(pid=110454) _notify_loop /usr/local/lib/python3.8/dist-packages/neutron_lib/callbacks/manager.py:176}}
Jun 28 17:47:46.395799 dv-cinder-848013-1-smb neutron-server[110454]: DEBUG neutron_lib.callbacks.manager [None req-19365ea1-e633-49c0-8932-dbcfc2210208 admin admin] Publish callbacks ['neutron.plugins.ml2.ovo_rpc._ObjectChangeHandler.handle_event-811625'] for security_group (45ae982e-8b6a-469d-beb9-21de484dc27d), after_delete {{(pid=110454) _notify_loop /usr/local/lib/python3.8/dist-packages/neutron_lib/callbacks/manager.py:176}}
Jun 28 17:47:46.400110 dv-cinder-848013-1-smb neutron-server[110454]: DEBUG neutron_lib.callbacks.manager [None req-19365ea1-e633-49c0-8932-dbcfc2210208 admin admin] Publish callbacks [] for security_group (None), before_response {{(pid=110454) _notify_loop /usr/local/lib/python3.8/dist-packages/neutron_lib/callbacks/manager.py:176}}
Jun 28 17:47:46.402084 dv-cinder-848013-1-smb neutron-server[110454]: INFO neutron.wsgi [None req-19365ea1-e633-49c0-8932-dbcfc2210208 admin admin] 10.222.0.48 "DELETE /v2.0/security-groups/45ae982e-8b6a-469d-beb9-21de484dc27d HTTP/1.1" status: 204 len: 168 time: 0.1884985
Jun 28 17:47:46.415318 dv-cinder-848013-1-smb neutron-server[110454]: DEBUG neutron.api.rpc.handlers.resources_rpc [None req-19365ea1-e633-49c0-8932-dbcfc2210208 admin admin] Pushing event deleted for resources: {'SecurityGroup': ['ID=45ae982e-8b6a-469d-beb9-21de484dc27d,revision_number=None']} {{(pid=110454) push /opt/stack/neutron/neutron/api/rpc/handlers/resources_rpc.py:237}}
Jun 28 17:47:46.712259 dv-cinder-848013-1-smb neutron-server[110453]: DEBUG dbcounter [-] [110453] Writing DB stats neutron:SELECT=98,neutron:UPDATE=2 {{(pid=110453) stat_writer /usr/local/lib/python3.8/dist-packages/dbcounter.py:114}}
Jun 28 17:47:46.779864 dv-cinder-848013-1-smb neutron-server[110453]: DEBUG neutron.pecan_wsgi.hooks.policy_enforcement [req-e278e859-72c2-4723-87d8-c71a21fec6cf req-d921bc65-b470-4097-a2e3-2e222ed67ee9 tempest-AttachVolumeTestJSON-763977615 tempest-AttachVolumeTestJSON-763977615-project] Attributes excluded by policy engine: ['standard_attr_id', 'binding:profile', 'binding:host_id', 'binding:vif_type', 'binding:vif_details'] {{(pid=110453) _exclude_attributes_by_policy /opt/stack/neutron/neutron/pecan_wsgi/hooks/policy_enforcement.py:259}}
Jun 28 17:47:46.788766 dv-cinder-848013-1-smb neutron-server[110453]: INFO neutron.wsgi [req-e278e859-72c2-4723-87d8-c71a21fec6cf req-d921bc65-b470-4097-a2e3-2e222ed67ee9 tempest-AttachVolumeTestJSON-763977615 tempest-AttachVolumeTestJSON-763977615-project] 10.222.0.48 "GET /v2.0/ports?device_id=ab1a09b4-f602-4215-8beb-ab52a08c88a3 HTTP/1.1" status: 200 len: 946 time: 0.1219764
Jun 28 17:47:46.816308 dv-cinder-848013-1-smb neutron-server[110453]: DEBUG neutron.scheduler.l3_agent_scheduler [None req-d8eaafa0-5d67-485d-8fc9-5c9cab22e534 tempest-AttachVolumeShelveTestJSON-881936519 tempest-AttachVolumeShelveTestJSON-881936519-project] Router cc1c78bd-1936-48f3-9fcb-99ccb49a5472 has already been hosted by L3 agent 95a83238-2afa-4384-b823-1d53dae1e8f9 {{(pid=110453) _get_candidates /opt/stack/neutron/neutron/scheduler/l3_agent_scheduler.py:126}}
Jun 28 17:47:46.833604 dv-cinder-848013-1-smb neutron-server[110453]: DEBUG neutron.pecan_wsgi.hooks.policy_enforcement [req-3823df02-d604-445b-8b08-2641de849494 req-8f108c83-6f18-4381-9122-bf7d67e26a5b service neutron] Attributes excluded by policy engine: ['standard_attr_id'] {{(pid=110453) _exclude_attributes_by_policy /opt/stack/neutron/neutron/pecan_wsgi/hooks/policy_enforcement.py:259}}
Jun 28 17:47:46.835206 dv-cinder-848013-1-smb neutron-server[110453]: INFO neutron.wsgi [req-3823df02-d604-445b-8b08-2641de849494 req-8f108c83-6f18-4381-9122-bf7d67e26a5b service neutron] 10.222.0.49 "GET /v2.0/ports?device_id=e7dffecd-3c06-4846-b17c-512f4a10b9ca HTTP/1.1" status: 200 len: 1129 time: 0.1195619
Jun 28 17:47:46.939957 dv-cinder-848013-1-smb neutron-server[110453]: INFO neutron.wsgi [req-e278e859-72c2-4723-87d8-c71a21fec6cf req-68241a11-9b5f-4305-9102-9ab9bef75cae tempest-AttachVolumeTestJSON-763977615 tempest-AttachVolumeTestJSON-763977615-project] 10.222.0.48 "GET /v2.0/security-groups?id=aa24c35d-ca5f-4380-b692-c4985a46e213&fields=id&fields=name HTTP/1.1" status: 200 len: 311 time: 0.1501322
Jun 28 17:47:47.188434 dv-cinder-848013-1-smb neutron-server[110453]: DEBUG neutron.api.rpc.agentnotifiers.l3_rpc_agent_api [None req-d8eaafa0-5d67-485d-8fc9-5c9cab22e534 tempest-AttachVolumeShelveTestJSON-881936519 tempest-AttachVolumeShelveTestJSON-881936519-project] Notify agent at l3_agent.dv-cinder-848013-1-smb the message routers_updated {{(pid=110453) _agent_notification /opt/stack/neutron/neutron/api/rpc/agentnotifiers/l3_rpc_agent_api.py:65}}
Jun 28 17:47:47.199846 dv-cinder-848013-1-smb neutron-server[110453]: DEBUG neutron_lib.callbacks.manager [None req-d8eaafa0-5d67-485d-8fc9-5c9cab22e534 tempest-AttachVolumeShelveTestJSON-881936519 tempest-AttachVolumeShelveTestJSON-881936519-project] Publish callbacks ['neutron.notifiers.nova.Notifier._send_nova_notification-174069'] for floatingip (None), before_response {{(pid=110453) _notify_loop /usr/local/lib/python3.8/dist-packages/neutron_lib/callbacks/manager.py:176}}
Jun 28 17:47:47.219752 dv-cinder-848013-1-smb neutron-server[110453]: DEBUG neutron.pecan_wsgi.hooks.policy_enforcement [req-59cd0ff7-8a51-440f-87bc-d035e58187c7 req-634a8f36-d564-49e1-a89f-7b297175e8d2 tempest-AttachVolumeTestJSON-763977615 tempest-AttachVolumeTestJSON-763977615-project] Attributes excluded by policy engine: ['standard_attr_id', 'binding:profile', 'binding:host_id', 'binding:vif_type', 'binding:vif_details'] {{(pid=110453) _exclude_attributes_by_policy /opt/stack/neutron/neutron/pecan_wsgi/hooks/policy_enforcement.py:259}}
Jun 28 17:47:47.222289 dv-cinder-848013-1-smb neutron-server[110456]: DEBUG neutron.api.rpc.handlers.l3_rpc [None req-83b4b684-eb18-46a5-948c-3d56065faf2f None None] Sync routers for ids ['cc1c78bd-1936-48f3-9fcb-99ccb49a5472'] in dv-cinder-848013-1-smb {{(pid=110456) sync_routers /opt/stack/neutron/neutron/api/rpc/handlers/l3_rpc.py:125}}
Jun 28 17:47:47.224572 dv-cinder-848013-1-smb neutron-server[110453]: INFO neutron.wsgi [req-59cd0ff7-8a51-440f-87bc-d035e58187c7 req-634a8f36-d564-49e1-a89f-7b297175e8d2 tempest-AttachVolumeTestJSON-763977615 tempest-AttachVolumeTestJSON-763977615-project] 10.222.0.48 "GET /v2.0/ports?device_id=ab1a09b4-f602-4215-8beb-ab52a08c88a3 HTTP/1.1" status: 200 len: 946 time: 0.1294394
Jun 28 17:47:47.259352 dv-cinder-848013-1-smb neutron-server[110453]: DEBUG neutron.wsgi [-] (110453) accepted ('10.222.0.48', 43734) {{(pid=110453) server /usr/local/lib/python3.8/dist-packages/eventlet/wsgi.py:1004}}
Jun 28 17:47:47.273282 dv-cinder-848013-1-smb neutron-server[110453]: DEBUG neutron.api.v2.base [None req-f02e19d5-f49c-44bc-adb7-d2f553a0c4ca tempest-AttachVolumeTestJSON-763977615 tempest-AttachVolumeTestJSON-763977615-project] Request body: {'floatingip': {'port_id': 'f890572d-02de-4231-9788-43dda2154009'}} {{(pid=110453) prepare_request_body /opt/stack/neutron/neutron/api/v2/base.py:730}}
Jun 28 17:47:47.318797 dv-cinder-848013-1-smb neutron-server[110456]: DEBUG neutron.db.l3_dvrscheduler_db [None req-83b4b684-eb18-46a5-948c-3d56065faf2f None None] Routers {'cc1c78bd-1936-48f3-9fcb-99ccb49a5472'} bound to L3 agent in host dv-cinder-848013-1-smb {{(pid=110456) _get_router_ids_for_agent /opt/stack/neutron/neutron/db/l3_dvrscheduler_db.py:426}}
Jun 28 17:47:47.320147 dv-cinder-848013-1-smb neutron-server[110456]: DEBUG neutron.db.l3_hamode_db [None req-83b4b684-eb18-46a5-948c-3d56065faf2f None None] neutron.services.l3_router.l3_router_plugin.L3RouterPlugin method get_ha_sync_data_for_host called with arguments (, 'dv-cinder-848013-1-smb', Agent(admin_state_up=True,agent_type='L3 agent',availability_zone='nova',binary='neutron-l3-agent',configurations={"agent_mode": "legacy", "ex_gw_ports": 5, "extensions": [], "floating_ips": 0, "handle_internal_only_routers": true, "interface_driver": "openvswitch", "interfaces": 5, "log_agent_heartbeats": false, "routers": 5},created_at=2022-06-28T17:38:18Z,description=,heartbeat_timestamp=2022-06-28T17:47:18Z,host='dv-cinder-848013-1-smb',id=95a83238-2afa-4384-b823-1d53dae1e8f9,load=0,resource_versions=,resources_synced=,started_at=2022-06-28T17:38:18Z,topic='l3_agent')) {'router_ids': ['cc1c78bd-1936-48f3-9fcb-99ccb49a5472'], 'active': True} {{(pid=110456) wrapper /usr/local/lib/python3.8/dist-packages/oslo_log/helpers.py:65}}
Jun 28 17:47:47.367916 dv-cinder-848013-1-smb neutron-server[110453]: DEBUG neutron_lib.callbacks.manager [None req-f02e19d5-f49c-44bc-adb7-d2f553a0c4ca tempest-AttachVolumeTestJSON-763977615 tempest-AttachVolumeTestJSON-763977615-project] Publish callbacks [] for floatingip (37113682-6878-48a0-bb05-54f413692d77), before_update {{(pid=110453) _notify_loop /usr/local/lib/python3.8/dist-packages/neutron_lib/callbacks/manager.py:176}}
Jun 28 17:47:47.540738 dv-cinder-848013-1-smb neutron-server[110453]: INFO neutron.wsgi [None req-d8eaafa0-5d67-485d-8fc9-5c9cab22e534 tempest-AttachVolumeShelveTestJSON-881936519 tempest-AttachVolumeShelveTestJSON-881936519-project] 10.222.0.48 "PUT /v2.0/floatingips/957460fc-0bc1-41a1-b3fa-791ed77ec2b1 HTTP/1.1" status: 200 len: 991 time: 3.5487237
Jun 28 17:47:47.547370 dv-cinder-848013-1-smb neutron-server[110453]: DEBUG neutron.notifiers.nova [-] Sending events: [{'name': 'network-changed', 'server_uuid': '1d59f040-0c44-460c-bf8d-22352c2bcf66', 'tag': '9887cf0e-2a68-468b-8848-72c7505e9b81'}] {{(pid=110453) send_events /opt/stack/neutron/neutron/notifiers/nova.py:271}}
Jun 28 17:47:47.552148 dv-cinder-848013-1-smb neutron-server[110453]: DEBUG novaclient.v2.client [-] REQ: curl -g -i --cacert "/opt/stack/data/ca-bundle.pem" -X POST http://10.222.0.48/compute/v2.1/os-server-external-events -H "Accept: application/json" -H "Content-Type: application/json" -H "User-Agent: python-novaclient" -H "X-Auth-Token: {SHA256}f46eaea383be75bcf1d92d378759b0fc542adcf8c11e630456a93512c8b881f0" -H "X-OpenStack-Nova-API-Version: 2.1" -H "X-OpenStack-Request-ID: req-7fb1076b-9842-4d21-bf49-86f190aeeb5b" -d '{"events": [{"name": "network-changed", "server_uuid": "1d59f040-0c44-460c-bf8d-22352c2bcf66", "tag": "9887cf0e-2a68-468b-8848-72c7505e9b81"}]}' {{(pid=110453) _http_log_request /usr/local/lib/python3.8/dist-packages/keystoneauth1/session.py:519}}
Jun 28 17:47:47.629187 dv-cinder-848013-1-smb neutron-server[110453]: INFO neutron.wsgi [req-3823df02-d604-445b-8b08-2641de849494 req-877b5028-a5d5-4fdf-95f7-4611d7cae6c2 service neutron] 10.222.0.49 "GET /v2.0/security-groups?id=4ba4bed0-b057-4f90-9599-74ba850ff4ad&fields=id&fields=name HTTP/1.1" status: 200 len: 286 time: 0.2507534
Jun 28 17:47:47.835179 dv-cinder-848013-1-smb neutron-server[110453]: DEBUG neutron.pecan_wsgi.hooks.policy_enforcement [req-3648bebf-4fa5-4610-9b84-4f7737383def req-8b9d8fa0-ca18-40ad-8204-a800139f0951 tempest-DeleteServersTestJSON-1876451825 tempest-DeleteServersTestJSON-1876451825-project] Attributes excluded by policy engine: ['standard_attr_id', 'binding:profile', 'binding:host_id', 'binding:vif_type', 'binding:vif_details'] {{(pid=110453) _exclude_attributes_by_policy /opt/stack/neutron/neutron/pecan_wsgi/hooks/policy_enforcement.py:259}}
Jun 28 17:47:47.849679 dv-cinder-848013-1-smb neutron-server[110453]: INFO neutron.wsgi [req-3648bebf-4fa5-4610-9b84-4f7737383def req-8b9d8fa0-ca18-40ad-8204-a800139f0951 tempest-DeleteServersTestJSON-1876451825 tempest-DeleteServersTestJSON-1876451825-project] 10.222.0.48 "GET /v2.0/ports?device_id=8c7a8232-472a-48d9-b291-bc18821adeff HTTP/1.1" status: 200 len: 946 time: 0.2264612
Jun 28 17:47:47.854019 dv-cinder-848013-1-smb neutron-server[110456]: DEBUG neutron.db.l3_dvr_db [None req-83b4b684-eb18-46a5-948c-3d56065faf2f None None] Set router cc1c78bd-1936-48f3-9fcb-99ccb49a5472 gateway port host: dv-cinder-848013-1-smb {{(pid=110456) _build_routers_list /opt/stack/neutron/neutron/db/l3_dvr_db.py:907}}
Jun 28 17:47:47.887012 dv-cinder-848013-1-smb neutron-server[110455]: DEBUG neutron_lib.callbacks.manager [None req-12379a88-d1b4-4eb9-8348-ea719ee3d0d1 None None] Publish callbacks ['neutron.services.segments.db._update_segment_host_mapping_for_agent-8742504224826', 'neutron.plugins.ml2.plugin.Ml2Plugin._retry_binding_revived_agents-4122878'] for agent (95a83238-2afa-4384-b823-1d53dae1e8f9), after_update {{(pid=110455) _notify_loop /usr/local/lib/python3.8/dist-packages/neutron_lib/callbacks/manager.py:176}}
Jun 28 17:47:47.899826 dv-cinder-848013-1-smb neutron-server[110453]: DEBUG dbcounter [-] [110453] Writing DB stats neutron:SELECT=98,neutron:UPDATE=2 {{(pid=110453) stat_writer /usr/local/lib/python3.8/dist-packages/dbcounter.py:114}}
Jun 28 17:47:47.978375 dv-cinder-848013-1-smb neutron-server[110454]: DEBUG neutron.pecan_wsgi.hooks.policy_enforcement [req-9d15dae7-dbe0-4864-ba80-8f11ec1109d5 req-5178a266-3913-46c1-a914-7c3140bcf735 tempest-ServerRescueNegativeTestJSON-1452963999 tempest-ServerRescueNegativeTestJSON-1452963999-project] Attributes excluded by policy engine: ['standard_attr_id', 'binding:profile', 'binding:host_id', 'binding:vif_type', 'binding:vif_details'] {{(pid=110454) _exclude_attributes_by_policy /opt/stack/neutron/neutron/pecan_wsgi/hooks/policy_enforcement.py:259}}
Jun 28 17:47:47.986098 dv-cinder-848013-1-smb neutron-server[110454]: INFO neutron.wsgi [req-9d15dae7-dbe0-4864-ba80-8f11ec1109d5 req-5178a266-3913-46c1-a914-7c3140bcf735 tempest-ServerRescueNegativeTestJSON-1452963999 tempest-ServerRescueNegativeTestJSON-1452963999-project] 10.222.0.48 "GET /v2.0/ports?device_id=e7dffecd-3c06-4846-b17c-512f4a10b9ca HTTP/1.1" status: 200 len: 945 time: 0.8262286
Jun 28 17:47:48.122912 dv-cinder-848013-1-smb neutron-server[110454]: INFO neutron.wsgi [req-9d15dae7-dbe0-4864-ba80-8f11ec1109d5 req-e0a4a264-9a86-4d89-899c-49d8881030a3 tempest-ServerRescueNegativeTestJSON-1452963999 tempest-ServerRescueNegativeTestJSON-1452963999-project] 10.222.0.48 "GET /v2.0/security-groups?id=4ba4bed0-b057-4f90-9599-74ba850ff4ad&fields=id&fields=name HTTP/1.1" status: 200 len: 286 time: 0.1357830
Jun 28 17:47:48.158861 dv-cinder-848013-1-smb neutron-server[110453]: INFO neutron.wsgi [req-3648bebf-4fa5-4610-9b84-4f7737383def req-ec9607f9-f61f-428e-82b6-3b94f70a2250 tempest-DeleteServersTestJSON-1876451825 tempest-DeleteServersTestJSON-1876451825-project] 10.222.0.48 "GET /v2.0/security-groups?id=6bfd21a4-f116-4bd0-bd91-28e2426f3a11&fields=id&fields=name HTTP/1.1" status: 200 len: 286 time: 0.3066025
Jun 28 17:47:48.278782 dv-cinder-848013-1-smb neutron-server[110453]: DEBUG novaclient.v2.client [-] RESP: [200] Connection: close Content-Length: 179 Content-Type: application/json Date: Tue, 28 Jun 2022 17:47:47 GMT OpenStack-API-Version: compute 2.1 Server: Apache/2.4.41 (Ubuntu) Vary: OpenStack-API-Version,X-OpenStack-Nova-API-Version X-OpenStack-Nova-API-Version: 2.1 x-compute-request-id: req-69c2bb98-46c6-4b3c-92fc-e6efcb251be6 x-openstack-request-id: req-69c2bb98-46c6-4b3c-92fc-e6efcb251be6 {{(pid=110453) _http_log_response /usr/local/lib/python3.8/dist-packages/keystoneauth1/session.py:550}}
Jun 28 17:47:48.279296 dv-cinder-848013-1-smb neutron-server[110453]: DEBUG novaclient.v2.client [-] RESP BODY: {"events": [{"name": "network-changed", "server_uuid": "1d59f040-0c44-460c-bf8d-22352c2bcf66", "tag": "9887cf0e-2a68-468b-8848-72c7505e9b81", "status": "completed", "code": 200}]} {{(pid=110453) _http_log_response /usr/local/lib/python3.8/dist-packages/keystoneauth1/session.py:582}}
Jun 28 17:47:48.279813 dv-cinder-848013-1-smb neutron-server[110453]: DEBUG novaclient.v2.client [-] POST call to compute for http://10.222.0.48/compute/v2.1/os-server-external-events used request id req-69c2bb98-46c6-4b3c-92fc-e6efcb251be6 {{(pid=110453) request /usr/local/lib/python3.8/dist-packages/keystoneauth1/session.py:954}}
Jun 28 17:47:48.280858 dv-cinder-848013-1-smb neutron-server[110453]: INFO neutron.notifiers.nova [-] Nova event matching ['req-69c2bb98-46c6-4b3c-92fc-e6efcb251be6'] response: {'name': 'network-changed', 'server_uuid': '1d59f040-0c44-460c-bf8d-22352c2bcf66', 'tag': '9887cf0e-2a68-468b-8848-72c7505e9b81', 'status': 'completed', 'code': 200}
Jun 28 17:47:48.620618 dv-cinder-848013-1-smb neutron-server[110453]: DEBUG neutron.pecan_wsgi.hooks.policy_enforcement [req-7fb1076b-9842-4d21-bf49-86f190aeeb5b req-e98b2659-6d5b-41e8-ba8d-4bbfa08e1204 service neutron] Attributes excluded by policy engine: ['standard_attr_id'] {{(pid=110453) _exclude_attributes_by_policy /opt/stack/neutron/neutron/pecan_wsgi/hooks/policy_enforcement.py:259}}
Jun 28 17:47:48.630147 dv-cinder-848013-1-smb neutron-server[110453]: INFO neutron.wsgi [req-7fb1076b-9842-4d21-bf49-86f190aeeb5b req-e98b2659-6d5b-41e8-ba8d-4bbfa08e1204 service neutron] 10.222.0.49 "GET /v2.0/ports?tenant_id=607c2d028ef84f23bb7ab7be72b64f8f&device_id=1d59f040-0c44-460c-bf8d-22352c2bcf66 HTTP/1.1" status: 200 len: 1129 time: 0.1573570
Jun 28 17:47:48.772070 dv-cinder-848013-1-smb neutron-server[110456]: DEBUG neutron.db.l3_hamode_db [None req-83b4b684-eb18-46a5-948c-3d56065faf2f None None] neutron.services.l3_router.l3_router_plugin.L3RouterPlugin method _process_sync_ha_data called with arguments (, [{'id': 'cc1c78bd-1936-48f3-9fcb-99ccb49a5472', 'name': 'tempest-AttachVolumeShelveTestJSON-1631134780-router', 'tenant_id': '607c2d028ef84f23bb7ab7be72b64f8f', 'admin_state_up': True, 'status': 'ACTIVE', 'external_gateway_info': {'network_id': '0a548663-5006-4b83-9e03-457e64c2b489', 'external_fixed_ips': [{'subnet_id': 'bc476d1d-237f-479e-8a0d-fe402671ca43', 'ip_address': '172.28.2.223'}], 'enable_snat': True}, 'gw_port_id': 'cf95faeb-f944-43b2-ac32-7b00a5dda475', 'description': '', 'availability_zones': ['nova'], 'distributed': False, 'ha': False, 'ha_vr_id': 0, 'availability_zone_hints': [], 'routes': [], 'flavor_id': None, 'tags': [], 'created_at': '2022-06-28T17:46:32Z', 'updated_at': '2022-06-28T17:46:45Z', 'revision_number': 4, 'project_id': '607c2d028ef84f23bb7ab7be72b64f8f', 'gw_port': {'id': 'cf95faeb-f944-43b2-ac32-7b00a5dda475', 'name': '', 'network_id': '0a548663-5006-4b83-9e03-457e64c2b489', 'tenant_id': '', 'mac_address': 'fa:16:3e:8d:71:56', 'admin_state_up': True, 'status': 'ACTIVE', 'device_id': 'cc1c78bd-1936-48f3-9fcb-99ccb49a5472', 'device_owner': 'network:router_gateway', 'standard_attr_id': 41, 'fixed_ips': [{'subnet_id': 'bc476d1d-237f-479e-8a0d-fe402671ca43', 'ip_address': '172.28.2.223', 'prefixlen': 24}], 'allowed_address_pairs': [], 'extra_dhcp_opts': [], 'security_groups': [], 'description': '', 'binding:vnic_type': 'normal', 'binding:profile': {}, 'binding:host_id': 'dv-cinder-848013-1-smb', 'binding:vif_type': 'ovs', 'binding:vif_details': {'connectivity': 'l2', 'port_filter': True, 'ovs_hybrid_plug': False, 'datapath_type': 'system', 'bridge_name': 'br-int', 'bound_drivers': {'0': 'openvswitch'}}, 'port_security_enabled': False, 'tags': [], 'created_at': '2022-06-28T17:46:33Z', 'updated_at': '2022-06-28T17:46:47Z', 'revision_number': 4, 'project_id': '', 'subnets': [{'id': 'bc476d1d-237f-479e-8a0d-fe402671ca43', 'cidr': '172.28.2.0/24', 'gateway_ip': '172.28.2.1', 'dns_nameservers': [], 'ipv6_ra_mode': None, 'subnetpool_id': None}], 'extra_subnets': [], 'address_scopes': {4: None, 6: None}, 'mtu': 1500}, 'enable_snat': True, 'gw_port_host': 'dv-cinder-848013-1-smb', '_floatingips': [{'id': '957460fc-0bc1-41a1-b3fa-791ed77ec2b1', 'tenant_id': '607c2d028ef84f23bb7ab7be72b64f8f', 'floating_ip_address': '172.28.2.247', 'floating_network_id': '0a548663-5006-4b83-9e03-457e64c2b489', 'router_id': 'cc1c78bd-1936-48f3-9fcb-99ccb49a5472', 'port_id': '9887cf0e-2a68-468b-8848-72c7505e9b81', 'fixed_ip_address': '172.20.0.8', 'status': 'DOWN', 'standard_attr_id': 132, 'description': '', 'qos_policy_id': None, 'qos_network_policy_id': None, 'port_details': {'name': '', 'network_id': 'f920b122-ad61-4c9b-b81d-24ddf28a2680', 'mac_address': 'fa:16:3e:63:61:60', 'admin_state_up': True, 'status': 'ACTIVE', 'device_id': '1d59f040-0c44-460c-bf8d-22352c2bcf66', 'device_owner': 'compute:nova'}, 'dns_domain': '', 'dns_name': '', 'tags': [], 'created_at': '2022-06-28T17:46:58Z', 'updated_at': '2022-06-28T17:47:45Z', 'revision_number': 1, 'project_id': '607c2d028ef84f23bb7ab7be72b64f8f', 'fixed_ip_address_scope': None}], '_interfaces': [{'id': '944c4163-e052-4146-814e-b9285b17609e', 'name': '', 'network_id': 'f920b122-ad61-4c9b-b81d-24ddf28a2680', 'tenant_id': '607c2d028ef84f23bb7ab7be72b64f8f', 'mac_address': 'fa:16:3e:7f:fd:8b', 'admin_state_up': True, 'status': 'ACTIVE', 'device_id': 'cc1c78bd-1936-48f3-9fcb-99ccb49a5472', 'device_owner': 'network:router_interface', 'standard_attr_id': 81, 'fixed_ips': [{'subnet_id': 'c3036a17-598a-4dbe-891b-39868f1cd980', 'ip_address': '172.20.0.1', 'prefixlen': 28}], 'allowed_address_pairs': [], 'extra_dhcp_opts': [], 'security_groups': [], 'description': '', 'binding:vnic_type': 'normal', 'binding:profile': {}, 'binding:host_id': 'dv-cinder-848013-1-smb', 'binding:vif_type': 'ovs', 'binding:vif_details': {'connectivity': 'l2', 'port_filter': True, 'ovs_hybrid_plug': False, 'datapath_type': 'system', 'bridge_name': 'br-int', 'bound_drivers': {'0': 'openvswitch'}}, 'port_security_enabled': False, 'tags': [], 'created_at': '2022-06-28T17:46:41Z', 'updated_at': '2022-06-28T17:47:00Z', 'revision_number': 5, 'project_id': '607c2d028ef84f23bb7ab7be72b64f8f', 'subnets': [{'id': 'c3036a17-598a-4dbe-891b-39868f1cd980', 'cidr': '172.20.0.0/28', 'gateway_ip': '172.20.0.1', 'dns_nameservers': [], 'ipv6_ra_mode': None, 'subnetpool_id': None}], 'extra_subnets': [], 'address_scopes': {4: None, 6: None}, 'mtu': 1500}]}], 'dv-cinder-848013-1-smb', False) {} {{(pid=110456) wrapper /usr/local/lib/python3.8/dist-packages/oslo_log/helpers.py:65}}
Jun 28 17:47:48.810374 dv-cinder-848013-1-smb neutron-server[110456]: DEBUG neutron.api.rpc.handlers.l3_rpc [None req-83b4b684-eb18-46a5-948c-3d56065faf2f None None] Checking router: cc1c78bd-1936-48f3-9fcb-99ccb49a5472 for host: dv-cinder-848013-1-smb {{(pid=110456) _ensure_host_set_on_ports /opt/stack/neutron/neutron/api/rpc/handlers/l3_rpc.py:155}}
