Jun 28 11:55:26.236934 dv-cinder-847954-1-smb devstack@keystone.service[80315]: DEBUG keystone.server.flask.request_processing.middleware.auth_context [None req-d652d454-0d65-4611-855f-9a4262469a8d None None] Validating token access rules against request {{(pid=80315) validate_allowed_request /usr/local/lib/python3.8/dist-packages/keystonemiddleware/auth_token/__init__.py:545}}
Jun 28 11:55:26.274341 dv-cinder-847954-1-smb devstack@keystone.service[80314]: DEBUG keystone.server.flask.request_processing.middleware.auth_context [None req-d6cba9b8-4ca7-4221-b58c-270eb867d6a1 None admin] Validating token access rules against request {{(pid=80314) validate_allowed_request /usr/local/lib/python3.8/dist-packages/keystonemiddleware/auth_token/__init__.py:545}}
Jun 28 11:55:26.275500 dv-cinder-847954-1-smb devstack@keystone.service[80315]: DEBUG keystone.server.flask.request_processing.middleware.auth_context [None req-809573e0-580a-4e0c-8d38-3c2031d6559b None admin] RBAC: auth_context: {'token': , 'domain_id': None, 'trust_id': None, 'trustor_id': None, 'trustee_id': None, 'domain_name': None, 'group_ids': [], 'user_id': '5dacf821834c434a822a5d4f64c8fbf6', 'user_domain_id': 'default', 'system_scope': 'all', 'project_id': None, 'project_domain_id': None, 'roles': ['admin', 'member', 'reader'], 'is_admin_project': True, 'service_user_id': None, 'service_user_domain_id': None, 'service_project_id': None, 'service_project_domain_id': None, 'service_roles': []} {{(pid=80315) fill_context /opt/stack/keystone/keystone/server/flask/request_processing/middleware/auth_context.py:478}}
Jun 28 11:55:26.276190 dv-cinder-847954-1-smb devstack@keystone.service[80315]: DEBUG keystone.server.flask.request_processing.req_logging [None req-809573e0-580a-4e0c-8d38-3c2031d6559b None admin] REQUEST_METHOD: `GET` {{(pid=80315) log_request_info /opt/stack/keystone/keystone/server/flask/request_processing/req_logging.py:27}}
Jun 28 11:55:26.276471 dv-cinder-847954-1-smb devstack@keystone.service[80315]: DEBUG keystone.server.flask.request_processing.req_logging [None req-809573e0-580a-4e0c-8d38-3c2031d6559b None admin] SCRIPT_NAME: `/identity` {{(pid=80315) log_request_info /opt/stack/keystone/keystone/server/flask/request_processing/req_logging.py:28}}
Jun 28 11:55:26.276743 dv-cinder-847954-1-smb devstack@keystone.service[80315]: DEBUG keystone.server.flask.request_processing.req_logging [None req-809573e0-580a-4e0c-8d38-3c2031d6559b None admin] PATH_INFO: `/v3/role_assignments` {{(pid=80315) log_request_info /opt/stack/keystone/keystone/server/flask/request_processing/req_logging.py:29}}
Jun 28 11:55:26.277583 dv-cinder-847954-1-smb devstack@keystone.service[80315]: DEBUG keystone.common.rbac_enforcer.enforcer [None req-809573e0-580a-4e0c-8d38-3c2031d6559b None admin] RBAC: Adding query filter params (role.id=57d52c1b0a1443818028148b95eb44f6, user.id=f6d218fe667f4bc9b02b453116166897, scope.system=all) {{(pid=80315) _extract_filter_values /opt/stack/keystone/keystone/common/rbac_enforcer/enforcer.py:167}}
Jun 28 11:55:26.277896 dv-cinder-847954-1-smb devstack@keystone.service[80315]: DEBUG keystone.common.rbac_enforcer.enforcer [None req-809573e0-580a-4e0c-8d38-3c2031d6559b None admin] RBAC: Authorizing `identity:list_role_assignments()` {{(pid=80315) enforce_call /opt/stack/keystone/keystone/common/rbac_enforcer/enforcer.py:449}}
Jun 28 11:55:26.280364 dv-cinder-847954-1-smb devstack@keystone.service[80315]: DEBUG keystone.common.rbac_enforcer.enforcer [None req-809573e0-580a-4e0c-8d38-3c2031d6559b None admin] RBAC: Authorization granted {{(pid=80315) enforce_call /opt/stack/keystone/keystone/common/rbac_enforcer/enforcer.py:457}}
Jun 28 11:55:26.294456 dv-cinder-847954-1-smb devstack@keystone.service[80315]: [pid: 80315|app: 0|req: 190/370] 10.222.0.49 () {56 vars in 1308 bytes} [Tue Jun 28 11:55:26 2022] GET /identity/v3/role_assignments?user.id=f6d218fe667f4bc9b02b453116166897&scope.system=all&role.id=57d52c1b0a1443818028148b95eb44f6 => generated 510 bytes in 188 msecs (HTTP/1.1 200) 5 headers in 177 bytes (1 switches on core 0)
Jun 28 11:55:26.295024 dv-cinder-847954-1-smb devstack@keystone.service[80315]: DEBUG keystone.server.flask.request_processing.middleware.auth_context [None req-809573e0-580a-4e0c-8d38-3c2031d6559b None admin] Authenticating user token {{(pid=80315) process_request /usr/local/lib/python3.8/dist-packages/keystonemiddleware/auth_token/__init__.py:407}}
Jun 28 11:55:26.325066 dv-cinder-847954-1-smb devstack@keystone.service[80314]: DEBUG keystone.server.flask.request_processing.middleware.auth_context [None req-c24075bf-233e-4e6a-96da-273b10662bc7 None admin] RBAC: auth_context: {'token': , 'domain_id': None, 'trust_id': None, 'trustor_id': None, 'trustee_id': None, 'domain_name': None, 'group_ids': [], 'user_id': '5dacf821834c434a822a5d4f64c8fbf6', 'user_domain_id': 'default', 'system_scope': 'all', 'project_id': None, 'project_domain_id': None, 'roles': ['admin', 'member', 'reader'], 'is_admin_project': True, 'service_user_id': None, 'service_user_domain_id': None, 'service_project_id': None, 'service_project_domain_id': None, 'service_roles': []} {{(pid=80314) fill_context /opt/stack/keystone/keystone/server/flask/request_processing/middleware/auth_context.py:478}}
Jun 28 11:55:26.326207 dv-cinder-847954-1-smb devstack@keystone.service[80314]: DEBUG keystone.server.flask.request_processing.req_logging [None req-c24075bf-233e-4e6a-96da-273b10662bc7 None admin] REQUEST_METHOD: `GET` {{(pid=80314) log_request_info /opt/stack/keystone/keystone/server/flask/request_processing/req_logging.py:27}}
Jun 28 11:55:26.327133 dv-cinder-847954-1-smb devstack@keystone.service[80314]: DEBUG keystone.server.flask.request_processing.req_logging [None req-c24075bf-233e-4e6a-96da-273b10662bc7 None admin] SCRIPT_NAME: `/identity` {{(pid=80314) log_request_info /opt/stack/keystone/keystone/server/flask/request_processing/req_logging.py:28}}
Jun 28 11:55:26.327622 dv-cinder-847954-1-smb devstack@keystone.service[80314]: DEBUG keystone.server.flask.request_processing.req_logging [None req-c24075bf-233e-4e6a-96da-273b10662bc7 None admin] PATH_INFO: `/v3/auth/tokens` {{(pid=80314) log_request_info /opt/stack/keystone/keystone/server/flask/request_processing/req_logging.py:29}}
Jun 28 11:55:26.363651 dv-cinder-847954-1-smb devstack@keystone.service[80314]: DEBUG dbcounter [-] [80314] Writing DB stats keystone:SELECT=100 {{(pid=80314) stat_writer /usr/local/lib/python3.8/dist-packages/dbcounter.py:114}}
Jun 28 11:55:26.425366 dv-cinder-847954-1-smb devstack@keystone.service[80315]: DEBUG keystone.server.flask.request_processing.middleware.auth_context [None req-809573e0-580a-4e0c-8d38-3c2031d6559b None admin] Validating token access rules against request {{(pid=80315) validate_allowed_request /usr/local/lib/python3.8/dist-packages/keystonemiddleware/auth_token/__init__.py:545}}
Jun 28 11:55:26.442891 dv-cinder-847954-1-smb devstack@keystone.service[80314]: DEBUG keystone.common.rbac_enforcer.enforcer [None req-c24075bf-233e-4e6a-96da-273b10662bc7 None admin] RBAC: Authorizing `identity:validate_token()` {{(pid=80314) enforce_call /opt/stack/keystone/keystone/common/rbac_enforcer/enforcer.py:449}}
Jun 28 11:55:26.445612 dv-cinder-847954-1-smb devstack@keystone.service[80314]: DEBUG keystone.common.rbac_enforcer.enforcer [None req-c24075bf-233e-4e6a-96da-273b10662bc7 None admin] RBAC: Authorization granted {{(pid=80314) enforce_call /opt/stack/keystone/keystone/common/rbac_enforcer/enforcer.py:457}}
Jun 28 11:55:26.478058 dv-cinder-847954-1-smb devstack@keystone.service[80315]: DEBUG keystone.server.flask.request_processing.middleware.auth_context [None req-10786939-d4b1-45af-a8d6-22217b79c6cf None admin] RBAC: auth_context: {'token': , 'domain_id': None, 'trust_id': None, 'trustor_id': None, 'trustee_id': None, 'domain_name': None, 'group_ids': [], 'user_id': '5dacf821834c434a822a5d4f64c8fbf6', 'user_domain_id': 'default', 'system_scope': 'all', 'project_id': None, 'project_domain_id': None, 'roles': ['admin', 'member', 'reader'], 'is_admin_project': True, 'service_user_id': None, 'service_user_domain_id': None, 'service_project_id': None, 'service_project_domain_id': None, 'service_roles': []} {{(pid=80315) fill_context /opt/stack/keystone/keystone/server/flask/request_processing/middleware/auth_context.py:478}}
Jun 28 11:55:26.478864 dv-cinder-847954-1-smb devstack@keystone.service[80315]: DEBUG keystone.server.flask.request_processing.req_logging [None req-10786939-d4b1-45af-a8d6-22217b79c6cf None admin] REQUEST_METHOD: `GET` {{(pid=80315) log_request_info /opt/stack/keystone/keystone/server/flask/request_processing/req_logging.py:27}}
Jun 28 11:55:26.479146 dv-cinder-847954-1-smb devstack@keystone.service[80315]: DEBUG keystone.server.flask.request_processing.req_logging [None req-10786939-d4b1-45af-a8d6-22217b79c6cf None admin] SCRIPT_NAME: `/identity` {{(pid=80315) log_request_info /opt/stack/keystone/keystone/server/flask/request_processing/req_logging.py:28}}
Jun 28 11:55:26.479424 dv-cinder-847954-1-smb devstack@keystone.service[80315]: DEBUG keystone.server.flask.request_processing.req_logging [None req-10786939-d4b1-45af-a8d6-22217b79c6cf None admin] PATH_INFO: `/v3/roles/admin` {{(pid=80315) log_request_info /opt/stack/keystone/keystone/server/flask/request_processing/req_logging.py:29}}
Jun 28 11:55:26.496590 dv-cinder-847954-1-smb devstack@keystone.service[80315]: DEBUG dbcounter [-] [80315] Writing DB stats keystone:SELECT=100 {{(pid=80315) stat_writer /usr/local/lib/python3.8/dist-packages/dbcounter.py:114}}
Jun 28 11:55:26.504302 dv-cinder-847954-1-smb devstack@keystone.service[80315]: DEBUG keystone.common.rbac_enforcer.enforcer [None req-10786939-d4b1-45af-a8d6-22217b79c6cf None admin] Extracting inferred target data resulted in "NOT FOUND (404)". {{(pid=80315) enforce_call /opt/stack/keystone/keystone/common/rbac_enforcer/enforcer.py:409}}
Jun 28 11:55:26.517378 dv-cinder-847954-1-smb devstack@keystone.service[80315]: ERROR keystone.server.flask.application [None req-10786939-d4b1-45af-a8d6-22217b79c6cf None admin] Could not find role: admin.: keystone.exception.RoleNotFound: Could not find role: admin.
Jun 28 11:55:26.517378 dv-cinder-847954-1-smb devstack@keystone.service[80315]: ERROR keystone.server.flask.application
Traceback (most recent call last):
Jun 28 11:55:26.517378 dv-cinder-847954-1-smb devstack@keystone.service[80315]: ERROR keystone.server.flask.application
File "/usr/local/lib/python3.8/dist-packages/flask/app.py", line 1523, in full_dispatch_request
Jun 28 11:55:26.517378 dv-cinder-847954-1-smb devstack@keystone.service[80315]: ERROR keystone.server.flask.application rv = self.dispatch_request()
Jun 28 11:55:26.517378 dv-cinder-847954-1-smb devstack@keystone.service[80315]: ERROR keystone.server.flask.application
File "/usr/local/lib/python3.8/dist-packages/flask/app.py", line 1509, in dispatch_request
Jun 28 11:55:26.517378 dv-cinder-847954-1-smb devstack@keystone.service[80315]: ERROR keystone.server.flask.application return self.ensure_sync(self.view_functions[rule.endpoint])(**req.view_args)
Jun 28 11:55:26.517378 dv-cinder-847954-1-smb devstack@keystone.service[80315]: ERROR keystone.server.flask.application
File "/usr/local/lib/python3.8/dist-packages/flask_restful/__init__.py", line 467, in wrapper
Jun 28 11:55:26.517378 dv-cinder-847954-1-smb devstack@keystone.service[80315]: ERROR keystone.server.flask.application resp = resource(*args, **kwargs)
Jun 28 11:55:26.517378 dv-cinder-847954-1-smb devstack@keystone.service[80315]: ERROR keystone.server.flask.application
File "/usr/local/lib/python3.8/dist-packages/flask/views.py", line 84, in view
Jun 28 11:55:26.517378 dv-cinder-847954-1-smb devstack@keystone.service[80315]: ERROR keystone.server.flask.application return current_app.ensure_sync(self.dispatch_request)(*args, **kwargs)
Jun 28 11:55:26.517378 dv-cinder-847954-1-smb devstack@keystone.service[80315]: ERROR keystone.server.flask.application
File "/usr/local/lib/python3.8/dist-packages/flask_restful/__init__.py", line 582, in dispatch_request
Jun 28 11:55:26.517378 dv-cinder-847954-1-smb devstack@keystone.service[80315]: ERROR keystone.server.flask.application resp = meth(*args, **kwargs)
Jun 28 11:55:26.517378 dv-cinder-847954-1-smb devstack@keystone.service[80315]: ERROR keystone.server.flask.application
File "/opt/stack/keystone/keystone/api/roles.py", line 50, in get
Jun 28 11:55:26.517378 dv-cinder-847954-1-smb devstack@keystone.service[80315]: ERROR keystone.server.flask.application return self._get_role(role_id)
Jun 28 11:55:26.517378 dv-cinder-847954-1-smb devstack@keystone.service[80315]: ERROR keystone.server.flask.application
File "/opt/stack/keystone/keystone/api/roles.py", line 70, in _get_role
Jun 28 11:55:26.517378 dv-cinder-847954-1-smb devstack@keystone.service[80315]: ERROR keystone.server.flask.application ENFORCER.enforce_call(action='identity:get_role')
Jun 28 11:55:26.518315 dv-cinder-847954-1-smb devstack@keystone.service[80315]: ERROR keystone.server.flask.application
File "/opt/stack/keystone/keystone/common/rbac_enforcer/enforcer.py", line 402, in enforce_call
Jun 28 11:55:26.518315 dv-cinder-847954-1-smb devstack@keystone.service[80315]: ERROR keystone.server.flask.application policy_dict.update(cls._extract_member_target_data(
Jun 28 11:55:26.518315 dv-cinder-847954-1-smb devstack@keystone.service[80315]: ERROR keystone.server.flask.application
File "/opt/stack/keystone/keystone/common/rbac_enforcer/enforcer.py", line 234, in _extract_member_target_data
Jun 28 11:55:26.518315 dv-cinder-847954-1-smb devstack@keystone.service[80315]: ERROR keystone.server.flask.application member_name: func(flask.request.view_args[key])
Jun 28 11:55:26.518315 dv-cinder-847954-1-smb devstack@keystone.service[80315]: ERROR keystone.server.flask.application
File "/opt/stack/keystone/keystone/common/manager.py", line 115, in wrapped
Jun 28 11:55:26.518315 dv-cinder-847954-1-smb devstack@keystone.service[80315]: ERROR keystone.server.flask.application __ret_val = __f(*args, **kwargs)
Jun 28 11:55:26.518315 dv-cinder-847954-1-smb devstack@keystone.service[80315]: ERROR keystone.server.flask.application
File "/usr/local/lib/python3.8/dist-packages/decorator.py", line 232, in fun
Jun 28 11:55:26.518315 dv-cinder-847954-1-smb devstack@keystone.service[80315]: ERROR keystone.server.flask.application return caller(func, *(extras + args), **kw)
Jun 28 11:55:26.518315 dv-cinder-847954-1-smb devstack@keystone.service[80315]: ERROR keystone.server.flask.application
File "/usr/local/lib/python3.8/dist-packages/dogpile/cache/region.py", line 1577, in get_or_create_for_user_func
Jun 28 11:55:26.518315 dv-cinder-847954-1-smb devstack@keystone.service[80315]: ERROR keystone.server.flask.application return self.get_or_create(
Jun 28 11:55:26.518315 dv-cinder-847954-1-smb devstack@keystone.service[80315]: ERROR keystone.server.flask.application
File "/usr/local/lib/python3.8/dist-packages/dogpile/cache/region.py", line 1042, in get_or_create
Jun 28 11:55:26.518315 dv-cinder-847954-1-smb devstack@keystone.service[80315]: ERROR keystone.server.flask.application with Lock(
Jun 28 11:55:26.518315 dv-cinder-847954-1-smb devstack@keystone.service[80315]: ERROR keystone.server.flask.application
File "/usr/local/lib/python3.8/dist-packages/dogpile/lock.py", line 185, in __enter__
Jun 28 11:55:26.518315 dv-cinder-847954-1-smb devstack@keystone.service[80315]: ERROR keystone.server.flask.application return self._enter()
Jun 28 11:55:26.518315 dv-cinder-847954-1-smb devstack@keystone.service[80315]: ERROR keystone.server.flask.application
File "/usr/local/lib/python3.8/dist-packages/dogpile/lock.py", line 94, in _enter
Jun 28 11:55:26.518315 dv-cinder-847954-1-smb devstack@keystone.service[80315]: ERROR keystone.server.flask.application generated = self._enter_create(value, createdtime)
Jun 28 11:55:26.519185 dv-cinder-847954-1-smb devstack@keystone.service[80315]: ERROR keystone.server.flask.application
File "/usr/local/lib/python3.8/dist-packages/dogpile/lock.py", line 178, in _enter_create
Jun 28 11:55:26.519185 dv-cinder-847954-1-smb devstack@keystone.service[80315]: ERROR keystone.server.flask.application return self.creator()
Jun 28 11:55:26.519185 dv-cinder-847954-1-smb devstack@keystone.service[80315]: ERROR keystone.server.flask.application
File "/usr/local/lib/python3.8/dist-packages/dogpile/cache/region.py", line 995, in gen_value
Jun 28 11:55:26.519185 dv-cinder-847954-1-smb devstack@keystone.service[80315]: ERROR keystone.server.flask.application created_value = creator(
Jun 28 11:55:26.519185 dv-cinder-847954-1-smb devstack@keystone.service[80315]: ERROR keystone.server.flask.application
File "/opt/stack/keystone/keystone/assignment/core.py", line 1276, in get_role
Jun 28 11:55:26.519185 dv-cinder-847954-1-smb devstack@keystone.service[80315]: ERROR keystone.server.flask.application return self.driver.get_role(role_id)
Jun 28 11:55:26.519185 dv-cinder-847954-1-smb devstack@keystone.service[80315]: ERROR keystone.server.flask.application
File "/opt/stack/keystone/keystone/assignment/role_backends/sql.py", line 70, in get_role
Jun 28 11:55:26.519185 dv-cinder-847954-1-smb devstack@keystone.service[80315]: ERROR keystone.server.flask.application return self._get_role(session, role_id).to_dict()
Jun 28 11:55:26.519185 dv-cinder-847954-1-smb devstack@keystone.service[80315]: ERROR keystone.server.flask.application
File "/opt/stack/keystone/keystone/assignment/role_backends/sql.py", line 65, in _get_role
Jun 28 11:55:26.519185 dv-cinder-847954-1-smb devstack@keystone.service[80315]: ERROR keystone.server.flask.application raise exception.RoleNotFound(role_id=role_id)
Jun 28 11:55:26.519185 dv-cinder-847954-1-smb devstack@keystone.service[80315]: ERROR keystone.server.flask.application keystone.exception.RoleNotFound: Could not find role: admin.
Jun 28 11:55:26.519185 dv-cinder-847954-1-smb devstack@keystone.service[80315]: ERROR keystone.server.flask.application
Jun 28 11:55:26.519185 dv-cinder-847954-1-smb devstack@keystone.service[80315]: [pid: 80315|app: 0|req: 191/371] 10.222.0.49 () {56 vars in 1096 bytes} [Tue Jun 28 11:55:26 2022] GET /identity/v3/roles/admin => generated 83 bytes in 224 msecs (HTTP/1.1 404) 5 headers in 183 bytes (1 switches on core 0)
Jun 28 11:55:26.533223 dv-cinder-847954-1-smb devstack@keystone.service[80315]: DEBUG keystone.server.flask.request_processing.middleware.auth_context [None req-10786939-d4b1-45af-a8d6-22217b79c6cf None admin] Authenticating user token {{(pid=80315) process_request /usr/local/lib/python3.8/dist-packages/keystonemiddleware/auth_token/__init__.py:407}}
Jun 28 11:55:26.659781 dv-cinder-847954-1-smb devstack@keystone.service[80314]: [pid: 80314|app: 0|req: 181/372] 10.222.0.49 () {58 vars in 1282 bytes} [Tue Jun 28 11:55:26 2022] GET /identity/v3/auth/tokens => generated 799 bytes in 540 msecs (HTTP/1.1 200) 6 headers in 358 bytes (2 switches on core 0)
Jun 28 11:55:26.666033 dv-cinder-847954-1-smb devstack@keystone.service[80314]: DEBUG keystone.server.flask.request_processing.middleware.auth_context [None req-c24075bf-233e-4e6a-96da-273b10662bc7 None admin] Authenticating user token {{(pid=80314) process_request /usr/local/lib/python3.8/dist-packages/keystonemiddleware/auth_token/__init__.py:407}}
Jun 28 11:55:26.732017 dv-cinder-847954-1-smb devstack@keystone.service[80314]: DEBUG dbcounter [-] [80314] Writing DB stats keystone:SELECT=100 {{(pid=80314) stat_writer /usr/local/lib/python3.8/dist-packages/dbcounter.py:114}}
Jun 28 11:55:26.795899 dv-cinder-847954-1-smb devstack@keystone.service[80314]: DEBUG keystone.server.flask.request_processing.middleware.auth_context [None req-c24075bf-233e-4e6a-96da-273b10662bc7 None admin] Validating token access rules against request {{(pid=80314) validate_allowed_request /usr/local/lib/python3.8/dist-packages/keystonemiddleware/auth_token/__init__.py:545}}
Jun 28 11:55:26.797239 dv-cinder-847954-1-smb devstack@keystone.service[80315]: DEBUG keystone.server.flask.request_processing.middleware.auth_context [None req-10786939-d4b1-45af-a8d6-22217b79c6cf None admin] Validating token access rules against request {{(pid=80315) validate_allowed_request /usr/local/lib/python3.8/dist-packages/keystonemiddleware/auth_token/__init__.py:545}}
Jun 28 11:55:26.830471 dv-cinder-847954-1-smb devstack@keystone.service[80314]: DEBUG keystone.server.flask.request_processing.middleware.auth_context [None req-aeec1306-d99e-406c-8668-ff7f2e83b997 None admin] RBAC: auth_context: {'token': , 'domain_id': None, 'trust_id': None, 'trustor_id': None, 'trustee_id': None, 'domain_name': None, 'group_ids': [], 'user_id': '5dacf821834c434a822a5d4f64c8fbf6', 'user_domain_id': 'default', 'system_scope': 'all', 'project_id': None, 'project_domain_id': None, 'roles': ['admin', 'member', 'reader'], 'is_admin_project': True, 'service_user_id': None, 'service_user_domain_id': None, 'service_project_id': None, 'service_project_domain_id': None, 'service_roles': []} {{(pid=80314) fill_context /opt/stack/keystone/keystone/server/flask/request_processing/middleware/auth_context.py:478}}
Jun 28 11:55:26.831347 dv-cinder-847954-1-smb devstack@keystone.service[80314]: DEBUG keystone.server.flask.request_processing.req_logging [None req-aeec1306-d99e-406c-8668-ff7f2e83b997 None admin] REQUEST_METHOD: `GET` {{(pid=80314) log_request_info /opt/stack/keystone/keystone/server/flask/request_processing/req_logging.py:27}}
Jun 28 11:55:26.831631 dv-cinder-847954-1-smb devstack@keystone.service[80314]: DEBUG keystone.server.flask.request_processing.req_logging [None req-aeec1306-d99e-406c-8668-ff7f2e83b997 None admin] SCRIPT_NAME: `/identity` {{(pid=80314) log_request_info /opt/stack/keystone/keystone/server/flask/request_processing/req_logging.py:28}}
Jun 28 11:55:26.831929 dv-cinder-847954-1-smb devstack@keystone.service[80314]: DEBUG keystone.server.flask.request_processing.req_logging [None req-aeec1306-d99e-406c-8668-ff7f2e83b997 None admin] PATH_INFO: `/v3/projects/a39345b421b846488684793b6a430379` {{(pid=80314) log_request_info /opt/stack/keystone/keystone/server/flask/request_processing/req_logging.py:29}}
Jun 28 11:55:26.833836 dv-cinder-847954-1-smb devstack@keystone.service[80314]: DEBUG keystone.common.rbac_enforcer.enforcer [None req-aeec1306-d99e-406c-8668-ff7f2e83b997 None admin] RBAC: Authorizing `identity:get_project(project_id=a39345b421b846488684793b6a430379)` {{(pid=80314) enforce_call /opt/stack/keystone/keystone/common/rbac_enforcer/enforcer.py:449}}
Jun 28 11:55:26.835525 dv-cinder-847954-1-smb devstack@keystone.service[80314]: DEBUG keystone.common.rbac_enforcer.enforcer [None req-aeec1306-d99e-406c-8668-ff7f2e83b997 None admin] RBAC: Authorization granted {{(pid=80314) enforce_call /opt/stack/keystone/keystone/common/rbac_enforcer/enforcer.py:457}}
Jun 28 11:55:26.841547 dv-cinder-847954-1-smb devstack@keystone.service[80314]: [pid: 80314|app: 0|req: 182/373] 10.222.0.49 () {56 vars in 1186 bytes} [Tue Jun 28 11:55:26 2022] GET /identity/v3/projects/a39345b421b846488684793b6a430379 => generated 302 bytes in 172 msecs (HTTP/1.1 200) 5 headers in 177 bytes (2 switches on core 0)
Jun 28 11:55:26.842890 dv-cinder-847954-1-smb devstack@keystone.service[80314]: DEBUG keystone.server.flask.request_processing.middleware.auth_context [None req-aeec1306-d99e-406c-8668-ff7f2e83b997 None admin] Authenticating user token {{(pid=80314) process_request /usr/local/lib/python3.8/dist-packages/keystonemiddleware/auth_token/__init__.py:407}}
Jun 28 11:55:26.861169 dv-cinder-847954-1-smb devstack@keystone.service[80315]: DEBUG keystone.server.flask.request_processing.middleware.auth_context [None req-8e9ea6f9-d6c5-4bd6-9ca3-2b743292ee05 None admin] RBAC: auth_context: {'token': , 'domain_id': None, 'trust_id': None, 'trustor_id': None, 'trustee_id': None, 'domain_name': None, 'group_ids': [], 'user_id': '5dacf821834c434a822a5d4f64c8fbf6', 'user_domain_id': 'default', 'system_scope': 'all', 'project_id': None, 'project_domain_id': None, 'roles': ['admin', 'member', 'reader'], 'is_admin_project': True, 'service_user_id': None, 'service_user_domain_id': None, 'service_project_id': None, 'service_project_domain_id': None, 'service_roles': []} {{(pid=80315) fill_context /opt/stack/keystone/keystone/server/flask/request_processing/middleware/auth_context.py:478}}
Jun 28 11:55:26.862146 dv-cinder-847954-1-smb devstack@keystone.service[80315]: DEBUG keystone.server.flask.request_processing.req_logging [None req-8e9ea6f9-d6c5-4bd6-9ca3-2b743292ee05 None admin] REQUEST_METHOD: `GET` {{(pid=80315) log_request_info /opt/stack/keystone/keystone/server/flask/request_processing/req_logging.py:27}}
Jun 28 11:55:26.862640 dv-cinder-847954-1-smb devstack@keystone.service[80315]: DEBUG keystone.server.flask.request_processing.req_logging [None req-8e9ea6f9-d6c5-4bd6-9ca3-2b743292ee05 None admin] SCRIPT_NAME: `/identity` {{(pid=80315) log_request_info /opt/stack/keystone/keystone/server/flask/request_processing/req_logging.py:28}}
Jun 28 11:55:26.863097 dv-cinder-847954-1-smb devstack@keystone.service[80315]: DEBUG keystone.server.flask.request_processing.req_logging [None req-8e9ea6f9-d6c5-4bd6-9ca3-2b743292ee05 None admin] PATH_INFO: `/v3/roles` {{(pid=80315) log_request_info /opt/stack/keystone/keystone/server/flask/request_processing/req_logging.py:29}}
Jun 28 11:55:26.864807 dv-cinder-847954-1-smb devstack@keystone.service[80315]: DEBUG keystone.common.rbac_enforcer.enforcer [None req-8e9ea6f9-d6c5-4bd6-9ca3-2b743292ee05 None admin] RBAC: Adding query filter params (name=admin) {{(pid=80315) _extract_filter_values /opt/stack/keystone/keystone/common/rbac_enforcer/enforcer.py:167}}
Jun 28 11:55:26.865329 dv-cinder-847954-1-smb devstack@keystone.service[80315]: DEBUG keystone.common.rbac_enforcer.enforcer [None req-8e9ea6f9-d6c5-4bd6-9ca3-2b743292ee05 None admin] RBAC: Authorizing `identity:list_roles()` {{(pid=80315) enforce_call /opt/stack/keystone/keystone/common/rbac_enforcer/enforcer.py:449}}
Jun 28 11:55:26.866956 dv-cinder-847954-1-smb devstack@keystone.service[80315]: DEBUG keystone.common.rbac_enforcer.enforcer [None req-8e9ea6f9-d6c5-4bd6-9ca3-2b743292ee05 None admin] RBAC: Authorization granted {{(pid=80315) enforce_call /opt/stack/keystone/keystone/common/rbac_enforcer/enforcer.py:457}}
Jun 28 11:55:26.882196 dv-cinder-847954-1-smb devstack@keystone.service[80315]: [pid: 80315|app: 0|req: 192/374] 10.222.0.49 () {56 vars in 1099 bytes} [Tue Jun 28 11:55:26 2022] GET /identity/v3/roles?name=admin => generated 339 bytes in 345 msecs (HTTP/1.1 200) 5 headers in 177 bytes (2 switches on core 0)
Jun 28 11:55:26.883728 dv-cinder-847954-1-smb devstack@keystone.service[80315]: DEBUG keystone.server.flask.request_processing.middleware.auth_context [None req-8e9ea6f9-d6c5-4bd6-9ca3-2b743292ee05 None admin] Authenticating user token {{(pid=80315) process_request /usr/local/lib/python3.8/dist-packages/keystonemiddleware/auth_token/__init__.py:407}}
Jun 28 11:55:26.959977 dv-cinder-847954-1-smb devstack@keystone.service[80315]: DEBUG dbcounter [-] [80315] Writing DB stats keystone:SELECT=100 {{(pid=80315) stat_writer /usr/local/lib/python3.8/dist-packages/dbcounter.py:114}}
Jun 28 11:55:26.966515 dv-cinder-847954-1-smb devstack@keystone.service[80314]: DEBUG keystone.server.flask.request_processing.middleware.auth_context [None req-aeec1306-d99e-406c-8668-ff7f2e83b997 None admin] Validating token access rules against request {{(pid=80314) validate_allowed_request /usr/local/lib/python3.8/dist-packages/keystonemiddleware/auth_token/__init__.py:545}}
Jun 28 11:55:26.989135 dv-cinder-847954-1-smb devstack@keystone.service[80314]: DEBUG dbcounter [-] [80314] Writing DB stats keystone:SELECT=100 {{(pid=80314) stat_writer /usr/local/lib/python3.8/dist-packages/dbcounter.py:114}}
Jun 28 11:55:27.005592 dv-cinder-847954-1-smb devstack@keystone.service[80314]: DEBUG keystone.server.flask.request_processing.middleware.auth_context [None req-f73c2221-ebe3-46dc-b8bc-8b0c7a48d8e3 None admin] RBAC: auth_context: {'token': , 'domain_id': None, 'trust_id': None, 'trustor_id': None, 'trustee_id': None, 'domain_name': None, 'group_ids': [], 'user_id': '5dacf821834c434a822a5d4f64c8fbf6', 'user_domain_id': 'default', 'system_scope': 'all', 'project_id': None, 'project_domain_id': None, 'roles': ['admin', 'member', 'reader'], 'is_admin_project': True, 'service_user_id': None, 'service_user_domain_id': None, 'service_project_id': None, 'service_project_domain_id': None, 'service_roles': []} {{(pid=80314) fill_context /opt/stack/keystone/keystone/server/flask/request_processing/middleware/auth_context.py:478}}
Jun 28 11:55:27.006423 dv-cinder-847954-1-smb devstack@keystone.service[80314]: DEBUG keystone.server.flask.request_processing.req_logging [None req-f73c2221-ebe3-46dc-b8bc-8b0c7a48d8e3 None admin] REQUEST_METHOD: `GET` {{(pid=80314) log_request_info /opt/stack/keystone/keystone/server/flask/request_processing/req_logging.py:27}}
Jun 28 11:55:27.006758 dv-cinder-847954-1-smb devstack@keystone.service[80314]: DEBUG keystone.server.flask.request_processing.req_logging [None req-f73c2221-ebe3-46dc-b8bc-8b0c7a48d8e3 None admin] SCRIPT_NAME: `/identity` {{(pid=80314) log_request_info /opt/stack/keystone/keystone/server/flask/request_processing/req_logging.py:28}}
Jun 28 11:55:27.007172 dv-cinder-847954-1-smb devstack@keystone.service[80314]: DEBUG keystone.server.flask.request_processing.req_logging [None req-f73c2221-ebe3-46dc-b8bc-8b0c7a48d8e3 None admin] PATH_INFO: `/v3/groups/d19c16f4fe1b439a8fc36ac6bfda43ec` {{(pid=80314) log_request_info /opt/stack/keystone/keystone/server/flask/request_processing/req_logging.py:29}}
Jun 28 11:55:27.008391 dv-cinder-847954-1-smb devstack@keystone.service[80314]: DEBUG keystone.common.rbac_enforcer.enforcer [None req-f73c2221-ebe3-46dc-b8bc-8b0c7a48d8e3 None admin] RBAC: Authorizing `identity:get_group(group_id=d19c16f4fe1b439a8fc36ac6bfda43ec)` {{(pid=80314) enforce_call /opt/stack/keystone/keystone/common/rbac_enforcer/enforcer.py:449}}
Jun 28 11:55:27.010051 dv-cinder-847954-1-smb devstack@keystone.service[80314]: DEBUG keystone.common.rbac_enforcer.enforcer [None req-f73c2221-ebe3-46dc-b8bc-8b0c7a48d8e3 None admin] RBAC: Authorization granted {{(pid=80314) enforce_call /opt/stack/keystone/keystone/common/rbac_enforcer/enforcer.py:457}}
Jun 28 11:55:27.012775 dv-cinder-847954-1-smb devstack@keystone.service[80314]: [pid: 80314|app: 0|req: 183/375] 10.222.0.49 () {56 vars in 1180 bytes} [Tue Jun 28 11:55:26 2022] GET /identity/v3/groups/d19c16f4fe1b439a8fc36ac6bfda43ec => generated 226 bytes in 170 msecs (HTTP/1.1 200) 5 headers in 177 bytes (2 switches on core 0)
Jun 28 11:55:27.014463 dv-cinder-847954-1-smb devstack@keystone.service[80315]: DEBUG keystone.server.flask.request_processing.middleware.auth_context [None req-8e9ea6f9-d6c5-4bd6-9ca3-2b743292ee05 None admin] Validating token access rules against request {{(pid=80315) validate_allowed_request /usr/local/lib/python3.8/dist-packages/keystonemiddleware/auth_token/__init__.py:545}}
Jun 28 11:55:27.017713 dv-cinder-847954-1-smb devstack@keystone.service[80314]: DEBUG keystone.server.flask.request_processing.middleware.auth_context [None req-f73c2221-ebe3-46dc-b8bc-8b0c7a48d8e3 None admin] Authenticating user token {{(pid=80314) process_request /usr/local/lib/python3.8/dist-packages/keystonemiddleware/auth_token/__init__.py:407}}
Jun 28 11:55:27.061166 dv-cinder-847954-1-smb devstack@keystone.service[80315]: DEBUG keystone.server.flask.request_processing.middleware.auth_context [None req-d7d3862d-a7a4-4665-a6d4-7716b1287386 None admin] RBAC: auth_context: {'token': , 'domain_id': None, 'trust_id': None, 'trustor_id': None, 'trustee_id': None, 'domain_name': None, 'group_ids': [], 'user_id': '5dacf821834c434a822a5d4f64c8fbf6', 'user_domain_id': 'default', 'system_scope': 'all', 'project_id': None, 'project_domain_id': None, 'roles': ['admin', 'member', 'reader'], 'is_admin_project': True, 'service_user_id': None, 'service_user_domain_id': None, 'service_project_id': None, 'service_project_domain_id': None, 'service_roles': []} {{(pid=80315) fill_context /opt/stack/keystone/keystone/server/flask/request_processing/middleware/auth_context.py:478}}
Jun 28 11:55:27.062067 dv-cinder-847954-1-smb devstack@keystone.service[80315]: DEBUG keystone.server.flask.request_processing.req_logging [None req-d7d3862d-a7a4-4665-a6d4-7716b1287386 None admin] REQUEST_METHOD: `GET` {{(pid=80315) log_request_info /opt/stack/keystone/keystone/server/flask/request_processing/req_logging.py:27}}
Jun 28 11:55:27.062202 dv-cinder-847954-1-smb devstack@keystone.service[80315]: DEBUG keystone.server.flask.request_processing.req_logging [None req-d7d3862d-a7a4-4665-a6d4-7716b1287386 None admin] SCRIPT_NAME: `/identity` {{(pid=80315) log_request_info /opt/stack/keystone/keystone/server/flask/request_processing/req_logging.py:28}}
Jun 28 11:55:27.062379 dv-cinder-847954-1-smb devstack@keystone.service[80315]: DEBUG keystone.server.flask.request_processing.req_logging [None req-d7d3862d-a7a4-4665-a6d4-7716b1287386 None admin] PATH_INFO: `/v3/auth/tokens` {{(pid=80315) log_request_info /opt/stack/keystone/keystone/server/flask/request_processing/req_logging.py:29}}
Jun 28 11:55:27.132714 dv-cinder-847954-1-smb devstack@keystone.service[80314]: DEBUG keystone.server.flask.request_processing.middleware.auth_context [None req-f73c2221-ebe3-46dc-b8bc-8b0c7a48d8e3 None admin] Validating token access rules against request {{(pid=80314) validate_allowed_request /usr/local/lib/python3.8/dist-packages/keystonemiddleware/auth_token/__init__.py:545}}
Jun 28 11:55:27.163908 dv-cinder-847954-1-smb devstack@keystone.service[80315]: DEBUG keystone.common.rbac_enforcer.enforcer [None req-d7d3862d-a7a4-4665-a6d4-7716b1287386 None admin] RBAC: Authorizing `identity:validate_token()` {{(pid=80315) enforce_call /opt/stack/keystone/keystone/common/rbac_enforcer/enforcer.py:449}}
Jun 28 11:55:27.165400 dv-cinder-847954-1-smb devstack@keystone.service[80315]: DEBUG keystone.common.rbac_enforcer.enforcer [None req-d7d3862d-a7a4-4665-a6d4-7716b1287386 None admin] RBAC: Authorization granted {{(pid=80315) enforce_call /opt/stack/keystone/keystone/common/rbac_enforcer/enforcer.py:457}}
Jun 28 11:55:27.170728 dv-cinder-847954-1-smb devstack@keystone.service[80314]: DEBUG keystone.server.flask.request_processing.middleware.auth_context [None req-41e42445-8afe-4cf4-b705-0c61691c6812 None admin] RBAC: auth_context: {'token': , 'domain_id': None, 'trust_id': None, 'trustor_id': None, 'trustee_id': None, 'domain_name': None, 'group_ids': [], 'user_id': '5dacf821834c434a822a5d4f64c8fbf6', 'user_domain_id': 'default', 'system_scope': 'all', 'project_id': None, 'project_domain_id': None, 'roles': ['admin', 'member', 'reader'], 'is_admin_project': True, 'service_user_id': None, 'service_user_domain_id': None, 'service_project_id': None, 'service_project_domain_id': None, 'service_roles': []} {{(pid=80314) fill_context /opt/stack/keystone/keystone/server/flask/request_processing/middleware/auth_context.py:478}}
Jun 28 11:55:27.171688 dv-cinder-847954-1-smb devstack@keystone.service[80314]: DEBUG keystone.server.flask.request_processing.req_logging [None req-41e42445-8afe-4cf4-b705-0c61691c6812 None admin] REQUEST_METHOD: `GET` {{(pid=80314) log_request_info /opt/stack/keystone/keystone/server/flask/request_processing/req_logging.py:27}}
Jun 28 11:55:27.172302 dv-cinder-847954-1-smb devstack@keystone.service[80314]: DEBUG keystone.server.flask.request_processing.req_logging [None req-41e42445-8afe-4cf4-b705-0c61691c6812 None admin] SCRIPT_NAME: `/identity` {{(pid=80314) log_request_info /opt/stack/keystone/keystone/server/flask/request_processing/req_logging.py:28}}
Jun 28 11:55:27.172775 dv-cinder-847954-1-smb devstack@keystone.service[80314]: DEBUG keystone.server.flask.request_processing.req_logging [None req-41e42445-8afe-4cf4-b705-0c61691c6812 None admin] PATH_INFO: `/v3/role_assignments` {{(pid=80314) log_request_info /opt/stack/keystone/keystone/server/flask/request_processing/req_logging.py:29}}
Jun 28 11:55:27.173907 dv-cinder-847954-1-smb devstack@keystone.service[80314]: DEBUG keystone.common.rbac_enforcer.enforcer [None req-41e42445-8afe-4cf4-b705-0c61691c6812 None admin] RBAC: Adding query filter params (group.id=d19c16f4fe1b439a8fc36ac6bfda43ec, role.id=478978f29ae748188de8d1a31490bb00, scope.project.id=a39345b421b846488684793b6a430379) {{(pid=80314) _extract_filter_values /opt/stack/keystone/keystone/common/rbac_enforcer/enforcer.py:167}}
Jun 28 11:55:27.174418 dv-cinder-847954-1-smb devstack@keystone.service[80314]: DEBUG keystone.common.rbac_enforcer.enforcer [None req-41e42445-8afe-4cf4-b705-0c61691c6812 None admin] RBAC: Authorizing `identity:list_role_assignments()` {{(pid=80314) enforce_call /opt/stack/keystone/keystone/common/rbac_enforcer/enforcer.py:449}}
Jun 28 11:55:27.176104 dv-cinder-847954-1-smb devstack@keystone.service[80314]: DEBUG keystone.common.rbac_enforcer.enforcer [None req-41e42445-8afe-4cf4-b705-0c61691c6812 None admin] RBAC: Authorization granted {{(pid=80314) enforce_call /opt/stack/keystone/keystone/common/rbac_enforcer/enforcer.py:457}}
Jun 28 11:55:27.183223 dv-cinder-847954-1-smb devstack@keystone.service[80314]: [pid: 80314|app: 0|req: 184/376] 10.222.0.49 () {56 vars in 1376 bytes} [Tue Jun 28 11:55:27 2022] GET /identity/v3/role_assignments?group.id=d19c16f4fe1b439a8fc36ac6bfda43ec&scope.project.id=a39345b421b846488684793b6a430379&role.id=478978f29ae748188de8d1a31490bb00 => generated 260 bytes in 166 msecs (HTTP/1.1 200) 5 headers in 177 bytes (1 switches on core 0)
Jun 28 11:55:27.243860 dv-cinder-847954-1-smb devstack@keystone.service[80315]: DEBUG dbcounter [-] [80315] Writing DB stats keystone:SELECT=100 {{(pid=80315) stat_writer /usr/local/lib/python3.8/dist-packages/dbcounter.py:114}}
Jun 28 11:55:27.287658 dv-cinder-847954-1-smb devstack@keystone.service[80315]: [pid: 80315|app: 0|req: 193/377] 10.222.0.49 () {58 vars in 1282 bytes} [Tue Jun 28 11:55:26 2022] GET /identity/v3/auth/tokens => generated 799 bytes in 404 msecs (HTTP/1.1 200) 6 headers in 358 bytes (2 switches on core 0)
Jun 28 11:55:27.297013 dv-cinder-847954-1-smb devstack@keystone.service[80314]: DEBUG keystone.server.flask.request_processing.middleware.auth_context [None req-41e42445-8afe-4cf4-b705-0c61691c6812 None admin] Authenticating user token {{(pid=80314) process_request /usr/local/lib/python3.8/dist-packages/keystonemiddleware/auth_token/__init__.py:407}}
Jun 28 11:55:27.358657 dv-cinder-847954-1-smb devstack@keystone.service[80314]: DEBUG dbcounter [-] [80314] Writing DB stats keystone:SELECT=100 {{(pid=80314) stat_writer /usr/local/lib/python3.8/dist-packages/dbcounter.py:114}}
Jun 28 11:55:27.412263 dv-cinder-847954-1-smb devstack@keystone.service[80314]: DEBUG keystone.server.flask.request_processing.middleware.auth_context [None req-41e42445-8afe-4cf4-b705-0c61691c6812 None admin] Validating token access rules against request {{(pid=80314) validate_allowed_request /usr/local/lib/python3.8/dist-packages/keystonemiddleware/auth_token/__init__.py:545}}
Jun 28 11:55:27.457826 dv-cinder-847954-1-smb devstack@keystone.service[80314]: DEBUG keystone.server.flask.request_processing.middleware.auth_context [None req-1cda1634-ca26-41c4-b449-4d52b99776bc None admin] RBAC: auth_context: {'token': , 'domain_id': None, 'trust_id': None, 'trustor_id': None, 'trustee_id': None, 'domain_name': None, 'group_ids': [], 'user_id': '5dacf821834c434a822a5d4f64c8fbf6', 'user_domain_id': 'default', 'system_scope': 'all', 'project_id': None, 'project_domain_id': None, 'roles': ['admin', 'member', 'reader'], 'is_admin_project': True, 'service_user_id': None, 'service_user_domain_id': None, 'service_project_id': None, 'service_project_domain_id': None, 'service_roles': []} {{(pid=80314) fill_context /opt/stack/keystone/keystone/server/flask/request_processing/middleware/auth_context.py:478}}
Jun 28 11:55:27.459136 dv-cinder-847954-1-smb devstack@keystone.service[80314]: DEBUG keystone.server.flask.request_processing.req_logging [None req-1cda1634-ca26-41c4-b449-4d52b99776bc None admin] REQUEST_METHOD: `GET` {{(pid=80314) log_request_info /opt/stack/keystone/keystone/server/flask/request_processing/req_logging.py:27}}
Jun 28 11:55:27.459639 dv-cinder-847954-1-smb devstack@keystone.service[80314]: DEBUG keystone.server.flask.request_processing.req_logging [None req-1cda1634-ca26-41c4-b449-4d52b99776bc None admin] SCRIPT_NAME: `/identity` {{(pid=80314) log_request_info /opt/stack/keystone/keystone/server/flask/request_processing/req_logging.py:28}}
Jun 28 11:55:27.460175 dv-cinder-847954-1-smb devstack@keystone.service[80314]: DEBUG keystone.server.flask.request_processing.req_logging [None req-1cda1634-ca26-41c4-b449-4d52b99776bc None admin] PATH_INFO: `/v3/projects/34e93c67d4cd4a79a4295c88eb6ac57a` {{(pid=80314) log_request_info /opt/stack/keystone/keystone/server/flask/request_processing/req_logging.py:29}}
Jun 28 11:55:27.461571 dv-cinder-847954-1-smb devstack@keystone.service[80314]: DEBUG keystone.common.rbac_enforcer.enforcer [None req-1cda1634-ca26-41c4-b449-4d52b99776bc None admin] RBAC: Authorizing `identity:get_project(project_id=34e93c67d4cd4a79a4295c88eb6ac57a)` {{(pid=80314) enforce_call /opt/stack/keystone/keystone/common/rbac_enforcer/enforcer.py:449}}
Jun 28 11:55:27.463284 dv-cinder-847954-1-smb devstack@keystone.service[80314]: DEBUG keystone.common.rbac_enforcer.enforcer [None req-1cda1634-ca26-41c4-b449-4d52b99776bc None admin] RBAC: Authorization granted {{(pid=80314) enforce_call /opt/stack/keystone/keystone/common/rbac_enforcer/enforcer.py:457}}
Jun 28 11:55:27.465212 dv-cinder-847954-1-smb devstack@keystone.service[80314]: [pid: 80314|app: 0|req: 185/378] 10.222.0.49 () {56 vars in 1186 bytes} [Tue Jun 28 11:55:27 2022] GET /identity/v3/projects/34e93c67d4cd4a79a4295c88eb6ac57a => generated 344 bytes in 169 msecs (HTTP/1.1 200) 5 headers in 177 bytes (1 switches on core 0)
Jun 28 11:55:27.471061 dv-cinder-847954-1-smb devstack@keystone.service[80315]: DEBUG keystone.server.flask.request_processing.middleware.auth_context [None req-d7d3862d-a7a4-4665-a6d4-7716b1287386 None admin] Authenticating user token {{(pid=80315) process_request /usr/local/lib/python3.8/dist-packages/keystonemiddleware/auth_token/__init__.py:407}}
Jun 28 11:55:27.609260 dv-cinder-847954-1-smb devstack@keystone.service[80315]: DEBUG keystone.server.flask.request_processing.middleware.auth_context [None req-d7d3862d-a7a4-4665-a6d4-7716b1287386 None admin] Validating token access rules against request {{(pid=80315) validate_allowed_request /usr/local/lib/python3.8/dist-packages/keystonemiddleware/auth_token/__init__.py:545}}
Jun 28 11:55:27.653884 dv-cinder-847954-1-smb devstack@keystone.service[80315]: DEBUG keystone.server.flask.request_processing.middleware.auth_context [None req-03cf61f9-9807-4a2d-9ec5-44d69dabbf61 None admin] RBAC: auth_context: {'token': , 'domain_id': None, 'trust_id': None, 'trustor_id': None, 'trustee_id': None, 'domain_name': None, 'group_ids': [], 'user_id': '5dacf821834c434a822a5d4f64c8fbf6', 'user_domain_id': 'default', 'system_scope': 'all', 'project_id': None, 'project_domain_id': None, 'roles': ['admin', 'member', 'reader'], 'is_admin_project': True, 'service_user_id': None, 'service_user_domain_id': None, 'service_project_id': None, 'service_project_domain_id': None, 'service_roles': []} {{(pid=80315) fill_context /opt/stack/keystone/keystone/server/flask/request_processing/middleware/auth_context.py:478}}
Jun 28 11:55:27.654752 dv-cinder-847954-1-smb devstack@keystone.service[80315]: DEBUG keystone.server.flask.request_processing.req_logging [None req-03cf61f9-9807-4a2d-9ec5-44d69dabbf61 None admin] REQUEST_METHOD: `GET` {{(pid=80315) log_request_info /opt/stack/keystone/keystone/server/flask/request_processing/req_logging.py:27}}
Jun 28 11:55:27.655040 dv-cinder-847954-1-smb devstack@keystone.service[80315]: DEBUG keystone.server.flask.request_processing.req_logging [None req-03cf61f9-9807-4a2d-9ec5-44d69dabbf61 None admin] SCRIPT_NAME: `/identity` {{(pid=80315) log_request_info /opt/stack/keystone/keystone/server/flask/request_processing/req_logging.py:28}}
Jun 28 11:55:27.655315 dv-cinder-847954-1-smb devstack@keystone.service[80315]: DEBUG keystone.server.flask.request_processing.req_logging [None req-03cf61f9-9807-4a2d-9ec5-44d69dabbf61 None admin] PATH_INFO: `/v3/groups/987f91380a2042169829096318cd6b55` {{(pid=80315) log_request_info /opt/stack/keystone/keystone/server/flask/request_processing/req_logging.py:29}}
Jun 28 11:55:27.665564 dv-cinder-847954-1-smb devstack@keystone.service[80315]: DEBUG keystone.common.rbac_enforcer.enforcer [None req-03cf61f9-9807-4a2d-9ec5-44d69dabbf61 None admin] RBAC: Authorizing `identity:get_group(group_id=987f91380a2042169829096318cd6b55)` {{(pid=80315) enforce_call /opt/stack/keystone/keystone/common/rbac_enforcer/enforcer.py:449}}
Jun 28 11:55:27.667017 dv-cinder-847954-1-smb devstack@keystone.service[80315]: DEBUG keystone.common.rbac_enforcer.enforcer [None req-03cf61f9-9807-4a2d-9ec5-44d69dabbf61 None admin] RBAC: Authorization granted {{(pid=80315) enforce_call /opt/stack/keystone/keystone/common/rbac_enforcer/enforcer.py:457}}
Jun 28 11:55:27.668923 dv-cinder-847954-1-smb devstack@keystone.service[80315]: [pid: 80315|app: 0|req: 194/379] 10.222.0.49 () {56 vars in 1180 bytes} [Tue Jun 28 11:55:27 2022] GET /identity/v3/groups/987f91380a2042169829096318cd6b55 => generated 229 bytes in 198 msecs (HTTP/1.1 200) 5 headers in 177 bytes (1 switches on core 0)
Jun 28 11:55:27.676245 dv-cinder-847954-1-smb devstack@keystone.service[80314]: DEBUG keystone.server.flask.request_processing.req_logging [None req-f1450bfa-1f01-4bfc-86db-9a969e456246 None None] REQUEST_METHOD: `GET` {{(pid=80314) log_request_info /opt/stack/keystone/keystone/server/flask/request_processing/req_logging.py:27}}
Jun 28 11:55:27.676529 dv-cinder-847954-1-smb devstack@keystone.service[80314]: DEBUG keystone.server.flask.request_processing.req_logging [None req-f1450bfa-1f01-4bfc-86db-9a969e456246 None None] SCRIPT_NAME: `/identity` {{(pid=80314) log_request_info /opt/stack/keystone/keystone/server/flask/request_processing/req_logging.py:28}}
Jun 28 11:55:27.676811 dv-cinder-847954-1-smb devstack@keystone.service[80314]: DEBUG keystone.server.flask.request_processing.req_logging [None req-f1450bfa-1f01-4bfc-86db-9a969e456246 None None] PATH_INFO: `/` {{(pid=80314) log_request_info /opt/stack/keystone/keystone/server/flask/request_processing/req_logging.py:29}}
Jun 28 11:55:27.678354 dv-cinder-847954-1-smb devstack@keystone.service[80314]: [pid: 80314|app: 0|req: 186/380] 10.222.0.49 () {54 vars in 926 bytes} [Tue Jun 28 11:55:27 2022] GET /identity => generated 270 bytes in 3 msecs (HTTP/1.1 300) 6 headers in 234 bytes (1 switches on core 0)
Jun 28 11:55:27.679145 dv-cinder-847954-1-smb devstack@keystone.service[80315]: DEBUG keystone.server.flask.request_processing.middleware.auth_context [None req-03cf61f9-9807-4a2d-9ec5-44d69dabbf61 None admin] Authenticating user token {{(pid=80315) process_request /usr/local/lib/python3.8/dist-packages/keystonemiddleware/auth_token/__init__.py:407}}
Jun 28 11:55:27.685046 dv-cinder-847954-1-smb devstack@keystone.service[80314]: DEBUG keystone.server.flask.request_processing.req_logging [None req-80404342-4ed0-4a6f-92f6-1199864da7b0 None None] REQUEST_METHOD: `POST` {{(pid=80314) log_request_info /opt/stack/keystone/keystone/server/flask/request_processing/req_logging.py:27}}
Jun 28 11:55:27.685592 dv-cinder-847954-1-smb devstack@keystone.service[80314]: DEBUG keystone.server.flask.request_processing.req_logging [None req-80404342-4ed0-4a6f-92f6-1199864da7b0 None None] SCRIPT_NAME: `/identity` {{(pid=80314) log_request_info /opt/stack/keystone/keystone/server/flask/request_processing/req_logging.py:28}}
Jun 28 11:55:27.686079 dv-cinder-847954-1-smb devstack@keystone.service[80314]: DEBUG keystone.server.flask.request_processing.req_logging [None req-80404342-4ed0-4a6f-92f6-1199864da7b0 None None] PATH_INFO: `/v3/auth/tokens` {{(pid=80314) log_request_info /opt/stack/keystone/keystone/server/flask/request_processing/req_logging.py:29}}
Jun 28 11:55:27.712703 dv-cinder-847954-1-smb devstack@keystone.service[80315]: DEBUG dbcounter [-] [80315] Writing DB stats keystone:SELECT=100 {{(pid=80315) stat_writer /usr/local/lib/python3.8/dist-packages/dbcounter.py:114}}
Jun 28 11:55:27.725233 dv-cinder-847954-1-smb devstack@keystone.service[80314]: DEBUG keystone.auth.core [None req-80404342-4ed0-4a6f-92f6-1199864da7b0 None None] MFA Rules not processed for user `5dacf821834c434a822a5d4f64c8fbf6`. Rule list: `[]` (Enabled: `True`). {{(pid=80314) check_auth_methods_against_rules /opt/stack/keystone/keystone/auth/core.py:438}}
Jun 28 11:55:27.730449 dv-cinder-847954-1-smb devstack@keystone.service[80314]: DEBUG keystone.common.fernet_utils [None req-80404342-4ed0-4a6f-92f6-1199864da7b0 None None] Loaded 2 Fernet keys from /etc/keystone/fernet-keys/, but `[fernet_tokens] max_active_keys = 3`; perhaps there have not been enough key rotations to reach `max_active_keys` yet? {{(pid=80314) load_keys /opt/stack/keystone/keystone/common/fernet_utils.py:286}}
Jun 28 11:55:27.805750 dv-cinder-847954-1-smb devstack@keystone.service[80315]: DEBUG keystone.server.flask.request_processing.middleware.auth_context [None req-03cf61f9-9807-4a2d-9ec5-44d69dabbf61 None admin] Validating token access rules against request {{(pid=80315) validate_allowed_request /usr/local/lib/python3.8/dist-packages/keystonemiddleware/auth_token/__init__.py:545}}
